[INFO] cloning repository https://github.com/narikazu/microservice_rs
[INFO] running `Command { std: "git" "-c" "credential.helper=" "-c" "credential.helper=/workspace/cargo-home/bin/git-credential-null" "clone" "--bare" "https://github.com/narikazu/microservice_rs" "/workspace/cache/git-repos/https%3A%2F%2Fgithub.com%2Fnarikazu%2Fmicroservice_rs", kill_on_drop: false }`
[INFO] [stderr] Cloning into bare repository '/workspace/cache/git-repos/https%3A%2F%2Fgithub.com%2Fnarikazu%2Fmicroservice_rs'...
[INFO] running `Command { std: "git" "rev-parse" "HEAD", kill_on_drop: false }`
[INFO] [stdout] 527c205416f5e38d389eab1d028f88e6e16f167e
[INFO] documenting narikazu/microservice_rs against 1.54.0 for beta-1.55-rustdoc-1
[INFO] running `Command { std: "git" "clone" "/workspace/cache/git-repos/https%3A%2F%2Fgithub.com%2Fnarikazu%2Fmicroservice_rs" "/workspace/builds/worker-85/source", kill_on_drop: false }`
[INFO] [stderr] Cloning into '/workspace/builds/worker-85/source'...
[INFO] [stderr] done.
[INFO] validating manifest of git repo https://github.com/narikazu/microservice_rs on toolchain 1.54.0
[INFO] running `Command { std: "/workspace/cargo-home/bin/cargo" "+1.54.0" "metadata" "--manifest-path" "Cargo.toml" "--no-deps", kill_on_drop: false }`
[INFO] started tweaking git repo https://github.com/narikazu/microservice_rs
[INFO] finished tweaking git repo https://github.com/narikazu/microservice_rs
[INFO] tweaked toml for git repo https://github.com/narikazu/microservice_rs written to /workspace/builds/worker-85/source/Cargo.toml
[INFO] crate git repo https://github.com/narikazu/microservice_rs already has a lockfile, it will not be regenerated
[INFO] running `Command { std: "/workspace/cargo-home/bin/cargo" "+1.54.0" "fetch" "--manifest-path" "Cargo.toml", kill_on_drop: false }`
[INFO] [stderr]     Blocking waiting for file lock on package cache
[INFO] [stderr]     Blocking waiting for file lock on package cache
[INFO] running `Command { std: "docker" "create" "-v" "/var/lib/crater-agent-workspace/builds/worker-85/target:/opt/rustwide/target:rw,Z" "-v" "/var/lib/crater-agent-workspace/builds/worker-85/source:/opt/rustwide/workdir:ro,Z" "-v" "/var/lib/crater-agent-workspace/cargo-home:/opt/rustwide/cargo-home:ro,Z" "-v" "/var/lib/crater-agent-workspace/rustup-home:/opt/rustwide/rustup-home:ro,Z" "-e" "SOURCE_DIR=/opt/rustwide/workdir" "-e" "CARGO_TARGET_DIR=/opt/rustwide/target" "-e" "CARGO_HOME=/opt/rustwide/cargo-home" "-e" "RUSTUP_HOME=/opt/rustwide/rustup-home" "-w" "/opt/rustwide/workdir" "-m" "1610612736" "--user" "0:0" "--network" "none" "ghcr.io/rust-lang/crates-build-env/linux@sha256:34b6a614d2c27851fe6cbf88fbd1137609cefab8b10d0615aaeb6fd47975d74e" "/opt/rustwide/cargo-home/bin/cargo" "+1.54.0" "metadata" "--no-deps" "--format-version=1", kill_on_drop: false }`
[INFO] [stdout] 57d38ce6ed804877571f122f9ae4c021be7c99383c940206e620133743843424
[INFO] running `Command { std: "docker" "start" "-a" "57d38ce6ed804877571f122f9ae4c021be7c99383c940206e620133743843424", kill_on_drop: false }`
[INFO] running `Command { std: "docker" "inspect" "57d38ce6ed804877571f122f9ae4c021be7c99383c940206e620133743843424", kill_on_drop: false }`
[INFO] running `Command { std: "docker" "rm" "-f" "57d38ce6ed804877571f122f9ae4c021be7c99383c940206e620133743843424", kill_on_drop: false }`
[INFO] [stdout] 57d38ce6ed804877571f122f9ae4c021be7c99383c940206e620133743843424
[INFO] running `Command { std: "docker" "create" "-v" "/var/lib/crater-agent-workspace/builds/worker-85/target:/opt/rustwide/target:rw,Z" "-v" "/var/lib/crater-agent-workspace/builds/worker-85/source:/opt/rustwide/workdir:ro,Z" "-v" "/var/lib/crater-agent-workspace/cargo-home:/opt/rustwide/cargo-home:ro,Z" "-v" "/var/lib/crater-agent-workspace/rustup-home:/opt/rustwide/rustup-home:ro,Z" "-e" "SOURCE_DIR=/opt/rustwide/workdir" "-e" "CARGO_TARGET_DIR=/opt/rustwide/target" "-e" "CARGO_INCREMENTAL=0" "-e" "RUST_BACKTRACE=full" "-e" "RUSTDOCFLAGS=--cap-lints=warn" "-e" "CARGO_HOME=/opt/rustwide/cargo-home" "-e" "RUSTUP_HOME=/opt/rustwide/rustup-home" "-w" "/opt/rustwide/workdir" "-m" "1610612736" "--user" "0:0" "--network" "none" "ghcr.io/rust-lang/crates-build-env/linux@sha256:34b6a614d2c27851fe6cbf88fbd1137609cefab8b10d0615aaeb6fd47975d74e" "/opt/rustwide/cargo-home/bin/cargo" "+1.54.0" "doc" "--frozen" "--no-deps" "--document-private-items" "--message-format=json", kill_on_drop: false }`
[INFO] [stdout] 1a46a7cca97758b885a0c31c21048aca349693448e87b01132eb836b2741005e
[INFO] running `Command { std: "docker" "start" "-a" "1a46a7cca97758b885a0c31c21048aca349693448e87b01132eb836b2741005e", kill_on_drop: false }`
[INFO] [stderr]    Compiling libc v0.2.60
[INFO] [stderr]     Checking cfg-if v0.1.9
[INFO] [stderr]     Checking rand_core v0.4.0
[INFO] [stderr]    Compiling autocfg v0.1.5
[INFO] [stderr]    Compiling byteorder v1.3.2
[INFO] [stderr]    Compiling log v0.4.8
[INFO] [stderr]     Checking lazy_static v1.3.0
[INFO] [stderr]     Checking futures v0.1.28
[INFO] [stderr]     Checking smallvec v0.6.10
[INFO] [stderr]     Checking stable_deref_trait v1.1.1
[INFO] [stderr]     Checking scopeguard v0.3.3
[INFO] [stderr]    Compiling arrayvec v0.4.11
[INFO] [stderr]    Compiling typenum v1.10.0
[INFO] [stderr]     Checking nodrop v0.1.13
[INFO] [stderr]    Compiling proc-macro2 v0.4.30
[INFO] [stderr]    Compiling unicode-xid v0.1.0
[INFO] [stderr]     Checking scopeguard v1.0.0
[INFO] [stderr]    Compiling syn v0.15.42
[INFO] [stderr]     Checking byte-tools v0.2.0
[INFO] [stderr]    Compiling memchr v2.2.1
[INFO] [stderr]    Compiling version_check v0.1.5
[INFO] [stderr]     Checking arrayref v0.3.5
[INFO] [stderr]     Checking constant_time_eq v0.1.3
[INFO] [stderr]     Checking fake-simd v0.1.2
[INFO] [stderr]     Checking safemem v0.2.0
[INFO] [stderr]     Checking siphasher v0.2.3
[INFO] [stderr]     Checking scoped-tls v0.1.2
[INFO] [stderr]     Checking ucd-util v0.1.5
[INFO] [stderr]    Compiling pq-sys v0.4.6
[INFO] [stderr]    Compiling serde v1.0.98
[INFO] [stderr]     Checking fallible-iterator v0.1.6
[INFO] [stderr]    Compiling bitflags v1.1.0
[INFO] [stderr]    Compiling ryu v1.0.0
[INFO] [stderr]    Compiling httparse v1.3.4
[INFO] [stderr]     Checking md5 v0.3.8
[INFO] [stderr]     Checking quick-error v1.2.2
[INFO] [stderr]     Checking percent-encoding v1.0.1
[INFO] [stderr]     Checking safemem v0.3.1
[INFO] [stderr]    Compiling matches v0.1.8
[INFO] [stderr]     Checking slab v0.3.0
[INFO] [stderr]     Checking smallvec v0.2.1
[INFO] [stderr]     Checking utf8-ranges v1.0.3
[INFO] [stderr]    Compiling maud_htmlescape v0.17.0 (https://github.com/lfairy/maud#5e2c9e26)
[INFO] [stderr]     Checking try-lock v0.1.0
[INFO] [stderr]     Checking take v0.1.0
[INFO] [stderr]     Checking hex v0.2.0
[INFO] [stderr]     Checking language-tags v0.2.2
[INFO] [stderr]     Checking itoa v0.4.4
[INFO] [stderr]     Checking termcolor v1.0.5
[INFO] [stderr]    Compiling parking_lot_core v0.4.0
[INFO] [stderr]    Compiling memoffset v0.5.1
[INFO] [stderr]     Checking owning_ref v0.4.0
[INFO] [stderr]     Checking phf_shared v0.7.24
[INFO] [stderr]     Checking crossbeam-utils v0.6.6
[INFO] [stderr]     Checking thread_local v0.3.6
[INFO] [stderr]    Compiling rand_chacha v0.1.1
[INFO] [stderr]    Compiling rand_pcg v0.1.2
[INFO] [stderr]    Compiling rand v0.6.5
[INFO] [stderr]     Checking humantime v1.2.0
[INFO] [stderr]     Checking block-buffer v0.3.3
[INFO] [stderr]     Checking phf v0.7.24
[INFO] [stderr]     Checking regex-syntax v0.6.10
[INFO] [stderr]    Compiling unicase v2.4.0
[INFO] [stderr]     Checking lock_api v0.1.5
[INFO] [stderr]     Checking unicode-normalization v0.1.8
[INFO] [stderr]     Checking rand_core v0.3.1
[INFO] [stderr]     Checking rand_jitter v0.1.4
[INFO] [stderr]     Checking crossbeam-queue v0.1.2
[INFO] [stderr]     Checking log v0.3.9
[INFO] [stderr]     Checking rand_isaac v0.1.1
[INFO] [stderr]     Checking rand_hc v0.1.0
[INFO] [stderr]     Checking rand_xorshift v0.1.1
[INFO] [stderr]     Checking base64 v0.6.0
[INFO] [stderr]     Checking base64 v0.9.3
[INFO] [stderr]     Checking iovec v0.1.2
[INFO] [stderr]     Checking rand_os v0.1.3
[INFO] [stderr]     Checking num_cpus v1.10.1
[INFO] [stderr]     Checking net2 v0.2.33
[INFO] [stderr]     Checking rand v0.4.6
[INFO] [stderr]     Checking memchr v1.0.2
[INFO] [stderr]     Checking socket2 v0.3.10
[INFO] [stderr]     Checking time v0.1.42
[INFO] [stderr]     Checking atty v0.2.13
[INFO] [stderr]     Checking tokio-executor v0.1.8
[INFO] [stderr]     Checking tokio-sync v0.1.6
[INFO] [stderr]     Checking tokio-service v0.1.0
[INFO] [stderr]     Checking relay v0.1.1
[INFO] [stderr]     Checking want v0.0.4
[INFO] [stderr]     Checking aho-corasick v0.7.4
[INFO] [stderr]    Compiling quote v0.6.13
[INFO] [stderr]     Checking crossbeam-epoch v0.7.2
[INFO] [stderr]     Checking bytes v0.4.12
[INFO] [stderr]     Checking futures-cpupool v0.1.8
[INFO] [stderr]     Checking tokio-timer v0.2.11
[INFO] [stderr]     Checking tokio-current-thread v0.1.6
[INFO] [stderr]     Checking mio v0.6.19
[INFO] [stderr]     Checking mime v0.3.13
[INFO] [stderr]     Checking generic-array v0.9.0
[INFO] [stderr]     Checking crossbeam-deque v0.7.1
[INFO] [stderr]     Checking tokio-io v0.1.12
[INFO] [stderr]     Checking stringprep v0.1.2
[INFO] [stderr]     Checking idna v0.1.5
[INFO] [stderr]     Checking digest v0.7.6
[INFO] [stderr]     Checking crypto-mac v0.5.2
[INFO] [stderr]     Checking sha2 v0.7.1
[INFO] [stderr]     Checking hmac v0.5.0
[INFO] [stderr]     Checking rand v0.3.23
[INFO] [stderr]     Checking tokio-codec v0.1.1
[INFO] [stderr]     Checking mio-uds v0.6.7
[INFO] [stderr]     Checking postgres-protocol v0.3.2
[INFO] [stderr]     Checking tokio-threadpool v0.1.15
[INFO] [stderr]     Checking url v1.7.2
[INFO] [stderr]     Checking parking_lot v0.7.1
[INFO] [stderr]     Checking postgres-shared v0.4.2
[INFO] [stderr]     Checking tokio-fs v0.1.6
[INFO] [stderr]     Checking tokio-reactor v0.1.9
[INFO] [stderr]     Checking regex v1.2.0
[INFO] [stderr]     Checking tokio-uds v0.2.5
[INFO] [stderr]     Checking tokio-udp v0.1.3
[INFO] [stderr]     Checking tokio-tcp v0.1.3
[INFO] [stderr]     Checking postgres v0.15.2
[INFO] [stderr]     Checking tokio v0.1.22
[INFO] [stderr]     Checking tokio-core v0.1.17
[INFO] [stderr]     Checking env_logger v0.5.13
[INFO] [stderr]     Checking tokio-proto v0.1.1
[INFO] [stderr]     Checking serde_json v1.0.40
[INFO] [stderr]     Checking hyper v0.11.27
[INFO] [stderr]    Compiling diesel_derives v1.4.0
[INFO] [stderr]    Compiling maud_macros v0.21.0 (https://github.com/lfairy/maud#5e2c9e26)
[INFO] [stderr]    Compiling serde_derive v1.0.98
[INFO] [stdout] error[E0554]: `#![feature]` may not be used on the stable release channel
[INFO] [stdout]  --> /opt/rustwide/cargo-home/git/checkouts/maud-588f745ae3a2d730/5e2c9e2/maud_macros/src/lib.rs:1:1
[INFO] [stdout]   |
[INFO] [stdout] 1 | #![feature(proc_macro_def_site)]
[INFO] [stdout]   | ^^^^^^^^^^^^^^^^^^^^^^^^^^^^^^^^
[INFO] [stdout] 
[INFO] [stdout] 
[INFO] [stdout] error[E0554]: `#![feature]` may not be used on the stable release channel
[INFO] [stdout]  --> /opt/rustwide/cargo-home/git/checkouts/maud-588f745ae3a2d730/5e2c9e2/maud_macros/src/lib.rs:2:1
[INFO] [stdout]   |
[INFO] [stdout] 2 | #![feature(proc_macro_diagnostic)]
[INFO] [stdout]   | ^^^^^^^^^^^^^^^^^^^^^^^^^^^^^^^^^^
[INFO] [stdout] 
[INFO] [stdout] 
[INFO] [stdout] error[E0554]: `#![feature]` may not be used on the stable release channel
[INFO] [stdout]  --> /opt/rustwide/cargo-home/git/checkouts/maud-588f745ae3a2d730/5e2c9e2/maud_macros/src/lib.rs:3:1
[INFO] [stdout]   |
[INFO] [stdout] 3 | #![feature(proc_macro_hygiene)]
[INFO] [stdout]   | ^^^^^^^^^^^^^^^^^^^^^^^^^^^^^^^
[INFO] [stdout] 
[INFO] [stdout] 
[INFO] [stdout] error[E0554]: `#![feature]` may not be used on the stable release channel
[INFO] [stdout]  --> /opt/rustwide/cargo-home/git/checkouts/maud-588f745ae3a2d730/5e2c9e2/maud_macros/src/lib.rs:4:1
[INFO] [stdout]   |
[INFO] [stdout] 4 | #![feature(proc_macro_quote)]
[INFO] [stdout]   | ^^^^^^^^^^^^^^^^^^^^^^^^^^^^^
[INFO] [stdout] 
[INFO] [stdout] 
[INFO] [stdout] error[E0554]: `#![feature]` may not be used on the stable release channel
[INFO] [stdout]  --> /opt/rustwide/cargo-home/git/checkouts/maud-588f745ae3a2d730/5e2c9e2/maud_macros/src/lib.rs:5:1
[INFO] [stdout]   |
[INFO] [stdout] 5 | #![feature(proc_macro_span)]
[INFO] [stdout]   | ^^^^^^^^^^^^^^^^^^^^^^^^^^^^
[INFO] [stdout] 
[INFO] [stdout] 
[INFO] [stdout] error: aborting due to 5 previous errors
[INFO] [stdout] 
[INFO] [stdout] 
[INFO] [stdout] For more information about this error, try `rustc --explain E0554`.
[INFO] [stdout] 
[INFO] [stderr] error: could not compile `maud_macros`
[INFO] [stderr] 
[INFO] [stderr] To learn more, run the command again with --verbose.
[INFO] [stderr] warning: build failed, waiting for other jobs to finish...
[INFO] [stderr] error: build failed
[INFO] running `Command { std: "docker" "inspect" "1a46a7cca97758b885a0c31c21048aca349693448e87b01132eb836b2741005e", kill_on_drop: false }`
[INFO] running `Command { std: "docker" "rm" "-f" "1a46a7cca97758b885a0c31c21048aca349693448e87b01132eb836b2741005e", kill_on_drop: false }`
[INFO] [stdout] 1a46a7cca97758b885a0c31c21048aca349693448e87b01132eb836b2741005e
