[INFO] cloning repository https://github.com/museun/measure
[INFO] running `Command { std: "git" "-c" "credential.helper=" "-c" "credential.helper=/workspace/cargo-home/bin/git-credential-null" "clone" "--bare" "https://github.com/museun/measure" "/workspace/cache/git-repos/https%3A%2F%2Fgithub.com%2Fmuseun%2Fmeasure", kill_on_drop: false }`
[INFO] [stderr] Cloning into bare repository '/workspace/cache/git-repos/https%3A%2F%2Fgithub.com%2Fmuseun%2Fmeasure'...
[INFO] running `Command { std: "git" "rev-parse" "HEAD", kill_on_drop: false }`
[INFO] [stdout] f9912e8112cb8c8de99cff42e1769353e2e1685e
[INFO] documenting museun/measure against 1.54.0 for beta-1.55-rustdoc-1
[INFO] running `Command { std: "git" "clone" "/workspace/cache/git-repos/https%3A%2F%2Fgithub.com%2Fmuseun%2Fmeasure" "/workspace/builds/worker-1/source", kill_on_drop: false }`
[INFO] [stderr] Cloning into '/workspace/builds/worker-1/source'...
[INFO] [stderr] done.
[INFO] validating manifest of git repo https://github.com/museun/measure on toolchain 1.54.0
[INFO] running `Command { std: "/workspace/cargo-home/bin/cargo" "+1.54.0" "metadata" "--manifest-path" "Cargo.toml" "--no-deps", kill_on_drop: false }`
[INFO] started tweaking git repo https://github.com/museun/measure
[INFO] finished tweaking git repo https://github.com/museun/measure
[INFO] tweaked toml for git repo https://github.com/museun/measure written to /workspace/builds/worker-1/source/Cargo.toml
[INFO] crate git repo https://github.com/museun/measure already has a lockfile, it will not be regenerated
[INFO] running `Command { std: "/workspace/cargo-home/bin/cargo" "+1.54.0" "fetch" "--manifest-path" "Cargo.toml", kill_on_drop: false }`
[INFO] [stderr]     Blocking waiting for file lock on package cache
[INFO] running `Command { std: "docker" "create" "-v" "/var/lib/crater-agent-workspace/builds/worker-1/target:/opt/rustwide/target:rw,Z" "-v" "/var/lib/crater-agent-workspace/builds/worker-1/source:/opt/rustwide/workdir:ro,Z" "-v" "/var/lib/crater-agent-workspace/cargo-home:/opt/rustwide/cargo-home:ro,Z" "-v" "/var/lib/crater-agent-workspace/rustup-home:/opt/rustwide/rustup-home:ro,Z" "-e" "SOURCE_DIR=/opt/rustwide/workdir" "-e" "CARGO_TARGET_DIR=/opt/rustwide/target" "-e" "CARGO_HOME=/opt/rustwide/cargo-home" "-e" "RUSTUP_HOME=/opt/rustwide/rustup-home" "-w" "/opt/rustwide/workdir" "-m" "1610612736" "--user" "0:0" "--network" "none" "ghcr.io/rust-lang/crates-build-env/linux@sha256:34b6a614d2c27851fe6cbf88fbd1137609cefab8b10d0615aaeb6fd47975d74e" "/opt/rustwide/cargo-home/bin/cargo" "+1.54.0" "metadata" "--no-deps" "--format-version=1", kill_on_drop: false }`
[INFO] [stdout] 2821b0636de546cdc1962001be95e8d843584af499d9e2c0654276f111645643
[INFO] running `Command { std: "docker" "start" "-a" "2821b0636de546cdc1962001be95e8d843584af499d9e2c0654276f111645643", kill_on_drop: false }`
[INFO] running `Command { std: "docker" "inspect" "2821b0636de546cdc1962001be95e8d843584af499d9e2c0654276f111645643", kill_on_drop: false }`
[INFO] running `Command { std: "docker" "rm" "-f" "2821b0636de546cdc1962001be95e8d843584af499d9e2c0654276f111645643", kill_on_drop: false }`
[INFO] [stdout] 2821b0636de546cdc1962001be95e8d843584af499d9e2c0654276f111645643
[INFO] running `Command { std: "docker" "create" "-v" "/var/lib/crater-agent-workspace/builds/worker-1/target:/opt/rustwide/target:rw,Z" "-v" "/var/lib/crater-agent-workspace/builds/worker-1/source:/opt/rustwide/workdir:ro,Z" "-v" "/var/lib/crater-agent-workspace/cargo-home:/opt/rustwide/cargo-home:ro,Z" "-v" "/var/lib/crater-agent-workspace/rustup-home:/opt/rustwide/rustup-home:ro,Z" "-e" "SOURCE_DIR=/opt/rustwide/workdir" "-e" "CARGO_TARGET_DIR=/opt/rustwide/target" "-e" "CARGO_INCREMENTAL=0" "-e" "RUST_BACKTRACE=full" "-e" "RUSTDOCFLAGS=--cap-lints=warn" "-e" "CARGO_HOME=/opt/rustwide/cargo-home" "-e" "RUSTUP_HOME=/opt/rustwide/rustup-home" "-w" "/opt/rustwide/workdir" "-m" "1610612736" "--user" "0:0" "--network" "none" "ghcr.io/rust-lang/crates-build-env/linux@sha256:34b6a614d2c27851fe6cbf88fbd1137609cefab8b10d0615aaeb6fd47975d74e" "/opt/rustwide/cargo-home/bin/cargo" "+1.54.0" "doc" "--frozen" "--no-deps" "--document-private-items" "--message-format=json", kill_on_drop: false }`
[INFO] [stdout] 961f4646ae55d33df29419fb8c57598ab1ed20e002cf298645c21518d87ba8ea
[INFO] running `Command { std: "docker" "start" "-a" "961f4646ae55d33df29419fb8c57598ab1ed20e002cf298645c21518d87ba8ea", kill_on_drop: false }`
[INFO] [stderr]    Compiling winapi v0.3.8
[INFO] [stderr]  Documenting measure v0.2.2 (/opt/rustwide/workdir)
[INFO] [stdout] error[E0433]: failed to resolve: could not find `windows` in `os`
[INFO] [stdout]  --> src/main.rs:5:9
[INFO] [stdout]   |
[INFO] [stdout] 5 |     os::windows::prelude::*,
[INFO] [stdout]   |         ^^^^^^^ could not find `windows` in `os`
[INFO] [stdout] 
[INFO] [stdout] 
[INFO] [stdout] error[E0433]: failed to resolve: could not find `shared` in `winapi`
[INFO] [stdout]   --> src/main.rs:11:5
[INFO] [stdout]    |
[INFO] [stdout] 11 |     shared::minwindef::{FILETIME, TRUE},
[INFO] [stdout]    |     ^^^^^^ could not find `shared` in `winapi`
[INFO] [stdout] 
[INFO] [stdout] 
[INFO] [stdout] error[E0433]: failed to resolve: could not find `um` in `winapi`
[INFO] [stdout]   --> src/main.rs:12:5
[INFO] [stdout]    |
[INFO] [stdout] 12 |     um::{
[INFO] [stdout]    |     ^^ could not find `um` in `winapi`
[INFO] [stdout] 
[INFO] [stdout] 
[INFO] [stdout] error[E0412]: cannot find type `PROCESS_INFORMATION` in this scope
[INFO] [stdout]   --> src/main.rs:26:11
[INFO] [stdout]    |
[INFO] [stdout] 26 |     info: PROCESS_INFORMATION,
[INFO] [stdout]    |           ^^^^^^^^^^^^^^^^^^^ not found in this scope
[INFO] [stdout] 
[INFO] [stdout] 
[INFO] [stdout] error[E0412]: cannot find type `JOBOBJECT_EXTENDED_LIMIT_INFORMATION` in this scope
[INFO] [stdout]   --> src/main.rs:68:31
[INFO] [stdout]    |
[INFO] [stdout] 68 |     unsafe fn spawn(&self) -> JOBOBJECT_EXTENDED_LIMIT_INFORMATION {
[INFO] [stdout]    |                               ^^^^^^^^^^^^^^^^^^^^^^^^^^^^^^^^^^^^ not found in this scope
[INFO] [stdout] 
[INFO] [stdout] 
[INFO] [stdout] error[E0412]: cannot find type `FILETIME` in this scope
[INFO] [stdout]    --> src/main.rs:130:35
[INFO] [stdout]     |
[INFO] [stdout] 130 |         impl AsFractionalTime for FILETIME {
[INFO] [stdout]     |                                   ^^^^^^^^ not found in this scope
[INFO] [stdout] 
[INFO] [stdout] 
[INFO] [stdout] error: Compilation failed, aborting rustdoc
[INFO] [stdout] 
[INFO] [stdout] 
[INFO] [stdout] error: aborting due to 7 previous errors
[INFO] [stdout] 
[INFO] [stdout] 
[INFO] [stdout] Some errors have detailed explanations: E0412, E0433.
[INFO] [stdout] 
[INFO] [stdout] For more information about an error, try `rustc --explain E0412`.
[INFO] [stdout] 
[INFO] [stderr] error: could not document `measure`
[INFO] [stderr] 
[INFO] [stderr] Caused by:
[INFO] [stderr]   process didn't exit successfully: `rustdoc --edition=2018 --crate-type bin --crate-name measure src/main.rs -o /opt/rustwide/target/doc --error-format=json --json=diagnostic-rendered-ansi --document-private-items -L dependency=/opt/rustwide/target/debug/deps --extern winapi=/opt/rustwide/target/debug/deps/libwinapi-fa5394edef268ad3.rmeta --cap-lints=warn --crate-version 0.2.2` (exit status: 1)
[INFO] running `Command { std: "docker" "inspect" "961f4646ae55d33df29419fb8c57598ab1ed20e002cf298645c21518d87ba8ea", kill_on_drop: false }`
[INFO] running `Command { std: "docker" "rm" "-f" "961f4646ae55d33df29419fb8c57598ab1ed20e002cf298645c21518d87ba8ea", kill_on_drop: false }`
[INFO] [stdout] 961f4646ae55d33df29419fb8c57598ab1ed20e002cf298645c21518d87ba8ea
