[INFO] cloning repository https://github.com/mookid/cmdtime
[INFO] running `Command { std: "git" "-c" "credential.helper=" "-c" "credential.helper=/workspace/cargo-home/bin/git-credential-null" "clone" "--bare" "https://github.com/mookid/cmdtime" "/workspace/cache/git-repos/https%3A%2F%2Fgithub.com%2Fmookid%2Fcmdtime", kill_on_drop: false }`
[INFO] [stderr] Cloning into bare repository '/workspace/cache/git-repos/https%3A%2F%2Fgithub.com%2Fmookid%2Fcmdtime'...
[INFO] running `Command { std: "git" "rev-parse" "HEAD", kill_on_drop: false }`
[INFO] [stdout] b41e143b366a7ecfad85cc10208dbf1a2dd3e418
[INFO] documenting mookid/cmdtime against 1.54.0 for beta-1.55-rustdoc-1
[INFO] running `Command { std: "git" "clone" "/workspace/cache/git-repos/https%3A%2F%2Fgithub.com%2Fmookid%2Fcmdtime" "/workspace/builds/worker-13/source", kill_on_drop: false }`
[INFO] [stderr] Cloning into '/workspace/builds/worker-13/source'...
[INFO] [stderr] done.
[INFO] validating manifest of git repo https://github.com/mookid/cmdtime on toolchain 1.54.0
[INFO] running `Command { std: "/workspace/cargo-home/bin/cargo" "+1.54.0" "metadata" "--manifest-path" "Cargo.toml" "--no-deps", kill_on_drop: false }`
[INFO] started tweaking git repo https://github.com/mookid/cmdtime
[INFO] finished tweaking git repo https://github.com/mookid/cmdtime
[INFO] tweaked toml for git repo https://github.com/mookid/cmdtime written to /workspace/builds/worker-13/source/Cargo.toml
[INFO] crate git repo https://github.com/mookid/cmdtime already has a lockfile, it will not be regenerated
[INFO] running `Command { std: "/workspace/cargo-home/bin/cargo" "+1.54.0" "fetch" "--manifest-path" "Cargo.toml", kill_on_drop: false }`
[INFO] [stderr]     Blocking waiting for file lock on package cache
[INFO] [stderr]     Blocking waiting for file lock on package cache
[INFO] running `Command { std: "docker" "create" "-v" "/var/lib/crater-agent-workspace/builds/worker-13/target:/opt/rustwide/target:rw,Z" "-v" "/var/lib/crater-agent-workspace/builds/worker-13/source:/opt/rustwide/workdir:ro,Z" "-v" "/var/lib/crater-agent-workspace/cargo-home:/opt/rustwide/cargo-home:ro,Z" "-v" "/var/lib/crater-agent-workspace/rustup-home:/opt/rustwide/rustup-home:ro,Z" "-e" "SOURCE_DIR=/opt/rustwide/workdir" "-e" "CARGO_TARGET_DIR=/opt/rustwide/target" "-e" "CARGO_HOME=/opt/rustwide/cargo-home" "-e" "RUSTUP_HOME=/opt/rustwide/rustup-home" "-w" "/opt/rustwide/workdir" "-m" "1610612736" "--user" "0:0" "--network" "none" "ghcr.io/rust-lang/crates-build-env/linux@sha256:34b6a614d2c27851fe6cbf88fbd1137609cefab8b10d0615aaeb6fd47975d74e" "/opt/rustwide/cargo-home/bin/cargo" "+1.54.0" "metadata" "--no-deps" "--format-version=1", kill_on_drop: false }`
[INFO] [stdout] ed56115e1ae2dcc2fab032f4cf40c1a93f4b9a83f1be25a28f2de6afdfacca39
[INFO] running `Command { std: "docker" "start" "-a" "ed56115e1ae2dcc2fab032f4cf40c1a93f4b9a83f1be25a28f2de6afdfacca39", kill_on_drop: false }`
[INFO] running `Command { std: "docker" "inspect" "ed56115e1ae2dcc2fab032f4cf40c1a93f4b9a83f1be25a28f2de6afdfacca39", kill_on_drop: false }`
[INFO] running `Command { std: "docker" "rm" "-f" "ed56115e1ae2dcc2fab032f4cf40c1a93f4b9a83f1be25a28f2de6afdfacca39", kill_on_drop: false }`
[INFO] [stdout] ed56115e1ae2dcc2fab032f4cf40c1a93f4b9a83f1be25a28f2de6afdfacca39
[INFO] running `Command { std: "docker" "create" "-v" "/var/lib/crater-agent-workspace/builds/worker-13/target:/opt/rustwide/target:rw,Z" "-v" "/var/lib/crater-agent-workspace/builds/worker-13/source:/opt/rustwide/workdir:ro,Z" "-v" "/var/lib/crater-agent-workspace/cargo-home:/opt/rustwide/cargo-home:ro,Z" "-v" "/var/lib/crater-agent-workspace/rustup-home:/opt/rustwide/rustup-home:ro,Z" "-e" "SOURCE_DIR=/opt/rustwide/workdir" "-e" "CARGO_TARGET_DIR=/opt/rustwide/target" "-e" "CARGO_INCREMENTAL=0" "-e" "RUST_BACKTRACE=full" "-e" "RUSTDOCFLAGS=--cap-lints=warn" "-e" "CARGO_HOME=/opt/rustwide/cargo-home" "-e" "RUSTUP_HOME=/opt/rustwide/rustup-home" "-w" "/opt/rustwide/workdir" "-m" "1610612736" "--user" "0:0" "--network" "none" "ghcr.io/rust-lang/crates-build-env/linux@sha256:34b6a614d2c27851fe6cbf88fbd1137609cefab8b10d0615aaeb6fd47975d74e" "/opt/rustwide/cargo-home/bin/cargo" "+1.54.0" "doc" "--frozen" "--no-deps" "--document-private-items" "--message-format=json", kill_on_drop: false }`
[INFO] [stdout] c83520aef462dfc42c7a6d33618c551a86464659726e54a291b31774c638f6c2
[INFO] running `Command { std: "docker" "start" "-a" "c83520aef462dfc42c7a6d33618c551a86464659726e54a291b31774c638f6c2", kill_on_drop: false }`
[INFO] [stderr]    Compiling winapi v0.3.8
[INFO] [stderr]  Documenting cmdtime v0.2.0 (/opt/rustwide/workdir)
[INFO] [stdout] error[E0433]: failed to resolve: could not find `shared` in `winapi`
[INFO] [stdout]  --> src/main.rs:1:13
[INFO] [stdout]   |
[INFO] [stdout] 1 | use winapi::shared::minwindef::BOOL;
[INFO] [stdout]   |             ^^^^^^ could not find `shared` in `winapi`
[INFO] [stdout] 
[INFO] [stdout] 
[INFO] [stdout] error[E0433]: failed to resolve: could not find `shared` in `winapi`
[INFO] [stdout]  --> src/main.rs:2:13
[INFO] [stdout]   |
[INFO] [stdout] 2 | use winapi::shared::minwindef::FALSE;
[INFO] [stdout]   |             ^^^^^^ could not find `shared` in `winapi`
[INFO] [stdout] 
[INFO] [stdout] 
[INFO] [stdout] error[E0433]: failed to resolve: could not find `shared` in `winapi`
[INFO] [stdout]  --> src/main.rs:3:13
[INFO] [stdout]   |
[INFO] [stdout] 3 | use winapi::shared::minwindef::TRUE;
[INFO] [stdout]   |             ^^^^^^ could not find `shared` in `winapi`
[INFO] [stdout] 
[INFO] [stdout] 
[INFO] [stdout] error[E0433]: failed to resolve: could not find `shared` in `winapi`
[INFO] [stdout]  --> src/main.rs:4:13
[INFO] [stdout]   |
[INFO] [stdout] 4 | use winapi::shared::ntdef::HANDLE;
[INFO] [stdout]   |             ^^^^^^ could not find `shared` in `winapi`
[INFO] [stdout] 
[INFO] [stdout] 
[INFO] [stdout] error[E0433]: failed to resolve: could not find `shared` in `winapi`
[INFO] [stdout]  --> src/main.rs:5:13
[INFO] [stdout]   |
[INFO] [stdout] 5 | use winapi::shared::ntdef::NULL;
[INFO] [stdout]   |             ^^^^^^ could not find `shared` in `winapi`
[INFO] [stdout] 
[INFO] [stdout] 
[INFO] [stdout] error[E0433]: failed to resolve: could not find `shared` in `winapi`
[INFO] [stdout]  --> src/main.rs:6:13
[INFO] [stdout]   |
[INFO] [stdout] 6 | use winapi::shared::ntdef::PVOID;
[INFO] [stdout]   |             ^^^^^^ could not find `shared` in `winapi`
[INFO] [stdout] 
[INFO] [stdout] 
[INFO] [stdout] error[E0433]: failed to resolve: could not find `windows` in `os`
[INFO] [stdout]   --> src/main.rs:11:14
[INFO] [stdout]    |
[INFO] [stdout] 11 | use std::os::windows::ffi::OsStrExt;
[INFO] [stdout]    |              ^^^^^^^ could not find `windows` in `os`
[INFO] [stdout] 
[INFO] [stdout] 
[INFO] [stdout] error[E0433]: failed to resolve: could not find `um` in `winapi`
[INFO] [stdout]   --> src/main.rs:65:21
[INFO] [stdout]    |
[INFO] [stdout] 65 |         use winapi::um::handleapi::CloseHandle;
[INFO] [stdout]    |                     ^^ could not find `um` in `winapi`
[INFO] [stdout] 
[INFO] [stdout] 
[INFO] [stdout] error[E0433]: failed to resolve: could not find `um` in `winapi`
[INFO] [stdout]   --> src/main.rs:74:21
[INFO] [stdout]    |
[INFO] [stdout] 74 |         use winapi::um::processthreadsapi::ResumeThread;
[INFO] [stdout]    |                     ^^ could not find `um` in `winapi`
[INFO] [stdout] 
[INFO] [stdout] 
[INFO] [stdout] error[E0433]: failed to resolve: could not find `um` in `winapi`
[INFO] [stdout]   --> src/main.rs:81:21
[INFO] [stdout]    |
[INFO] [stdout] 81 |         use winapi::um::handleapi::CloseHandle;
[INFO] [stdout]    |                     ^^ could not find `um` in `winapi`
[INFO] [stdout] 
[INFO] [stdout] 
[INFO] [stdout] error[E0433]: failed to resolve: could not find `um` in `winapi`
[INFO] [stdout]    --> src/main.rs:112:17
[INFO] [stdout]     |
[INFO] [stdout] 112 |     use winapi::um::profileapi::QueryPerformanceCounter;
[INFO] [stdout]     |                 ^^ could not find `um` in `winapi`
[INFO] [stdout] 
[INFO] [stdout] 
[INFO] [stdout] error[E0433]: failed to resolve: could not find `um` in `winapi`
[INFO] [stdout]    --> src/main.rs:121:17
[INFO] [stdout]     |
[INFO] [stdout] 121 |     use winapi::um::profileapi::QueryPerformanceFrequency;
[INFO] [stdout]     |                 ^^ could not find `um` in `winapi`
[INFO] [stdout] 
[INFO] [stdout] 
[INFO] [stdout] error[E0433]: failed to resolve: could not find `um` in `winapi`
[INFO] [stdout]    --> src/main.rs:134:17
[INFO] [stdout]     |
[INFO] [stdout] 134 |     use winapi::um::processthreadsapi::CreateProcessW;
[INFO] [stdout]     |                 ^^ could not find `um` in `winapi`
[INFO] [stdout] 
[INFO] [stdout] 
[INFO] [stdout] error[E0433]: failed to resolve: could not find `um` in `winapi`
[INFO] [stdout]    --> src/main.rs:135:17
[INFO] [stdout]     |
[INFO] [stdout] 135 |     use winapi::um::winbase::CREATE_SUSPENDED;
[INFO] [stdout]     |                 ^^ could not find `um` in `winapi`
[INFO] [stdout] 
[INFO] [stdout] 
[INFO] [stdout] error[E0433]: failed to resolve: could not find `um` in `winapi`
[INFO] [stdout]    --> src/main.rs:164:17
[INFO] [stdout]     |
[INFO] [stdout] 164 |     use winapi::um::handleapi::INVALID_HANDLE_VALUE;
[INFO] [stdout]     |                 ^^ could not find `um` in `winapi`
[INFO] [stdout] 
[INFO] [stdout] 
[INFO] [stdout] error[E0433]: failed to resolve: could not find `um` in `winapi`
[INFO] [stdout]    --> src/main.rs:165:17
[INFO] [stdout]     |
[INFO] [stdout] 165 |     use winapi::um::ioapiset::CreateIoCompletionPort;
[INFO] [stdout]     |                 ^^ could not find `um` in `winapi`
[INFO] [stdout] 
[INFO] [stdout] 
[INFO] [stdout] error[E0433]: failed to resolve: could not find `um` in `winapi`
[INFO] [stdout]    --> src/main.rs:166:17
[INFO] [stdout]     |
[INFO] [stdout] 166 |     use winapi::um::jobapi2::CreateJobObjectW;
[INFO] [stdout]     |                 ^^ could not find `um` in `winapi`
[INFO] [stdout] 
[INFO] [stdout] 
[INFO] [stdout] error[E0433]: failed to resolve: could not find `um` in `winapi`
[INFO] [stdout]    --> src/main.rs:167:17
[INFO] [stdout]     |
[INFO] [stdout] 167 |     use winapi::um::jobapi2::SetInformationJobObject;
[INFO] [stdout]     |                 ^^ could not find `um` in `winapi`
[INFO] [stdout] 
[INFO] [stdout] 
[INFO] [stdout] error[E0433]: failed to resolve: could not find `um` in `winapi`
[INFO] [stdout]    --> src/main.rs:168:17
[INFO] [stdout]     |
[INFO] [stdout] 168 |     use winapi::um::winnt::JobObjectAssociateCompletionPortInformation;
[INFO] [stdout]     |                 ^^ could not find `um` in `winapi`
[INFO] [stdout] 
[INFO] [stdout] 
[INFO] [stdout] error[E0433]: failed to resolve: could not find `um` in `winapi`
[INFO] [stdout]    --> src/main.rs:169:17
[INFO] [stdout]     |
[INFO] [stdout] 169 |     use winapi::um::winnt::JOBOBJECT_ASSOCIATE_COMPLETION_PORT;
[INFO] [stdout]     |                 ^^ could not find `um` in `winapi`
[INFO] [stdout] 
[INFO] [stdout] 
[INFO] [stdout] error[E0433]: failed to resolve: could not find `um` in `winapi`
[INFO] [stdout]    --> src/main.rs:194:17
[INFO] [stdout]     |
[INFO] [stdout] 194 |     use winapi::um::jobapi2::AssignProcessToJobObject;
[INFO] [stdout]     |                 ^^ could not find `um` in `winapi`
[INFO] [stdout] 
[INFO] [stdout] 
[INFO] [stdout] error[E0433]: failed to resolve: could not find `um` in `winapi`
[INFO] [stdout]    --> src/main.rs:201:21
[INFO] [stdout]     |
[INFO] [stdout] 201 |         use winapi::um::ioapiset::GetQueuedCompletionStatus;
[INFO] [stdout]     |                     ^^ could not find `um` in `winapi`
[INFO] [stdout] 
[INFO] [stdout] 
[INFO] [stdout] error[E0433]: failed to resolve: could not find `um` in `winapi`
[INFO] [stdout]    --> src/main.rs:202:21
[INFO] [stdout]     |
[INFO] [stdout] 202 |         use winapi::um::winbase::INFINITE;
[INFO] [stdout]     |                     ^^ could not find `um` in `winapi`
[INFO] [stdout] 
[INFO] [stdout] 
[INFO] [stdout] error[E0433]: failed to resolve: could not find `um` in `winapi`
[INFO] [stdout]    --> src/main.rs:203:21
[INFO] [stdout]     |
[INFO] [stdout] 203 |         use winapi::um::winnt::JOB_OBJECT_MSG_ACTIVE_PROCESS_ZERO;
[INFO] [stdout]     |                     ^^ could not find `um` in `winapi`
[INFO] [stdout] 
[INFO] [stdout] 
[INFO] [stdout] error[E0433]: failed to resolve: could not find `um` in `winapi`
[INFO] [stdout]    --> src/main.rs:223:21
[INFO] [stdout]     |
[INFO] [stdout] 223 |         use winapi::um::jobapi2::QueryInformationJobObject;
[INFO] [stdout]     |                     ^^ could not find `um` in `winapi`
[INFO] [stdout] 
[INFO] [stdout] 
[INFO] [stdout] error[E0433]: failed to resolve: could not find `um` in `winapi`
[INFO] [stdout]    --> src/main.rs:224:21
[INFO] [stdout]     |
[INFO] [stdout] 224 |         use winapi::um::winnt::JobObjectBasicAccountingInformation;
[INFO] [stdout]     |                     ^^ could not find `um` in `winapi`
[INFO] [stdout] 
[INFO] [stdout] 
[INFO] [stdout] error[E0433]: failed to resolve: could not find `um` in `winapi`
[INFO] [stdout]    --> src/main.rs:225:21
[INFO] [stdout]     |
[INFO] [stdout] 225 |         use winapi::um::winnt::JOBOBJECT_BASIC_ACCOUNTING_INFORMATION;
[INFO] [stdout]     |                     ^^ could not find `um` in `winapi`
[INFO] [stdout] 
[INFO] [stdout] 
[INFO] [stdout] error[E0433]: failed to resolve: could not find `um` in `winapi`
[INFO] [stdout]    --> src/main.rs:226:21
[INFO] [stdout]     |
[INFO] [stdout] 226 |         use winapi::um::winnt::LARGE_INTEGER;
[INFO] [stdout]     |                     ^^ could not find `um` in `winapi`
[INFO] [stdout] 
[INFO] [stdout] 
[INFO] [stdout] error[E0412]: cannot find type `BOOL` in this scope
[INFO] [stdout]   --> src/main.rs:42:25
[INFO] [stdout]    |
[INFO] [stdout] 42 | fn win32_assert(result: BOOL, caller_name: &'static str) {
[INFO] [stdout]    |                         ^^^^ not found in this scope
[INFO] [stdout] 
[INFO] [stdout] 
[INFO] [stdout] error[E0412]: cannot find type `PVOID` in this scope
[INFO] [stdout]   --> src/main.rs:49:34
[INFO] [stdout]    |
[INFO] [stdout] 49 | fn win32_assert_not_null(result: PVOID, caller_name: &'static str) {
[INFO] [stdout]    |                                  ^^^^^ not found in this scope
[INFO] [stdout] 
[INFO] [stdout] 
[INFO] [stdout] error[E0412]: cannot find type `HANDLE` in this scope
[INFO] [stdout]   --> src/main.rs:61:21
[INFO] [stdout]    |
[INFO] [stdout] 61 | struct ProcessDescr(HANDLE);
[INFO] [stdout]    |                     ^^^^^^ not found in this scope
[INFO] [stdout] 
[INFO] [stdout] 
[INFO] [stdout] error[E0412]: cannot find type `HANDLE` in this scope
[INFO] [stdout]   --> src/main.rs:70:20
[INFO] [stdout]    |
[INFO] [stdout] 70 | struct ThreadDescr(HANDLE);
[INFO] [stdout]    |                    ^^^^^^ not found in this scope
[INFO] [stdout] 
[INFO] [stdout] 
[INFO] [stdout] error[E0412]: cannot find type `HANDLE` in this scope
[INFO] [stdout]   --> src/main.rs:88:11
[INFO] [stdout]    |
[INFO] [stdout] 88 |     hjob: HANDLE,
[INFO] [stdout]    |           ^^^^^^ not found in this scope
[INFO] [stdout] 
[INFO] [stdout] 
[INFO] [stdout] error[E0412]: cannot find type `HANDLE` in this scope
[INFO] [stdout]   --> src/main.rs:91:12
[INFO] [stdout]    |
[INFO] [stdout] 91 |     hiocp: HANDLE,
[INFO] [stdout]    |            ^^^^^^ not found in this scope
[INFO] [stdout] 
[INFO] [stdout] 
[INFO] [stdout] error[E0412]: cannot find type `LARGE_INTEGER` in this scope
[INFO] [stdout]    --> src/main.rs:228:30
[INFO] [stdout]     |
[INFO] [stdout] 228 |         fn to_seconds(value: LARGE_INTEGER) -> f64 {
[INFO] [stdout]     |                              ^^^^^^^^^^^^^ not found in this scope
[INFO] [stdout] 
[INFO] [stdout] 
[INFO] [stdout] error: Compilation failed, aborting rustdoc
[INFO] [stdout] 
[INFO] [stdout] 
[INFO] [stdout] error: aborting due to 36 previous errors
[INFO] [stdout] 
[INFO] [stdout] 
[INFO] [stdout] Some errors have detailed explanations: E0412, E0433.
[INFO] [stdout] 
[INFO] [stdout] For more information about an error, try `rustc --explain E0412`.
[INFO] [stdout] 
[INFO] [stderr] error: could not document `cmdtime`
[INFO] [stderr] 
[INFO] [stderr] Caused by:
[INFO] [stderr]   process didn't exit successfully: `rustdoc --edition=2018 --crate-type bin --crate-name cmdtime src/main.rs -o /opt/rustwide/target/doc --error-format=json --json=diagnostic-rendered-ansi --document-private-items -L dependency=/opt/rustwide/target/debug/deps --extern winapi=/opt/rustwide/target/debug/deps/libwinapi-cb6cf127b8956594.rmeta --cap-lints=warn --crate-version 0.2.0` (exit status: 1)
[INFO] running `Command { std: "docker" "inspect" "c83520aef462dfc42c7a6d33618c551a86464659726e54a291b31774c638f6c2", kill_on_drop: false }`
[INFO] running `Command { std: "docker" "rm" "-f" "c83520aef462dfc42c7a6d33618c551a86464659726e54a291b31774c638f6c2", kill_on_drop: false }`
[INFO] [stdout] c83520aef462dfc42c7a6d33618c551a86464659726e54a291b31774c638f6c2
