[INFO] cloning repository https://github.com/mihai-dinculescu/zero2prod
[INFO] running `Command { std: "git" "-c" "credential.helper=" "-c" "credential.helper=/workspace/cargo-home/bin/git-credential-null" "clone" "--bare" "https://github.com/mihai-dinculescu/zero2prod" "/workspace/cache/git-repos/https%3A%2F%2Fgithub.com%2Fmihai-dinculescu%2Fzero2prod", kill_on_drop: false }`
[INFO] [stderr] Cloning into bare repository '/workspace/cache/git-repos/https%3A%2F%2Fgithub.com%2Fmihai-dinculescu%2Fzero2prod'...
[INFO] running `Command { std: "git" "rev-parse" "HEAD", kill_on_drop: false }`
[INFO] [stdout] 9ef65cfedfe508b5b4512462420d48cef424db3c
[INFO] documenting mihai-dinculescu/zero2prod against beta-2021-08-01 for beta-1.55-rustdoc-1
[INFO] running `Command { std: "git" "clone" "/workspace/cache/git-repos/https%3A%2F%2Fgithub.com%2Fmihai-dinculescu%2Fzero2prod" "/workspace/builds/worker-2/source", kill_on_drop: false }`
[INFO] [stderr] Cloning into '/workspace/builds/worker-2/source'...
[INFO] [stderr] done.
[INFO] validating manifest of git repo https://github.com/mihai-dinculescu/zero2prod on toolchain beta-2021-08-01
[INFO] running `Command { std: "/workspace/cargo-home/bin/cargo" "+beta-2021-08-01" "metadata" "--manifest-path" "Cargo.toml" "--no-deps", kill_on_drop: false }`
[INFO] started tweaking git repo https://github.com/mihai-dinculescu/zero2prod
[INFO] finished tweaking git repo https://github.com/mihai-dinculescu/zero2prod
[INFO] tweaked toml for git repo https://github.com/mihai-dinculescu/zero2prod written to /workspace/builds/worker-2/source/Cargo.toml
[INFO] crate git repo https://github.com/mihai-dinculescu/zero2prod already has a lockfile, it will not be regenerated
[INFO] running `Command { std: "/workspace/cargo-home/bin/cargo" "+beta-2021-08-01" "fetch" "--manifest-path" "Cargo.toml", kill_on_drop: false }`
[INFO] [stderr]  Downloading crates ...
[INFO] [stderr]   Downloaded serde-aux v2.2.0
[INFO] [stderr]   Downloaded linkify v0.5.0
[INFO] [stderr]   Downloaded claim v0.5.0
[INFO] [stderr]   Downloaded tracing-opentelemetry v0.12.0
[INFO] [stderr]   Downloaded fake v2.3.0
[INFO] [stderr]   Downloaded opentelemetry v0.13.0
[INFO] [stderr]   Downloaded tracing-actix-web v0.4.0-beta.4
[INFO] [stderr]   Downloaded tracing-bunyan-formatter v0.2.4
[INFO] [stderr]   Downloaded wiremock v0.5.2
[INFO] [stderr]   Downloaded deadpool v0.7.0
[INFO] running `Command { std: "docker" "create" "-v" "/var/lib/crater-agent-workspace/builds/worker-2/target:/opt/rustwide/target:rw,Z" "-v" "/var/lib/crater-agent-workspace/builds/worker-2/source:/opt/rustwide/workdir:ro,Z" "-v" "/var/lib/crater-agent-workspace/cargo-home:/opt/rustwide/cargo-home:ro,Z" "-v" "/var/lib/crater-agent-workspace/rustup-home:/opt/rustwide/rustup-home:ro,Z" "-e" "SOURCE_DIR=/opt/rustwide/workdir" "-e" "CARGO_TARGET_DIR=/opt/rustwide/target" "-e" "CARGO_HOME=/opt/rustwide/cargo-home" "-e" "RUSTUP_HOME=/opt/rustwide/rustup-home" "-w" "/opt/rustwide/workdir" "-m" "1610612736" "--user" "0:0" "--network" "none" "ghcr.io/rust-lang/crates-build-env/linux@sha256:34b6a614d2c27851fe6cbf88fbd1137609cefab8b10d0615aaeb6fd47975d74e" "/opt/rustwide/cargo-home/bin/cargo" "+beta-2021-08-01" "metadata" "--no-deps" "--format-version=1", kill_on_drop: false }`
[INFO] [stdout] 76923d323b1f367ddaa2a6a787e7bd920276a373701cb1909e68baebb38d6a39
[INFO] [stderr] WARNING: Your kernel does not support swap limit capabilities or the cgroup is not mounted. Memory limited without swap.
[INFO] running `Command { std: "docker" "start" "-a" "76923d323b1f367ddaa2a6a787e7bd920276a373701cb1909e68baebb38d6a39", kill_on_drop: false }`
[INFO] running `Command { std: "docker" "inspect" "76923d323b1f367ddaa2a6a787e7bd920276a373701cb1909e68baebb38d6a39", kill_on_drop: false }`
[INFO] running `Command { std: "docker" "rm" "-f" "76923d323b1f367ddaa2a6a787e7bd920276a373701cb1909e68baebb38d6a39", kill_on_drop: false }`
[INFO] [stdout] 76923d323b1f367ddaa2a6a787e7bd920276a373701cb1909e68baebb38d6a39
[INFO] running `Command { std: "docker" "create" "-v" "/var/lib/crater-agent-workspace/builds/worker-2/target:/opt/rustwide/target:rw,Z" "-v" "/var/lib/crater-agent-workspace/builds/worker-2/source:/opt/rustwide/workdir:ro,Z" "-v" "/var/lib/crater-agent-workspace/cargo-home:/opt/rustwide/cargo-home:ro,Z" "-v" "/var/lib/crater-agent-workspace/rustup-home:/opt/rustwide/rustup-home:ro,Z" "-e" "SOURCE_DIR=/opt/rustwide/workdir" "-e" "CARGO_TARGET_DIR=/opt/rustwide/target" "-e" "CARGO_INCREMENTAL=0" "-e" "RUST_BACKTRACE=full" "-e" "RUSTDOCFLAGS=--cap-lints=warn" "-e" "CARGO_HOME=/opt/rustwide/cargo-home" "-e" "RUSTUP_HOME=/opt/rustwide/rustup-home" "-w" "/opt/rustwide/workdir" "-m" "1610612736" "--user" "0:0" "--network" "none" "ghcr.io/rust-lang/crates-build-env/linux@sha256:34b6a614d2c27851fe6cbf88fbd1137609cefab8b10d0615aaeb6fd47975d74e" "/opt/rustwide/cargo-home/bin/cargo" "+beta-2021-08-01" "doc" "--frozen" "--no-deps" "--document-private-items" "--message-format=json", kill_on_drop: false }`
[INFO] [stdout] e533be58f43ad4ed61207ea1bac65d9505197f98d5e7a9c1f273abe21db8ccfc
[INFO] [stderr] WARNING: Your kernel does not support swap limit capabilities or the cgroup is not mounted. Memory limited without swap.
[INFO] running `Command { std: "docker" "start" "-a" "e533be58f43ad4ed61207ea1bac65d9505197f98d5e7a9c1f273abe21db8ccfc", kill_on_drop: false }`
[INFO] [stderr]    Compiling syn v1.0.71
[INFO] [stderr]    Compiling serde_json v1.0.64
[INFO] [stderr]     Checking futures-io v0.3.14
[INFO] [stderr]     Checking validator_types v0.12.0
[INFO] [stderr]    Compiling tokio v1.5.0
[INFO] [stderr]     Checking thread_local v1.1.3
[INFO] [stderr]    Compiling nom v5.1.2
[INFO] [stderr]     Checking actix-service v2.0.0-beta.5
[INFO] [stderr]     Checking regex-automata v0.1.9
[INFO] [stderr]     Checking gethostname v0.2.1
[INFO] [stderr]    Compiling time v0.1.43
[INFO] [stderr]     Checking tracing-log v0.1.2
[INFO] [stderr]     Checking uuid v0.8.2
[INFO] [stderr]     Checking regex v1.5.3
[INFO] [stderr]    Compiling num-integer v0.1.44
[INFO] [stderr]     Checking chrono v0.4.19
[INFO] [stderr]     Checking sha2 v0.9.3
[INFO] [stderr]    Compiling sha-1 v0.9.4
[INFO] [stderr]     Checking sqlformat v0.1.6
[INFO] [stderr]     Checking serde-hjson v0.9.1
[INFO] [stderr]     Checking matchers v0.0.1
[INFO] [stderr]    Compiling serde_derive v1.0.125
[INFO] [stderr]    Compiling tokio-macros v1.1.0
[INFO] [stderr]    Compiling futures-macro v0.3.14
[INFO] [stderr]    Compiling actix-macros v0.2.0
[INFO] [stderr]    Compiling tracing-attributes v0.1.15
[INFO] [stderr]    Compiling pin-project-internal v1.0.7
[INFO] [stderr]    Compiling thiserror-impl v1.0.24
[INFO] [stderr]    Compiling time-macros-impl v0.1.1
[INFO] [stderr]    Compiling derive_more v0.99.13
[INFO] [stderr]    Compiling async-trait v0.1.50
[INFO] [stderr]    Compiling actix-web-codegen v0.5.0-beta.2
[INFO] [stderr]     Checking time-macros v0.1.1
[INFO] [stderr]     Checking futures-util v0.3.14
[INFO] [stderr]     Checking time v0.2.26
[INFO] [stderr]     Checking cookie v0.14.4
[INFO] [stderr]     Checking pin-project v1.0.7
[INFO] [stderr]     Checking tracing v0.1.26
[INFO] [stderr]     Checking thiserror v1.0.24
[INFO] [stderr]     Checking tracing-futures v0.2.5
[INFO] [stderr]     Checking futures-executor v0.3.14
[INFO] [stderr]     Checking local-channel v0.1.2
[INFO] [stderr]     Checking futures v0.3.14
[INFO] [stderr]     Checking opentelemetry v0.13.0
[INFO] [stderr]     Checking serde v1.0.125
[INFO] [stderr]     Checking tokio-util v0.6.6
[INFO] [stderr]     Checking actix-rt v2.2.0
[INFO] [stderr]     Checking tokio-rustls v0.22.0
[INFO] [stderr]     Checking tokio-stream v0.1.5
[INFO] [stderr]     Checking actix-server v2.0.0-beta.4
[INFO] [stderr]     Checking sqlx-rt v0.5.2
[INFO] [stderr]     Checking h2 v0.3.3
[INFO] [stderr]     Checking actix-codec v0.4.0
[INFO] [stderr]     Checking actix-tls v3.0.0-beta.5
[INFO] [stderr]    Compiling url v2.2.1
[INFO] [stderr]    Compiling either v1.6.1
[INFO] [stderr]     Checking tracing-serde v0.1.2
[INFO] [stderr]     Checking serde_urlencoded v0.7.0
[INFO] [stderr]     Checking actix-router v0.2.7
[INFO] [stderr]     Checking toml v0.5.8
[INFO] [stderr]    Compiling sqlx-core v0.5.2
[INFO] [stderr]     Checking hyper v0.14.7
[INFO] [stderr]     Checking tracing-subscriber v0.2.18
[INFO] [stderr]     Checking actix-http v3.0.0-beta.5
[INFO] [stderr]     Checking validator v0.13.0
[INFO] [stderr]     Checking serde-aux v2.2.0
[INFO] [stderr]     Checking config v0.11.0
[INFO] [stderr]     Checking tracing-opentelemetry v0.12.0
[INFO] [stderr]     Checking tracing-bunyan-formatter v0.2.4
[INFO] [stderr]     Checking actix-web v4.0.0-beta.5
[INFO] [stderr]     Checking hyper-rustls v0.22.1
[INFO] [stderr]     Checking reqwest v0.11.3
[INFO] [stderr]     Checking tracing-actix-web v0.4.0-beta.4
[INFO] [stderr]    Compiling sqlx-macros v0.5.2
[INFO] [stderr]     Checking sqlx v0.5.2
[INFO] [stderr]  Documenting zero2prod v0.1.0 (/opt/rustwide/workdir)
[INFO] [stdout] error: error communicating with the server: Cannot assign requested address (os error 99)
[INFO] [stdout]   --> src/routes/subscriptions.rs:86:5
[INFO] [stdout]    |
[INFO] [stdout] 86 | /     sqlx::query!(
[INFO] [stdout] 87 | |         r#"
[INFO] [stdout] 88 | |             INSERT INTO subscriptions (id, email, name, subscribed_at, status)
[INFO] [stdout] 89 | |             VALUES ($1, $2, $3, $4, 'pending_confirmation')
[INFO] [stdout] ...  |
[INFO] [stdout] 94 | |         Utc::now()
[INFO] [stdout] 95 | |     )
[INFO] [stdout]    | |_____^
[INFO] [stdout]    |
[INFO] [stdout]    = note: this error originates in the macro `$crate::sqlx_macros::expand_query` (in Nightly builds, run with -Z macro-backtrace for more info)
[INFO] [stdout] 
[INFO] [stdout] 
[INFO] [stdout] error: error communicating with the server: Cannot assign requested address (os error 99)
[INFO] [stdout]    --> src/routes/subscriptions.rs:114:5
[INFO] [stdout]     |
[INFO] [stdout] 114 | /     sqlx::query!(
[INFO] [stdout] 115 | |         r#"INSERT INTO subscription_tokens (subscription_token, subscriber_id)
[INFO] [stdout] 116 | |     VALUES ($1, $2)"#,
[INFO] [stdout] 117 | |         subscription_token,
[INFO] [stdout] 118 | |         subscriber_id
[INFO] [stdout] 119 | |     )
[INFO] [stdout]     | |_____^
[INFO] [stdout]     |
[INFO] [stdout]     = note: this error originates in the macro `$crate::sqlx_macros::expand_query` (in Nightly builds, run with -Z macro-backtrace for more info)
[INFO] [stdout] 
[INFO] [stdout] 
[INFO] [stdout] error: error communicating with the server: Cannot assign requested address (os error 99)
[INFO] [stdout]   --> src/routes/subscriptions_confirm.rs:32:5
[INFO] [stdout]    |
[INFO] [stdout] 32 | /     sqlx::query!(
[INFO] [stdout] 33 | |         r#"UPDATE subscriptions SET status = 'confirmed' WHERE id = $1"#,
[INFO] [stdout] 34 | |         subscriber_id,
[INFO] [stdout] 35 | |     )
[INFO] [stdout]    | |_____^
[INFO] [stdout]    |
[INFO] [stdout]    = note: this error originates in the macro `$crate::sqlx_macros::expand_query` (in Nightly builds, run with -Z macro-backtrace for more info)
[INFO] [stdout] 
[INFO] [stdout] 
[INFO] [stdout] error: error communicating with the server: Cannot assign requested address (os error 99)
[INFO] [stdout]   --> src/routes/subscriptions_confirm.rs:50:18
[INFO] [stdout]    |
[INFO] [stdout] 50 |       let result = sqlx::query!(
[INFO] [stdout]    |  __________________^
[INFO] [stdout] 51 | |         r#"SELECT subscriber_id FROM subscription_tokens WHERE subscription_token = $1"#,
[INFO] [stdout] 52 | |         subscription_token,
[INFO] [stdout] 53 | |     )
[INFO] [stdout]    | |_____^
[INFO] [stdout]    |
[INFO] [stdout]    = note: this error originates in the macro `$crate::sqlx_macros::expand_query` (in Nightly builds, run with -Z macro-backtrace for more info)
[INFO] [stdout] 
[INFO] [stdout] 
[INFO] [stdout] error: Compilation failed, aborting rustdoc
[INFO] [stdout] 
[INFO] [stdout] 
[INFO] [stdout] error: aborting due to 5 previous errors
[INFO] [stdout] 
[INFO] [stdout] 
[INFO] [stderr] error: could not document `zero2prod`
[INFO] [stderr] 
[INFO] [stderr] Caused by:
[INFO] [stderr]   process didn't exit successfully: `rustdoc --edition=2018 --crate-type lib --crate-name zero2prod src/lib.rs -o /opt/rustwide/target/doc --error-format=json --json=diagnostic-rendered-ansi --document-private-items -L dependency=/opt/rustwide/target/debug/deps --extern actix_http=/opt/rustwide/target/debug/deps/libactix_http-3e78ce900f3712cb.rmeta --extern actix_service=/opt/rustwide/target/debug/deps/libactix_service-8e3ef249de8f848c.rmeta --extern actix_web=/opt/rustwide/target/debug/deps/libactix_web-86fd85ce17be5cf9.rmeta --extern chrono=/opt/rustwide/target/debug/deps/libchrono-05702ad035a83c34.rmeta --extern config=/opt/rustwide/target/debug/deps/libconfig-156c5e4929dfd232.rmeta --extern rand=/opt/rustwide/target/debug/deps/librand-389ee73fac06bf38.rmeta --extern reqwest=/opt/rustwide/target/debug/deps/libreqwest-a01855a5f18ce00d.rmeta --extern serde=/opt/rustwide/target/debug/deps/libserde-9f0239c749f1c6fe.rmeta --extern serde_aux=/opt/rustwide/target/debug/deps/libserde_aux-d03e6fc0409a86ba.rmeta --extern sqlx=/opt/rustwide/target/debug/deps/libsqlx-60fb9acbef2ebfe2.rmeta --extern tracing=/opt/rustwide/target/debug/deps/libtracing-592c3cdbfeec6b92.rmeta --extern tracing_actix_web=/opt/rustwide/target/debug/deps/libtracing_actix_web-ea0e91e6fe6bc3bb.rmeta --extern tracing_bunyan_formatter=/opt/rustwide/target/debug/deps/libtracing_bunyan_formatter-71c5e11cbeda46c1.rmeta --extern tracing_futures=/opt/rustwide/target/debug/deps/libtracing_futures-2f1924a3e1b8a694.rmeta --extern tracing_log=/opt/rustwide/target/debug/deps/libtracing_log-6d3c0b234ed71f55.rmeta --extern tracing_subscriber=/opt/rustwide/target/debug/deps/libtracing_subscriber-f4ba64d9fc8d5714.rmeta --extern unicode_segmentation=/opt/rustwide/target/debug/deps/libunicode_segmentation-53a71a7aed5f6543.rmeta --extern uuid=/opt/rustwide/target/debug/deps/libuuid-340daf24f4b9907e.rmeta --extern validator=/opt/rustwide/target/debug/deps/libvalidator-759f96c44d490545.rmeta --cap-lints=warn --crate-version 0.1.0` (exit status: 1)
[INFO] running `Command { std: "docker" "inspect" "e533be58f43ad4ed61207ea1bac65d9505197f98d5e7a9c1f273abe21db8ccfc", kill_on_drop: false }`
[INFO] running `Command { std: "docker" "rm" "-f" "e533be58f43ad4ed61207ea1bac65d9505197f98d5e7a9c1f273abe21db8ccfc", kill_on_drop: false }`
[INFO] [stdout] e533be58f43ad4ed61207ea1bac65d9505197f98d5e7a9c1f273abe21db8ccfc
