[INFO] cloning repository https://github.com/michalseweryn/didactic-guide
[INFO] running `Command { std: "git" "-c" "credential.helper=" "-c" "credential.helper=/workspace/cargo-home/bin/git-credential-null" "clone" "--bare" "https://github.com/michalseweryn/didactic-guide" "/workspace/cache/git-repos/https%3A%2F%2Fgithub.com%2Fmichalseweryn%2Fdidactic-guide", kill_on_drop: false }`
[INFO] [stderr] Cloning into bare repository '/workspace/cache/git-repos/https%3A%2F%2Fgithub.com%2Fmichalseweryn%2Fdidactic-guide'...
[INFO] running `Command { std: "git" "rev-parse" "HEAD", kill_on_drop: false }`
[INFO] [stdout] bb052bd871c41f6bd7de2e0312576fe84193daf9
[INFO] documenting michalseweryn/didactic-guide against beta-2021-08-01 for beta-1.55-rustdoc-1
[INFO] running `Command { std: "git" "clone" "/workspace/cache/git-repos/https%3A%2F%2Fgithub.com%2Fmichalseweryn%2Fdidactic-guide" "/workspace/builds/worker-6/source", kill_on_drop: false }`
[INFO] [stderr] Cloning into '/workspace/builds/worker-6/source'...
[INFO] [stderr] done.
[INFO] validating manifest of git repo https://github.com/michalseweryn/didactic-guide on toolchain beta-2021-08-01
[INFO] running `Command { std: "/workspace/cargo-home/bin/cargo" "+beta-2021-08-01" "metadata" "--manifest-path" "Cargo.toml" "--no-deps", kill_on_drop: false }`
[INFO] started tweaking git repo https://github.com/michalseweryn/didactic-guide
[INFO] finished tweaking git repo https://github.com/michalseweryn/didactic-guide
[INFO] tweaked toml for git repo https://github.com/michalseweryn/didactic-guide written to /workspace/builds/worker-6/source/Cargo.toml
[INFO] crate git repo https://github.com/michalseweryn/didactic-guide already has a lockfile, it will not be regenerated
[INFO] running `Command { std: "/workspace/cargo-home/bin/cargo" "+beta-2021-08-01" "fetch" "--manifest-path" "Cargo.toml", kill_on_drop: false }`
[INFO] running `Command { std: "docker" "create" "-v" "/var/lib/crater-agent-workspace/builds/worker-6/target:/opt/rustwide/target:rw,Z" "-v" "/var/lib/crater-agent-workspace/builds/worker-6/source:/opt/rustwide/workdir:ro,Z" "-v" "/var/lib/crater-agent-workspace/cargo-home:/opt/rustwide/cargo-home:ro,Z" "-v" "/var/lib/crater-agent-workspace/rustup-home:/opt/rustwide/rustup-home:ro,Z" "-e" "SOURCE_DIR=/opt/rustwide/workdir" "-e" "CARGO_TARGET_DIR=/opt/rustwide/target" "-e" "CARGO_HOME=/opt/rustwide/cargo-home" "-e" "RUSTUP_HOME=/opt/rustwide/rustup-home" "-w" "/opt/rustwide/workdir" "-m" "1610612736" "--user" "0:0" "--network" "none" "ghcr.io/rust-lang/crates-build-env/linux@sha256:34b6a614d2c27851fe6cbf88fbd1137609cefab8b10d0615aaeb6fd47975d74e" "/opt/rustwide/cargo-home/bin/cargo" "+beta-2021-08-01" "metadata" "--no-deps" "--format-version=1", kill_on_drop: false }`
[INFO] [stdout] 50a3aeefb13e2268769b8d84fd33b660b1de68d452aea5c064ba408abf8d5365
[INFO] [stderr] WARNING: Your kernel does not support swap limit capabilities or the cgroup is not mounted. Memory limited without swap.
[INFO] running `Command { std: "docker" "start" "-a" "50a3aeefb13e2268769b8d84fd33b660b1de68d452aea5c064ba408abf8d5365", kill_on_drop: false }`
[INFO] running `Command { std: "docker" "inspect" "50a3aeefb13e2268769b8d84fd33b660b1de68d452aea5c064ba408abf8d5365", kill_on_drop: false }`
[INFO] running `Command { std: "docker" "rm" "-f" "50a3aeefb13e2268769b8d84fd33b660b1de68d452aea5c064ba408abf8d5365", kill_on_drop: false }`
[INFO] [stdout] 50a3aeefb13e2268769b8d84fd33b660b1de68d452aea5c064ba408abf8d5365
[INFO] running `Command { std: "docker" "create" "-v" "/var/lib/crater-agent-workspace/builds/worker-6/target:/opt/rustwide/target:rw,Z" "-v" "/var/lib/crater-agent-workspace/builds/worker-6/source:/opt/rustwide/workdir:ro,Z" "-v" "/var/lib/crater-agent-workspace/cargo-home:/opt/rustwide/cargo-home:ro,Z" "-v" "/var/lib/crater-agent-workspace/rustup-home:/opt/rustwide/rustup-home:ro,Z" "-e" "SOURCE_DIR=/opt/rustwide/workdir" "-e" "CARGO_TARGET_DIR=/opt/rustwide/target" "-e" "CARGO_INCREMENTAL=0" "-e" "RUST_BACKTRACE=full" "-e" "RUSTDOCFLAGS=--cap-lints=warn" "-e" "CARGO_HOME=/opt/rustwide/cargo-home" "-e" "RUSTUP_HOME=/opt/rustwide/rustup-home" "-w" "/opt/rustwide/workdir" "-m" "1610612736" "--user" "0:0" "--network" "none" "ghcr.io/rust-lang/crates-build-env/linux@sha256:34b6a614d2c27851fe6cbf88fbd1137609cefab8b10d0615aaeb6fd47975d74e" "/opt/rustwide/cargo-home/bin/cargo" "+beta-2021-08-01" "doc" "--frozen" "--no-deps" "--document-private-items" "--message-format=json", kill_on_drop: false }`
[INFO] [stdout] f712c26b395af28b456eee17f8790c123eaa997663db9e9ab03d221c17e342a6
[INFO] [stderr] WARNING: Your kernel does not support swap limit capabilities or the cgroup is not mounted. Memory limited without swap.
[INFO] running `Command { std: "docker" "start" "-a" "f712c26b395af28b456eee17f8790c123eaa997663db9e9ab03d221c17e342a6", kill_on_drop: false }`
[INFO] [stderr]    Compiling syn v1.0.73
[INFO] [stderr]     Checking simba v0.5.1
[INFO] [stderr]    Compiling node-template v3.0.0 (/opt/rustwide/workdir/node)
[INFO] [stderr]    Compiling zstd-safe v3.0.1+zstd.1.4.9
[INFO] [stderr]     Checking zstd-sys v1.4.20+zstd.1.4.9
[INFO] [stderr]    Compiling librocksdb-sys v6.17.3
[INFO] [stderr]     Checking webpki v0.21.4
[INFO] [stderr]     Checking sct v0.6.1
[INFO] [stderr]     Checking ct-logs v0.7.0
[INFO] [stderr]     Checking webpki-roots v0.21.1
[INFO] [stderr]    Compiling zstd v0.6.1+zstd.1.4.9
[INFO] [stderr]    Compiling sp-maybe-compressed-blob v3.0.0 (https://github.com/paritytech/substrate.git?tag=monthly-2021-07#83808aa8)
[INFO] [stderr]    Compiling synstructure v0.12.4
[INFO] [stderr]    Compiling proc-macro-error v1.0.4
[INFO] [stderr]    Compiling pest_generator v2.1.3
[INFO] [stderr]    Compiling serde_derive v1.0.126
[INFO] [stderr]    Compiling ctor v0.1.20
[INFO] [stderr]    Compiling thiserror-impl v1.0.25
[INFO] [stderr]    Compiling futures-macro v0.3.15
[INFO] [stderr]    Compiling zeroize_derive v1.1.0
[INFO] [stderr]    Compiling tracing-attributes v0.1.15
[INFO] [stderr]    Compiling impl-trait-for-tuples v0.2.1
[INFO] [stderr]    Compiling parity-util-mem-derive v0.1.0
[INFO] [stderr]    Compiling sp-debug-derive v3.0.0 (https://github.com/paritytech/substrate.git?tag=monthly-2021-07#83808aa8)
[INFO] [stderr]    Compiling ref-cast-impl v1.0.6
[INFO] [stderr]    Compiling dyn-clonable-impl v0.9.0
[INFO] [stderr]    Compiling async-trait v0.1.50
[INFO] [stderr]    Compiling prost-derive v0.7.0
[INFO] [stderr]    Compiling derive_more v0.99.14
[INFO] [stderr]    Compiling pin-project-internal v1.0.7
[INFO] [stderr]    Compiling pin-project-internal v0.4.28
[INFO] [stderr]    Compiling enum-as-inner v0.3.3
[INFO] [stderr]    Compiling minicbor-derive v0.6.3
[INFO] [stderr]    Compiling libp2p-swarm-derive v0.23.0
[INFO] [stderr]    Compiling scroll_derive v0.10.5
[INFO] [stderr]    Compiling frame-support-procedural-tools-derive v3.0.0 (https://github.com/paritytech/substrate.git?tag=monthly-2021-07#83808aa8)
[INFO] [stderr]    Compiling data-encoding-macro-internal v0.1.10
[INFO] [stderr] error: could not compile `impl-trait-for-tuples`
[INFO] [stderr] 
[INFO] [stderr] Caused by:
[INFO] [stderr]   process didn't exit successfully: `rustc --crate-name impl_trait_for_tuples --edition=2018 /opt/rustwide/cargo-home/registry/src/github.com-1ecc6299db9ec823/impl-trait-for-tuples-0.2.1/src/lib.rs --error-format=json --json=diagnostic-rendered-ansi --crate-type proc-macro --emit=dep-info,link -C prefer-dynamic -C embed-bitcode=no -C debuginfo=2 -C metadata=ba4e5d757fd02acf -C extra-filename=-ba4e5d757fd02acf --out-dir /opt/rustwide/target/debug/deps -L dependency=/opt/rustwide/target/debug/deps --extern proc_macro2=/opt/rustwide/target/debug/deps/libproc_macro2-c93edf686a01401b.rlib --extern quote=/opt/rustwide/target/debug/deps/libquote-7582d5e7a88c37e8.rlib --extern syn=/opt/rustwide/target/debug/deps/libsyn-0eeb2ffcac1536de.rlib --extern proc_macro --cap-lints allow` (signal: 9, SIGKILL: kill)
[INFO] [stderr] warning: build failed, waiting for other jobs to finish...
[INFO] [stderr] The following warnings were emitted during compilation:
[INFO] [stderr] 
[INFO] [stderr] warning: c++: fatal error: Killed signal terminated program cc1plus
[INFO] [stderr] warning: compilation terminated.
[INFO] [stderr] warning: c++: fatal error: Killed signal terminated program cc1plus
[INFO] [stderr] warning: compilation terminated.
[INFO] [stderr] warning: c++: fatal error: Killed signal terminated program cc1plus
[INFO] [stderr] warning: compilation terminated.
[INFO] [stderr] warning: c++: fatal error: Killed signal terminated program cc1plus
[INFO] [stderr] warning: compilation terminated.
[INFO] [stderr] warning: c++: fatal error: Killed signal terminated program cc1plus
[INFO] [stderr] warning: compilation terminated.
[INFO] [stderr] 
[INFO] [stderr] error: build failed
[INFO] running `Command { std: "docker" "inspect" "f712c26b395af28b456eee17f8790c123eaa997663db9e9ab03d221c17e342a6", kill_on_drop: false }`
[INFO] running `Command { std: "docker" "rm" "-f" "f712c26b395af28b456eee17f8790c123eaa997663db9e9ab03d221c17e342a6", kill_on_drop: false }`
[INFO] [stdout] f712c26b395af28b456eee17f8790c123eaa997663db9e9ab03d221c17e342a6
