[INFO] cloning repository https://github.com/michael2012z/rust-vmm-glue
[INFO] running `Command { std: "git" "-c" "credential.helper=" "-c" "credential.helper=/workspace/cargo-home/bin/git-credential-null" "clone" "--bare" "https://github.com/michael2012z/rust-vmm-glue" "/workspace/cache/git-repos/https%3A%2F%2Fgithub.com%2Fmichael2012z%2Frust-vmm-glue", kill_on_drop: false }`
[INFO] [stderr] Cloning into bare repository '/workspace/cache/git-repos/https%3A%2F%2Fgithub.com%2Fmichael2012z%2Frust-vmm-glue'...
[INFO] running `Command { std: "git" "rev-parse" "HEAD", kill_on_drop: false }`
[INFO] [stdout] 7d14496a468202c103623e4a1e30de3cbd614392
[INFO] documenting michael2012z/rust-vmm-glue against 1.54.0 for beta-1.55-rustdoc-1
[INFO] running `Command { std: "git" "clone" "/workspace/cache/git-repos/https%3A%2F%2Fgithub.com%2Fmichael2012z%2Frust-vmm-glue" "/workspace/builds/worker-1/source", kill_on_drop: false }`
[INFO] [stderr] Cloning into '/workspace/builds/worker-1/source'...
[INFO] [stderr] done.
[INFO] validating manifest of git repo https://github.com/michael2012z/rust-vmm-glue on toolchain 1.54.0
[INFO] running `Command { std: "/workspace/cargo-home/bin/cargo" "+1.54.0" "metadata" "--manifest-path" "Cargo.toml" "--no-deps", kill_on_drop: false }`
[INFO] started tweaking git repo https://github.com/michael2012z/rust-vmm-glue
[INFO] finished tweaking git repo https://github.com/michael2012z/rust-vmm-glue
[INFO] tweaked toml for git repo https://github.com/michael2012z/rust-vmm-glue written to /workspace/builds/worker-1/source/Cargo.toml
[INFO] crate git repo https://github.com/michael2012z/rust-vmm-glue already has a lockfile, it will not be regenerated
[INFO] running `Command { std: "/workspace/cargo-home/bin/cargo" "+1.54.0" "fetch" "--manifest-path" "Cargo.toml", kill_on_drop: false }`
[INFO] running `Command { std: "docker" "create" "-v" "/var/lib/crater-agent-workspace/builds/worker-1/target:/opt/rustwide/target:rw,Z" "-v" "/var/lib/crater-agent-workspace/builds/worker-1/source:/opt/rustwide/workdir:ro,Z" "-v" "/var/lib/crater-agent-workspace/cargo-home:/opt/rustwide/cargo-home:ro,Z" "-v" "/var/lib/crater-agent-workspace/rustup-home:/opt/rustwide/rustup-home:ro,Z" "-e" "SOURCE_DIR=/opt/rustwide/workdir" "-e" "CARGO_TARGET_DIR=/opt/rustwide/target" "-e" "CARGO_HOME=/opt/rustwide/cargo-home" "-e" "RUSTUP_HOME=/opt/rustwide/rustup-home" "-w" "/opt/rustwide/workdir" "-m" "1610612736" "--user" "0:0" "--network" "none" "ghcr.io/rust-lang/crates-build-env/linux@sha256:34b6a614d2c27851fe6cbf88fbd1137609cefab8b10d0615aaeb6fd47975d74e" "/opt/rustwide/cargo-home/bin/cargo" "+1.54.0" "metadata" "--no-deps" "--format-version=1", kill_on_drop: false }`
[INFO] [stderr] WARNING: Your kernel does not support swap limit capabilities or the cgroup is not mounted. Memory limited without swap.
[INFO] [stdout] 418d9ea4acc89d8e1882f3c30702273a432597e918e9828c2f94f3eb46a7924a
[INFO] running `Command { std: "docker" "start" "-a" "418d9ea4acc89d8e1882f3c30702273a432597e918e9828c2f94f3eb46a7924a", kill_on_drop: false }`
[INFO] running `Command { std: "docker" "inspect" "418d9ea4acc89d8e1882f3c30702273a432597e918e9828c2f94f3eb46a7924a", kill_on_drop: false }`
[INFO] running `Command { std: "docker" "rm" "-f" "418d9ea4acc89d8e1882f3c30702273a432597e918e9828c2f94f3eb46a7924a", kill_on_drop: false }`
[INFO] [stdout] 418d9ea4acc89d8e1882f3c30702273a432597e918e9828c2f94f3eb46a7924a
[INFO] running `Command { std: "docker" "create" "-v" "/var/lib/crater-agent-workspace/builds/worker-1/target:/opt/rustwide/target:rw,Z" "-v" "/var/lib/crater-agent-workspace/builds/worker-1/source:/opt/rustwide/workdir:ro,Z" "-v" "/var/lib/crater-agent-workspace/cargo-home:/opt/rustwide/cargo-home:ro,Z" "-v" "/var/lib/crater-agent-workspace/rustup-home:/opt/rustwide/rustup-home:ro,Z" "-e" "SOURCE_DIR=/opt/rustwide/workdir" "-e" "CARGO_TARGET_DIR=/opt/rustwide/target" "-e" "CARGO_INCREMENTAL=0" "-e" "RUST_BACKTRACE=full" "-e" "RUSTDOCFLAGS=--cap-lints=warn" "-e" "CARGO_HOME=/opt/rustwide/cargo-home" "-e" "RUSTUP_HOME=/opt/rustwide/rustup-home" "-w" "/opt/rustwide/workdir" "-m" "1610612736" "--user" "0:0" "--network" "none" "ghcr.io/rust-lang/crates-build-env/linux@sha256:34b6a614d2c27851fe6cbf88fbd1137609cefab8b10d0615aaeb6fd47975d74e" "/opt/rustwide/cargo-home/bin/cargo" "+1.54.0" "doc" "--frozen" "--no-deps" "--document-private-items" "--message-format=json", kill_on_drop: false }`
[INFO] [stdout] 8e456c5153a3b4558f263919de4f54cbaf46c27aad82fcd64c2a70238054a39a
[INFO] [stderr] WARNING: Your kernel does not support swap limit capabilities or the cgroup is not mounted. Memory limited without swap.
[INFO] running `Command { std: "docker" "start" "-a" "8e456c5153a3b4558f263919de4f54cbaf46c27aad82fcd64c2a70238054a39a", kill_on_drop: false }`
[INFO] [stderr]     Checking yaml-rust v0.3.5
[INFO] [stderr]     Checking vmm-sys-util v0.3.1
[INFO] [stderr]    Compiling cast v0.2.3
[INFO] [stderr]     Checking kvm-bindings v0.2.0
[INFO] [stderr]     Checking clap v2.33.0
[INFO] [stderr]     Checking vm-memory v0.1.0 (https://github.com/rust-vmm/vm-memory#beaf2159)
[INFO] [stderr]     Checking kvm-ioctls v0.4.0 (https://github.com/rust-vmm/kvm-ioctls?branch=master#b7eadd86)
[INFO] [stderr]     Checking linux-loader v0.1.0 (https://github.com/michael2012z/linux-loader.git?branch=support_aarch64_test#62969979)
[INFO] [stderr]  Documenting glue v0.1.0 (/opt/rustwide/workdir)
[INFO] [stdout] error[E0425]: cannot find value `KVM_REG_ARM64_SYSREG` in this scope
[INFO] [stdout]   --> src/regs.rs:77:15
[INFO] [stdout]    |
[INFO] [stdout] 77 |             | KVM_REG_ARM64_SYSREG as u64
[INFO] [stdout]    |               ^^^^^^^^^^^^^^^^^^^^ not found in this scope
[INFO] [stdout] ...
[INFO] [stdout] 93 | arm64_sys_reg!(MPIDR_EL1, 3, 0, 0, 0, 5);
[INFO] [stdout]    | ----------------------------------------- in this macro invocation
[INFO] [stdout]    |
[INFO] [stdout]    = note: this error originates in the macro `arm64_sys_reg` (in Nightly builds, run with -Z macro-backtrace for more info)
[INFO] [stdout] 
[INFO] [stdout] 
[INFO] [stdout] error[E0425]: cannot find value `KVM_REG_ARM64_SYSREG_OP0_SHIFT` in this scope
[INFO] [stdout]   --> src/regs.rs:78:34
[INFO] [stdout]    |
[INFO] [stdout] 78 |             | ((($op0 as u64) << KVM_REG_ARM64_SYSREG_OP0_SHIFT)
[INFO] [stdout]    |                                  ^^^^^^^^^^^^^^^^^^^^^^^^^^^^^^ not found in this scope
[INFO] [stdout] ...
[INFO] [stdout] 93 | arm64_sys_reg!(MPIDR_EL1, 3, 0, 0, 0, 5);
[INFO] [stdout]    | ----------------------------------------- in this macro invocation
[INFO] [stdout]    |
[INFO] [stdout]    = note: this error originates in the macro `arm64_sys_reg` (in Nightly builds, run with -Z macro-backtrace for more info)
[INFO] [stdout] 
[INFO] [stdout] 
[INFO] [stdout] error[E0425]: cannot find value `KVM_REG_ARM64_SYSREG_OP0_MASK` in this scope
[INFO] [stdout]   --> src/regs.rs:79:19
[INFO] [stdout]    |
[INFO] [stdout] 79 |                 & KVM_REG_ARM64_SYSREG_OP0_MASK as u64)
[INFO] [stdout]    |                   ^^^^^^^^^^^^^^^^^^^^^^^^^^^^^ not found in this scope
[INFO] [stdout] ...
[INFO] [stdout] 93 | arm64_sys_reg!(MPIDR_EL1, 3, 0, 0, 0, 5);
[INFO] [stdout]    | ----------------------------------------- in this macro invocation
[INFO] [stdout]    |
[INFO] [stdout]    = note: this error originates in the macro `arm64_sys_reg` (in Nightly builds, run with -Z macro-backtrace for more info)
[INFO] [stdout] 
[INFO] [stdout] 
[INFO] [stdout] error[E0425]: cannot find value `KVM_REG_ARM64_SYSREG_OP1_SHIFT` in this scope
[INFO] [stdout]   --> src/regs.rs:80:34
[INFO] [stdout]    |
[INFO] [stdout] 80 |             | ((($op1 as u64) << KVM_REG_ARM64_SYSREG_OP1_SHIFT)
[INFO] [stdout]    |                                  ^^^^^^^^^^^^^^^^^^^^^^^^^^^^^^ not found in this scope
[INFO] [stdout] ...
[INFO] [stdout] 93 | arm64_sys_reg!(MPIDR_EL1, 3, 0, 0, 0, 5);
[INFO] [stdout]    | ----------------------------------------- in this macro invocation
[INFO] [stdout]    |
[INFO] [stdout]    = note: this error originates in the macro `arm64_sys_reg` (in Nightly builds, run with -Z macro-backtrace for more info)
[INFO] [stdout] 
[INFO] [stdout] 
[INFO] [stdout] error[E0425]: cannot find value `KVM_REG_ARM64_SYSREG_OP1_MASK` in this scope
[INFO] [stdout]   --> src/regs.rs:81:19
[INFO] [stdout]    |
[INFO] [stdout] 81 |                 & KVM_REG_ARM64_SYSREG_OP1_MASK as u64)
[INFO] [stdout]    |                   ^^^^^^^^^^^^^^^^^^^^^^^^^^^^^ not found in this scope
[INFO] [stdout] ...
[INFO] [stdout] 93 | arm64_sys_reg!(MPIDR_EL1, 3, 0, 0, 0, 5);
[INFO] [stdout]    | ----------------------------------------- in this macro invocation
[INFO] [stdout]    |
[INFO] [stdout]    = note: this error originates in the macro `arm64_sys_reg` (in Nightly builds, run with -Z macro-backtrace for more info)
[INFO] [stdout] 
[INFO] [stdout] 
[INFO] [stdout] error[E0425]: cannot find value `KVM_REG_ARM64_SYSREG_CRN_SHIFT` in this scope
[INFO] [stdout]   --> src/regs.rs:82:34
[INFO] [stdout]    |
[INFO] [stdout] 82 |             | ((($crn as u64) << KVM_REG_ARM64_SYSREG_CRN_SHIFT)
[INFO] [stdout]    |                                  ^^^^^^^^^^^^^^^^^^^^^^^^^^^^^^ not found in this scope
[INFO] [stdout] ...
[INFO] [stdout] 93 | arm64_sys_reg!(MPIDR_EL1, 3, 0, 0, 0, 5);
[INFO] [stdout]    | ----------------------------------------- in this macro invocation
[INFO] [stdout]    |
[INFO] [stdout]    = note: this error originates in the macro `arm64_sys_reg` (in Nightly builds, run with -Z macro-backtrace for more info)
[INFO] [stdout] 
[INFO] [stdout] 
[INFO] [stdout] error[E0425]: cannot find value `KVM_REG_ARM64_SYSREG_CRN_MASK` in this scope
[INFO] [stdout]   --> src/regs.rs:83:19
[INFO] [stdout]    |
[INFO] [stdout] 83 |                 & KVM_REG_ARM64_SYSREG_CRN_MASK as u64)
[INFO] [stdout]    |                   ^^^^^^^^^^^^^^^^^^^^^^^^^^^^^ not found in this scope
[INFO] [stdout] ...
[INFO] [stdout] 93 | arm64_sys_reg!(MPIDR_EL1, 3, 0, 0, 0, 5);
[INFO] [stdout]    | ----------------------------------------- in this macro invocation
[INFO] [stdout]    |
[INFO] [stdout]    = note: this error originates in the macro `arm64_sys_reg` (in Nightly builds, run with -Z macro-backtrace for more info)
[INFO] [stdout] 
[INFO] [stdout] 
[INFO] [stdout] error[E0425]: cannot find value `KVM_REG_ARM64_SYSREG_CRM_SHIFT` in this scope
[INFO] [stdout]   --> src/regs.rs:84:34
[INFO] [stdout]    |
[INFO] [stdout] 84 |             | ((($crm as u64) << KVM_REG_ARM64_SYSREG_CRM_SHIFT)
[INFO] [stdout]    |                                  ^^^^^^^^^^^^^^^^^^^^^^^^^^^^^^ not found in this scope
[INFO] [stdout] ...
[INFO] [stdout] 93 | arm64_sys_reg!(MPIDR_EL1, 3, 0, 0, 0, 5);
[INFO] [stdout]    | ----------------------------------------- in this macro invocation
[INFO] [stdout]    |
[INFO] [stdout]    = note: this error originates in the macro `arm64_sys_reg` (in Nightly builds, run with -Z macro-backtrace for more info)
[INFO] [stdout] 
[INFO] [stdout] 
[INFO] [stdout] error[E0425]: cannot find value `KVM_REG_ARM64_SYSREG_CRM_MASK` in this scope
[INFO] [stdout]   --> src/regs.rs:85:19
[INFO] [stdout]    |
[INFO] [stdout] 85 |                 & KVM_REG_ARM64_SYSREG_CRM_MASK as u64)
[INFO] [stdout]    |                   ^^^^^^^^^^^^^^^^^^^^^^^^^^^^^ not found in this scope
[INFO] [stdout] ...
[INFO] [stdout] 93 | arm64_sys_reg!(MPIDR_EL1, 3, 0, 0, 0, 5);
[INFO] [stdout]    | ----------------------------------------- in this macro invocation
[INFO] [stdout]    |
[INFO] [stdout]    = note: this error originates in the macro `arm64_sys_reg` (in Nightly builds, run with -Z macro-backtrace for more info)
[INFO] [stdout] 
[INFO] [stdout] 
[INFO] [stdout] error[E0425]: cannot find value `KVM_REG_ARM64_SYSREG_OP2_SHIFT` in this scope
[INFO] [stdout]   --> src/regs.rs:86:34
[INFO] [stdout]    |
[INFO] [stdout] 86 |             | ((($op2 as u64) << KVM_REG_ARM64_SYSREG_OP2_SHIFT)
[INFO] [stdout]    |                                  ^^^^^^^^^^^^^^^^^^^^^^^^^^^^^^ not found in this scope
[INFO] [stdout] ...
[INFO] [stdout] 93 | arm64_sys_reg!(MPIDR_EL1, 3, 0, 0, 0, 5);
[INFO] [stdout]    | ----------------------------------------- in this macro invocation
[INFO] [stdout]    |
[INFO] [stdout]    = note: this error originates in the macro `arm64_sys_reg` (in Nightly builds, run with -Z macro-backtrace for more info)
[INFO] [stdout] 
[INFO] [stdout] 
[INFO] [stdout] error[E0425]: cannot find value `KVM_REG_ARM64_SYSREG_OP2_MASK` in this scope
[INFO] [stdout]   --> src/regs.rs:87:19
[INFO] [stdout]    |
[INFO] [stdout] 87 |                 & KVM_REG_ARM64_SYSREG_OP2_MASK as u64);
[INFO] [stdout]    |                   ^^^^^^^^^^^^^^^^^^^^^^^^^^^^^ not found in this scope
[INFO] [stdout] ...
[INFO] [stdout] 93 | arm64_sys_reg!(MPIDR_EL1, 3, 0, 0, 0, 5);
[INFO] [stdout]    | ----------------------------------------- in this macro invocation
[INFO] [stdout]    |
[INFO] [stdout]    = note: this error originates in the macro `arm64_sys_reg` (in Nightly builds, run with -Z macro-backtrace for more info)
[INFO] [stdout] 
[INFO] [stdout] 
[INFO] [stdout] error: Compilation failed, aborting rustdoc
[INFO] [stdout] 
[INFO] [stdout] 
[INFO] [stdout] error: aborting due to 12 previous errors
[INFO] [stdout] 
[INFO] [stdout] 
[INFO] [stdout] For more information about this error, try `rustc --explain E0425`.
[INFO] [stdout] 
[INFO] [stderr] error: could not document `glue`
[INFO] [stderr] 
[INFO] [stderr] Caused by:
[INFO] [stderr]   process didn't exit successfully: `rustdoc --edition=2018 --crate-type bin --crate-name glue src/main.rs -o /opt/rustwide/target/doc --error-format=json --json=diagnostic-rendered-ansi --document-private-items -L dependency=/opt/rustwide/target/debug/deps --extern clap=/opt/rustwide/target/debug/deps/libclap-b11652ef125a9522.rmeta --extern kvm_bindings=/opt/rustwide/target/debug/deps/libkvm_bindings-fdc12e823200d28b.rmeta --extern kvm_ioctls=/opt/rustwide/target/debug/deps/libkvm_ioctls-9b085ccbe151773a.rmeta --extern linux_loader=/opt/rustwide/target/debug/deps/liblinux_loader-8d8b36fb9a79a787.rmeta --extern vm_memory=/opt/rustwide/target/debug/deps/libvm_memory-4591fcec26bce901.rmeta --cap-lints=warn --crate-version 0.1.0` (exit status: 1)
[INFO] running `Command { std: "docker" "inspect" "8e456c5153a3b4558f263919de4f54cbaf46c27aad82fcd64c2a70238054a39a", kill_on_drop: false }`
[INFO] running `Command { std: "docker" "rm" "-f" "8e456c5153a3b4558f263919de4f54cbaf46c27aad82fcd64c2a70238054a39a", kill_on_drop: false }`
[INFO] [stdout] 8e456c5153a3b4558f263919de4f54cbaf46c27aad82fcd64c2a70238054a39a
