[INFO] cloning repository https://github.com/mich101mich/aoc-2019
[INFO] running `Command { std: "git" "-c" "credential.helper=" "-c" "credential.helper=/workspace/cargo-home/bin/git-credential-null" "clone" "--bare" "https://github.com/mich101mich/aoc-2019" "/workspace/cache/git-repos/https%3A%2F%2Fgithub.com%2Fmich101mich%2Faoc-2019", kill_on_drop: false }`
[INFO] [stderr] Cloning into bare repository '/workspace/cache/git-repos/https%3A%2F%2Fgithub.com%2Fmich101mich%2Faoc-2019'...
[INFO] running `Command { std: "git" "rev-parse" "HEAD", kill_on_drop: false }`
[INFO] [stdout] b0fa08d409b1373e7c0410c41a4ffcf06e9c819a
[INFO] documenting mich101mich/aoc-2019 against 1.54.0 for beta-1.55-rustdoc-1
[INFO] running `Command { std: "git" "clone" "/workspace/cache/git-repos/https%3A%2F%2Fgithub.com%2Fmich101mich%2Faoc-2019" "/workspace/builds/worker-7/source", kill_on_drop: false }`
[INFO] [stderr] Cloning into '/workspace/builds/worker-7/source'...
[INFO] [stderr] done.
[INFO] validating manifest of git repo https://github.com/mich101mich/aoc-2019 on toolchain 1.54.0
[INFO] running `Command { std: "/workspace/cargo-home/bin/cargo" "+1.54.0" "metadata" "--manifest-path" "Cargo.toml" "--no-deps", kill_on_drop: false }`
[INFO] started tweaking git repo https://github.com/mich101mich/aoc-2019
[INFO] finished tweaking git repo https://github.com/mich101mich/aoc-2019
[INFO] tweaked toml for git repo https://github.com/mich101mich/aoc-2019 written to /workspace/builds/worker-7/source/Cargo.toml
[INFO] crate git repo https://github.com/mich101mich/aoc-2019 already has a lockfile, it will not be regenerated
[INFO] running `Command { std: "/workspace/cargo-home/bin/cargo" "+1.54.0" "fetch" "--manifest-path" "Cargo.toml", kill_on_drop: false }`
[INFO] [stderr]     Blocking waiting for file lock on package cache
[INFO] running `Command { std: "docker" "create" "-v" "/var/lib/crater-agent-workspace/builds/worker-7/target:/opt/rustwide/target:rw,Z" "-v" "/var/lib/crater-agent-workspace/builds/worker-7/source:/opt/rustwide/workdir:ro,Z" "-v" "/var/lib/crater-agent-workspace/cargo-home:/opt/rustwide/cargo-home:ro,Z" "-v" "/var/lib/crater-agent-workspace/rustup-home:/opt/rustwide/rustup-home:ro,Z" "-e" "SOURCE_DIR=/opt/rustwide/workdir" "-e" "CARGO_TARGET_DIR=/opt/rustwide/target" "-e" "CARGO_HOME=/opt/rustwide/cargo-home" "-e" "RUSTUP_HOME=/opt/rustwide/rustup-home" "-w" "/opt/rustwide/workdir" "-m" "1610612736" "--user" "0:0" "--network" "none" "ghcr.io/rust-lang/crates-build-env/linux@sha256:34b6a614d2c27851fe6cbf88fbd1137609cefab8b10d0615aaeb6fd47975d74e" "/opt/rustwide/cargo-home/bin/cargo" "+1.54.0" "metadata" "--no-deps" "--format-version=1", kill_on_drop: false }`
[INFO] [stderr] WARNING: Your kernel does not support swap limit capabilities or the cgroup is not mounted. Memory limited without swap.
[INFO] [stdout] 53416ed0016f8f97d3d0e833ccebc113272aef1f67957a265b54295a98c70599
[INFO] running `Command { std: "docker" "start" "-a" "53416ed0016f8f97d3d0e833ccebc113272aef1f67957a265b54295a98c70599", kill_on_drop: false }`
[INFO] running `Command { std: "docker" "inspect" "53416ed0016f8f97d3d0e833ccebc113272aef1f67957a265b54295a98c70599", kill_on_drop: false }`
[INFO] running `Command { std: "docker" "rm" "-f" "53416ed0016f8f97d3d0e833ccebc113272aef1f67957a265b54295a98c70599", kill_on_drop: false }`
[INFO] [stdout] 53416ed0016f8f97d3d0e833ccebc113272aef1f67957a265b54295a98c70599
[INFO] running `Command { std: "docker" "create" "-v" "/var/lib/crater-agent-workspace/builds/worker-7/target:/opt/rustwide/target:rw,Z" "-v" "/var/lib/crater-agent-workspace/builds/worker-7/source:/opt/rustwide/workdir:ro,Z" "-v" "/var/lib/crater-agent-workspace/cargo-home:/opt/rustwide/cargo-home:ro,Z" "-v" "/var/lib/crater-agent-workspace/rustup-home:/opt/rustwide/rustup-home:ro,Z" "-e" "SOURCE_DIR=/opt/rustwide/workdir" "-e" "CARGO_TARGET_DIR=/opt/rustwide/target" "-e" "CARGO_INCREMENTAL=0" "-e" "RUST_BACKTRACE=full" "-e" "RUSTDOCFLAGS=--cap-lints=warn" "-e" "CARGO_HOME=/opt/rustwide/cargo-home" "-e" "RUSTUP_HOME=/opt/rustwide/rustup-home" "-w" "/opt/rustwide/workdir" "-m" "1610612736" "--user" "0:0" "--network" "none" "ghcr.io/rust-lang/crates-build-env/linux@sha256:34b6a614d2c27851fe6cbf88fbd1137609cefab8b10d0615aaeb6fd47975d74e" "/opt/rustwide/cargo-home/bin/cargo" "+1.54.0" "doc" "--frozen" "--no-deps" "--document-private-items" "--message-format=json", kill_on_drop: false }`
[INFO] [stdout] c9b75bb345428f7733497b89f23eeaf3beda0c5bc940c59cbaf162496fcf5ca6
[INFO] [stderr] WARNING: Your kernel does not support swap limit capabilities or the cgroup is not mounted. Memory limited without swap.
[INFO] running `Command { std: "docker" "start" "-a" "c9b75bb345428f7733497b89f23eeaf3beda0c5bc940c59cbaf162496fcf5ca6", kill_on_drop: false }`
[INFO] [stderr]    Compiling syn v1.0.68
[INFO] [stderr]     Checking permutohedron v0.2.4
[INFO] [stderr]    Compiling memoffset v0.6.3
[INFO] [stderr]     Checking num_cpus v1.13.0
[INFO] [stderr]    Compiling const_format_proc_macros v0.2.14
[INFO] [stderr]     Checking crossbeam-epoch v0.9.3
[INFO] [stderr]     Checking const_format v0.2.14
[INFO] [stderr]     Checking crossbeam-deque v0.8.0
[INFO] [stderr]     Checking rayon-core v1.9.0
[INFO] [stderr]     Checking rayon v1.5.0
[INFO] [stderr]    Compiling sscanf_macro v0.1.1
[INFO] [stderr]     Checking sscanf v0.1.1
[INFO] [stderr]  Documenting aoc-2019 v0.1.0 (/opt/rustwide/workdir)
[INFO] [stdout] error[E0583]: file not found for module `utils`
[INFO] [stdout]  --> src/main.rs:4:1
[INFO] [stdout]   |
[INFO] [stdout] 4 | mod utils;
[INFO] [stdout]   | ^^^^^^^^^^
[INFO] [stdout]   |
[INFO] [stdout]   = help: to create the module `utils`, create file "src/utils.rs" or "src/utils/mod.rs"
[INFO] [stdout] 
[INFO] [stdout] 
[INFO] [stdout] error[E0412]: cannot find type `IntProgram` in this scope
[INFO] [stdout]    --> src/days/day_25.rs:116:25
[INFO] [stdout]     |
[INFO] [stdout] 116 | fn try_items(code: &mut IntProgram, items: &[String], text: &mut String) -> bool {
[INFO] [stdout]     |                         ^^^^^^^^^^ not found in this scope
[INFO] [stdout] 
[INFO] [stdout] 
[INFO] [stdout] error[E0412]: cannot find type `IntProgram` in this scope
[INFO] [stdout]    --> src/days/day_25.rs:154:19
[INFO] [stdout]     |
[INFO] [stdout] 154 | fn run(code: &mut IntProgram, text: &mut String) -> bool {
[INFO] [stdout]     |                   ^^^^^^^^^^ not found in this scope
[INFO] [stdout] 
[INFO] [stdout] 
[INFO] [stdout] error: Compilation failed, aborting rustdoc
[INFO] [stdout] 
[INFO] [stdout] 
[INFO] [stdout] error: aborting due to 4 previous errors
[INFO] [stdout] 
[INFO] [stdout] 
[INFO] [stdout] Some errors have detailed explanations: E0412, E0583.
[INFO] [stdout] 
[INFO] [stdout] For more information about an error, try `rustc --explain E0412`.
[INFO] [stdout] 
[INFO] [stderr] error: could not document `aoc-2019`
[INFO] [stderr] 
[INFO] [stderr] Caused by:
[INFO] [stderr]   process didn't exit successfully: `rustdoc --edition=2018 --crate-type bin --crate-name aoc_2019 src/main.rs -o /opt/rustwide/target/doc --error-format=json --json=diagnostic-rendered-ansi --document-private-items -L dependency=/opt/rustwide/target/debug/deps --extern num=/opt/rustwide/target/debug/deps/libnum-b67887e6815a61ce.rmeta --extern permutohedron=/opt/rustwide/target/debug/deps/libpermutohedron-48138127f651de89.rmeta --extern rand=/opt/rustwide/target/debug/deps/librand-65a7fadf782b5b52.rmeta --extern rayon=/opt/rustwide/target/debug/deps/librayon-4e190d3f58eb5949.rmeta --extern regex=/opt/rustwide/target/debug/deps/libregex-6792f3d5f7a30912.rmeta --extern sscanf=/opt/rustwide/target/debug/deps/libsscanf-5e36a212632c8f86.rmeta --cap-lints=warn --crate-version 0.1.0` (exit status: 1)
[INFO] running `Command { std: "docker" "inspect" "c9b75bb345428f7733497b89f23eeaf3beda0c5bc940c59cbaf162496fcf5ca6", kill_on_drop: false }`
[INFO] running `Command { std: "docker" "rm" "-f" "c9b75bb345428f7733497b89f23eeaf3beda0c5bc940c59cbaf162496fcf5ca6", kill_on_drop: false }`
[INFO] [stdout] c9b75bb345428f7733497b89f23eeaf3beda0c5bc940c59cbaf162496fcf5ca6
