[INFO] cloning repository https://github.com/mheistermann/lightfield_playground
[INFO] running `Command { std: "git" "-c" "credential.helper=" "-c" "credential.helper=/workspace/cargo-home/bin/git-credential-null" "clone" "--bare" "https://github.com/mheistermann/lightfield_playground" "/workspace/cache/git-repos/https%3A%2F%2Fgithub.com%2Fmheistermann%2Flightfield_playground", kill_on_drop: false }`
[INFO] [stderr] Cloning into bare repository '/workspace/cache/git-repos/https%3A%2F%2Fgithub.com%2Fmheistermann%2Flightfield_playground'...
[INFO] running `Command { std: "git" "rev-parse" "HEAD", kill_on_drop: false }`
[INFO] [stdout] 696def613c0ac7e6410360bba4a37913f656a643
[INFO] documenting mheistermann/lightfield_playground against 1.54.0 for beta-1.55-rustdoc-1
[INFO] running `Command { std: "git" "clone" "/workspace/cache/git-repos/https%3A%2F%2Fgithub.com%2Fmheistermann%2Flightfield_playground" "/workspace/builds/worker-1/source", kill_on_drop: false }`
[INFO] [stderr] Cloning into '/workspace/builds/worker-1/source'...
[INFO] [stderr] done.
[INFO] validating manifest of git repo https://github.com/mheistermann/lightfield_playground on toolchain 1.54.0
[INFO] running `Command { std: "/workspace/cargo-home/bin/cargo" "+1.54.0" "metadata" "--manifest-path" "Cargo.toml" "--no-deps", kill_on_drop: false }`
[INFO] started tweaking git repo https://github.com/mheistermann/lightfield_playground
[INFO] finished tweaking git repo https://github.com/mheistermann/lightfield_playground
[INFO] tweaked toml for git repo https://github.com/mheistermann/lightfield_playground written to /workspace/builds/worker-1/source/Cargo.toml
[INFO] crate git repo https://github.com/mheistermann/lightfield_playground already has a lockfile, it will not be regenerated
[INFO] running `Command { std: "/workspace/cargo-home/bin/cargo" "+1.54.0" "fetch" "--manifest-path" "Cargo.toml", kill_on_drop: false }`
[INFO] [stderr]     Blocking waiting for file lock on package cache
[INFO] [stderr]     Blocking waiting for file lock on package cache
[INFO] running `Command { std: "docker" "create" "-v" "/var/lib/crater-agent-workspace/builds/worker-1/target:/opt/rustwide/target:rw,Z" "-v" "/var/lib/crater-agent-workspace/builds/worker-1/source:/opt/rustwide/workdir:ro,Z" "-v" "/var/lib/crater-agent-workspace/cargo-home:/opt/rustwide/cargo-home:ro,Z" "-v" "/var/lib/crater-agent-workspace/rustup-home:/opt/rustwide/rustup-home:ro,Z" "-e" "SOURCE_DIR=/opt/rustwide/workdir" "-e" "CARGO_TARGET_DIR=/opt/rustwide/target" "-e" "CARGO_HOME=/opt/rustwide/cargo-home" "-e" "RUSTUP_HOME=/opt/rustwide/rustup-home" "-w" "/opt/rustwide/workdir" "-m" "1610612736" "--user" "0:0" "--network" "none" "ghcr.io/rust-lang/crates-build-env/linux@sha256:34b6a614d2c27851fe6cbf88fbd1137609cefab8b10d0615aaeb6fd47975d74e" "/opt/rustwide/cargo-home/bin/cargo" "+1.54.0" "metadata" "--no-deps" "--format-version=1", kill_on_drop: false }`
[INFO] [stdout] f00fb040ddbe269c14b0951716d180369da5f236fc8c472098824bfbd0b2b8e6
[INFO] [stderr] WARNING: Your kernel does not support swap limit capabilities or the cgroup is not mounted. Memory limited without swap.
[INFO] running `Command { std: "docker" "start" "-a" "f00fb040ddbe269c14b0951716d180369da5f236fc8c472098824bfbd0b2b8e6", kill_on_drop: false }`
[INFO] running `Command { std: "docker" "inspect" "f00fb040ddbe269c14b0951716d180369da5f236fc8c472098824bfbd0b2b8e6", kill_on_drop: false }`
[INFO] running `Command { std: "docker" "rm" "-f" "f00fb040ddbe269c14b0951716d180369da5f236fc8c472098824bfbd0b2b8e6", kill_on_drop: false }`
[INFO] [stdout] f00fb040ddbe269c14b0951716d180369da5f236fc8c472098824bfbd0b2b8e6
[INFO] running `Command { std: "docker" "create" "-v" "/var/lib/crater-agent-workspace/builds/worker-1/target:/opt/rustwide/target:rw,Z" "-v" "/var/lib/crater-agent-workspace/builds/worker-1/source:/opt/rustwide/workdir:ro,Z" "-v" "/var/lib/crater-agent-workspace/cargo-home:/opt/rustwide/cargo-home:ro,Z" "-v" "/var/lib/crater-agent-workspace/rustup-home:/opt/rustwide/rustup-home:ro,Z" "-e" "SOURCE_DIR=/opt/rustwide/workdir" "-e" "CARGO_TARGET_DIR=/opt/rustwide/target" "-e" "CARGO_INCREMENTAL=0" "-e" "RUST_BACKTRACE=full" "-e" "RUSTDOCFLAGS=--cap-lints=warn" "-e" "CARGO_HOME=/opt/rustwide/cargo-home" "-e" "RUSTUP_HOME=/opt/rustwide/rustup-home" "-w" "/opt/rustwide/workdir" "-m" "1610612736" "--user" "0:0" "--network" "none" "ghcr.io/rust-lang/crates-build-env/linux@sha256:34b6a614d2c27851fe6cbf88fbd1137609cefab8b10d0615aaeb6fd47975d74e" "/opt/rustwide/cargo-home/bin/cargo" "+1.54.0" "doc" "--frozen" "--no-deps" "--document-private-items" "--message-format=json", kill_on_drop: false }`
[INFO] [stdout] ca239d7ccc0753c20a545703ece364981c111bbb117140fdc0513bb579be64cb
[INFO] [stderr] WARNING: Your kernel does not support swap limit capabilities or the cgroup is not mounted. Memory limited without swap.
[INFO] running `Command { std: "docker" "start" "-a" "ca239d7ccc0753c20a545703ece364981c111bbb117140fdc0513bb579be64cb", kill_on_drop: false }`
[INFO] [stderr]    Compiling gcc v0.3.28
[INFO] [stderr]     Checking rustc-serialize v0.3.19
[INFO] [stderr]     Checking byteorder v0.5.1
[INFO] [stderr]     Checking bitflags v0.6.0
[INFO] [stderr]     Checking podio v0.1.5
[INFO] [stderr]     Checking memchr v0.1.11
[INFO] [stderr]     Checking gif v0.8.0
[INFO] [stderr]     Checking rayon v0.3.1
[INFO] [stderr]     Checking time v0.1.35
[INFO] [stderr]     Checking thread-id v2.0.0
[INFO] [stderr]     Checking aho-corasick v0.5.2
[INFO] [stderr]     Checking thread_local v0.2.5
[INFO] [stdout] error[E0642]: patterns aren't allowed in functions without bodies
[INFO] [stdout]    --> /opt/rustwide/cargo-home/registry/src/github.com-1ecc6299db9ec823/rustc-serialize-0.3.19/src/serialize.rs:147:45
[INFO] [stdout]     |
[INFO] [stdout] 147 | ...                   &f_name: &str,
[INFO] [stdout]     |                       ^^^^^^^ pattern not allowed in function without body
[INFO] [stdout] 
[INFO] [stdout] 
[INFO] [stdout] error[E0277]: the size for values of type `Self` cannot be known at compilation time
[INFO] [stdout]   --> /opt/rustwide/cargo-home/registry/src/github.com-1ecc6299db9ec823/rayon-0.3.1/src/par_iter/internal.rs:25:40
[INFO] [stdout]    |
[INFO] [stdout] 25 |     fn split_at(self, index: usize) -> (Self, Self);
[INFO] [stdout]    |                                        ^^^^^^^^^^^^ doesn't have a size known at compile-time
[INFO] [stdout]    |
[INFO] [stdout]    = note: only the last element of a tuple may have a dynamically sized type
[INFO] [stdout] help: consider further restricting `Self`
[INFO] [stdout]    |
[INFO] [stdout] 25 |     fn split_at(self, index: usize) -> (Self, Self) where Self: Sized;
[INFO] [stdout]    |                                                     ^^^^^^^^^^^^^^^^^
[INFO] [stdout] 
[INFO] [stdout] 
[INFO] [stdout] error[E0277]: the size for values of type `Self` cannot be known at compilation time
[INFO] [stdout]   --> /opt/rustwide/cargo-home/registry/src/github.com-1ecc6299db9ec823/rayon-0.3.1/src/par_iter/internal.rs:42:40
[INFO] [stdout]    |
[INFO] [stdout] 42 |     fn split_at(self, index: usize) -> (Self, Self, Self::Reducer);
[INFO] [stdout]    |                                        ^^^^^^^^^^^^^^^^^^^^^^^^^^^ doesn't have a size known at compile-time
[INFO] [stdout]    |
[INFO] [stdout]    = note: only the last element of a tuple may have a dynamically sized type
[INFO] [stdout] help: consider further restricting `Self`
[INFO] [stdout]    |
[INFO] [stdout] 42 |     fn split_at(self, index: usize) -> (Self, Self, Self::Reducer) where Self: Sized;
[INFO] [stdout]    |                                                                    ^^^^^^^^^^^^^^^^^
[INFO] [stdout] 
[INFO] [stdout] 
[INFO] [stdout] error: aborting due to 2 previous errors
[INFO] [stdout] 
[INFO] [stdout] 
[INFO] [stdout] For more information about this error, try `rustc --explain E0277`.
[INFO] [stdout] 
[INFO] [stderr] error: could not compile `rayon`
[INFO] [stderr] 
[INFO] [stderr] To learn more, run the command again with --verbose.
[INFO] [stderr] warning: build failed, waiting for other jobs to finish...
[INFO] [stdout] error: aborting due to previous error
[INFO] [stdout] 
[INFO] [stdout] 
[INFO] [stdout] For more information about this error, try `rustc --explain E0642`.
[INFO] [stdout] 
[INFO] [stderr] error: build failed
[INFO] running `Command { std: "docker" "inspect" "ca239d7ccc0753c20a545703ece364981c111bbb117140fdc0513bb579be64cb", kill_on_drop: false }`
[INFO] running `Command { std: "docker" "rm" "-f" "ca239d7ccc0753c20a545703ece364981c111bbb117140fdc0513bb579be64cb", kill_on_drop: false }`
[INFO] [stdout] ca239d7ccc0753c20a545703ece364981c111bbb117140fdc0513bb579be64cb
