[INFO] cloning repository https://github.com/metherul/minhook_test
[INFO] running `Command { std: "git" "-c" "credential.helper=" "-c" "credential.helper=/workspace/cargo-home/bin/git-credential-null" "clone" "--bare" "https://github.com/metherul/minhook_test" "/workspace/cache/git-repos/https%3A%2F%2Fgithub.com%2Fmetherul%2Fminhook_test", kill_on_drop: false }`
[INFO] [stderr] Cloning into bare repository '/workspace/cache/git-repos/https%3A%2F%2Fgithub.com%2Fmetherul%2Fminhook_test'...
[INFO] running `Command { std: "git" "rev-parse" "HEAD", kill_on_drop: false }`
[INFO] [stdout] bf0406379b8d74576ef61585e282b380384bd0f7
[INFO] documenting metherul/minhook_test against 1.54.0 for beta-1.55-rustdoc-1
[INFO] running `Command { std: "git" "clone" "/workspace/cache/git-repos/https%3A%2F%2Fgithub.com%2Fmetherul%2Fminhook_test" "/workspace/builds/worker-7/source", kill_on_drop: false }`
[INFO] [stderr] Cloning into '/workspace/builds/worker-7/source'...
[INFO] [stderr] done.
[INFO] validating manifest of git repo https://github.com/metherul/minhook_test on toolchain 1.54.0
[INFO] running `Command { std: "/workspace/cargo-home/bin/cargo" "+1.54.0" "metadata" "--manifest-path" "Cargo.toml" "--no-deps", kill_on_drop: false }`
[INFO] started tweaking git repo https://github.com/metherul/minhook_test
[INFO] finished tweaking git repo https://github.com/metherul/minhook_test
[INFO] tweaked toml for git repo https://github.com/metherul/minhook_test written to /workspace/builds/worker-7/source/Cargo.toml
[INFO] crate git repo https://github.com/metherul/minhook_test already has a lockfile, it will not be regenerated
[INFO] running `Command { std: "/workspace/cargo-home/bin/cargo" "+1.54.0" "fetch" "--manifest-path" "Cargo.toml", kill_on_drop: false }`
[INFO] running `Command { std: "docker" "create" "-v" "/var/lib/crater-agent-workspace/builds/worker-7/target:/opt/rustwide/target:rw,Z" "-v" "/var/lib/crater-agent-workspace/builds/worker-7/source:/opt/rustwide/workdir:ro,Z" "-v" "/var/lib/crater-agent-workspace/cargo-home:/opt/rustwide/cargo-home:ro,Z" "-v" "/var/lib/crater-agent-workspace/rustup-home:/opt/rustwide/rustup-home:ro,Z" "-e" "SOURCE_DIR=/opt/rustwide/workdir" "-e" "CARGO_TARGET_DIR=/opt/rustwide/target" "-e" "CARGO_HOME=/opt/rustwide/cargo-home" "-e" "RUSTUP_HOME=/opt/rustwide/rustup-home" "-w" "/opt/rustwide/workdir" "-m" "1610612736" "--user" "0:0" "--network" "none" "ghcr.io/rust-lang/crates-build-env/linux@sha256:34b6a614d2c27851fe6cbf88fbd1137609cefab8b10d0615aaeb6fd47975d74e" "/opt/rustwide/cargo-home/bin/cargo" "+1.54.0" "metadata" "--no-deps" "--format-version=1", kill_on_drop: false }`
[INFO] [stderr] WARNING: Your kernel does not support swap limit capabilities or the cgroup is not mounted. Memory limited without swap.
[INFO] [stdout] fc6f874da4573255b7add94e5bd79080e827feedfe2a96dee99af5bc78b4c7de
[INFO] running `Command { std: "docker" "start" "-a" "fc6f874da4573255b7add94e5bd79080e827feedfe2a96dee99af5bc78b4c7de", kill_on_drop: false }`
[INFO] running `Command { std: "docker" "inspect" "fc6f874da4573255b7add94e5bd79080e827feedfe2a96dee99af5bc78b4c7de", kill_on_drop: false }`
[INFO] running `Command { std: "docker" "rm" "-f" "fc6f874da4573255b7add94e5bd79080e827feedfe2a96dee99af5bc78b4c7de", kill_on_drop: false }`
[INFO] [stdout] fc6f874da4573255b7add94e5bd79080e827feedfe2a96dee99af5bc78b4c7de
[INFO] running `Command { std: "docker" "create" "-v" "/var/lib/crater-agent-workspace/builds/worker-7/target:/opt/rustwide/target:rw,Z" "-v" "/var/lib/crater-agent-workspace/builds/worker-7/source:/opt/rustwide/workdir:ro,Z" "-v" "/var/lib/crater-agent-workspace/cargo-home:/opt/rustwide/cargo-home:ro,Z" "-v" "/var/lib/crater-agent-workspace/rustup-home:/opt/rustwide/rustup-home:ro,Z" "-e" "SOURCE_DIR=/opt/rustwide/workdir" "-e" "CARGO_TARGET_DIR=/opt/rustwide/target" "-e" "CARGO_INCREMENTAL=0" "-e" "RUST_BACKTRACE=full" "-e" "RUSTDOCFLAGS=--cap-lints=warn" "-e" "CARGO_HOME=/opt/rustwide/cargo-home" "-e" "RUSTUP_HOME=/opt/rustwide/rustup-home" "-w" "/opt/rustwide/workdir" "-m" "1610612736" "--user" "0:0" "--network" "none" "ghcr.io/rust-lang/crates-build-env/linux@sha256:34b6a614d2c27851fe6cbf88fbd1137609cefab8b10d0615aaeb6fd47975d74e" "/opt/rustwide/cargo-home/bin/cargo" "+1.54.0" "doc" "--frozen" "--no-deps" "--document-private-items" "--message-format=json", kill_on_drop: false }`
[INFO] [stdout] e7ca8d119b4e5097d09d21a366a6db09bdfc444939b9b8d89802feacda1361f4
[INFO] [stderr] WARNING: Your kernel does not support swap limit capabilities or the cgroup is not mounted. Memory limited without swap.
[INFO] running `Command { std: "docker" "start" "-a" "e7ca8d119b4e5097d09d21a366a6db09bdfc444939b9b8d89802feacda1361f4", kill_on_drop: false }`
[INFO] [stderr]    Compiling winapi v0.3.9
[INFO] [stderr]    Compiling minhook_test v0.1.0 (/opt/rustwide/workdir)
[INFO] [stderr]     Checking widestring v0.4.3
[INFO] [stderr]  Documenting minhook_test v0.1.0 (/opt/rustwide/workdir)
[INFO] [stdout] error[E0433]: failed to resolve: could not find `um` in `winapi`
[INFO] [stdout]  --> src/minhook/minhook_bridge.rs:3:13
[INFO] [stdout]   |
[INFO] [stdout] 3 | use winapi::um::winnt::{ LPCWSTR };
[INFO] [stdout]   |             ^^ could not find `um` in `winapi`
[INFO] [stdout] 
[INFO] [stdout] 
[INFO] [stdout] error[E0433]: failed to resolve: could not find `shared` in `winapi`
[INFO] [stdout]  --> src/minhook/minhook_bridge.rs:4:13
[INFO] [stdout]   |
[INFO] [stdout] 4 | use winapi::shared::minwindef::{ LPVOID };
[INFO] [stdout]   |             ^^^^^^ could not find `shared` in `winapi`
[INFO] [stdout] 
[INFO] [stdout] 
[INFO] [stdout] error[E0433]: failed to resolve: could not find `shared` in `winapi`
[INFO] [stdout]  --> src/minhook/mod.rs:6:13
[INFO] [stdout]   |
[INFO] [stdout] 6 | use winapi::shared::minwindef::{ LPVOID };
[INFO] [stdout]   |             ^^^^^^ could not find `shared` in `winapi`
[INFO] [stdout] 
[INFO] [stdout] 
[INFO] [stdout] error[E0433]: failed to resolve: could not find `um` in `winapi`
[INFO] [stdout]   --> src/main.rs:23:13
[INFO] [stdout]    |
[INFO] [stdout] 23 | use winapi::um::winnt::{ LPCWSTR, HANDLE };
[INFO] [stdout]    |             ^^ could not find `um` in `winapi`
[INFO] [stdout] 
[INFO] [stdout] 
[INFO] [stdout] error[E0433]: failed to resolve: could not find `um` in `winapi`
[INFO] [stdout]   --> src/main.rs:24:13
[INFO] [stdout]    |
[INFO] [stdout] 24 | use winapi::um::minwinbase::LPSECURITY_ATTRIBUTES;
[INFO] [stdout]    |             ^^ could not find `um` in `winapi`
[INFO] [stdout] 
[INFO] [stdout] 
[INFO] [stdout] error[E0433]: failed to resolve: could not find `shared` in `winapi`
[INFO] [stdout]   --> src/main.rs:25:13
[INFO] [stdout]    |
[INFO] [stdout] 25 | use winapi::shared::minwindef::DWORD;
[INFO] [stdout]    |             ^^^^^^ could not find `shared` in `winapi`
[INFO] [stdout] 
[INFO] [stdout] 
[INFO] [stdout] error[E0412]: cannot find type `LPVOID` in this scope
[INFO] [stdout]   --> src/minhook/minhook_bridge.rs:30:36
[INFO] [stdout]    |
[INFO] [stdout] 30 |     pub fn MH_CreateHook(p_target: LPVOID, p_detour: LPVOID, pp_original: &LPVOID) -> MhStatus;
[INFO] [stdout]    |                                    ^^^^^^ not found in this scope
[INFO] [stdout] 
[INFO] [stdout] 
[INFO] [stdout] error[E0412]: cannot find type `LPVOID` in this scope
[INFO] [stdout]   --> src/minhook/minhook_bridge.rs:30:54
[INFO] [stdout]    |
[INFO] [stdout] 30 |     pub fn MH_CreateHook(p_target: LPVOID, p_detour: LPVOID, pp_original: &LPVOID) -> MhStatus;
[INFO] [stdout]    |                                                      ^^^^^^ not found in this scope
[INFO] [stdout] 
[INFO] [stdout] 
[INFO] [stdout] error[E0412]: cannot find type `LPVOID` in this scope
[INFO] [stdout]   --> src/minhook/minhook_bridge.rs:30:76
[INFO] [stdout]    |
[INFO] [stdout] 30 |     pub fn MH_CreateHook(p_target: LPVOID, p_detour: LPVOID, pp_original: &LPVOID) -> MhStatus;
[INFO] [stdout]    |                                                                            ^^^^^^ not found in this scope
[INFO] [stdout] 
[INFO] [stdout] 
[INFO] [stdout] error[E0412]: cannot find type `LPCWSTR` in this scope
[INFO] [stdout]   --> src/minhook/minhook_bridge.rs:32:41
[INFO] [stdout]    |
[INFO] [stdout] 32 |     pub fn MH_CreateHookApi(psz_module: LPCWSTR, psz_proc_name: LPCWSTR, p_detour: LPVOID, pp_original: &LPVOID) -> MhStatus;
[INFO] [stdout]    |                                         ^^^^^^^ not found in this scope
[INFO] [stdout] 
[INFO] [stdout] 
[INFO] [stdout] error[E0412]: cannot find type `LPCWSTR` in this scope
[INFO] [stdout]   --> src/minhook/minhook_bridge.rs:32:65
[INFO] [stdout]    |
[INFO] [stdout] 32 |     pub fn MH_CreateHookApi(psz_module: LPCWSTR, psz_proc_name: LPCWSTR, p_detour: LPVOID, pp_original: &LPVOID) -> MhStatus;
[INFO] [stdout]    |                                                                 ^^^^^^^ not found in this scope
[INFO] [stdout] 
[INFO] [stdout] 
[INFO] [stdout] error[E0412]: cannot find type `LPVOID` in this scope
[INFO] [stdout]   --> src/minhook/minhook_bridge.rs:32:84
[INFO] [stdout]    |
[INFO] [stdout] 32 |     pub fn MH_CreateHookApi(psz_module: LPCWSTR, psz_proc_name: LPCWSTR, p_detour: LPVOID, pp_original: &LPVOID) -> MhStatus;
[INFO] [stdout]    |                                                                                    ^^^^^^ not found in this scope
[INFO] [stdout] 
[INFO] [stdout] 
[INFO] [stdout] error[E0412]: cannot find type `LPVOID` in this scope
[INFO] [stdout]   --> src/minhook/minhook_bridge.rs:32:106
[INFO] [stdout]    |
[INFO] [stdout] 32 |     pub fn MH_CreateHookApi(psz_module: LPCWSTR, psz_proc_name: LPCWSTR, p_detour: LPVOID, pp_original: &LPVOID) -> MhStatus;
[INFO] [stdout]    |                                                                                                          ^^^^^^ not found in this scope
[INFO] [stdout] 
[INFO] [stdout] 
[INFO] [stdout] error[E0412]: cannot find type `LPCWSTR` in this scope
[INFO] [stdout]   --> src/minhook/minhook_bridge.rs:34:43
[INFO] [stdout]    |
[INFO] [stdout] 34 |     pub fn MH_CreateHookApiEx(psz_module: LPCWSTR, psz_proc_name: LPCWSTR, p_detour: LPVOID, pp_original: &LPVOID, pp_target: &LPVOID) ->...
[INFO] [stdout]    |                                           ^^^^^^^ not found in this scope
[INFO] [stdout] 
[INFO] [stdout] 
[INFO] [stdout] error[E0412]: cannot find type `LPCWSTR` in this scope
[INFO] [stdout]   --> src/minhook/minhook_bridge.rs:34:67
[INFO] [stdout]    |
[INFO] [stdout] 34 |     pub fn MH_CreateHookApiEx(psz_module: LPCWSTR, psz_proc_name: LPCWSTR, p_detour: LPVOID, pp_original: &LPVOID, pp_target: &LPVOID) ->...
[INFO] [stdout]    |                                                                   ^^^^^^^ not found in this scope
[INFO] [stdout] 
[INFO] [stdout] 
[INFO] [stdout] error[E0412]: cannot find type `LPVOID` in this scope
[INFO] [stdout]   --> src/minhook/minhook_bridge.rs:34:86
[INFO] [stdout]    |
[INFO] [stdout] 34 |     pub fn MH_CreateHookApiEx(psz_module: LPCWSTR, psz_proc_name: LPCWSTR, p_detour: LPVOID, pp_original: &LPVOID, pp_target: &LPVOID) ->...
[INFO] [stdout]    |                                                                                      ^^^^^^ not found in this scope
[INFO] [stdout] 
[INFO] [stdout] 
[INFO] [stdout] error[E0412]: cannot find type `LPVOID` in this scope
[INFO] [stdout]   --> src/minhook/minhook_bridge.rs:34:108
[INFO] [stdout]    |
[INFO] [stdout] 34 | ...proc_name: LPCWSTR, p_detour: LPVOID, pp_original: &LPVOID, pp_target: &LPVOID) -> MhStatus;
[INFO] [stdout]    |                                                        ^^^^^^ not found in this scope
[INFO] [stdout] 
[INFO] [stdout] 
[INFO] [stdout] error[E0412]: cannot find type `LPVOID` in this scope
[INFO] [stdout]   --> src/minhook/minhook_bridge.rs:34:128
[INFO] [stdout]    |
[INFO] [stdout] 34 | ...p_detour: LPVOID, pp_original: &LPVOID, pp_target: &LPVOID) -> MhStatus;
[INFO] [stdout]    |                                                        ^^^^^^ not found in this scope
[INFO] [stdout] 
[INFO] [stdout] 
[INFO] [stdout] error[E0412]: cannot find type `LPVOID` in this scope
[INFO] [stdout]   --> src/minhook/minhook_bridge.rs:36:36
[INFO] [stdout]    |
[INFO] [stdout] 36 |     pub fn MH_RemoveHook(p_target: LPVOID) -> MhStatus;
[INFO] [stdout]    |                                    ^^^^^^ not found in this scope
[INFO] [stdout] 
[INFO] [stdout] 
[INFO] [stdout] error[E0412]: cannot find type `LPVOID` in this scope
[INFO] [stdout]   --> src/minhook/minhook_bridge.rs:38:36
[INFO] [stdout]    |
[INFO] [stdout] 38 |     pub fn MH_EnableHook(p_target: LPVOID) -> MhStatus;
[INFO] [stdout]    |                                    ^^^^^^ not found in this scope
[INFO] [stdout] 
[INFO] [stdout] 
[INFO] [stdout] error[E0412]: cannot find type `LPVOID` in this scope
[INFO] [stdout]   --> src/minhook/minhook_bridge.rs:40:37
[INFO] [stdout]    |
[INFO] [stdout] 40 |     pub fn MH_DisableHook(p_target: LPVOID) -> MhStatus;
[INFO] [stdout]    |                                     ^^^^^^ not found in this scope
[INFO] [stdout] 
[INFO] [stdout] 
[INFO] [stdout] error[E0412]: cannot find type `LPVOID` in this scope
[INFO] [stdout]   --> src/minhook/minhook_bridge.rs:42:41
[INFO] [stdout]    |
[INFO] [stdout] 42 |     pub fn MH_QueueEnableHook(p_target: LPVOID) -> MhStatus;
[INFO] [stdout]    |                                         ^^^^^^ not found in this scope
[INFO] [stdout] 
[INFO] [stdout] 
[INFO] [stdout] error[E0412]: cannot find type `LPVOID` in this scope
[INFO] [stdout]   --> src/minhook/minhook_bridge.rs:44:42
[INFO] [stdout]    |
[INFO] [stdout] 44 |     pub fn MH_QueueDisableHook(p_target: LPVOID) -> MhStatus;
[INFO] [stdout]    |                                          ^^^^^^ not found in this scope
[INFO] [stdout] 
[INFO] [stdout] 
[INFO] [stdout] error[E0412]: cannot find type `LPCWSTR` in this scope
[INFO] [stdout]   --> src/main.rs:27:16
[INFO] [stdout]    |
[INFO] [stdout] 27 |     file_name: LPCWSTR, 
[INFO] [stdout]    |                ^^^^^^^ not found in this scope
[INFO] [stdout] 
[INFO] [stdout] 
[INFO] [stdout] error[E0412]: cannot find type `DWORD` in this scope
[INFO] [stdout]   --> src/main.rs:28:8
[INFO] [stdout]    |
[INFO] [stdout] 28 |     _: DWORD, 
[INFO] [stdout]    |        ^^^^^ not found in this scope
[INFO] [stdout] 
[INFO] [stdout] 
[INFO] [stdout] error[E0412]: cannot find type `DWORD` in this scope
[INFO] [stdout]   --> src/main.rs:29:8
[INFO] [stdout]    |
[INFO] [stdout] 29 |     _: DWORD, 
[INFO] [stdout]    |        ^^^^^ not found in this scope
[INFO] [stdout] 
[INFO] [stdout] 
[INFO] [stdout] error[E0412]: cannot find type `LPSECURITY_ATTRIBUTES` in this scope
[INFO] [stdout]   --> src/main.rs:30:8
[INFO] [stdout]    |
[INFO] [stdout] 30 |     _: LPSECURITY_ATTRIBUTES, 
[INFO] [stdout]    |        ^^^^^^^^^^^^^^^^^^^^^ not found in this scope
[INFO] [stdout] 
[INFO] [stdout] 
[INFO] [stdout] error[E0412]: cannot find type `DWORD` in this scope
[INFO] [stdout]   --> src/main.rs:31:8
[INFO] [stdout]    |
[INFO] [stdout] 31 |     _: DWORD, 
[INFO] [stdout]    |        ^^^^^ not found in this scope
[INFO] [stdout] 
[INFO] [stdout] 
[INFO] [stdout] error[E0412]: cannot find type `DWORD` in this scope
[INFO] [stdout]   --> src/main.rs:32:8
[INFO] [stdout]    |
[INFO] [stdout] 32 |     _: DWORD, 
[INFO] [stdout]    |        ^^^^^ not found in this scope
[INFO] [stdout] 
[INFO] [stdout] 
[INFO] [stdout] error[E0412]: cannot find type `HANDLE` in this scope
[INFO] [stdout]   --> src/main.rs:33:8
[INFO] [stdout]    |
[INFO] [stdout] 33 |     _: HANDLE) -> i32 {
[INFO] [stdout]    |        ^^^^^^ not found in this scope
[INFO] [stdout] 
[INFO] [stdout] 
[INFO] [stdout] error: Compilation failed, aborting rustdoc
[INFO] [stdout] 
[INFO] [stdout] 
[INFO] [stdout] error: aborting due to 31 previous errors
[INFO] [stdout] 
[INFO] [stdout] 
[INFO] [stdout] Some errors have detailed explanations: E0412, E0433.
[INFO] [stdout] 
[INFO] [stdout] For more information about an error, try `rustc --explain E0412`.
[INFO] [stdout] 
[INFO] [stderr] error: could not document `minhook_test`
[INFO] [stderr] 
[INFO] [stderr] Caused by:
[INFO] [stderr]   process didn't exit successfully: `rustdoc --edition=2018 --crate-type bin --crate-name minhook_test src/main.rs -o /opt/rustwide/target/doc --error-format=json --json=diagnostic-rendered-ansi --document-private-items -L dependency=/opt/rustwide/target/debug/deps --extern cty=/opt/rustwide/target/debug/deps/libcty-02075dc865af14a7.rmeta --extern widestring=/opt/rustwide/target/debug/deps/libwidestring-39037ee86510211a.rmeta --extern winapi=/opt/rustwide/target/debug/deps/libwinapi-5addba284f54b72b.rmeta --cap-lints=warn --crate-version 0.1.0` (exit status: 1)
[INFO] running `Command { std: "docker" "inspect" "e7ca8d119b4e5097d09d21a366a6db09bdfc444939b9b8d89802feacda1361f4", kill_on_drop: false }`
[INFO] running `Command { std: "docker" "rm" "-f" "e7ca8d119b4e5097d09d21a366a6db09bdfc444939b9b8d89802feacda1361f4", kill_on_drop: false }`
[INFO] [stdout] e7ca8d119b4e5097d09d21a366a6db09bdfc444939b9b8d89802feacda1361f4
