[INFO] cloning repository https://github.com/mcountryman/poke
[INFO] running `Command { std: "git" "-c" "credential.helper=" "-c" "credential.helper=/workspace/cargo-home/bin/git-credential-null" "clone" "--bare" "https://github.com/mcountryman/poke" "/workspace/cache/git-repos/https%3A%2F%2Fgithub.com%2Fmcountryman%2Fpoke", kill_on_drop: false }`
[INFO] [stderr] Cloning into bare repository '/workspace/cache/git-repos/https%3A%2F%2Fgithub.com%2Fmcountryman%2Fpoke'...
[INFO] running `Command { std: "git" "rev-parse" "HEAD", kill_on_drop: false }`
[INFO] [stdout] 84e87327bfeb6ab4e38ab6c5e96125c18a653f65
[INFO] documenting mcountryman/poke against 1.54.0 for beta-1.55-rustdoc-1
[INFO] running `Command { std: "git" "clone" "/workspace/cache/git-repos/https%3A%2F%2Fgithub.com%2Fmcountryman%2Fpoke" "/workspace/builds/worker-115/source", kill_on_drop: false }`
[INFO] [stderr] Cloning into '/workspace/builds/worker-115/source'...
[INFO] [stderr] done.
[INFO] validating manifest of git repo https://github.com/mcountryman/poke on toolchain 1.54.0
[INFO] running `Command { std: "/workspace/cargo-home/bin/cargo" "+1.54.0" "metadata" "--manifest-path" "Cargo.toml" "--no-deps", kill_on_drop: false }`
[INFO] started tweaking git repo https://github.com/mcountryman/poke
[INFO] finished tweaking git repo https://github.com/mcountryman/poke
[INFO] tweaked toml for git repo https://github.com/mcountryman/poke written to /workspace/builds/worker-115/source/Cargo.toml
[INFO] crate git repo https://github.com/mcountryman/poke already has a lockfile, it will not be regenerated
[INFO] running `Command { std: "/workspace/cargo-home/bin/cargo" "+1.54.0" "fetch" "--manifest-path" "Cargo.toml", kill_on_drop: false }`
[INFO] [stderr]     Blocking waiting for file lock on package cache
[INFO] [stderr]     Blocking waiting for file lock on package cache
[INFO] [stderr]  Downloading crates ...
[INFO] [stderr]   Downloaded anyhow v1.0.41
[INFO] [stderr]   Downloaded dialoguer v0.8.0
[INFO] running `Command { std: "docker" "create" "-v" "/var/lib/crater-agent-workspace/builds/worker-115/target:/opt/rustwide/target:rw,Z" "-v" "/var/lib/crater-agent-workspace/builds/worker-115/source:/opt/rustwide/workdir:ro,Z" "-v" "/var/lib/crater-agent-workspace/cargo-home:/opt/rustwide/cargo-home:ro,Z" "-v" "/var/lib/crater-agent-workspace/rustup-home:/opt/rustwide/rustup-home:ro,Z" "-e" "SOURCE_DIR=/opt/rustwide/workdir" "-e" "CARGO_TARGET_DIR=/opt/rustwide/target" "-e" "CARGO_HOME=/opt/rustwide/cargo-home" "-e" "RUSTUP_HOME=/opt/rustwide/rustup-home" "-w" "/opt/rustwide/workdir" "-m" "1610612736" "--user" "0:0" "--network" "none" "ghcr.io/rust-lang/crates-build-env/linux@sha256:34b6a614d2c27851fe6cbf88fbd1137609cefab8b10d0615aaeb6fd47975d74e" "/opt/rustwide/cargo-home/bin/cargo" "+1.54.0" "metadata" "--no-deps" "--format-version=1", kill_on_drop: false }`
[INFO] [stdout] 64b0efbb725dc7a9784382e819097b3b671b715daa6c4f0efcb764315c73ad70
[INFO] running `Command { std: "docker" "start" "-a" "64b0efbb725dc7a9784382e819097b3b671b715daa6c4f0efcb764315c73ad70", kill_on_drop: false }`
[INFO] running `Command { std: "docker" "inspect" "64b0efbb725dc7a9784382e819097b3b671b715daa6c4f0efcb764315c73ad70", kill_on_drop: false }`
[INFO] running `Command { std: "docker" "rm" "-f" "64b0efbb725dc7a9784382e819097b3b671b715daa6c4f0efcb764315c73ad70", kill_on_drop: false }`
[INFO] [stdout] 64b0efbb725dc7a9784382e819097b3b671b715daa6c4f0efcb764315c73ad70
[INFO] running `Command { std: "docker" "create" "-v" "/var/lib/crater-agent-workspace/builds/worker-115/target:/opt/rustwide/target:rw,Z" "-v" "/var/lib/crater-agent-workspace/builds/worker-115/source:/opt/rustwide/workdir:ro,Z" "-v" "/var/lib/crater-agent-workspace/cargo-home:/opt/rustwide/cargo-home:ro,Z" "-v" "/var/lib/crater-agent-workspace/rustup-home:/opt/rustwide/rustup-home:ro,Z" "-e" "SOURCE_DIR=/opt/rustwide/workdir" "-e" "CARGO_TARGET_DIR=/opt/rustwide/target" "-e" "CARGO_INCREMENTAL=0" "-e" "RUST_BACKTRACE=full" "-e" "RUSTDOCFLAGS=--cap-lints=warn" "-e" "CARGO_HOME=/opt/rustwide/cargo-home" "-e" "RUSTUP_HOME=/opt/rustwide/rustup-home" "-w" "/opt/rustwide/workdir" "-m" "1610612736" "--user" "0:0" "--network" "none" "ghcr.io/rust-lang/crates-build-env/linux@sha256:34b6a614d2c27851fe6cbf88fbd1137609cefab8b10d0615aaeb6fd47975d74e" "/opt/rustwide/cargo-home/bin/cargo" "+1.54.0" "doc" "--frozen" "--no-deps" "--document-private-items" "--message-format=json", kill_on_drop: false }`
[INFO] [stdout] baebebefd82fba1142dc378e191c2f964ae7ec81a0f6dc69cabb4eb7d841a602
[INFO] running `Command { std: "docker" "start" "-a" "baebebefd82fba1142dc378e191c2f964ae7ec81a0f6dc69cabb4eb7d841a602", kill_on_drop: false }`
[INFO] [stderr]     Blocking waiting for file lock on package cache
[INFO] [stderr]    Compiling libc v0.2.98
[INFO] [stderr]    Compiling proc-macro2 v1.0.27
[INFO] [stderr]    Compiling unicode-xid v0.2.2
[INFO] [stderr]    Compiling version_check v0.9.3
[INFO] [stderr]    Compiling syn v1.0.73
[INFO] [stderr]     Checking cfg-if v1.0.0
[INFO] [stderr]     Checking lazy_static v1.4.0
[INFO] [stderr]     Checking ppv-lite86 v0.2.10
[INFO] [stderr]     Checking unicode-width v0.1.8
[INFO] [stderr]    Compiling autocfg v1.0.1
[INFO] [stderr]    Compiling unicode-segmentation v1.8.0
[INFO] [stderr]     Checking regex-syntax v0.6.25
[INFO] [stderr]    Compiling bitflags v1.2.1
[INFO] [stderr]    Compiling anyhow v1.0.41
[INFO] [stderr]     Checking remove_dir_all v0.5.3
[INFO] [stderr]     Checking hashbrown v0.11.2
[INFO] [stderr]     Checking os_str_bytes v2.4.0
[INFO] [stderr]     Checking zeroize v1.3.0
[INFO] [stderr]     Checking strsim v0.10.0
[INFO] [stderr]     Checking vec_map v0.8.2
[INFO] [stderr]     Checking termcolor v1.1.2
[INFO] [stderr]     Checking textwrap v0.12.1
[INFO] [stderr]    Compiling proc-macro-error-attr v1.0.4
[INFO] [stderr]    Compiling proc-macro-error v1.0.4
[INFO] [stderr]    Compiling heck v0.3.3
[INFO] [stderr]    Compiling indexmap v1.7.0
[INFO] [stderr]     Checking regex v1.5.4
[INFO] [stderr]    Compiling quote v1.0.9
[INFO] [stderr]     Checking getrandom v0.2.3
[INFO] [stderr]     Checking atty v0.2.14
[INFO] [stderr]     Checking terminal_size v0.1.17
[INFO] [stderr]     Checking colored v2.0.0
[INFO] [stderr]     Checking rand_core v0.6.3
[INFO] [stderr]     Checking console v0.14.1
[INFO] [stderr]     Checking rand_chacha v0.3.1
[INFO] [stderr]     Checking rand v0.8.4
[INFO] [stderr]     Checking tempfile v3.2.0
[INFO] [stderr]     Checking dialoguer v0.8.0
[INFO] [stderr]    Compiling clap_derive v3.0.0-beta.2
[INFO] [stderr]    Compiling thiserror-impl v1.0.26
[INFO] [stderr]     Checking thiserror v1.0.26
[INFO] [stderr]     Checking clap v3.0.0-beta.2
[INFO] [stderr]     Checking poke v0.1.0 (/opt/rustwide/workdir)
[INFO] [stderr]  Documenting poke v0.1.0 (/opt/rustwide/workdir)
[INFO] [stdout] error[E0433]: failed to resolve: use of undeclared crate or module `winapi`
[INFO] [stdout]  --> src/empty.rs:2:5
[INFO] [stdout]   |
[INFO] [stdout] 2 | use winapi::um::{winnt::DLL_PROCESS_ATTACH, winuser::MessageBoxExA};
[INFO] [stdout]   |     ^^^^^^ use of undeclared crate or module `winapi`
[INFO] [stdout] 
[INFO] [stdout] 
[INFO] [stdout] error[E0433]: failed to resolve: use of undeclared crate or module `winapi`
[INFO] [stdout]  --> src/empty.rs:2:5
[INFO] [stdout]   |
[INFO] [stdout] 2 | use winapi::um::{winnt::DLL_PROCESS_ATTACH, winuser::MessageBoxExA};
[INFO] [stdout]   |     ^^^^^^ use of undeclared crate or module `winapi`
[INFO] [stdout] 
[INFO] [stdout] 
[INFO] [stdout] error: Compilation failed, aborting rustdoc
[INFO] [stdout] 
[INFO] [stdout] 
[INFO] [stdout] error: aborting due to 2 previous errors
[INFO] [stdout] 
[INFO] [stdout] 
[INFO] [stdout] For more information about this error, try `rustc --explain E0433`.
[INFO] [stdout] 
[INFO] [stdout] error[E0425]: cannot find value `DLL_PROCESS_ATTACH` in this scope
[INFO] [stdout]  --> src/empty.rs:6:16
[INFO] [stdout]   |
[INFO] [stdout] 6 |   if reason == DLL_PROCESS_ATTACH {
[INFO] [stdout]   |                ^^^^^^^^^^^^^^^^^^ not found in this scope
[INFO] [stdout] 
[INFO] [stdout] 
[INFO] [stderr] error: could not document `poke`
[INFO] [stdout] error[E0425]: cannot find function, tuple struct or tuple variant `MessageBoxExA` in this scope
[INFO] [stdout]  --> src/empty.rs:7:5
[INFO] [stdout]   |
[INFO] [stdout] 7 |     MessageBoxExA(
[INFO] [stdout]   |     ^^^^^^^^^^^^^ not found in this scope
[INFO] [stdout] 
[INFO] [stdout] 
[INFO] [stderr] 
[INFO] [stdout] error: aborting due to 3 previous errors
[INFO] [stdout] 
[INFO] [stdout] 
[INFO] [stderr] Caused by:
[INFO] [stderr]   process didn't exit successfully: `rustdoc --edition=2018 --crate-type lib --crate-name empty src/empty.rs -o /opt/rustwide/target/doc --error-format=json --json=diagnostic-rendered-ansi --document-private-items -L dependency=/opt/rustwide/target/debug/deps --extern anyhow=/opt/rustwide/target/debug/deps/libanyhow-53da55f2f9963cdd.rmeta --extern clap=/opt/rustwide/target/debug/deps/libclap-fa85ac0211f168f3.rmeta --extern colored=/opt/rustwide/target/debug/deps/libcolored-2219f24f85c2896d.rmeta --extern dialoguer=/opt/rustwide/target/debug/deps/libdialoguer-dc8003fdf02b6967.rmeta --extern thiserror=/opt/rustwide/target/debug/deps/libthiserror-d2b22ecd871bdad5.rmeta --cap-lints=warn --crate-version 0.1.0` (exit status: 1)
[INFO] [stderr] warning: build failed, waiting for other jobs to finish...
[INFO] [stdout] Some errors have detailed explanations: E0425, E0433.
[INFO] [stdout] 
[INFO] [stdout] For more information about an error, try `rustc --explain E0425`.
[INFO] [stdout] 
[INFO] [stderr] error: build failed
[INFO] running `Command { std: "docker" "inspect" "baebebefd82fba1142dc378e191c2f964ae7ec81a0f6dc69cabb4eb7d841a602", kill_on_drop: false }`
[INFO] running `Command { std: "docker" "rm" "-f" "baebebefd82fba1142dc378e191c2f964ae7ec81a0f6dc69cabb4eb7d841a602", kill_on_drop: false }`
[INFO] [stdout] baebebefd82fba1142dc378e191c2f964ae7ec81a0f6dc69cabb4eb7d841a602
