[INFO] cloning repository https://github.com/mchesser/doc-host
[INFO] running `Command { std: "git" "-c" "credential.helper=" "-c" "credential.helper=/workspace/cargo-home/bin/git-credential-null" "clone" "--bare" "https://github.com/mchesser/doc-host" "/workspace/cache/git-repos/https%3A%2F%2Fgithub.com%2Fmchesser%2Fdoc-host", kill_on_drop: false }`
[INFO] [stderr] Cloning into bare repository '/workspace/cache/git-repos/https%3A%2F%2Fgithub.com%2Fmchesser%2Fdoc-host'...
[INFO] running `Command { std: "git" "rev-parse" "HEAD", kill_on_drop: false }`
[INFO] [stdout] 51029cd223c3aae848a0e866664d3edb3bde8978
[INFO] documenting mchesser/doc-host against beta-2021-08-01 for beta-1.55-rustdoc-1
[INFO] running `Command { std: "git" "clone" "/workspace/cache/git-repos/https%3A%2F%2Fgithub.com%2Fmchesser%2Fdoc-host" "/workspace/builds/worker-94/source", kill_on_drop: false }`
[INFO] [stderr] Cloning into '/workspace/builds/worker-94/source'...
[INFO] [stderr] done.
[INFO] validating manifest of git repo https://github.com/mchesser/doc-host on toolchain beta-2021-08-01
[INFO] running `Command { std: "/workspace/cargo-home/bin/cargo" "+beta-2021-08-01" "metadata" "--manifest-path" "Cargo.toml" "--no-deps", kill_on_drop: false }`
[INFO] started tweaking git repo https://github.com/mchesser/doc-host
[INFO] finished tweaking git repo https://github.com/mchesser/doc-host
[INFO] tweaked toml for git repo https://github.com/mchesser/doc-host written to /workspace/builds/worker-94/source/Cargo.toml
[INFO] crate git repo https://github.com/mchesser/doc-host already has a lockfile, it will not be regenerated
[INFO] running `Command { std: "/workspace/cargo-home/bin/cargo" "+beta-2021-08-01" "fetch" "--manifest-path" "Cargo.toml", kill_on_drop: false }`
[INFO] [stderr]     Blocking waiting for file lock on package cache
[INFO] [stderr]  Downloading crates ...
[INFO] [stderr]   Downloaded pest_derive v1.0.6
[INFO] [stderr]   Downloaded crossbeam v0.3.2
[INFO] [stderr]   Downloaded handlebars v0.32.0
[INFO] [stderr]   Downloaded openssl-sys v0.9.27
[INFO] [stderr]   Downloaded derive-error-chain v0.11.0
[INFO] [stderr]   Downloaded git2 v0.7.1
[INFO] [stderr]   Downloaded cmake v0.1.29
[INFO] [stderr]   Downloaded futf v0.1.3
[INFO] [stderr]   Downloaded rustc-demangle v0.1.7
[INFO] [stderr]   Downloaded pear v0.0.12
[INFO] [stderr]   Downloaded html5ever v0.22.0
[INFO] [stderr]   Downloaded open v1.2.1
[INFO] [stderr]   Downloaded pear_codegen v0.0.12
[INFO] [stderr]   Downloaded markup5ever v0.7.2
[INFO] [stderr]   Downloaded sequence_trie v0.2.1
[INFO] [stderr]   Downloaded staticfile v0.4.0
[INFO] [stderr]   Downloaded notify v4.0.3
[INFO] [stderr]   Downloaded rocket_codegen v0.3.6
[INFO] [stderr]   Downloaded mount v0.3.0
[INFO] [stderr]   Downloaded yansi v0.3.4
[INFO] [stderr]   Downloaded libssh2-sys v0.2.6
[INFO] [stderr]   Downloaded atty v0.2.8
[INFO] [stderr]   Downloaded string_cache v0.7.1
[INFO] [stderr]   Downloaded filetime v0.1.15
[INFO] [stderr]   Downloaded libz-sys v1.0.18
[INFO] [stderr]   Downloaded curl-sys v0.4.1
[INFO] [stderr]   Downloaded elasticlunr-rs v1.0.0
[INFO] [stderr]   Downloaded mdbook v0.1.5
[INFO] [stderr]   Downloaded is-match v0.1.0
[INFO] [stderr]   Downloaded ammonia v1.1.0
[INFO] [stderr]   Downloaded utf-8 v0.7.2
[INFO] [stderr]   Downloaded libgit2-sys v0.7.1
[INFO] [stderr]   Downloaded tendril v0.4.0
[INFO] [stderr]   Downloaded remove_dir_all v0.5.0
[INFO] [stderr]   Downloaded toml-query v0.6.0
[INFO] [stderr]   Downloaded state v0.3.3
[INFO] [stderr]   Downloaded rocket_contrib v0.3.6
[INFO] [stderr]   Downloaded string_cache_codegen v0.4.0
[INFO] [stderr]   Downloaded chrono v0.4.1
[INFO] [stderr]   Downloaded env_logger v0.5.6
[INFO] [stderr]   Downloaded rocket v0.3.6
[INFO] running `Command { std: "docker" "create" "-v" "/var/lib/crater-agent-workspace/builds/worker-94/target:/opt/rustwide/target:rw,Z" "-v" "/var/lib/crater-agent-workspace/builds/worker-94/source:/opt/rustwide/workdir:ro,Z" "-v" "/var/lib/crater-agent-workspace/cargo-home:/opt/rustwide/cargo-home:ro,Z" "-v" "/var/lib/crater-agent-workspace/rustup-home:/opt/rustwide/rustup-home:ro,Z" "-e" "SOURCE_DIR=/opt/rustwide/workdir" "-e" "CARGO_TARGET_DIR=/opt/rustwide/target" "-e" "CARGO_HOME=/opt/rustwide/cargo-home" "-e" "RUSTUP_HOME=/opt/rustwide/rustup-home" "-w" "/opt/rustwide/workdir" "-m" "1610612736" "--user" "0:0" "--network" "none" "ghcr.io/rust-lang/crates-build-env/linux@sha256:34b6a614d2c27851fe6cbf88fbd1137609cefab8b10d0615aaeb6fd47975d74e" "/opt/rustwide/cargo-home/bin/cargo" "+beta-2021-08-01" "metadata" "--no-deps" "--format-version=1", kill_on_drop: false }`
[INFO] [stdout] ecedbbc8e6c8d1bffafc12a627d1c27daa74861082bfe85cb4db71e57a638d4f
[INFO] running `Command { std: "docker" "start" "-a" "ecedbbc8e6c8d1bffafc12a627d1c27daa74861082bfe85cb4db71e57a638d4f", kill_on_drop: false }`
[INFO] running `Command { std: "docker" "inspect" "ecedbbc8e6c8d1bffafc12a627d1c27daa74861082bfe85cb4db71e57a638d4f", kill_on_drop: false }`
[INFO] running `Command { std: "docker" "rm" "-f" "ecedbbc8e6c8d1bffafc12a627d1c27daa74861082bfe85cb4db71e57a638d4f", kill_on_drop: false }`
[INFO] [stdout] ecedbbc8e6c8d1bffafc12a627d1c27daa74861082bfe85cb4db71e57a638d4f
[INFO] running `Command { std: "docker" "create" "-v" "/var/lib/crater-agent-workspace/builds/worker-94/target:/opt/rustwide/target:rw,Z" "-v" "/var/lib/crater-agent-workspace/builds/worker-94/source:/opt/rustwide/workdir:ro,Z" "-v" "/var/lib/crater-agent-workspace/cargo-home:/opt/rustwide/cargo-home:ro,Z" "-v" "/var/lib/crater-agent-workspace/rustup-home:/opt/rustwide/rustup-home:ro,Z" "-e" "SOURCE_DIR=/opt/rustwide/workdir" "-e" "CARGO_TARGET_DIR=/opt/rustwide/target" "-e" "CARGO_INCREMENTAL=0" "-e" "RUST_BACKTRACE=full" "-e" "RUSTDOCFLAGS=--cap-lints=warn" "-e" "CARGO_HOME=/opt/rustwide/cargo-home" "-e" "RUSTUP_HOME=/opt/rustwide/rustup-home" "-w" "/opt/rustwide/workdir" "-m" "1610612736" "--user" "0:0" "--network" "none" "ghcr.io/rust-lang/crates-build-env/linux@sha256:34b6a614d2c27851fe6cbf88fbd1137609cefab8b10d0615aaeb6fd47975d74e" "/opt/rustwide/cargo-home/bin/cargo" "+beta-2021-08-01" "doc" "--frozen" "--no-deps" "--document-private-items" "--message-format=json", kill_on_drop: false }`
[INFO] [stdout] 6fa9c3b6ff4e44115ea311a8ef062d128c65aa08a6abf339e9dc81279d20a4d5
[INFO] running `Command { std: "docker" "start" "-a" "6fa9c3b6ff4e44115ea311a8ef062d128c65aa08a6abf339e9dc81279d20a4d5", kill_on_drop: false }`
[INFO] [stderr]     Blocking waiting for file lock on package cache
[INFO] [stderr]     Checking libc v0.2.40
[INFO] [stderr]    Compiling cc v1.0.9
[INFO] [stderr]     Checking cfg-if v0.1.2
[INFO] [stderr]    Compiling version_check v0.1.3
[INFO] [stderr]    Compiling quote v0.3.15
[INFO] [stderr]     Checking void v1.0.2
[INFO] [stderr]    Compiling pkg-config v0.3.9
[INFO] [stderr]    Compiling siphasher v0.2.2
[INFO] [stderr]    Compiling nodrop v0.1.12
[INFO] [stderr]    Compiling lazy_static v1.0.0
[INFO] [stderr]     Checking matches v0.1.6
[INFO] [stderr]    Compiling scopeguard v0.3.3
[INFO] [stderr]    Compiling memoffset v0.2.1
[INFO] [stderr]     Checking unicode-normalization v0.1.5
[INFO] [stderr]    Compiling rayon-core v1.4.0
[INFO] [stderr]     Checking percent-encoding v1.0.1
[INFO] [stderr]     Checking serde v1.0.36
[INFO] [stderr]     Checking byteorder v1.2.1
[INFO] [stderr]    Compiling unicode-xid v0.0.4
[INFO] [stderr]    Compiling yansi v0.3.4
[INFO] [stderr]     Checking traitobject v0.1.0
[INFO] [stderr]    Compiling gcc v0.3.54
[INFO] [stderr]    Compiling string_cache_shared v0.3.0
[INFO] [stderr]    Compiling winapi-build v0.1.1
[INFO] [stderr]     Checking safemem v0.2.0
[INFO] [stderr]     Checking ucd-util v0.1.1
[INFO] [stderr]     Checking typeable v0.1.2
[INFO] [stderr]     Checking httparse v1.2.4
[INFO] [stderr]     Checking lazy_static v0.2.11
[INFO] [stderr]    Compiling regex v0.2.10
[INFO] [stderr]     Checking num-traits v0.2.2
[INFO] [stderr]     Checking utf8-ranges v1.0.0
[INFO] [stderr]    Compiling dtoa v0.4.2
[INFO] [stderr]    Compiling itoa v0.4.1
[INFO] [stderr]     Checking language-tags v0.2.2
[INFO] [stderr]     Checking winapi v0.2.8
[INFO] [stderr]     Checking mac v0.1.1
[INFO] [stderr]     Checking precomputed-hash v0.1.1
[INFO] [stderr]    Compiling rustc-demangle v0.1.7
[INFO] [stderr]     Checking utf-8 v0.7.2
[INFO] [stderr]     Checking rustc-serialize v0.3.24
[INFO] [stderr]     Checking untrusted v0.5.1
[INFO] [stderr]     Checking bitflags v0.4.0
[INFO] [stderr]     Checking modifier v0.1.0
[INFO] [stderr]     Checking quick-error v1.2.1
[INFO] [stderr]    Compiling pest v1.0.6
[INFO] [stderr]     Checking same-file v1.0.2
[INFO] [stderr]    Compiling pulldown-cmark v0.1.2
[INFO] [stderr]     Checking slab v0.1.3
[INFO] [stderr]     Checking sequence_trie v0.2.1
[INFO] [stderr]     Checking unicode-width v0.1.4
[INFO] [stderr]     Checking bitflags v1.0.1
[INFO] [stderr]     Checking bytes v0.3.0
[INFO] [stderr]     Checking slab v0.4.0
[INFO] [stderr]     Checking lazycell v0.6.0
[INFO] [stderr]     Checking strsim v0.7.0
[INFO] [stderr]    Compiling pear v0.0.12
[INFO] [stderr]     Checking slab v0.3.0
[INFO] [stderr]     Checking getopts v0.2.17
[INFO] [stderr]     Checking bitflags v0.7.0
[INFO] [stderr]    Compiling smallvec v0.4.4
[INFO] [stderr]     Checking sha1 v0.6.0
[INFO] [stderr]     Checking state v0.3.3
[INFO] [stderr]     Checking ordermap v0.2.13
[INFO] [stderr]     Checking maplit v1.0.1
[INFO] [stderr]     Checking bitflags v0.9.1
[INFO] [stderr]     Checking is-match v0.1.0
[INFO] [stderr]     Checking remove_dir_all v0.5.0
[INFO] [stderr]     Checking termcolor v0.3.6
[INFO] [stderr]     Checking vec_map v0.8.0
[INFO] [stderr]     Checking either v1.5.0
[INFO] [stderr]     Checking openssl-probe v0.1.2
[INFO] [stderr]     Checking crossbeam v0.3.2
[INFO] [stderr]     Checking open v1.2.1
[INFO] [stderr]     Checking shlex v0.1.1
[INFO] [stderr]     Checking fs_extra v1.1.0
[INFO] [stderr]    Compiling proc-macro2 v0.2.3
[INFO] [stdout] error[E0557]: feature has been removed
[INFO] [stdout]  --> /opt/rustwide/cargo-home/registry/src/github.com-1ecc6299db9ec823/state-0.3.3/src/lib.rs:1:12
[INFO] [stdout]   |
[INFO] [stdout] 1 | #![feature(const_fn)]
[INFO] [stdout]   |            ^^^^^^^^ feature has been removed
[INFO] [stdout]   |
[INFO] [stdout]   = note: split into finer-grained feature gates
[INFO] [stdout] 
[INFO] [stdout] 
[INFO] [stderr]    Compiling crossbeam-utils v0.2.2
[INFO] [stdout] error[E0557]: feature has been removed
[INFO] [stdout]  --> /opt/rustwide/cargo-home/registry/src/github.com-1ecc6299db9ec823/state-0.3.3/src/lib.rs:1:12
[INFO] [stdout]   |
[INFO] [stdout] 1 | #![feature(const_fn)]
[INFO] [stdout]   |            ^^^^^^^^ feature has been removed
[INFO] [stdout]   |
[INFO] [stdout]   = note: split into finer-grained feature gates
[INFO] [stdout] 
[INFO] [stdout] 
[INFO] [stderr]    Compiling log v0.4.1
[INFO] [stderr] error: could not compile `rustc-serialize`
[INFO] [stderr] 
[INFO] [stderr] Caused by:
[INFO] [stderr]   process didn't exit successfully: `rustc --crate-name rustc_serialize /opt/rustwide/cargo-home/registry/src/github.com-1ecc6299db9ec823/rustc-serialize-0.3.24/src/lib.rs --error-format=json --json=diagnostic-rendered-ansi --crate-type lib --emit=dep-info,metadata -C embed-bitcode=no -C debuginfo=2 -C metadata=ee311ccec3574ca0 -C extra-filename=-ee311ccec3574ca0 --out-dir /opt/rustwide/target/debug/deps -L dependency=/opt/rustwide/target/debug/deps --cap-lints allow` (signal: 9, SIGKILL: kill)
[INFO] [stderr] warning: build failed, waiting for other jobs to finish...
[INFO] [stdout] error[E0554]: `#![feature]` may not be used on the beta release channel
[INFO] [stdout]  --> /opt/rustwide/cargo-home/registry/src/github.com-1ecc6299db9ec823/state-0.3.3/src/lib.rs:1:1
[INFO] [stdout]   |
[INFO] [stdout] 1 | #![feature(const_fn)]
[INFO] [stdout]   | ^^^^^^^^^^^^^^^^^^^^^
[INFO] [stdout] 
[INFO] [stdout] 
[INFO] [stdout] error[E0554]: `#![feature]` may not be used on the beta release channel
[INFO] [stdout]  --> /opt/rustwide/cargo-home/registry/src/github.com-1ecc6299db9ec823/state-0.3.3/src/lib.rs:2:1
[INFO] [stdout]   |
[INFO] [stdout] 2 | #![feature(const_unsafe_cell_new)]
[INFO] [stdout]   | ^^^^^^^^^^^^^^^^^^^^^^^^^^^^^^^^^^
[INFO] [stdout] 
[INFO] [stdout] 
[INFO] [stdout] error[E0554]: `#![feature]` may not be used on the beta release channel
[INFO] [stdout]  --> /opt/rustwide/cargo-home/registry/src/github.com-1ecc6299db9ec823/state-0.3.3/src/lib.rs:3:1
[INFO] [stdout]   |
[INFO] [stdout] 3 | #![feature(const_atomic_usize_new)]
[INFO] [stdout]   | ^^^^^^^^^^^^^^^^^^^^^^^^^^^^^^^^^^^
[INFO] [stdout] 
[INFO] [stdout] 
[INFO] [stdout] error[E0554]: `#![feature]` may not be used on the beta release channel
[INFO] [stdout]  --> /opt/rustwide/cargo-home/registry/src/github.com-1ecc6299db9ec823/state-0.3.3/src/lib.rs:4:1
[INFO] [stdout]   |
[INFO] [stdout] 4 | #![feature(const_atomic_bool_new)]
[INFO] [stdout]   | ^^^^^^^^^^^^^^^^^^^^^^^^^^^^^^^^^^
[INFO] [stdout] 
[INFO] [stdout] 
[INFO] [stdout] error[E0554]: `#![feature]` may not be used on the beta release channel
[INFO] [stdout]  --> /opt/rustwide/cargo-home/registry/src/github.com-1ecc6299db9ec823/state-0.3.3/src/lib.rs:1:1
[INFO] [stdout]   |
[INFO] [stdout] 1 | #![feature(const_fn)]
[INFO] [stdout]   | ^^^^^^^^^^^^^^^^^^^^^
[INFO] [stdout] 
[INFO] [stdout] 
[INFO] [stdout] error[E0554]: `#![feature]` may not be used on the beta release channel
[INFO] [stdout]  --> /opt/rustwide/cargo-home/registry/src/github.com-1ecc6299db9ec823/state-0.3.3/src/lib.rs:2:1
[INFO] [stdout]   |
[INFO] [stdout] 2 | #![feature(const_unsafe_cell_new)]
[INFO] [stdout]   | ^^^^^^^^^^^^^^^^^^^^^^^^^^^^^^^^^^
[INFO] [stdout] 
[INFO] [stdout] 
[INFO] [stdout] error[E0554]: `#![feature]` may not be used on the beta release channel
[INFO] [stdout]  --> /opt/rustwide/cargo-home/registry/src/github.com-1ecc6299db9ec823/state-0.3.3/src/lib.rs:3:1
[INFO] [stdout]   |
[INFO] [stdout] 3 | #![feature(const_atomic_usize_new)]
[INFO] [stdout]   | ^^^^^^^^^^^^^^^^^^^^^^^^^^^^^^^^^^^
[INFO] [stdout] 
[INFO] [stdout] 
[INFO] [stdout] error[E0554]: `#![feature]` may not be used on the beta release channel
[INFO] [stdout]  --> /opt/rustwide/cargo-home/registry/src/github.com-1ecc6299db9ec823/state-0.3.3/src/lib.rs:4:1
[INFO] [stdout]   |
[INFO] [stdout] 4 | #![feature(const_atomic_bool_new)]
[INFO] [stdout]   | ^^^^^^^^^^^^^^^^^^^^^^^^^^^^^^^^^^
[INFO] [stdout] 
[INFO] [stdout] 
[INFO] [stdout] error: aborting due to 5 previous errors
[INFO] [stdout] 
[INFO] [stdout] 
[INFO] [stdout] Some errors have detailed explanations: E0554, E0557.
[INFO] [stdout] 
[INFO] [stdout] For more information about an error, try `rustc --explain E0554`.
[INFO] [stdout] 
[INFO] [stdout] error: aborting due to 5 previous errors
[INFO] [stdout] 
[INFO] [stdout] 
[INFO] [stdout] Some errors have detailed explanations: E0554, E0557.
[INFO] [stdout] 
[INFO] [stdout] For more information about an error, try `rustc --explain E0554`.
[INFO] [stdout] 
[INFO] [stdout] error[E0554]: `#![feature]` may not be used on the beta release channel
[INFO] [stdout]  --> /opt/rustwide/cargo-home/registry/src/github.com-1ecc6299db9ec823/yansi-0.3.4/src/lib.rs:1:32
[INFO] [stdout]   |
[INFO] [stdout] 1 | #![cfg_attr(feature="nightly", feature(const_atomic_bool_new))]
[INFO] [stdout]   |                                ^^^^^^^^^^^^^^^^^^^^^^^^^^^^^^
[INFO] [stdout] 
[INFO] [stdout] 
[INFO] [stdout] error: aborting due to previous error
[INFO] [stdout] 
[INFO] [stdout] 
[INFO] [stdout] For more information about this error, try `rustc --explain E0554`.
[INFO] [stdout] 
[INFO] [stdout] error[E0554]: `#![feature]` may not be used on the beta release channel
[INFO] [stdout]  --> /opt/rustwide/cargo-home/registry/src/github.com-1ecc6299db9ec823/yansi-0.3.4/src/lib.rs:1:32
[INFO] [stdout]   |
[INFO] [stdout] 1 | #![cfg_attr(feature="nightly", feature(const_atomic_bool_new))]
[INFO] [stdout]   |                                ^^^^^^^^^^^^^^^^^^^^^^^^^^^^^^
[INFO] [stdout] 
[INFO] [stdout] 
[INFO] [stdout] error: aborting due to previous error
[INFO] [stdout] 
[INFO] [stdout] 
[INFO] [stdout] For more information about this error, try `rustc --explain E0554`.
[INFO] [stdout] 
[INFO] [stderr] error: build failed
[INFO] running `Command { std: "docker" "inspect" "6fa9c3b6ff4e44115ea311a8ef062d128c65aa08a6abf339e9dc81279d20a4d5", kill_on_drop: false }`
[INFO] running `Command { std: "docker" "rm" "-f" "6fa9c3b6ff4e44115ea311a8ef062d128c65aa08a6abf339e9dc81279d20a4d5", kill_on_drop: false }`
[INFO] [stdout] 6fa9c3b6ff4e44115ea311a8ef062d128c65aa08a6abf339e9dc81279d20a4d5
