[INFO] cloning repository https://github.com/maxnachlinger/sqlx-mssql-test
[INFO] running `Command { std: "git" "-c" "credential.helper=" "-c" "credential.helper=/workspace/cargo-home/bin/git-credential-null" "clone" "--bare" "https://github.com/maxnachlinger/sqlx-mssql-test" "/workspace/cache/git-repos/https%3A%2F%2Fgithub.com%2Fmaxnachlinger%2Fsqlx-mssql-test", kill_on_drop: false }`
[INFO] [stderr] Cloning into bare repository '/workspace/cache/git-repos/https%3A%2F%2Fgithub.com%2Fmaxnachlinger%2Fsqlx-mssql-test'...
[INFO] running `Command { std: "git" "rev-parse" "HEAD", kill_on_drop: false }`
[INFO] [stdout] 1da834b90246def35da7d953f9e1f0ba914d4b23
[INFO] documenting maxnachlinger/sqlx-mssql-test against beta-2021-08-01 for beta-1.55-rustdoc-1
[INFO] running `Command { std: "git" "clone" "/workspace/cache/git-repos/https%3A%2F%2Fgithub.com%2Fmaxnachlinger%2Fsqlx-mssql-test" "/workspace/builds/worker-1/source", kill_on_drop: false }`
[INFO] [stderr] Cloning into '/workspace/builds/worker-1/source'...
[INFO] [stderr] done.
[INFO] validating manifest of git repo https://github.com/maxnachlinger/sqlx-mssql-test on toolchain beta-2021-08-01
[INFO] running `Command { std: "/workspace/cargo-home/bin/cargo" "+beta-2021-08-01" "metadata" "--manifest-path" "Cargo.toml" "--no-deps", kill_on_drop: false }`
[INFO] started tweaking git repo https://github.com/maxnachlinger/sqlx-mssql-test
[INFO] finished tweaking git repo https://github.com/maxnachlinger/sqlx-mssql-test
[INFO] tweaked toml for git repo https://github.com/maxnachlinger/sqlx-mssql-test written to /workspace/builds/worker-1/source/Cargo.toml
[INFO] crate git repo https://github.com/maxnachlinger/sqlx-mssql-test already has a lockfile, it will not be regenerated
[INFO] running `Command { std: "/workspace/cargo-home/bin/cargo" "+beta-2021-08-01" "fetch" "--manifest-path" "Cargo.toml", kill_on_drop: false }`
[INFO] [stderr]     Blocking waiting for file lock on package cache
[INFO] [stderr]     Updating git repository `https://github.com/launchbadge/sqlx.git`
[INFO] [stderr]     Blocking waiting for file lock on package cache
[INFO] [stderr]  Downloading crates ...
[INFO] [stderr]   Downloaded flate2 v1.0.18
[INFO] [stderr]   Downloaded actix-web v3.1.0
[INFO] [stderr]   Downloaded standback v0.2.11
[INFO] [stderr]   Downloaded ahash v0.5.6
[INFO] [stderr]   Downloaded tokio-native-tls v0.1.0
[INFO] [stderr]   Downloaded sqlformat v0.1.1
[INFO] running `Command { std: "docker" "create" "-v" "/var/lib/crater-agent-workspace/builds/worker-1/target:/opt/rustwide/target:rw,Z" "-v" "/var/lib/crater-agent-workspace/builds/worker-1/source:/opt/rustwide/workdir:ro,Z" "-v" "/var/lib/crater-agent-workspace/cargo-home:/opt/rustwide/cargo-home:ro,Z" "-v" "/var/lib/crater-agent-workspace/rustup-home:/opt/rustwide/rustup-home:ro,Z" "-e" "SOURCE_DIR=/opt/rustwide/workdir" "-e" "CARGO_TARGET_DIR=/opt/rustwide/target" "-e" "CARGO_HOME=/opt/rustwide/cargo-home" "-e" "RUSTUP_HOME=/opt/rustwide/rustup-home" "-w" "/opt/rustwide/workdir" "-m" "1610612736" "--user" "0:0" "--network" "none" "ghcr.io/rust-lang/crates-build-env/linux@sha256:34b6a614d2c27851fe6cbf88fbd1137609cefab8b10d0615aaeb6fd47975d74e" "/opt/rustwide/cargo-home/bin/cargo" "+beta-2021-08-01" "metadata" "--no-deps" "--format-version=1", kill_on_drop: false }`
[INFO] [stdout] 0d2155cb986cacf94f7401111f339d48be009d6877eefd1177e910878d12ef8f
[INFO] running `Command { std: "docker" "start" "-a" "0d2155cb986cacf94f7401111f339d48be009d6877eefd1177e910878d12ef8f", kill_on_drop: false }`
[INFO] running `Command { std: "docker" "inspect" "0d2155cb986cacf94f7401111f339d48be009d6877eefd1177e910878d12ef8f", kill_on_drop: false }`
[INFO] running `Command { std: "docker" "rm" "-f" "0d2155cb986cacf94f7401111f339d48be009d6877eefd1177e910878d12ef8f", kill_on_drop: false }`
[INFO] [stdout] 0d2155cb986cacf94f7401111f339d48be009d6877eefd1177e910878d12ef8f
[INFO] running `Command { std: "docker" "create" "-v" "/var/lib/crater-agent-workspace/builds/worker-1/target:/opt/rustwide/target:rw,Z" "-v" "/var/lib/crater-agent-workspace/builds/worker-1/source:/opt/rustwide/workdir:ro,Z" "-v" "/var/lib/crater-agent-workspace/cargo-home:/opt/rustwide/cargo-home:ro,Z" "-v" "/var/lib/crater-agent-workspace/rustup-home:/opt/rustwide/rustup-home:ro,Z" "-e" "SOURCE_DIR=/opt/rustwide/workdir" "-e" "CARGO_TARGET_DIR=/opt/rustwide/target" "-e" "CARGO_INCREMENTAL=0" "-e" "RUST_BACKTRACE=full" "-e" "RUSTDOCFLAGS=--cap-lints=warn" "-e" "CARGO_HOME=/opt/rustwide/cargo-home" "-e" "RUSTUP_HOME=/opt/rustwide/rustup-home" "-w" "/opt/rustwide/workdir" "-m" "1610612736" "--user" "0:0" "--network" "none" "ghcr.io/rust-lang/crates-build-env/linux@sha256:34b6a614d2c27851fe6cbf88fbd1137609cefab8b10d0615aaeb6fd47975d74e" "/opt/rustwide/cargo-home/bin/cargo" "+beta-2021-08-01" "doc" "--frozen" "--no-deps" "--document-private-items" "--message-format=json", kill_on_drop: false }`
[INFO] [stdout] 3ffc9b6df6bd62c9e0ef5dc159bad974110d3ea07af980253276cac46f865d13
[INFO] running `Command { std: "docker" "start" "-a" "3ffc9b6df6bd62c9e0ef5dc159bad974110d3ea07af980253276cac46f865d13", kill_on_drop: false }`
[INFO] [stderr]     Blocking waiting for file lock on package cache
[INFO] [stderr]    Compiling libc v0.2.79
[INFO] [stderr]    Compiling syn v1.0.48
[INFO] [stderr]     Checking cfg-if v0.1.10
[INFO] [stderr]    Compiling memchr v2.3.3
[INFO] [stderr]    Compiling log v0.4.11
[INFO] [stderr]    Compiling proc-macro-hack v0.5.18
[INFO] [stderr]    Compiling proc-macro-nested v0.1.6
[INFO] [stderr]    Compiling cc v1.0.61
[INFO] [stderr]     Checking futures-core v0.3.7
[INFO] [stderr]     Checking slab v0.4.2
[INFO] [stderr]     Checking futures-sink v0.3.7
[INFO] [stderr]     Checking bytes v0.5.6
[INFO] [stderr]     Checking pin-project-lite v0.1.11
[INFO] [stderr]     Checking arc-swap v0.4.7
[INFO] [stderr]     Checking once_cell v1.4.1
[INFO] [stderr]     Checking pin-utils v0.1.0
[INFO] [stderr]     Checking futures-io v0.3.7
[INFO] [stderr]    Compiling pkg-config v0.3.19
[INFO] [stderr]     Checking smallvec v1.4.2
[INFO] [stderr]    Compiling lazy_static v1.4.0
[INFO] [stderr]    Compiling pin-project-internal v0.4.27
[INFO] [stderr]    Compiling openssl v0.10.30
[INFO] [stderr]     Checking matches v0.1.8
[INFO] [stderr]     Checking tinyvec v0.3.4
[INFO] [stderr]     Checking itoa v0.4.6
[INFO] [stderr]    Compiling getrandom v0.1.15
[INFO] [stderr]    Compiling maybe-uninit v2.0.0
[INFO] [stderr]    Compiling native-tls v0.2.4
[INFO] [stderr]     Checking percent-encoding v2.1.0
[INFO] [stderr]     Checking either v1.6.1
[INFO] [stderr]    Compiling unicode-segmentation v1.6.0
[INFO] [stderr]    Compiling encoding_rs v0.8.24
[INFO] [stderr]     Checking regex-syntax v0.6.20
[INFO] [stderr]    Compiling serde_derive v1.0.117
[INFO] [stderr]     Checking copyless v0.1.5
[INFO] [stderr]    Compiling getrandom v0.2.0
[INFO] [stderr]    Compiling typenum v1.12.0
[INFO] [stderr]     Checking quick-error v1.2.3
[INFO] [stderr]     Checking gimli v0.22.0
[INFO] [stderr]    Compiling foreign-types-shared v0.1.1
[INFO] [stderr]     Checking ppv-lite86 v0.2.9
[INFO] [stderr]    Compiling serde v1.0.117
[INFO] [stderr]     Checking object v0.21.1
[INFO] [stderr]     Checking rustc-demangle v0.1.18
[INFO] [stderr]     Checking fnv v1.0.7
[INFO] [stderr]     Checking match_cfg v0.1.0
[INFO] [stderr]    Compiling const_fn v0.4.2
[INFO] [stderr]    Compiling cfg-if v1.0.0
[INFO] [stderr]    Compiling ryu v1.0.5
[INFO] [stderr]    Compiling openssl-probe v0.1.2
[INFO] [stderr]    Compiling serde_json v1.0.59
[INFO] [stderr]    Compiling scopeguard v1.1.0
[INFO] [stderr]    Compiling httparse v1.3.4
[INFO] [stderr]    Compiling linked-hash-map v0.5.3
[INFO] [stderr]    Compiling maplit v1.0.2
[INFO] [stderr]     Checking opaque-debug v0.3.0
[INFO] [stderr]     Checking dtoa v0.4.6
[INFO] [stderr]     Checking cpuid-bool v0.1.2
[INFO] [stderr]    Compiling whoami v0.9.0
[INFO] [stderr]    Compiling hex v0.4.2
[INFO] [stderr]     Checking base64 v0.12.3
[INFO] [stderr]     Checking language-tags v0.2.2
[INFO] [stderr]     Checking mime v0.3.16
[INFO] [stderr]    Compiling uuid v0.8.1
[INFO] [stderr]    Compiling dotenv v0.15.0
[INFO] [stderr]     Checking tinyvec_macros v0.1.0
[INFO] [stderr]    Compiling anyhow v1.0.33
[INFO] [stderr]     Checking termcolor v1.1.0
[INFO] [stderr]     Checking futures-task v0.3.7
[INFO] [stderr]     Checking instant v0.1.8
[INFO] [stderr]     Checking lock_api v0.4.1
[INFO] [stderr]     Checking unicode-bidi v0.3.4
[INFO] [stderr]    Compiling crossbeam-utils v0.7.2
[INFO] [stderr]    Compiling miniz_oxide v0.4.3
[INFO] [stderr]    Compiling standback v0.2.11
[INFO] [stderr]     Checking thread_local v1.0.1
[INFO] [stderr]    Compiling num-traits v0.2.12
[INFO] [stderr]    Compiling generic-array v0.14.4
[INFO] [stderr]     Checking lru-cache v0.1.2
[INFO] [stderr]    Compiling indexmap v1.6.0
[INFO] [stderr]    Compiling time v0.2.22
[INFO] [stderr]     Checking tracing-core v0.1.17
[INFO] [stderr]    Compiling cookie v0.14.2
[INFO] [stderr]     Checking futures-channel v0.3.7
[INFO] [stderr]     Checking unicode-normalization v0.1.13
[INFO] [stderr]    Compiling bitflags v1.2.1
[INFO] [stderr]    Compiling byteorder v1.3.4
[INFO] [stderr]     Checking bytestring v0.1.5
[INFO] [stderr]    Compiling quote v1.0.7
[INFO] [stderr]     Checking fxhash v0.2.1
[INFO] [stderr]    Compiling foreign-types v0.3.2
[INFO] [stderr]     Checking humantime v1.3.0
[INFO] [stderr]     Checking http v0.2.1
[INFO] [stderr]    Compiling heck v0.3.1
[INFO] [stderr]     Checking aho-corasick v0.7.14
[INFO] [stderr]    Compiling brotli-sys v0.3.2
[INFO] [stderr]     Checking tinyvec v1.0.1
[INFO] [stderr]    Compiling openssl-sys v0.9.58
[INFO] [stderr]     Checking tracing v0.1.21
[INFO] [stderr]     Checking addr2line v0.13.0
[INFO] [stderr]    Compiling net2 v0.2.35
[INFO] [stderr]    Compiling iovec v0.1.4
[INFO] [stderr]    Compiling signal-hook-registry v1.2.1
[INFO] [stderr]    Compiling num_cpus v1.13.0
[INFO] [stderr]    Compiling parking_lot_core v0.8.0
[INFO] [stderr]     Checking idna v0.2.0
[INFO] [stderr]     Checking stringprep v0.1.2
[INFO] [stderr]     Checking regex v1.4.1
[INFO] [stderr]     Checking hostname v0.3.1
[INFO] [stderr]     Checking socket2 v0.3.15
[INFO] [stderr]     Checking atty v0.2.14
[INFO] [stderr]    Compiling mio v0.6.22
[INFO] [stderr]    Compiling ahash v0.5.6
[INFO] [stderr]    Compiling parking_lot v0.11.0
[INFO] [stderr]     Checking url v2.1.1
[INFO] [stderr]     Checking rand_core v0.5.1
[INFO] [stderr]     Checking resolv-conf v0.6.3
[INFO] [stderr]     Checking threadpool v1.8.1
[INFO] [stderr]     Checking sqlformat v0.1.1
[INFO] [stderr]     Checking env_logger v0.7.1
[INFO] [stderr]     Checking rand_chacha v0.2.2
[INFO] [stderr]    Compiling mio-uds v0.6.8
[INFO] [stderr]     Checking rand v0.7.3
[INFO] [stderr]     Checking block-buffer v0.9.0
[INFO] [stderr]     Checking digest v0.9.0
[INFO] [stderr]     Checking atoi v0.3.3
[INFO] [stderr]     Checking backtrace v0.3.53
[INFO] [stderr]     Checking flate2 v1.0.18
[INFO] [stderr]     Checking sha-1 v0.9.1
[INFO] [stderr]    Compiling crossbeam-queue v0.2.3
[INFO] [stderr]    Compiling crossbeam-channel v0.4.4
[INFO] [stderr]    Compiling pin-project-internal v1.0.1
[INFO] [stderr]    Compiling tokio-macros v0.2.5
[INFO] [stderr]    Compiling futures-macro v0.3.7
[INFO] [stderr]    Compiling thiserror-impl v1.0.21
[INFO] [stderr]    Compiling derive_more v0.99.11
[INFO] [stderr]    Compiling actix-macros v0.1.2
[INFO] [stderr]    Compiling enum-as-inner v0.3.3
[INFO] [stderr]    Compiling async-trait v0.1.41
[INFO] [stderr]    Compiling time-macros-impl v0.1.1
[INFO] [stderr]    Compiling actix-web-codegen v0.3.0
[INFO] [stderr]     Checking tokio v0.2.22
[INFO] [stderr]     Checking time-macros v0.1.1
[INFO] [stderr]     Checking brotli2 v0.3.2
[INFO] [stderr]     Checking thiserror v1.0.21
[INFO] [stderr]     Checking pin-project v1.0.1
[INFO] [stderr]    Compiling futures-util v0.3.7
[INFO] [stderr]     Checking pin-project v0.4.27
[INFO] [stderr]     Checking tracing-futures v0.2.4
[INFO] [stderr]     Checking actix-threadpool v0.3.3
[INFO] [stderr]     Checking tokio-util v0.3.1
[INFO] [stderr]     Checking tokio-native-tls v0.1.0
[INFO] [stderr]     Checking sqlx-rt v0.1.1 (https://github.com/launchbadge/sqlx.git#e816943c)
[INFO] [stderr]     Checking actix-codec v0.3.0
[INFO] [stderr]     Checking actix-service v1.0.6
[INFO] [stderr]     Checking actix-rt v1.1.1
[INFO] [stderr]     Checking futures-executor v0.3.7
[INFO] [stderr]     Checking h2 v0.2.7
[INFO] [stderr]     Checking sqlx-core v0.4.0-beta.1 (https://github.com/launchbadge/sqlx.git#e816943c)
[INFO] [stderr]     Checking futures v0.3.7
[INFO] [stderr]     Checking trust-dns-proto v0.19.5
[INFO] [stderr]     Checking actix-utils v2.0.0
[INFO] [stderr]     Checking actix-server v1.0.4
[INFO] [stderr]     Checking actix-tls v2.0.0
[INFO] [stderr]     Checking actix-testing v1.0.1
[INFO] [stderr]     Checking trust-dns-resolver v0.19.5
[INFO] [stderr]     Checking serde_urlencoded v0.6.1
[INFO] [stderr]     Checking actix-router v0.2.5
[INFO] [stderr]     Checking actix-connect v2.0.0
[INFO] [stderr]     Checking actix-http v2.0.0
[INFO] [stderr]    Compiling sqlx-macros v0.4.0-beta.1 (https://github.com/launchbadge/sqlx.git#e816943c)
[INFO] [stderr]     Checking awc v2.0.0
[INFO] [stderr]     Checking actix-web v3.1.0
[INFO] [stderr]     Checking sqlx v0.4.0-beta.1 (https://github.com/launchbadge/sqlx.git#e816943c)
[INFO] [stderr]  Documenting sqlx-mssql-test v0.1.0 (/opt/rustwide/workdir)
[INFO] [stdout] error: error communicating with the server: Connection refused (os error 111)
[INFO] [stdout]   --> src/todo/model.rs:24:23
[INFO] [stdout]    |
[INFO] [stdout] 24 |           let results = sqlx::query!(
[INFO] [stdout]    |  _______________________^
[INFO] [stdout] 25 | |             r#"
[INFO] [stdout] 26 | |                 SELECT
[INFO] [stdout] 27 | |                   t.id,
[INFO] [stdout] ...  |
[INFO] [stdout] 32 | |             "#
[INFO] [stdout] 33 | |         )
[INFO] [stdout]    | |_________^
[INFO] [stdout]    |
[INFO] [stdout]    = note: this error originates in the macro `$crate::sqlx_macros::expand_query` (in Nightly builds, run with -Z macro-backtrace for more info)
[INFO] [stdout] 
[INFO] [stdout] 
[INFO] [stdout] error: error communicating with the server: Connection refused (os error 111)
[INFO] [stdout]   --> src/todo/model.rs:49:22
[INFO] [stdout]    |
[INFO] [stdout] 49 |           let result = sqlx::query!(
[INFO] [stdout]    |  ______________________^
[INFO] [stdout] 50 | |             r#"
[INFO] [stdout] 51 | |                 SELECT
[INFO] [stdout] 52 | |                   t.id,
[INFO] [stdout] ...  |
[INFO] [stdout] 58 | |             id
[INFO] [stdout] 59 | |         )
[INFO] [stdout]    | |_________^
[INFO] [stdout]    |
[INFO] [stdout]    = note: this error originates in the macro `$crate::sqlx_macros::expand_query` (in Nightly builds, run with -Z macro-backtrace for more info)
[INFO] [stdout] 
[INFO] [stdout] 
[INFO] [stdout] error: error communicating with the server: Connection refused (os error 111)
[INFO] [stdout]   --> src/todo/model.rs:71:22
[INFO] [stdout]    |
[INFO] [stdout] 71 |           let result = sqlx::query!(
[INFO] [stdout]    |  ______________________^
[INFO] [stdout] 72 | |             r#"
[INFO] [stdout] 73 | |         INSERT INTO todos (description, done)
[INFO] [stdout] 74 | |         OUTPUT Inserted.ID AS id
[INFO] [stdout] ...  |
[INFO] [stdout] 78 | |             &todo.done
[INFO] [stdout] 79 | |         )
[INFO] [stdout]    | |_________^
[INFO] [stdout]    |
[INFO] [stdout]    = note: this error originates in the macro `$crate::sqlx_macros::expand_query` (in Nightly builds, run with -Z macro-backtrace for more info)
[INFO] [stdout] 
[INFO] [stdout] 
[INFO] [stdout] error: error communicating with the server: Connection refused (os error 111)
[INFO] [stdout]    --> src/todo/model.rs:91:22
[INFO] [stdout]     |
[INFO] [stdout] 91  |           let result = sqlx::query!(
[INFO] [stdout]     |  ______________________^
[INFO] [stdout] 92  | |             r#"
[INFO] [stdout] 93  | |             UPDATE todos
[INFO] [stdout] 94  | |             SET description = @p1,
[INFO] [stdout] ...   |
[INFO] [stdout] 100 | |             &id
[INFO] [stdout] 101 | |         )
[INFO] [stdout]     | |_________^
[INFO] [stdout]     |
[INFO] [stdout]     = note: this error originates in the macro `$crate::sqlx_macros::expand_query` (in Nightly builds, run with -Z macro-backtrace for more info)
[INFO] [stdout] 
[INFO] [stdout] 
[INFO] [stdout] error: error communicating with the server: Connection refused (os error 111)
[INFO] [stdout]    --> src/todo/model.rs:109:22
[INFO] [stdout]     |
[INFO] [stdout] 109 |           let result = sqlx::query!(
[INFO] [stdout]     |  ______________________^
[INFO] [stdout] 110 | |             r#"
[INFO] [stdout] 111 | |             DELETE FROM todos WHERE id = @p1
[INFO] [stdout] 112 | |         "#,
[INFO] [stdout] 113 | |             &id
[INFO] [stdout] 114 | |         )
[INFO] [stdout]     | |_________^
[INFO] [stdout]     |
[INFO] [stdout]     = note: this error originates in the macro `$crate::sqlx_macros::expand_query` (in Nightly builds, run with -Z macro-backtrace for more info)
[INFO] [stdout] 
[INFO] [stdout] 
[INFO] [stdout] error: Compilation failed, aborting rustdoc
[INFO] [stdout] 
[INFO] [stdout] 
[INFO] [stdout] error: aborting due to 6 previous errors
[INFO] [stdout] 
[INFO] [stdout] 
[INFO] [stderr] error: could not document `sqlx-mssql-test`
[INFO] [stderr] 
[INFO] [stderr] Caused by:
[INFO] [stderr]   process didn't exit successfully: `rustdoc --edition=2018 --crate-type bin --crate-name sqlx_mssql_test src/main.rs -o /opt/rustwide/target/doc --error-format=json --json=diagnostic-rendered-ansi --document-private-items -L dependency=/opt/rustwide/target/debug/deps --extern actix_web=/opt/rustwide/target/debug/deps/libactix_web-97838273a52b394f.rmeta --extern anyhow=/opt/rustwide/target/debug/deps/libanyhow-10463d6f10988168.rmeta --extern dotenv=/opt/rustwide/target/debug/deps/libdotenv-9165642b04647e23.rmeta --extern env_logger=/opt/rustwide/target/debug/deps/libenv_logger-f986b1431e53bd3d.rmeta --extern log=/opt/rustwide/target/debug/deps/liblog-91c13f26229124ab.rmeta --extern serde=/opt/rustwide/target/debug/deps/libserde-edffe7f86d75a959.rmeta --extern serde_json=/opt/rustwide/target/debug/deps/libserde_json-1d431a9a22b0dcae.rmeta --extern sqlx=/opt/rustwide/target/debug/deps/libsqlx-6efafe2008669918.rmeta --cap-lints=warn --crate-version 0.1.0` (exit status: 1)
[INFO] running `Command { std: "docker" "inspect" "3ffc9b6df6bd62c9e0ef5dc159bad974110d3ea07af980253276cac46f865d13", kill_on_drop: false }`
[INFO] running `Command { std: "docker" "rm" "-f" "3ffc9b6df6bd62c9e0ef5dc159bad974110d3ea07af980253276cac46f865d13", kill_on_drop: false }`
[INFO] [stdout] 3ffc9b6df6bd62c9e0ef5dc159bad974110d3ea07af980253276cac46f865d13
