[INFO] cloning repository https://github.com/maxastyler/rusty-slm
[INFO] running `Command { std: "git" "-c" "credential.helper=" "-c" "credential.helper=/workspace/cargo-home/bin/git-credential-null" "clone" "--bare" "https://github.com/maxastyler/rusty-slm" "/workspace/cache/git-repos/https%3A%2F%2Fgithub.com%2Fmaxastyler%2Frusty-slm", kill_on_drop: false }`
[INFO] [stderr] Cloning into bare repository '/workspace/cache/git-repos/https%3A%2F%2Fgithub.com%2Fmaxastyler%2Frusty-slm'...
[INFO] running `Command { std: "git" "rev-parse" "HEAD", kill_on_drop: false }`
[INFO] [stdout] b4b93d76e360666310c63a925e6f2ca6ff2551cb
[INFO] documenting maxastyler/rusty-slm against 1.54.0 for beta-1.55-rustdoc-1
[INFO] running `Command { std: "git" "clone" "/workspace/cache/git-repos/https%3A%2F%2Fgithub.com%2Fmaxastyler%2Frusty-slm" "/workspace/builds/worker-4/source", kill_on_drop: false }`
[INFO] [stderr] Cloning into '/workspace/builds/worker-4/source'...
[INFO] [stderr] done.
[INFO] validating manifest of git repo https://github.com/maxastyler/rusty-slm on toolchain 1.54.0
[INFO] running `Command { std: "/workspace/cargo-home/bin/cargo" "+1.54.0" "metadata" "--manifest-path" "Cargo.toml" "--no-deps", kill_on_drop: false }`
[INFO] started tweaking git repo https://github.com/maxastyler/rusty-slm
[INFO] finished tweaking git repo https://github.com/maxastyler/rusty-slm
[INFO] tweaked toml for git repo https://github.com/maxastyler/rusty-slm written to /workspace/builds/worker-4/source/Cargo.toml
[INFO] crate git repo https://github.com/maxastyler/rusty-slm already has a lockfile, it will not be regenerated
[INFO] running `Command { std: "/workspace/cargo-home/bin/cargo" "+1.54.0" "fetch" "--manifest-path" "Cargo.toml", kill_on_drop: false }`
[INFO] [stderr]     Blocking waiting for file lock on package cache
[INFO] [stderr]     Blocking waiting for file lock on package cache
[INFO] [stderr]  Downloading crates ...
[INFO] [stderr]   Downloaded tracing-attributes v0.1.13
[INFO] [stderr]   Downloaded tonic-build v0.4.0
[INFO] [stderr]   Downloaded shaderc v0.7.1
[INFO] [stderr]   Downloaded tonic v0.4.0
[INFO] [stderr]   Downloaded wgpu v0.7.0
[INFO] [stderr]   Downloaded tower v0.4.6
[INFO] [stderr]   Downloaded shaderc-sys v0.7.1
[INFO] running `Command { std: "docker" "create" "-v" "/var/lib/crater-agent-workspace/builds/worker-4/target:/opt/rustwide/target:rw,Z" "-v" "/var/lib/crater-agent-workspace/builds/worker-4/source:/opt/rustwide/workdir:ro,Z" "-v" "/var/lib/crater-agent-workspace/cargo-home:/opt/rustwide/cargo-home:ro,Z" "-v" "/var/lib/crater-agent-workspace/rustup-home:/opt/rustwide/rustup-home:ro,Z" "-e" "SOURCE_DIR=/opt/rustwide/workdir" "-e" "CARGO_TARGET_DIR=/opt/rustwide/target" "-e" "CARGO_HOME=/opt/rustwide/cargo-home" "-e" "RUSTUP_HOME=/opt/rustwide/rustup-home" "-w" "/opt/rustwide/workdir" "-m" "1610612736" "--user" "0:0" "--network" "none" "ghcr.io/rust-lang/crates-build-env/linux@sha256:34b6a614d2c27851fe6cbf88fbd1137609cefab8b10d0615aaeb6fd47975d74e" "/opt/rustwide/cargo-home/bin/cargo" "+1.54.0" "metadata" "--no-deps" "--format-version=1", kill_on_drop: false }`
[INFO] [stdout] 511752d0d28a94a3bc78e14346190d2ca873a096ff053a946cccd8d9db2912b4
[INFO] running `Command { std: "docker" "start" "-a" "511752d0d28a94a3bc78e14346190d2ca873a096ff053a946cccd8d9db2912b4", kill_on_drop: false }`
[INFO] running `Command { std: "docker" "inspect" "511752d0d28a94a3bc78e14346190d2ca873a096ff053a946cccd8d9db2912b4", kill_on_drop: false }`
[INFO] running `Command { std: "docker" "rm" "-f" "511752d0d28a94a3bc78e14346190d2ca873a096ff053a946cccd8d9db2912b4", kill_on_drop: false }`
[INFO] [stdout] 511752d0d28a94a3bc78e14346190d2ca873a096ff053a946cccd8d9db2912b4
[INFO] running `Command { std: "docker" "create" "-v" "/var/lib/crater-agent-workspace/builds/worker-4/target:/opt/rustwide/target:rw,Z" "-v" "/var/lib/crater-agent-workspace/builds/worker-4/source:/opt/rustwide/workdir:ro,Z" "-v" "/var/lib/crater-agent-workspace/cargo-home:/opt/rustwide/cargo-home:ro,Z" "-v" "/var/lib/crater-agent-workspace/rustup-home:/opt/rustwide/rustup-home:ro,Z" "-e" "SOURCE_DIR=/opt/rustwide/workdir" "-e" "CARGO_TARGET_DIR=/opt/rustwide/target" "-e" "CARGO_INCREMENTAL=0" "-e" "RUST_BACKTRACE=full" "-e" "RUSTDOCFLAGS=--cap-lints=warn" "-e" "CARGO_HOME=/opt/rustwide/cargo-home" "-e" "RUSTUP_HOME=/opt/rustwide/rustup-home" "-w" "/opt/rustwide/workdir" "-m" "1610612736" "--user" "0:0" "--network" "none" "ghcr.io/rust-lang/crates-build-env/linux@sha256:34b6a614d2c27851fe6cbf88fbd1137609cefab8b10d0615aaeb6fd47975d74e" "/opt/rustwide/cargo-home/bin/cargo" "+1.54.0" "doc" "--frozen" "--no-deps" "--document-private-items" "--message-format=json", kill_on_drop: false }`
[INFO] [stdout] 07dd5030f132353f8e3f3464842b7300d942d3cdd3face1e2593cd91bcb65eb3
[INFO] running `Command { std: "docker" "start" "-a" "07dd5030f132353f8e3f3464842b7300d942d3cdd3face1e2593cd91bcb65eb3", kill_on_drop: false }`
[INFO] [stderr]     Blocking waiting for file lock on package cache
[INFO] [stderr]    Compiling libc v0.2.87
[INFO] [stderr]    Compiling proc-macro2 v1.0.24
[INFO] [stderr]    Compiling unicode-xid v0.2.1
[INFO] [stderr]     Checking cfg-if v1.0.0
[INFO] [stderr]    Compiling autocfg v1.0.1
[INFO] [stderr]    Compiling syn v1.0.60
[INFO] [stderr]    Compiling log v0.4.14
[INFO] [stderr]    Compiling bitflags v1.2.1
[INFO] [stderr]    Compiling memchr v2.3.4
[INFO] [stderr]     Checking ahash v0.4.7
[INFO] [stderr]     Checking pin-project-lite v0.2.6
[INFO] [stderr]    Compiling getrandom v0.2.2
[INFO] [stderr]     Checking scopeguard v1.1.0
[INFO] [stderr]     Checking smallvec v1.6.1
[INFO] [stderr]    Compiling anyhow v1.0.38
[INFO] [stderr]     Checking byteorder v1.4.2
[INFO] [stderr]     Checking slab v0.4.2
[INFO] [stderr]     Checking futures-core v0.3.13
[INFO] [stderr]    Compiling xml-rs v0.8.3
[INFO] [stderr]     Checking bytes v1.0.1
[INFO] [stderr]     Checking once_cell v1.7.2
[INFO] [stderr]    Compiling proc-macro-hack v0.5.19
[INFO] [stderr]    Compiling either v1.6.1
[INFO] [stderr]    Compiling proc-macro-nested v0.1.7
[INFO] [stderr]     Checking bit-vec v0.6.3
[INFO] [stderr]     Checking fixedbitset v0.2.0
[INFO] [stderr]     Checking futures-sink v0.3.13
[INFO] [stderr]    Compiling version_check v0.9.2
[INFO] [stderr]     Checking futures-io v0.3.13
[INFO] [stderr]     Checking futures-task v0.3.13
[INFO] [stderr]    Compiling ppv-lite86 v0.2.10
[INFO] [stderr]     Checking pin-utils v0.1.0
[INFO] [stderr]    Compiling rayon-core v1.9.0
[INFO] [stderr]     Checking itoa v0.4.7
[INFO] [stderr]     Checking scoped-tls v1.0.0
[INFO] [stderr]     Checking ttf-parser v0.6.2
[INFO] [stderr]     Checking downcast-rs v1.2.0
[INFO] [stderr]    Compiling nix v0.18.0
[INFO] [stderr]    Compiling unicode-segmentation v1.7.1
[INFO] [stderr]     Checking ab_glyph_rasterizer v0.1.4
[INFO] [stderr]     Checking fnv v1.0.7
[INFO] [stderr]    Compiling maybe-uninit v2.0.0
[INFO] [stderr]     Checking same-file v1.0.6
[INFO] [stderr]    Compiling khronos-egl v3.0.2
[INFO] [stderr]    Compiling remove_dir_all v0.5.3
[INFO] [stderr]    Compiling multimap v0.8.2
[INFO] [stderr]     Checking arrayvec v0.5.2
[INFO] [stderr]    Compiling serde_derive v1.0.123
[INFO] [stderr]    Compiling httparse v1.3.5
[INFO] [stderr]     Checking adler32 v1.2.0
[INFO] [stderr]    Compiling crc32fast v1.2.1
[INFO] [stderr]     Checking xdg v2.2.0
[INFO] [stderr]    Compiling cfg_aliases v0.1.1
[INFO] [stderr]     Checking try-lock v0.2.3
[INFO] [stderr]     Checking tower-service v0.3.1
[INFO] [stderr]     Checking adler v1.0.2
[INFO] [stderr]     Checking inplace_it v0.3.3
[INFO] [stderr]    Compiling serde v1.0.123
[INFO] [stderr]    Compiling ryu v1.0.5
[INFO] [stderr]     Checking glow v0.7.2
[INFO] [stderr]     Checking weezl v0.1.4
[INFO] [stderr]     Checking lazycell v1.3.0
[INFO] [stderr]     Checking percent-encoding v2.1.0
[INFO] [stderr]     Checking unicode-width v0.1.8
[INFO] [stderr]     Checking copyless v0.1.5
[INFO] [stderr]     Checking quick-error v1.2.3
[INFO] [stderr]     Checking tower-layer v0.3.1
[INFO] [stderr]    Compiling fs_extra v1.2.0
[INFO] [stderr]    Compiling serde_json v1.0.64
[INFO] [stderr]     Checking httpdate v0.3.2
[INFO] [stderr]     Checking regex-syntax v0.6.22
[INFO] [stderr]    Compiling glob v0.3.0
[INFO] [stderr]     Checking color_quant v1.1.0
[INFO] [stderr]     Checking termcolor v1.1.2
[INFO] [stderr]     Checking vec_map v0.8.2
[INFO] [stderr]     Checking scoped_threadpool v0.1.9
[INFO] [stderr]     Checking base64 v0.13.0
[INFO] [stderr]     Checking tracing-core v0.1.17
[INFO] [stderr]    Compiling wayland-sys v0.28.5
[INFO] [stderr]    Compiling x11-dl v2.18.5
[INFO] [stderr]     Checking libloading v0.6.7
[INFO] [stderr]     Checking libloading v0.7.0
[INFO] [stderr]     Checking instant v0.1.9
[INFO] [stderr]     Checking lock_api v0.4.2
[INFO] [stderr]    Compiling itertools v0.9.0
[INFO] [stderr]     Checking futures-channel v0.3.13
[INFO] [stderr]    Compiling wgpu-core v0.7.1
[INFO] [stderr]     Checking miniz_oxide v0.3.7
[INFO] [stderr]    Compiling hashbrown v0.9.1
[INFO] [stderr]     Checking fxhash v0.2.1
[INFO] [stderr]     Checking deflate v0.8.6
[INFO] [stderr]     Checking thread_local v1.1.3
[INFO] [stderr]     Checking bit-set v0.5.2
[INFO] [stderr]     Checking http v0.2.3
[INFO] [stderr]     Checking humantime v1.3.0
[INFO] [stderr]     Checking dlib v0.4.2
[INFO] [stderr]     Checking ash v0.31.0
[INFO] [stderr]    Compiling indexmap v1.6.2
[INFO] [stderr]    Compiling num-traits v0.2.14
[INFO] [stderr]    Compiling crossbeam-utils v0.8.3
[INFO] [stderr]    Compiling memoffset v0.6.1
[INFO] [stderr]    Compiling tokio v1.2.0
[INFO] [stderr]    Compiling rayon v1.5.0
[INFO] [stderr]    Compiling num-integer v0.1.44
[INFO] [stderr]    Compiling miniz_oxide v0.4.4
[INFO] [stderr]    Compiling num-iter v0.1.42
[INFO] [stderr]    Compiling num-rational v0.3.2
[INFO] [stderr]     Checking walkdir v2.3.1
[INFO] [stderr]     Checking textwrap v0.11.0
[INFO] [stderr]     Checking dlib v0.5.0
[INFO] [stderr]    Compiling nom v6.1.2
[INFO] [stderr]     Checking gif v0.11.1
[INFO] [stderr]     Checking gpu-descriptor-types v0.1.1
[INFO] [stderr]     Checking gpu-alloc-types v0.2.0
[INFO] [stderr]     Checking wgpu-types v0.7.0
[INFO] [stderr]     Checking want v0.3.0
[INFO] [stderr]    Compiling heck v0.3.2
[INFO] [stderr]     Checking aho-corasick v0.7.15
[INFO] [stderr]     Checking png v0.16.8
[INFO] [stderr]    Compiling quote v1.0.9
[INFO] [stderr]     Checking owned_ttf_parser v0.6.0
[INFO] [stderr]    Compiling wayland-scanner v0.28.5
[INFO] [stderr]     Checking petgraph v0.5.1
[INFO] [stderr]     Checking rusttype v0.9.2
[INFO] [stderr]     Checking andrew v0.3.1
[INFO] [stderr]     Checking crossbeam-epoch v0.9.3
[INFO] [stderr]     Checking crossbeam-channel v0.5.0
[INFO] [stderr]     Checking num_cpus v1.13.0
[INFO] [stderr]     Checking raw-window-handle v0.3.3
[INFO] [stderr]     Checking nix v0.20.0
[INFO] [stderr]     Checking parking_lot_core v0.8.3
[INFO] [stderr]     Checking mio v0.7.9
[INFO] [stderr]     Checking net2 v0.2.37
[INFO] [stderr]     Checking iovec v0.1.4
[INFO] [stderr]     Checking memmap2 v0.1.0
[INFO] [stderr]     Checking atty v0.2.14
[INFO] [stderr]     Checking socket2 v0.3.19
[INFO] [stderr]     Checking spirv_headers v1.5.0
[INFO] [stderr]    Compiling jobserver v0.1.21
[INFO] [stderr]     Checking http-body v0.4.0
[INFO] [stderr]     Checking clap v2.33.3
[INFO] [stderr]     Checking regex v1.4.3
[INFO] [stderr]     Checking rand_core v0.6.2
[INFO] [stderr]     Checking crossbeam-deque v0.8.0
[INFO] [stderr]     Checking parking_lot v0.11.1
[INFO] [stderr]     Checking mio v0.6.23
[INFO] [stderr]    Compiling cc v1.0.67
[INFO] [stderr]     Checking rand_chacha v0.3.0
[INFO] [stderr]    Compiling wayland-client v0.28.5
[INFO] [stderr]    Compiling wayland-protocols v0.28.5
[INFO] [stderr]     Checking xcursor v0.3.3
[INFO] [stderr]     Checking rand v0.8.3
[INFO] [stderr]    Compiling cmake v0.1.45
[INFO] [stderr]     Checking mio-extras v2.0.6
[INFO] [stderr]     Checking env_logger v0.7.1
[INFO] [stderr]    Compiling spirv_cross v0.23.1
[INFO] [stderr]    Compiling shaderc-sys v0.7.1
[INFO] [stderr]    Compiling tempfile v3.2.0
[INFO] [stderr] error: could not compile `ash`
[INFO] [stderr] 
[INFO] [stderr] Caused by:
[INFO] [stderr]   process didn't exit successfully: `rustc --crate-name ash --edition=2018 /opt/rustwide/cargo-home/registry/src/github.com-1ecc6299db9ec823/ash-0.31.0/src/lib.rs --error-format=json --json=diagnostic-rendered-ansi --crate-type lib --emit=dep-info,metadata -C embed-bitcode=no -C debuginfo=2 --cfg 'feature="default"' --cfg 'feature="libloading"' -C metadata=780d707f8e79f145 -C extra-filename=-780d707f8e79f145 --out-dir /opt/rustwide/target/debug/deps -L dependency=/opt/rustwide/target/debug/deps --extern libloading=/opt/rustwide/target/debug/deps/liblibloading-436bb1e630c71493.rmeta --cap-lints allow` (signal: 9, SIGKILL: kill)
[INFO] [stderr] warning: build failed, waiting for other jobs to finish...
[INFO] [stderr] The following warnings were emitted during compilation:
[INFO] [stderr] 
[INFO] [stderr] warning: src/wrapper.cpp:2: warning: ignoring #pragma warning  [-Wunknown-pragmas]
[INFO] [stderr] warning:     2 | #pragma warning(disable : 4996 4101)
[INFO] [stderr] warning:       | 
[INFO] [stderr] warning: c++: fatal error: Killed signal terminated program cc1plus
[INFO] [stderr] warning: compilation terminated.
[INFO] [stderr] warning: c++: fatal error: Killed signal terminated program cc1plus
[INFO] [stderr] warning: compilation terminated.
[INFO] [stderr] warning: c++: fatal error: Killed signal terminated program cc1plus
[INFO] [stderr] warning: compilation terminated.
[INFO] [stderr] warning: c++: fatal error: Killed signal terminated program cc1plus
[INFO] [stderr] warning: compilation terminated.
[INFO] [stderr] 
[INFO] running `Command { std: "docker" "inspect" "07dd5030f132353f8e3f3464842b7300d942d3cdd3face1e2593cd91bcb65eb3", kill_on_drop: false }`
[INFO] running `Command { std: "docker" "rm" "-f" "07dd5030f132353f8e3f3464842b7300d942d3cdd3face1e2593cd91bcb65eb3", kill_on_drop: false }`
[INFO] [stdout] 07dd5030f132353f8e3f3464842b7300d942d3cdd3face1e2593cd91bcb65eb3
