[INFO] cloning repository https://github.com/matheuslessarodrigues/fuzzyfocus
[INFO] running `Command { std: "git" "-c" "credential.helper=" "-c" "credential.helper=/workspace/cargo-home/bin/git-credential-null" "clone" "--bare" "https://github.com/matheuslessarodrigues/fuzzyfocus" "/workspace/cache/git-repos/https%3A%2F%2Fgithub.com%2Fmatheuslessarodrigues%2Ffuzzyfocus", kill_on_drop: false }`
[INFO] [stderr] Cloning into bare repository '/workspace/cache/git-repos/https%3A%2F%2Fgithub.com%2Fmatheuslessarodrigues%2Ffuzzyfocus'...
[INFO] running `Command { std: "git" "rev-parse" "HEAD", kill_on_drop: false }`
[INFO] [stdout] 4bae95f4f8d0122c9549e0b7c0f4d771d8838afc
[INFO] documenting matheuslessarodrigues/fuzzyfocus against 1.54.0 for beta-1.55-rustdoc-1
[INFO] running `Command { std: "git" "clone" "/workspace/cache/git-repos/https%3A%2F%2Fgithub.com%2Fmatheuslessarodrigues%2Ffuzzyfocus" "/workspace/builds/worker-7/source", kill_on_drop: false }`
[INFO] [stderr] Cloning into '/workspace/builds/worker-7/source'...
[INFO] [stderr] done.
[INFO] validating manifest of git repo https://github.com/matheuslessarodrigues/fuzzyfocus on toolchain 1.54.0
[INFO] running `Command { std: "/workspace/cargo-home/bin/cargo" "+1.54.0" "metadata" "--manifest-path" "Cargo.toml" "--no-deps", kill_on_drop: false }`
[INFO] started tweaking git repo https://github.com/matheuslessarodrigues/fuzzyfocus
[INFO] finished tweaking git repo https://github.com/matheuslessarodrigues/fuzzyfocus
[INFO] tweaked toml for git repo https://github.com/matheuslessarodrigues/fuzzyfocus written to /workspace/builds/worker-7/source/Cargo.toml
[INFO] crate git repo https://github.com/matheuslessarodrigues/fuzzyfocus already has a lockfile, it will not be regenerated
[INFO] running `Command { std: "/workspace/cargo-home/bin/cargo" "+1.54.0" "fetch" "--manifest-path" "Cargo.toml", kill_on_drop: false }`
[INFO] [stderr]     Blocking waiting for file lock on package cache
[INFO] [stderr]     Blocking waiting for file lock on package cache
[INFO] running `Command { std: "docker" "create" "-v" "/var/lib/crater-agent-workspace/builds/worker-7/target:/opt/rustwide/target:rw,Z" "-v" "/var/lib/crater-agent-workspace/builds/worker-7/source:/opt/rustwide/workdir:ro,Z" "-v" "/var/lib/crater-agent-workspace/cargo-home:/opt/rustwide/cargo-home:ro,Z" "-v" "/var/lib/crater-agent-workspace/rustup-home:/opt/rustwide/rustup-home:ro,Z" "-e" "SOURCE_DIR=/opt/rustwide/workdir" "-e" "CARGO_TARGET_DIR=/opt/rustwide/target" "-e" "CARGO_HOME=/opt/rustwide/cargo-home" "-e" "RUSTUP_HOME=/opt/rustwide/rustup-home" "-w" "/opt/rustwide/workdir" "-m" "1610612736" "--user" "0:0" "--network" "none" "ghcr.io/rust-lang/crates-build-env/linux@sha256:34b6a614d2c27851fe6cbf88fbd1137609cefab8b10d0615aaeb6fd47975d74e" "/opt/rustwide/cargo-home/bin/cargo" "+1.54.0" "metadata" "--no-deps" "--format-version=1", kill_on_drop: false }`
[INFO] [stdout] 0225592fc999a4de0341ab57ce7f51305d70132fce3afb54b6fac190ed3aaab1
[INFO] running `Command { std: "docker" "start" "-a" "0225592fc999a4de0341ab57ce7f51305d70132fce3afb54b6fac190ed3aaab1", kill_on_drop: false }`
[INFO] running `Command { std: "docker" "inspect" "0225592fc999a4de0341ab57ce7f51305d70132fce3afb54b6fac190ed3aaab1", kill_on_drop: false }`
[INFO] running `Command { std: "docker" "rm" "-f" "0225592fc999a4de0341ab57ce7f51305d70132fce3afb54b6fac190ed3aaab1", kill_on_drop: false }`
[INFO] [stdout] 0225592fc999a4de0341ab57ce7f51305d70132fce3afb54b6fac190ed3aaab1
[INFO] running `Command { std: "docker" "create" "-v" "/var/lib/crater-agent-workspace/builds/worker-7/target:/opt/rustwide/target:rw,Z" "-v" "/var/lib/crater-agent-workspace/builds/worker-7/source:/opt/rustwide/workdir:ro,Z" "-v" "/var/lib/crater-agent-workspace/cargo-home:/opt/rustwide/cargo-home:ro,Z" "-v" "/var/lib/crater-agent-workspace/rustup-home:/opt/rustwide/rustup-home:ro,Z" "-e" "SOURCE_DIR=/opt/rustwide/workdir" "-e" "CARGO_TARGET_DIR=/opt/rustwide/target" "-e" "CARGO_INCREMENTAL=0" "-e" "RUST_BACKTRACE=full" "-e" "RUSTDOCFLAGS=--cap-lints=warn" "-e" "CARGO_HOME=/opt/rustwide/cargo-home" "-e" "RUSTUP_HOME=/opt/rustwide/rustup-home" "-w" "/opt/rustwide/workdir" "-m" "1610612736" "--user" "0:0" "--network" "none" "ghcr.io/rust-lang/crates-build-env/linux@sha256:34b6a614d2c27851fe6cbf88fbd1137609cefab8b10d0615aaeb6fd47975d74e" "/opt/rustwide/cargo-home/bin/cargo" "+1.54.0" "doc" "--frozen" "--no-deps" "--document-private-items" "--message-format=json", kill_on_drop: false }`
[INFO] [stdout] ec5a7d4911bbb3d4a982980db4e9a7953bc09f05d75d9e0655d8231292c813f5
[INFO] running `Command { std: "docker" "start" "-a" "ec5a7d4911bbb3d4a982980db4e9a7953bc09f05d75d9e0655d8231292c813f5", kill_on_drop: false }`
[INFO] [stderr]     Blocking waiting for file lock on package cache
[INFO] [stderr]    Compiling libc v0.2.69
[INFO] [stderr]    Compiling proc-macro2 v1.0.10
[INFO] [stderr]    Compiling syn v1.0.18
[INFO] [stderr]    Compiling winapi v0.3.8
[INFO] [stderr]     Checking unicode-width v0.1.7
[INFO] [stderr]     Checking unicode-segmentation v1.6.0
[INFO] [stderr]     Checking utf8parse v0.2.0
[INFO] [stderr]     Checking thread_local v1.0.1
[INFO] [stderr]     Checking fuzzy-matcher v0.3.4
[INFO] [stderr]    Compiling quote v1.0.3
[INFO] [stderr]     Checking dirs-sys v0.3.4
[INFO] [stderr]     Checking nix v0.17.0
[INFO] [stderr]     Checking dirs v2.0.2
[INFO] [stderr]    Compiling rustyline-derive v0.3.1
[INFO] [stderr]     Checking rustyline v6.1.2
[INFO] [stderr]  Documenting fuzzyfocus v0.1.0 (/opt/rustwide/workdir)
[INFO] [stdout] error[E0433]: failed to resolve: could not find `windows` in `os`
[INFO] [stdout]  --> src/main.rs:1:43
[INFO] [stdout]   |
[INFO] [stdout] 1 | use std::{ffi::OsString, mem::zeroed, os::windows::ffi::OsStringExt, thread};
[INFO] [stdout]   |                                           ^^^^^^^ could not find `windows` in `os`
[INFO] [stdout] 
[INFO] [stdout] 
[INFO] [stdout] error[E0433]: failed to resolve: could not find `shared` in `winapi`
[INFO] [stdout]  --> src/main.rs:4:5
[INFO] [stdout]   |
[INFO] [stdout] 4 |     shared::{minwindef::*, windef::*},
[INFO] [stdout]   |     ^^^^^^ could not find `shared` in `winapi`
[INFO] [stdout] 
[INFO] [stdout] 
[INFO] [stdout] error[E0433]: failed to resolve: could not find `um` in `winapi`
[INFO] [stdout]  --> src/main.rs:5:5
[INFO] [stdout]   |
[INFO] [stdout] 5 |     um::{consoleapi::*, libloaderapi::*, wincon::*, winnt::*, winuser::*},
[INFO] [stdout]   |     ^^ could not find `um` in `winapi`
[INFO] [stdout] 
[INFO] [stdout] 
[INFO] [stdout] error[E0412]: cannot find type `HWND` in this scope
[INFO] [stdout]   --> src/main.rs:14:15
[INFO] [stdout]    |
[INFO] [stdout] 14 |     pub hwnd: HWND,
[INFO] [stdout]    |               ^^^^ not found in this scope
[INFO] [stdout] 
[INFO] [stdout] 
[INFO] [stdout] error[E0412]: cannot find type `HWND` in this scope
[INFO] [stdout]   --> src/main.rs:33:33
[INFO] [stdout]    |
[INFO] [stdout] 33 | unsafe fn get_window_name(hwnd: HWND) -> Option<String> {
[INFO] [stdout]    |                                 ^^^^ not found in this scope
[INFO] [stdout] 
[INFO] [stdout] 
[INFO] [stdout] error[E0412]: cannot find type `HWND` in this scope
[INFO] [stdout]   --> src/main.rs:40:55
[INFO] [stdout]    |
[INFO] [stdout] 40 |     unsafe extern "system" fn enum_windows_proc(hwnd: HWND, list_raw: LPARAM) -> i32 {
[INFO] [stdout]    |                                                       ^^^^ not found in this scope
[INFO] [stdout] 
[INFO] [stdout] 
[INFO] [stdout] error[E0412]: cannot find type `LPARAM` in this scope
[INFO] [stdout]   --> src/main.rs:40:71
[INFO] [stdout]    |
[INFO] [stdout] 40 |     unsafe extern "system" fn enum_windows_proc(hwnd: HWND, list_raw: LPARAM) -> i32 {
[INFO] [stdout]    |                                                                       ^^^^^^ not found in this scope
[INFO] [stdout] 
[INFO] [stdout] 
[INFO] [stdout] error[E0412]: cannot find type `HWND` in this scope
[INFO] [stdout]   --> src/main.rs:64:30
[INFO] [stdout]    |
[INFO] [stdout] 64 | unsafe fn focus_window(hwnd: HWND) {
[INFO] [stdout]    |                              ^^^^ not found in this scope
[INFO] [stdout] 
[INFO] [stdout] 
[INFO] [stdout] error[E0412]: cannot find type `WPARAM` in this scope
[INFO] [stdout]    --> src/main.rs:159:18
[INFO] [stdout]     |
[INFO] [stdout] 159 |         w_param: WPARAM,
[INFO] [stdout]     |                  ^^^^^^ not found in this scope
[INFO] [stdout] 
[INFO] [stdout] 
[INFO] [stdout] error[E0412]: cannot find type `LPARAM` in this scope
[INFO] [stdout]    --> src/main.rs:160:18
[INFO] [stdout]     |
[INFO] [stdout] 160 |         l_param: LPARAM,
[INFO] [stdout]     |                  ^^^^^^ not found in this scope
[INFO] [stdout] 
[INFO] [stdout] 
[INFO] [stdout] error[E0412]: cannot find type `LRESULT` in this scope
[INFO] [stdout]    --> src/main.rs:161:10
[INFO] [stdout]     |
[INFO] [stdout] 161 |     ) -> LRESULT {
[INFO] [stdout]     |          ^^^^^^^ not found in this scope
[INFO] [stdout] 
[INFO] [stdout] 
[INFO] [stdout] error: Compilation failed, aborting rustdoc
[INFO] [stdout] 
[INFO] [stdout] 
[INFO] [stdout] error: aborting due to 12 previous errors
[INFO] [stdout] 
[INFO] [stdout] 
[INFO] [stdout] Some errors have detailed explanations: E0412, E0433.
[INFO] [stdout] 
[INFO] [stdout] For more information about an error, try `rustc --explain E0412`.
[INFO] [stdout] 
[INFO] [stderr] error: could not document `fuzzyfocus`
[INFO] [stderr] 
[INFO] [stderr] Caused by:
[INFO] [stderr]   process didn't exit successfully: `rustdoc --edition=2018 --crate-type bin --crate-name fuzzyfocus src/main.rs -o /opt/rustwide/target/doc --error-format=json --json=diagnostic-rendered-ansi --document-private-items -L dependency=/opt/rustwide/target/debug/deps --extern fuzzy_matcher=/opt/rustwide/target/debug/deps/libfuzzy_matcher-668beb3979d57b91.rmeta --extern rustyline=/opt/rustwide/target/debug/deps/librustyline-3ee3fb381630e2d0.rmeta --extern rustyline_derive=/opt/rustwide/target/debug/deps/librustyline_derive-cb0c6f59f20d2e3f.so --extern winapi=/opt/rustwide/target/debug/deps/libwinapi-ddec710a24f9538e.rmeta --cap-lints=warn --crate-version 0.1.0` (exit status: 1)
[INFO] running `Command { std: "docker" "inspect" "ec5a7d4911bbb3d4a982980db4e9a7953bc09f05d75d9e0655d8231292c813f5", kill_on_drop: false }`
[INFO] running `Command { std: "docker" "rm" "-f" "ec5a7d4911bbb3d4a982980db4e9a7953bc09f05d75d9e0655d8231292c813f5", kill_on_drop: false }`
[INFO] [stdout] ec5a7d4911bbb3d4a982980db4e9a7953bc09f05d75d9e0655d8231292c813f5
