[INFO] cloning repository https://github.com/masche842/rust-ftd2xx
[INFO] running `Command { std: "git" "-c" "credential.helper=" "-c" "credential.helper=/workspace/cargo-home/bin/git-credential-null" "clone" "--bare" "https://github.com/masche842/rust-ftd2xx" "/workspace/cache/git-repos/https%3A%2F%2Fgithub.com%2Fmasche842%2Frust-ftd2xx", kill_on_drop: false }`
[INFO] [stderr] Cloning into bare repository '/workspace/cache/git-repos/https%3A%2F%2Fgithub.com%2Fmasche842%2Frust-ftd2xx'...
[INFO] running `Command { std: "git" "rev-parse" "HEAD", kill_on_drop: false }`
[INFO] [stdout] 2f96ca513b447fe133b5f98afa7c9a9fdf042880
[INFO] documenting masche842/rust-ftd2xx against beta-2021-08-01 for beta-1.55-rustdoc-1
[INFO] running `Command { std: "git" "clone" "/workspace/cache/git-repos/https%3A%2F%2Fgithub.com%2Fmasche842%2Frust-ftd2xx" "/workspace/builds/worker-75/source", kill_on_drop: false }`
[INFO] [stderr] Cloning into '/workspace/builds/worker-75/source'...
[INFO] [stderr] done.
[INFO] validating manifest of git repo https://github.com/masche842/rust-ftd2xx on toolchain beta-2021-08-01
[INFO] running `Command { std: "/workspace/cargo-home/bin/cargo" "+beta-2021-08-01" "metadata" "--manifest-path" "Cargo.toml" "--no-deps", kill_on_drop: false }`
[INFO] started tweaking git repo https://github.com/masche842/rust-ftd2xx
[INFO] finished tweaking git repo https://github.com/masche842/rust-ftd2xx
[INFO] tweaked toml for git repo https://github.com/masche842/rust-ftd2xx written to /workspace/builds/worker-75/source/Cargo.toml
[INFO] crate git repo https://github.com/masche842/rust-ftd2xx already has a lockfile, it will not be regenerated
[INFO] running `Command { std: "/workspace/cargo-home/bin/cargo" "+beta-2021-08-01" "fetch" "--manifest-path" "Cargo.toml", kill_on_drop: false }`
[INFO] [stderr]     Blocking waiting for file lock on package cache
[INFO] [stderr]     Blocking waiting for file lock on package cache
[INFO] running `Command { std: "docker" "create" "-v" "/var/lib/crater-agent-workspace/builds/worker-75/target:/opt/rustwide/target:rw,Z" "-v" "/var/lib/crater-agent-workspace/builds/worker-75/source:/opt/rustwide/workdir:ro,Z" "-v" "/var/lib/crater-agent-workspace/cargo-home:/opt/rustwide/cargo-home:ro,Z" "-v" "/var/lib/crater-agent-workspace/rustup-home:/opt/rustwide/rustup-home:ro,Z" "-e" "SOURCE_DIR=/opt/rustwide/workdir" "-e" "CARGO_TARGET_DIR=/opt/rustwide/target" "-e" "CARGO_HOME=/opt/rustwide/cargo-home" "-e" "RUSTUP_HOME=/opt/rustwide/rustup-home" "-w" "/opt/rustwide/workdir" "-m" "1610612736" "--user" "0:0" "--network" "none" "ghcr.io/rust-lang/crates-build-env/linux@sha256:34b6a614d2c27851fe6cbf88fbd1137609cefab8b10d0615aaeb6fd47975d74e" "/opt/rustwide/cargo-home/bin/cargo" "+beta-2021-08-01" "metadata" "--no-deps" "--format-version=1", kill_on_drop: false }`
[INFO] [stdout] f2661eaa347379f5ce5a4b493555ae2ea01caf6766b5d52ddb7c1d673c05ee63
[INFO] running `Command { std: "docker" "start" "-a" "f2661eaa347379f5ce5a4b493555ae2ea01caf6766b5d52ddb7c1d673c05ee63", kill_on_drop: false }`
[INFO] running `Command { std: "docker" "inspect" "f2661eaa347379f5ce5a4b493555ae2ea01caf6766b5d52ddb7c1d673c05ee63", kill_on_drop: false }`
[INFO] running `Command { std: "docker" "rm" "-f" "f2661eaa347379f5ce5a4b493555ae2ea01caf6766b5d52ddb7c1d673c05ee63", kill_on_drop: false }`
[INFO] [stdout] f2661eaa347379f5ce5a4b493555ae2ea01caf6766b5d52ddb7c1d673c05ee63
[INFO] running `Command { std: "docker" "create" "-v" "/var/lib/crater-agent-workspace/builds/worker-75/target:/opt/rustwide/target:rw,Z" "-v" "/var/lib/crater-agent-workspace/builds/worker-75/source:/opt/rustwide/workdir:ro,Z" "-v" "/var/lib/crater-agent-workspace/cargo-home:/opt/rustwide/cargo-home:ro,Z" "-v" "/var/lib/crater-agent-workspace/rustup-home:/opt/rustwide/rustup-home:ro,Z" "-e" "SOURCE_DIR=/opt/rustwide/workdir" "-e" "CARGO_TARGET_DIR=/opt/rustwide/target" "-e" "CARGO_INCREMENTAL=0" "-e" "RUST_BACKTRACE=full" "-e" "RUSTDOCFLAGS=--cap-lints=warn" "-e" "CARGO_HOME=/opt/rustwide/cargo-home" "-e" "RUSTUP_HOME=/opt/rustwide/rustup-home" "-w" "/opt/rustwide/workdir" "-m" "1610612736" "--user" "0:0" "--network" "none" "ghcr.io/rust-lang/crates-build-env/linux@sha256:34b6a614d2c27851fe6cbf88fbd1137609cefab8b10d0615aaeb6fd47975d74e" "/opt/rustwide/cargo-home/bin/cargo" "+beta-2021-08-01" "doc" "--frozen" "--no-deps" "--document-private-items" "--message-format=json", kill_on_drop: false }`
[INFO] [stdout] 7e3586dc44337d1d16035c8f728eed4568af801270e4bee5e166ec2ef1c1cca4
[INFO] running `Command { std: "docker" "start" "-a" "7e3586dc44337d1d16035c8f728eed4568af801270e4bee5e166ec2ef1c1cca4", kill_on_drop: false }`
[INFO] [stderr]  Documenting rust-ftd2xx v0.0.1 (/opt/rustwide/workdir)
[INFO] [stdout] error: expected one of `!`, `(`, `+`, `::`, `;`, `<`, or `]`, found `,`
[INFO] [stdout]   --> src/constants.rs:72:23
[INFO] [stdout]    |
[INFO] [stdout] 72 |    SerialNumber: [CHAR, ..16],
[INFO] [stdout]    |                       ^ expected one of 7 possible tokens
[INFO] [stdout] 
[INFO] [stdout] 
[INFO] [stdout] error[E0432]: unresolved import `std::c_vec`
[INFO] [stdout]   --> src/lib.rs:16:5
[INFO] [stdout]    |
[INFO] [stdout] 16 | use std::c_vec;
[INFO] [stdout]    |     ^^^^^^^^^^ no `c_vec` in the root
[INFO] [stdout] 
[INFO] [stdout] 
[INFO] [stdout] error: cannot find attribute `comment` in this scope
[INFO] [stdout]  --> src/lib.rs:6:4
[INFO] [stdout]   |
[INFO] [stdout] 6 | #![comment = "FTDI d2xx driver bindings"]
[INFO] [stdout]   |    ^^^^^^^
[INFO] [stdout] 
[INFO] [stdout] 
[INFO] [stdout] error: cannot find attribute `license` in this scope
[INFO] [stdout]  --> src/lib.rs:7:4
[INFO] [stdout]   |
[INFO] [stdout] 7 | #![license = "MIT"]
[INFO] [stdout]   |    ^^^^^^^
[INFO] [stdout] 
[INFO] [stdout] 
[INFO] [stdout] error: cannot determine resolution for the attribute macro `test`
[INFO] [stdout]    --> src/lib.rs:132:3
[INFO] [stdout]     |
[INFO] [stdout] 132 | #[test]
[INFO] [stdout]     |   ^^^^
[INFO] [stdout]     |
[INFO] [stdout]     = note: import resolution is stuck, try simplifying macro imports
[INFO] [stdout] 
[INFO] [stdout] 
[INFO] [stdout] error: cannot determine resolution for the attribute macro `test`
[INFO] [stdout]    --> src/lib.rs:143:3
[INFO] [stdout]     |
[INFO] [stdout] 143 | #[test]
[INFO] [stdout]     |   ^^^^
[INFO] [stdout]     |
[INFO] [stdout]     = note: import resolution is stuck, try simplifying macro imports
[INFO] [stdout] 
[INFO] [stdout] 
[INFO] [stdout] error: cannot determine resolution for the attribute macro `test`
[INFO] [stdout]    --> src/lib.rs:153:3
[INFO] [stdout]     |
[INFO] [stdout] 153 | #[test]
[INFO] [stdout]     |   ^^^^
[INFO] [stdout]     |
[INFO] [stdout]     = note: import resolution is stuck, try simplifying macro imports
[INFO] [stdout] 
[INFO] [stdout] 
[INFO] [stdout] error[E0405]: cannot find trait `Show` in module `core::fmt`
[INFO] [stdout]   --> src/constants.rs:39:17
[INFO] [stdout]    |
[INFO] [stdout] 39 | impl core::fmt::Show for FT_STATUS {
[INFO] [stdout]    |                 ^^^^ not found in `core::fmt`
[INFO] [stdout] 
[INFO] [stdout] 
[INFO] [stdout] error[E0412]: cannot find type `uint` in this scope
[INFO] [stdout]   --> src/typedefs.rs:20:24
[INFO] [stdout]    |
[INFO] [stdout] 20 | pub type   BOOL      = uint;
[INFO] [stdout]    |                        ^^^^ not found in this scope
[INFO] [stdout] 
[INFO] [stdout] 
[INFO] [stdout] error[E0412]: cannot find type `uint` in this scope
[INFO] [stdout]   --> src/typedefs.rs:29:24
[INFO] [stdout]    |
[INFO] [stdout] 29 | pub type   LONG      = uint;
[INFO] [stdout]    |                        ^^^^ not found in this scope
[INFO] [stdout] 
[INFO] [stdout] 
[INFO] [stdout] error[E0412]: cannot find type `int` in this scope
[INFO] [stdout]   --> src/typedefs.rs:30:24
[INFO] [stdout]    |
[INFO] [stdout] 30 | pub type   INT       = int;
[INFO] [stdout]    |                        ^^^
[INFO] [stdout]    |                        |
[INFO] [stdout]    |                        not found in this scope
[INFO] [stdout]    |                        help: perhaps you intended to use this type: `i32`
[INFO] [stdout] 
[INFO] [stdout] 
[INFO] [stdout] error[E0412]: cannot find type `uint` in this scope
[INFO] [stdout]   --> src/typedefs.rs:31:24
[INFO] [stdout]    |
[INFO] [stdout] 31 | pub type   UINT      = uint;
[INFO] [stdout]    |                        ^^^^ not found in this scope
[INFO] [stdout] 
[INFO] [stdout] 
[INFO] [stdout] error[E0554]: `#![feature]` may not be used on the beta release channel
[INFO] [stdout]  --> src/lib.rs:1:1
[INFO] [stdout]   |
[INFO] [stdout] 1 | #![feature(globs)]
[INFO] [stdout]   | ^^^^^^^^^^^^^^^^^^ help: remove the attribute
[INFO] [stdout]   |
[INFO] [stdout]   = help: the feature `globs` has been stable since 1.0.0 and no longer requires an attribute to enable
[INFO] [stdout] 
[INFO] [stdout] 
[INFO] [stdout] error: Compilation failed, aborting rustdoc
[INFO] [stdout] 
[INFO] [stdout] 
[INFO] [stdout] error: aborting due to 14 previous errors
[INFO] [stdout] 
[INFO] [stdout] 
[INFO] [stdout] Some errors have detailed explanations: E0405, E0412, E0432, E0554.
[INFO] [stdout] 
[INFO] [stdout] For more information about an error, try `rustc --explain E0405`.
[INFO] [stdout] 
[INFO] [stderr] error: could not document `rust-ftd2xx`
[INFO] [stderr] 
[INFO] [stderr] Caused by:
[INFO] [stderr]   process didn't exit successfully: `rustdoc --crate-type lib --crate-name rust_ftd2xx src/lib.rs -o /opt/rustwide/target/doc --error-format=json --json=diagnostic-rendered-ansi --document-private-items -L dependency=/opt/rustwide/target/debug/deps --cap-lints=warn --crate-version 0.0.1` (exit status: 1)
[INFO] running `Command { std: "docker" "inspect" "7e3586dc44337d1d16035c8f728eed4568af801270e4bee5e166ec2ef1c1cca4", kill_on_drop: false }`
[INFO] running `Command { std: "docker" "rm" "-f" "7e3586dc44337d1d16035c8f728eed4568af801270e4bee5e166ec2ef1c1cca4", kill_on_drop: false }`
[INFO] [stdout] 7e3586dc44337d1d16035c8f728eed4568af801270e4bee5e166ec2ef1c1cca4
