[INFO] cloning repository https://github.com/maroider/win32_windowing
[INFO] running `Command { std: "git" "-c" "credential.helper=" "-c" "credential.helper=/workspace/cargo-home/bin/git-credential-null" "clone" "--bare" "https://github.com/maroider/win32_windowing" "/workspace/cache/git-repos/https%3A%2F%2Fgithub.com%2Fmaroider%2Fwin32_windowing", kill_on_drop: false }`
[INFO] [stderr] Cloning into bare repository '/workspace/cache/git-repos/https%3A%2F%2Fgithub.com%2Fmaroider%2Fwin32_windowing'...
[INFO] running `Command { std: "git" "rev-parse" "HEAD", kill_on_drop: false }`
[INFO] [stdout] 67eb548b80649f93ba1a9bf03f812461bd500148
[INFO] documenting maroider/win32_windowing against 1.54.0 for beta-1.55-rustdoc-1
[INFO] running `Command { std: "git" "clone" "/workspace/cache/git-repos/https%3A%2F%2Fgithub.com%2Fmaroider%2Fwin32_windowing" "/workspace/builds/worker-61/source", kill_on_drop: false }`
[INFO] [stderr] Cloning into '/workspace/builds/worker-61/source'...
[INFO] [stderr] done.
[INFO] validating manifest of git repo https://github.com/maroider/win32_windowing on toolchain 1.54.0
[INFO] running `Command { std: "/workspace/cargo-home/bin/cargo" "+1.54.0" "metadata" "--manifest-path" "Cargo.toml" "--no-deps", kill_on_drop: false }`
[INFO] started tweaking git repo https://github.com/maroider/win32_windowing
[INFO] finished tweaking git repo https://github.com/maroider/win32_windowing
[INFO] tweaked toml for git repo https://github.com/maroider/win32_windowing written to /workspace/builds/worker-61/source/Cargo.toml
[INFO] crate git repo https://github.com/maroider/win32_windowing already has a lockfile, it will not be regenerated
[INFO] running `Command { std: "/workspace/cargo-home/bin/cargo" "+1.54.0" "fetch" "--manifest-path" "Cargo.toml", kill_on_drop: false }`
[INFO] [stderr]     Blocking waiting for file lock on package cache
[INFO] running `Command { std: "docker" "create" "-v" "/var/lib/crater-agent-workspace/builds/worker-61/target:/opt/rustwide/target:rw,Z" "-v" "/var/lib/crater-agent-workspace/builds/worker-61/source:/opt/rustwide/workdir:ro,Z" "-v" "/var/lib/crater-agent-workspace/cargo-home:/opt/rustwide/cargo-home:ro,Z" "-v" "/var/lib/crater-agent-workspace/rustup-home:/opt/rustwide/rustup-home:ro,Z" "-e" "SOURCE_DIR=/opt/rustwide/workdir" "-e" "CARGO_TARGET_DIR=/opt/rustwide/target" "-e" "CARGO_HOME=/opt/rustwide/cargo-home" "-e" "RUSTUP_HOME=/opt/rustwide/rustup-home" "-w" "/opt/rustwide/workdir" "-m" "1610612736" "--user" "0:0" "--network" "none" "ghcr.io/rust-lang/crates-build-env/linux@sha256:34b6a614d2c27851fe6cbf88fbd1137609cefab8b10d0615aaeb6fd47975d74e" "/opt/rustwide/cargo-home/bin/cargo" "+1.54.0" "metadata" "--no-deps" "--format-version=1", kill_on_drop: false }`
[INFO] [stdout] bbe06d8f59bc1aca8b9ef69ec972c9db06b6fec99ab49362f1d83c306684091c
[INFO] running `Command { std: "docker" "start" "-a" "bbe06d8f59bc1aca8b9ef69ec972c9db06b6fec99ab49362f1d83c306684091c", kill_on_drop: false }`
[INFO] running `Command { std: "docker" "inspect" "bbe06d8f59bc1aca8b9ef69ec972c9db06b6fec99ab49362f1d83c306684091c", kill_on_drop: false }`
[INFO] running `Command { std: "docker" "rm" "-f" "bbe06d8f59bc1aca8b9ef69ec972c9db06b6fec99ab49362f1d83c306684091c", kill_on_drop: false }`
[INFO] [stdout] bbe06d8f59bc1aca8b9ef69ec972c9db06b6fec99ab49362f1d83c306684091c
[INFO] running `Command { std: "docker" "create" "-v" "/var/lib/crater-agent-workspace/builds/worker-61/target:/opt/rustwide/target:rw,Z" "-v" "/var/lib/crater-agent-workspace/builds/worker-61/source:/opt/rustwide/workdir:ro,Z" "-v" "/var/lib/crater-agent-workspace/cargo-home:/opt/rustwide/cargo-home:ro,Z" "-v" "/var/lib/crater-agent-workspace/rustup-home:/opt/rustwide/rustup-home:ro,Z" "-e" "SOURCE_DIR=/opt/rustwide/workdir" "-e" "CARGO_TARGET_DIR=/opt/rustwide/target" "-e" "CARGO_INCREMENTAL=0" "-e" "RUST_BACKTRACE=full" "-e" "RUSTDOCFLAGS=--cap-lints=warn" "-e" "CARGO_HOME=/opt/rustwide/cargo-home" "-e" "RUSTUP_HOME=/opt/rustwide/rustup-home" "-w" "/opt/rustwide/workdir" "-m" "1610612736" "--user" "0:0" "--network" "none" "ghcr.io/rust-lang/crates-build-env/linux@sha256:34b6a614d2c27851fe6cbf88fbd1137609cefab8b10d0615aaeb6fd47975d74e" "/opt/rustwide/cargo-home/bin/cargo" "+1.54.0" "doc" "--frozen" "--no-deps" "--document-private-items" "--message-format=json", kill_on_drop: false }`
[INFO] [stdout] 114ebd9e3a3258c3d06954cf2a2cef2b14fe5a52ca1d4d725d5e80854b1f90b8
[INFO] running `Command { std: "docker" "start" "-a" "114ebd9e3a3258c3d06954cf2a2cef2b14fe5a52ca1d4d725d5e80854b1f90b8", kill_on_drop: false }`
[INFO] [stderr]    Compiling winapi v0.3.9
[INFO] [stderr]     Checking widestring v0.4.3
[INFO] [stderr]     Checking win32_windowing v0.1.0 (/opt/rustwide/workdir)
[INFO] [stderr]  Documenting win32_windowing v0.1.0 (/opt/rustwide/workdir)
[INFO] [stdout] error[E0433]: failed to resolve: could not find `shared` in `winapi`
[INFO] [stdout]  --> src/lib.rs:1:13
[INFO] [stdout]   |
[INFO] [stdout] 1 | use winapi::shared::minwindef::UINT;
[INFO] [stdout]   |             ^^^^^^ could not find `shared` in `winapi`
[INFO] [stdout] 
[INFO] [stdout] 
[INFO] [stdout] error[E0432]: unresolved import `winapi::um`
[INFO] [stdout]  --> src/lib.rs:2:13
[INFO] [stdout]   |
[INFO] [stdout] 2 | use winapi::um::winuser;
[INFO] [stdout]   |             ^^ could not find `um` in `winapi`
[INFO] [stdout] 
[INFO] [stdout] 
[INFO] [stdout] error[E0433]: failed to resolve: could not find `shared` in `winapi`
[INFO] [stdout]  --> src/lib.rs:1:13
[INFO] [stdout]   |
[INFO] [stdout] 1 | use winapi::shared::minwindef::UINT;
[INFO] [stdout]   |             ^^^^^^ could not find `shared` in `winapi`
[INFO] [stdout] 
[INFO] [stdout] 
[INFO] [stdout] error[E0432]: unresolved import `winapi::um`
[INFO] [stdout]  --> src/lib.rs:2:13
[INFO] [stdout]   |
[INFO] [stdout] 2 | use winapi::um::winuser;
[INFO] [stdout]   |             ^^ could not find `um` in `winapi`
[INFO] [stdout] 
[INFO] [stdout] 
[INFO] [stdout] error[E0412]: cannot find type `UINT` in this scope
[INFO] [stdout]  --> src/lib.rs:4:21
[INFO] [stdout]   |
[INFO] [stdout] 4 | pub fn dbg_msg(msg: UINT) -> String {
[INFO] [stdout]   |                     ^^^^ not found in this scope
[INFO] [stdout] 
[INFO] [stdout] 
[INFO] [stdout] error[E0412]: cannot find type `UINT` in this scope
[INFO] [stdout]  --> src/lib.rs:4:21
[INFO] [stdout]   |
[INFO] [stdout] 4 | pub fn dbg_msg(msg: UINT) -> String {
[INFO] [stdout]   |                     ^^^^ not found in this scope
[INFO] [stdout] 
[INFO] [stdout] 
[INFO] [stdout] error: Compilation failed, aborting rustdoc
[INFO] [stdout] 
[INFO] [stdout] 
[INFO] [stdout] error: aborting due to 4 previous errors
[INFO] [stdout] 
[INFO] [stdout] 
[INFO] [stdout] Some errors have detailed explanations: E0412, E0432, E0433.
[INFO] [stdout] 
[INFO] [stdout] For more information about an error, try `rustc --explain E0412`.
[INFO] [stdout] 
[INFO] [stderr] error: could not document `win32_windowing`
[INFO] [stderr] 
[INFO] [stderr] Caused by:
[INFO] [stderr]   process didn't exit successfully: `rustdoc --edition=2018 --crate-type lib --crate-name win32_windowing src/lib.rs -o /opt/rustwide/target/doc --error-format=json --json=diagnostic-rendered-ansi --document-private-items -L dependency=/opt/rustwide/target/debug/deps --extern widestring=/opt/rustwide/target/debug/deps/libwidestring-39037ee86510211a.rmeta --extern winapi=/opt/rustwide/target/debug/deps/libwinapi-80d2341aff14d830.rmeta --cap-lints=warn --crate-version 0.1.0` (exit status: 1)
[INFO] [stderr] warning: build failed, waiting for other jobs to finish...
[INFO] [stdout] error: aborting due to 3 previous errors
[INFO] [stdout] 
[INFO] [stdout] 
[INFO] [stdout] Some errors have detailed explanations: E0412, E0432, E0433.
[INFO] [stdout] 
[INFO] [stdout] For more information about an error, try `rustc --explain E0412`.
[INFO] [stdout] 
[INFO] [stderr] error: build failed
[INFO] running `Command { std: "docker" "inspect" "114ebd9e3a3258c3d06954cf2a2cef2b14fe5a52ca1d4d725d5e80854b1f90b8", kill_on_drop: false }`
[INFO] running `Command { std: "docker" "rm" "-f" "114ebd9e3a3258c3d06954cf2a2cef2b14fe5a52ca1d4d725d5e80854b1f90b8", kill_on_drop: false }`
[INFO] [stdout] 114ebd9e3a3258c3d06954cf2a2cef2b14fe5a52ca1d4d725d5e80854b1f90b8
