[INFO] cloning repository https://github.com/makiri1993/timeular-cli
[INFO] running `Command { std: "git" "-c" "credential.helper=" "-c" "credential.helper=/workspace/cargo-home/bin/git-credential-null" "clone" "--bare" "https://github.com/makiri1993/timeular-cli" "/workspace/cache/git-repos/https%3A%2F%2Fgithub.com%2Fmakiri1993%2Ftimeular-cli", kill_on_drop: false }`
[INFO] [stderr] Cloning into bare repository '/workspace/cache/git-repos/https%3A%2F%2Fgithub.com%2Fmakiri1993%2Ftimeular-cli'...
[INFO] running `Command { std: "git" "rev-parse" "HEAD", kill_on_drop: false }`
[INFO] [stdout] f7ab6300d49694f900cb81821af42ca1915aa066
[INFO] documenting makiri1993/timeular-cli against beta-2021-08-01 for beta-1.55-rustdoc-1
[INFO] running `Command { std: "git" "clone" "/workspace/cache/git-repos/https%3A%2F%2Fgithub.com%2Fmakiri1993%2Ftimeular-cli" "/workspace/builds/worker-5/source", kill_on_drop: false }`
[INFO] [stderr] Cloning into '/workspace/builds/worker-5/source'...
[INFO] [stderr] done.
[INFO] validating manifest of git repo https://github.com/makiri1993/timeular-cli on toolchain beta-2021-08-01
[INFO] running `Command { std: "/workspace/cargo-home/bin/cargo" "+beta-2021-08-01" "metadata" "--manifest-path" "Cargo.toml" "--no-deps", kill_on_drop: false }`
[INFO] started tweaking git repo https://github.com/makiri1993/timeular-cli
[INFO] finished tweaking git repo https://github.com/makiri1993/timeular-cli
[INFO] tweaked toml for git repo https://github.com/makiri1993/timeular-cli written to /workspace/builds/worker-5/source/Cargo.toml
[INFO] crate git repo https://github.com/makiri1993/timeular-cli already has a lockfile, it will not be regenerated
[INFO] running `Command { std: "/workspace/cargo-home/bin/cargo" "+beta-2021-08-01" "fetch" "--manifest-path" "Cargo.toml", kill_on_drop: false }`
[INFO] running `Command { std: "docker" "create" "-v" "/var/lib/crater-agent-workspace/builds/worker-5/target:/opt/rustwide/target:rw,Z" "-v" "/var/lib/crater-agent-workspace/builds/worker-5/source:/opt/rustwide/workdir:ro,Z" "-v" "/var/lib/crater-agent-workspace/cargo-home:/opt/rustwide/cargo-home:ro,Z" "-v" "/var/lib/crater-agent-workspace/rustup-home:/opt/rustwide/rustup-home:ro,Z" "-e" "SOURCE_DIR=/opt/rustwide/workdir" "-e" "CARGO_TARGET_DIR=/opt/rustwide/target" "-e" "CARGO_HOME=/opt/rustwide/cargo-home" "-e" "RUSTUP_HOME=/opt/rustwide/rustup-home" "-w" "/opt/rustwide/workdir" "-m" "1610612736" "--user" "0:0" "--network" "none" "ghcr.io/rust-lang/crates-build-env/linux@sha256:34b6a614d2c27851fe6cbf88fbd1137609cefab8b10d0615aaeb6fd47975d74e" "/opt/rustwide/cargo-home/bin/cargo" "+beta-2021-08-01" "metadata" "--no-deps" "--format-version=1", kill_on_drop: false }`
[INFO] [stdout] f95821a9b51fd30926699c79448f9c3f8fc243b66b34dbc9c683f73eed7ced95
[INFO] running `Command { std: "docker" "start" "-a" "f95821a9b51fd30926699c79448f9c3f8fc243b66b34dbc9c683f73eed7ced95", kill_on_drop: false }`
[INFO] running `Command { std: "docker" "inspect" "f95821a9b51fd30926699c79448f9c3f8fc243b66b34dbc9c683f73eed7ced95", kill_on_drop: false }`
[INFO] running `Command { std: "docker" "rm" "-f" "f95821a9b51fd30926699c79448f9c3f8fc243b66b34dbc9c683f73eed7ced95", kill_on_drop: false }`
[INFO] [stdout] f95821a9b51fd30926699c79448f9c3f8fc243b66b34dbc9c683f73eed7ced95
[INFO] running `Command { std: "docker" "create" "-v" "/var/lib/crater-agent-workspace/builds/worker-5/target:/opt/rustwide/target:rw,Z" "-v" "/var/lib/crater-agent-workspace/builds/worker-5/source:/opt/rustwide/workdir:ro,Z" "-v" "/var/lib/crater-agent-workspace/cargo-home:/opt/rustwide/cargo-home:ro,Z" "-v" "/var/lib/crater-agent-workspace/rustup-home:/opt/rustwide/rustup-home:ro,Z" "-e" "SOURCE_DIR=/opt/rustwide/workdir" "-e" "CARGO_TARGET_DIR=/opt/rustwide/target" "-e" "CARGO_INCREMENTAL=0" "-e" "RUST_BACKTRACE=full" "-e" "RUSTDOCFLAGS=--cap-lints=warn" "-e" "CARGO_HOME=/opt/rustwide/cargo-home" "-e" "RUSTUP_HOME=/opt/rustwide/rustup-home" "-w" "/opt/rustwide/workdir" "-m" "1610612736" "--user" "0:0" "--network" "none" "ghcr.io/rust-lang/crates-build-env/linux@sha256:34b6a614d2c27851fe6cbf88fbd1137609cefab8b10d0615aaeb6fd47975d74e" "/opt/rustwide/cargo-home/bin/cargo" "+beta-2021-08-01" "doc" "--frozen" "--no-deps" "--document-private-items" "--message-format=json", kill_on_drop: false }`
[INFO] [stdout] 8c0e9ec6aa791d184d8ead7e611b55feff0437b13e92ff22a7ba8047fed2a47f
[INFO] running `Command { std: "docker" "start" "-a" "8c0e9ec6aa791d184d8ead7e611b55feff0437b13e92ff22a7ba8047fed2a47f", kill_on_drop: false }`
[INFO] [stderr]    Compiling proc-macro2 v1.0.26
[INFO] [stderr]    Compiling libc v0.2.92
[INFO] [stderr]    Compiling unicode-xid v0.2.1
[INFO] [stderr]    Compiling syn v1.0.68
[INFO] [stderr]    Compiling log v0.4.14
[INFO] [stderr]    Compiling cc v1.0.67
[INFO] [stderr]    Compiling memchr v2.3.4
[INFO] [stderr]     Checking once_cell v1.7.2
[INFO] [stderr]    Compiling serde_derive v1.0.125
[INFO] [stderr]     Checking futures-core v0.3.13
[INFO] [stderr]    Compiling serde v1.0.125
[INFO] [stderr]    Compiling openssl v0.10.33
[INFO] [stderr]    Compiling httparse v1.3.5
[INFO] [stderr]     Checking futures-sink v0.3.13
[INFO] [stderr]     Checking futures-task v0.3.13
[INFO] [stderr]    Compiling native-tls v0.2.7
[INFO] [stderr]     Checking openssl-probe v0.1.2
[INFO] [stderr]     Checking slab v0.4.2
[INFO] [stderr]     Checking try-lock v0.2.3
[INFO] [stderr]     Checking httpdate v0.3.2
[INFO] [stderr]     Checking tower-service v0.3.1
[INFO] [stderr]     Checking unicode-width v0.1.8
[INFO] [stderr]     Checking ipnet v2.3.0
[INFO] [stderr]     Checking vec_map v0.8.2
[INFO] [stderr]     Checking strsim v0.10.0
[INFO] [stderr]     Checking os_str_bytes v2.4.0
[INFO] [stderr]    Compiling tokio v1.4.0
[INFO] [stderr]    Compiling indexmap v1.6.2
[INFO] [stderr]    Compiling num-traits v0.2.14
[INFO] [stderr]    Compiling num-integer v0.1.44
[INFO] [stderr]     Checking lock_api v0.4.3
[INFO] [stderr]     Checking tracing-core v0.1.17
[INFO] [stderr]     Checking http v0.2.3
[INFO] [stderr]    Compiling proc-macro-error-attr v1.0.4
[INFO] [stderr]    Compiling proc-macro-error v1.0.4
[INFO] [stderr]     Checking unicode-bidi v0.3.4
[INFO] [stderr]    Compiling heck v0.3.2
[INFO] [stderr]     Checking unicode-normalization v0.1.17
[INFO] [stderr]     Checking textwrap v0.12.1
[INFO] [stderr]     Checking futures-channel v0.3.13
[INFO] [stderr]     Checking futures-util v0.3.13
[INFO] [stderr]     Checking tracing v0.1.25
[INFO] [stderr]     Checking want v0.3.0
[INFO] [stderr]     Checking idna v0.2.2
[INFO] [stderr]    Compiling openssl-sys v0.9.61
[INFO] [stderr]     Checking http-body v0.4.1
[INFO] [stderr]    Compiling quote v1.0.9
[INFO] [stderr]     Checking parking_lot_core v0.8.3
[INFO] [stderr]     Checking signal-hook-registry v1.3.0
[INFO] [stderr]     Checking num_cpus v1.13.0
[INFO] [stderr]     Checking mio v0.7.11
[INFO] [stderr]     Checking socket2 v0.4.0
[INFO] [stderr]     Checking atty v0.2.14
[INFO] [stderr]     Checking time v0.1.44
[INFO] [stderr]     Checking url v2.2.1
[INFO] [stderr]     Checking colored v2.0.0
[INFO] [stderr]     Checking parking_lot v0.11.1
[INFO] [stderr]    Compiling tokio-macros v1.1.0
[INFO] [stderr]    Compiling pin-project-internal v1.0.6
[INFO] [stderr]    Compiling clap_derive v3.0.0-beta.2
[INFO] [stderr]     Checking pin-project v1.0.6
[INFO] [stderr]     Checking clap v3.0.0-beta.2
[INFO] [stderr]     Checking tokio-util v0.6.5
[INFO] [stderr]     Checking tokio-native-tls v0.3.0
[INFO] [stderr]     Checking h2 v0.3.2
[INFO] [stderr]     Checking serde_json v1.0.64
[INFO] [stderr]     Checking serde_urlencoded v0.7.0
[INFO] [stderr]     Checking chrono v0.4.19
[INFO] [stderr]     Checking hyper v0.14.5
[INFO] [stderr]     Checking hyper-tls v0.5.0
[INFO] [stderr]     Checking reqwest v0.11.2
[INFO] [stderr]  Documenting timeular-cli v0.1.0 (/opt/rustwide/workdir)
[INFO] [stdout] error[E0583]: file not found for module `timeular`
[INFO] [stdout]  --> src/models/mod.rs:4:1
[INFO] [stdout]   |
[INFO] [stdout] 4 | pub mod timeular;
[INFO] [stdout]   | ^^^^^^^^^^^^^^^^^
[INFO] [stdout]   |
[INFO] [stdout]   = help: to create the module `timeular`, create file "src/models/timeular.rs" or "src/models/timeular/mod.rs"
[INFO] [stdout] 
[INFO] [stdout] 
[INFO] [stdout] error[E0412]: cannot find type `Activity` in module `timeular`
[INFO] [stdout]   --> src/api.rs:23:27
[INFO] [stdout]    |
[INFO] [stdout] 23 | ) -> Result<Vec<timeular::Activity>, reqwest::Error> {
[INFO] [stdout]    |                           ^^^^^^^^ not found in `timeular`
[INFO] [stdout] 
[INFO] [stdout] 
[INFO] [stdout] error[E0412]: cannot find type `Activity` in module `timeular`
[INFO] [stdout]   --> src/api.rs:43:29
[INFO] [stdout]    |
[INFO] [stdout] 43 |     activities: &[timeular::Activity],
[INFO] [stdout]    |                             ^^^^^^^^ not found in `timeular`
[INFO] [stdout] 
[INFO] [stdout] 
[INFO] [stdout] error: Compilation failed, aborting rustdoc
[INFO] [stdout] 
[INFO] [stdout] 
[INFO] [stdout] error: aborting due to 4 previous errors
[INFO] [stdout] 
[INFO] [stdout] 
[INFO] [stdout] Some errors have detailed explanations: E0412, E0583.
[INFO] [stdout] 
[INFO] [stdout] For more information about an error, try `rustc --explain E0412`.
[INFO] [stdout] 
[INFO] [stderr] error: could not document `timeular-cli`
[INFO] [stderr] 
[INFO] [stderr] Caused by:
[INFO] [stderr]   process didn't exit successfully: `rustdoc --edition=2018 --crate-type bin --crate-name timeular_cli src/main.rs -o /opt/rustwide/target/doc --error-format=json --json=diagnostic-rendered-ansi --document-private-items -L dependency=/opt/rustwide/target/debug/deps --extern chrono=/opt/rustwide/target/debug/deps/libchrono-eda7c01c52c12a31.rmeta --extern clap=/opt/rustwide/target/debug/deps/libclap-9f302ac32bd6cea8.rmeta --extern colored=/opt/rustwide/target/debug/deps/libcolored-74bd40724f721af2.rmeta --extern log=/opt/rustwide/target/debug/deps/liblog-be8c314c6d97e413.rmeta --extern reqwest=/opt/rustwide/target/debug/deps/libreqwest-93173e0ba8979fa0.rmeta --extern serde=/opt/rustwide/target/debug/deps/libserde-caf0858784453b90.rmeta --extern serde_json=/opt/rustwide/target/debug/deps/libserde_json-de8ff12ba953ad4b.rmeta --extern tokio=/opt/rustwide/target/debug/deps/libtokio-c49de2e78b0ffa12.rmeta --cap-lints=warn --crate-version 0.1.0` (exit status: 1)
[INFO] running `Command { std: "docker" "inspect" "8c0e9ec6aa791d184d8ead7e611b55feff0437b13e92ff22a7ba8047fed2a47f", kill_on_drop: false }`
[INFO] running `Command { std: "docker" "rm" "-f" "8c0e9ec6aa791d184d8ead7e611b55feff0437b13e92ff22a7ba8047fed2a47f", kill_on_drop: false }`
[INFO] [stdout] 8c0e9ec6aa791d184d8ead7e611b55feff0437b13e92ff22a7ba8047fed2a47f
