[INFO] cloning repository https://github.com/m1cl/jono
[INFO] running `Command { std: "git" "-c" "credential.helper=" "-c" "credential.helper=/workspace/cargo-home/bin/git-credential-null" "clone" "--bare" "https://github.com/m1cl/jono" "/workspace/cache/git-repos/https%3A%2F%2Fgithub.com%2Fm1cl%2Fjono", kill_on_drop: false }`
[INFO] [stderr] Cloning into bare repository '/workspace/cache/git-repos/https%3A%2F%2Fgithub.com%2Fm1cl%2Fjono'...
[INFO] running `Command { std: "git" "rev-parse" "HEAD", kill_on_drop: false }`
[INFO] [stdout] 137a998ec3c3647e8dcc0a9da96cecc4fc140c56
[INFO] documenting m1cl/jono against 1.54.0 for beta-1.55-rustdoc-1
[INFO] running `Command { std: "git" "clone" "/workspace/cache/git-repos/https%3A%2F%2Fgithub.com%2Fm1cl%2Fjono" "/workspace/builds/worker-37/source", kill_on_drop: false }`
[INFO] [stderr] Cloning into '/workspace/builds/worker-37/source'...
[INFO] [stderr] done.
[INFO] validating manifest of git repo https://github.com/m1cl/jono on toolchain 1.54.0
[INFO] running `Command { std: "/workspace/cargo-home/bin/cargo" "+1.54.0" "metadata" "--manifest-path" "Cargo.toml" "--no-deps", kill_on_drop: false }`
[INFO] started tweaking git repo https://github.com/m1cl/jono
[INFO] finished tweaking git repo https://github.com/m1cl/jono
[INFO] tweaked toml for git repo https://github.com/m1cl/jono written to /workspace/builds/worker-37/source/Cargo.toml
[INFO] crate git repo https://github.com/m1cl/jono already has a lockfile, it will not be regenerated
[INFO] running `Command { std: "/workspace/cargo-home/bin/cargo" "+1.54.0" "fetch" "--manifest-path" "Cargo.toml", kill_on_drop: false }`
[INFO] [stderr]     Blocking waiting for file lock on package cache
[INFO] [stderr]     Blocking waiting for file lock on package cache
[INFO] running `Command { std: "docker" "create" "-v" "/var/lib/crater-agent-workspace/builds/worker-37/target:/opt/rustwide/target:rw,Z" "-v" "/var/lib/crater-agent-workspace/builds/worker-37/source:/opt/rustwide/workdir:ro,Z" "-v" "/var/lib/crater-agent-workspace/cargo-home:/opt/rustwide/cargo-home:ro,Z" "-v" "/var/lib/crater-agent-workspace/rustup-home:/opt/rustwide/rustup-home:ro,Z" "-e" "SOURCE_DIR=/opt/rustwide/workdir" "-e" "CARGO_TARGET_DIR=/opt/rustwide/target" "-e" "CARGO_HOME=/opt/rustwide/cargo-home" "-e" "RUSTUP_HOME=/opt/rustwide/rustup-home" "-w" "/opt/rustwide/workdir" "-m" "1610612736" "--user" "0:0" "--network" "none" "ghcr.io/rust-lang/crates-build-env/linux@sha256:34b6a614d2c27851fe6cbf88fbd1137609cefab8b10d0615aaeb6fd47975d74e" "/opt/rustwide/cargo-home/bin/cargo" "+1.54.0" "metadata" "--no-deps" "--format-version=1", kill_on_drop: false }`
[INFO] [stdout] 36a93e1ecabca03c13924c12f39202807eddaf7be626c93778a9ae9a959c7179
[INFO] running `Command { std: "docker" "start" "-a" "36a93e1ecabca03c13924c12f39202807eddaf7be626c93778a9ae9a959c7179", kill_on_drop: false }`
[INFO] running `Command { std: "docker" "inspect" "36a93e1ecabca03c13924c12f39202807eddaf7be626c93778a9ae9a959c7179", kill_on_drop: false }`
[INFO] running `Command { std: "docker" "rm" "-f" "36a93e1ecabca03c13924c12f39202807eddaf7be626c93778a9ae9a959c7179", kill_on_drop: false }`
[INFO] [stdout] 36a93e1ecabca03c13924c12f39202807eddaf7be626c93778a9ae9a959c7179
[INFO] running `Command { std: "docker" "create" "-v" "/var/lib/crater-agent-workspace/builds/worker-37/target:/opt/rustwide/target:rw,Z" "-v" "/var/lib/crater-agent-workspace/builds/worker-37/source:/opt/rustwide/workdir:ro,Z" "-v" "/var/lib/crater-agent-workspace/cargo-home:/opt/rustwide/cargo-home:ro,Z" "-v" "/var/lib/crater-agent-workspace/rustup-home:/opt/rustwide/rustup-home:ro,Z" "-e" "SOURCE_DIR=/opt/rustwide/workdir" "-e" "CARGO_TARGET_DIR=/opt/rustwide/target" "-e" "CARGO_INCREMENTAL=0" "-e" "RUST_BACKTRACE=full" "-e" "RUSTDOCFLAGS=--cap-lints=warn" "-e" "CARGO_HOME=/opt/rustwide/cargo-home" "-e" "RUSTUP_HOME=/opt/rustwide/rustup-home" "-w" "/opt/rustwide/workdir" "-m" "1610612736" "--user" "0:0" "--network" "none" "ghcr.io/rust-lang/crates-build-env/linux@sha256:34b6a614d2c27851fe6cbf88fbd1137609cefab8b10d0615aaeb6fd47975d74e" "/opt/rustwide/cargo-home/bin/cargo" "+1.54.0" "doc" "--frozen" "--no-deps" "--document-private-items" "--message-format=json", kill_on_drop: false }`
[INFO] [stdout] f40d5a2eb669540f7ab0a79dee0a0c588127fdc053c59c60e08d0b1162120639
[INFO] running `Command { std: "docker" "start" "-a" "f40d5a2eb669540f7ab0a79dee0a0c588127fdc053c59c60e08d0b1162120639", kill_on_drop: false }`
[INFO] [stderr]     Blocking waiting for file lock on package cache
[INFO] [stderr]    Compiling unicode-xid v0.2.1
[INFO] [stderr]    Compiling proc-macro2 v1.0.24
[INFO] [stderr]    Compiling syn v1.0.58
[INFO] [stderr]    Compiling pkg-config v0.3.19
[INFO] [stderr]    Compiling serde_derive v1.0.118
[INFO] [stderr]    Compiling serde v1.0.118
[INFO] [stderr]    Compiling libc v0.2.82
[INFO] [stderr]    Compiling unicode-segmentation v1.7.1
[INFO] [stderr]    Compiling version-compare v0.0.10
[INFO] [stderr]    Compiling strum v0.18.0
[INFO] [stderr]    Compiling memchr v2.3.4
[INFO] [stderr]    Compiling version_check v0.9.2
[INFO] [stderr]    Compiling log v0.4.13
[INFO] [stderr]     Checking slab v0.4.2
[INFO] [stderr]     Checking futures-core v0.3.9
[INFO] [stderr]    Compiling rustdoc-stripper v0.1.16
[INFO] [stderr]    Compiling proc-macro-hack v0.5.19
[INFO] [stderr]     Checking futures-sink v0.3.9
[INFO] [stderr]    Compiling proc-macro-nested v0.1.6
[INFO] [stderr]    Compiling bitflags v1.2.1
[INFO] [stderr]    Compiling either v1.6.1
[INFO] [stderr]     Checking once_cell v1.5.2
[INFO] [stderr]     Checking pin-project-lite v0.2.4
[INFO] [stderr]     Checking pin-utils v0.1.0
[INFO] [stderr]     Checking futures-io v0.3.9
[INFO] [stderr]    Compiling anyhow v1.0.38
[INFO] [stderr]    Compiling cc v1.0.66
[INFO] [stderr]    Compiling lazy_static v1.4.0
[INFO] [stderr]     Checking encoding_index_tests v0.1.4
[INFO] [stderr]    Compiling crunchy v0.2.2
[INFO] [stderr]    Compiling regex-syntax v0.6.22
[INFO] [stderr]    Compiling hashbrown v0.9.1
[INFO] [stderr]    Compiling cfg-if v0.1.10
[INFO] [stderr]    Compiling siphasher v0.3.3
[INFO] [stderr]    Compiling byteorder v1.4.2
[INFO] [stderr]    Compiling tiny-keccak v2.0.2
[INFO] [stderr]    Compiling bit-vec v0.6.3
[INFO] [stderr]    Compiling precomputed-hash v0.1.1
[INFO] [stderr]    Compiling fixedbitset v0.2.0
[INFO] [stderr]    Compiling new_debug_unreachable v1.0.4
[INFO] [stderr]    Compiling diff v0.1.12
[INFO] [stderr]    Compiling pango v0.9.1
[INFO] [stderr]     Checking bytes v0.5.6
[INFO] [stderr]    Compiling pico-args v0.3.4
[INFO] [stderr]     Checking foreign-types-shared v0.1.1
[INFO] [stderr]    Compiling openssl v0.10.32
[INFO] [stderr]     Checking pin-project-lite v0.1.11
[INFO] [stderr]    Compiling atk v0.9.0
[INFO] [stderr]    Compiling native-tls v0.2.7
[INFO] [stderr]     Checking scopeguard v1.1.0
[INFO] [stderr]     Checking openssl-probe v0.1.2
[INFO] [stderr]     Checking smallvec v1.6.1
[INFO] [stderr]     Checking termcolor v1.1.2
[INFO] [stderr]     Checking bufstream v0.1.4
[INFO] [stderr]     Checking mint v0.5.6
[INFO] [stderr]    Compiling indexmap v1.6.1
[INFO] [stderr]    Compiling num-traits v0.2.14
[INFO] [stderr]     Checking thread_local v1.1.0
[INFO] [stderr]     Checking instant v0.1.9
[INFO] [stderr]     Checking humantime v1.3.0
[INFO] [stderr]     Checking encoding-index-tradchinese v1.20141219.5
[INFO] [stderr]     Checking encoding-index-korean v1.20141219.5
[INFO] [stderr]     Checking encoding-index-japanese v1.20141219.5
[INFO] [stderr]     Checking encoding-index-simpchinese v1.20141219.5
[INFO] [stderr]     Checking encoding-index-singlebyte v1.20141219.5
[INFO] [stderr]    Compiling heck v0.3.2
[INFO] [stderr]    Compiling itertools v0.9.0
[INFO] [stderr]     Checking futures-task v0.3.9
[INFO] [stderr]     Checking futures-channel v0.3.9
[INFO] [stderr]    Compiling phf_shared v0.8.0
[INFO] [stderr]    Compiling bit-set v0.5.2
[INFO] [stderr]     Checking foreign-types v0.3.2
[INFO] [stderr]     Checking lock_api v0.4.2
[INFO] [stderr]    Compiling openssl-sys v0.9.60
[INFO] [stderr]    Compiling gtk-rs-lgpl-docs v0.1.18
[INFO] [stderr]    Compiling proc-macro-error-attr v1.0.4
[INFO] [stderr]    Compiling proc-macro-error v1.0.4
[INFO] [stderr]    Compiling string_cache v0.8.1
[INFO] [stderr]     Checking encoding v0.2.33
[INFO] [stderr]    Compiling gio v0.9.1
[INFO] [stderr]    Compiling gdk-pixbuf v0.9.0
[INFO] [stderr]    Compiling cairo-rs v0.9.1
[INFO] [stderr]    Compiling gdk v0.13.2
[INFO] [stderr]    Compiling gtk v0.9.2
[INFO] [stderr]    Compiling aho-corasick v0.7.15
[INFO] [stderr]    Compiling ena v0.14.0
[INFO] [stderr]     Checking regex v1.4.3
[INFO] [stderr]     Checking iovec v0.1.4
[INFO] [stderr]     Checking net2 v0.2.37
[INFO] [stderr]     Checking atty v0.2.14
[INFO] [stderr]     Checking time v0.1.43
[INFO] [stderr]     Checking parking_lot_core v0.8.2
[INFO] [stderr]    Compiling dirs v1.0.5
[INFO] [stderr]     Checking colored v1.9.3
[INFO] [stderr]    Compiling term v0.5.2
[INFO] [stderr]     Checking mio v0.6.23
[INFO] [stderr]    Compiling quote v1.0.8
[INFO] [stderr]     Checking parking_lot v0.11.1
[INFO] [stderr]     Checking num-integer v0.1.44
[INFO] [stderr]     Checking keyframe v1.0.3
[INFO] [stderr]    Compiling petgraph v0.5.1
[INFO] [stderr]     Checking mio-uds v0.6.8
[INFO] [stderr]     Checking env_logger v0.7.1
[INFO] [stderr]     Checking chrono v0.4.19
[INFO] [stderr]    Compiling ascii-canvas v2.0.0
[INFO] [stderr]    Compiling lalrpop-util v0.19.4
[INFO] [stderr]     Checking pretty_env_logger v0.4.0
[INFO] [stderr]    Compiling lalrpop v0.19.4
[INFO] [stderr]    Compiling thiserror-impl v1.0.23
[INFO] [stderr]    Compiling strum_macros v0.18.0
[INFO] [stderr]    Compiling futures-macro v0.3.9
[INFO] [stderr]    Compiling tokio-macros v0.2.6
[INFO] [stderr]     Checking tokio v0.2.24
[INFO] [stderr]     Checking futures-util v0.3.9
[INFO] [stderr]    Compiling thiserror v1.0.23
[INFO] [stderr]     Checking tokio-util v0.3.1
[INFO] [stderr]     Checking tokio-tls v0.3.1
[INFO] [stderr]     Checking irc-proto v0.14.0
[INFO] [stderr]     Checking futures-executor v0.3.9
[INFO] [stderr]     Checking futures v0.3.9
[INFO] [stderr]    Compiling toml v0.5.8
[INFO] [stderr]     Checking irc v0.14.1
[INFO] [stderr]    Compiling system-deps v1.3.2
[INFO] [stderr]    Compiling proc-macro-crate v0.1.5
[INFO] [stderr]    Compiling vgtk-macros v0.3.0
[INFO] [stderr]    Compiling glib-sys v0.10.1
[INFO] [stderr]    Compiling gobject-sys v0.10.0
[INFO] [stderr]    Compiling gio-sys v0.10.1
[INFO] [stderr]    Compiling gdk-pixbuf-sys v0.10.0
[INFO] [stderr]    Compiling pango-sys v0.10.0
[INFO] [stderr]    Compiling cairo-sys-rs v0.10.0
[INFO] [stderr]    Compiling glib-macros v0.10.1
[INFO] [stderr]    Compiling atk-sys v0.10.0
[INFO] [stderr]    Compiling gdk-sys v0.10.0
[INFO] [stderr]    Compiling gtk-sys v0.10.0
[INFO] [stderr]     Checking glib v0.10.3
[INFO] [stderr]     Checking vgtk v0.3.0
[INFO] [stderr]  Documenting jono v0.1.0 (/opt/rustwide/workdir)
[INFO] [stdout] error[E0428]: the name `INVALID` is defined multiple times
[INFO] [stdout]   --> src/weechat.rs:42:5
[INFO] [stdout]    |
[INFO] [stdout] 41 |     INVALID,
[INFO] [stdout]    |     ------- previous definition of the type `INVALID` here
[INFO] [stdout] 42 |     INVALID,
[INFO] [stdout]    |     ^^^^^^^ `INVALID` redefined here
[INFO] [stdout]    |
[INFO] [stdout]    = note: `INVALID` must be defined only once in the type namespace of this enum
[INFO] [stdout] 
[INFO] [stdout] 
[INFO] [stdout] error[E0428]: the name `INVALID` is defined multiple times
[INFO] [stdout]   --> src/weechat.rs:43:5
[INFO] [stdout]    |
[INFO] [stdout] 41 |     INVALID,
[INFO] [stdout]    |     ------- previous definition of the type `INVALID` here
[INFO] [stdout] 42 |     INVALID,
[INFO] [stdout] 43 |     INVALID,
[INFO] [stdout]    |     ^^^^^^^ `INVALID` redefined here
[INFO] [stdout]    |
[INFO] [stdout]    = note: `INVALID` must be defined only once in the type namespace of this enum
[INFO] [stdout] 
[INFO] [stdout] 
[INFO] [stdout] error[E0428]: the name `INVALID` is defined multiple times
[INFO] [stdout]   --> src/weechat.rs:44:5
[INFO] [stdout]    |
[INFO] [stdout] 41 |     INVALID,
[INFO] [stdout]    |     ------- previous definition of the type `INVALID` here
[INFO] [stdout] ...
[INFO] [stdout] 44 |     INVALID,
[INFO] [stdout]    |     ^^^^^^^ `INVALID` redefined here
[INFO] [stdout]    |
[INFO] [stdout]    = note: `INVALID` must be defined only once in the type namespace of this enum
[INFO] [stdout] 
[INFO] [stdout] 
[INFO] [stdout] error[E0428]: the name `INVALID` is defined multiple times
[INFO] [stdout]   --> src/weechat.rs:45:5
[INFO] [stdout]    |
[INFO] [stdout] 41 |     INVALID,
[INFO] [stdout]    |     ------- previous definition of the type `INVALID` here
[INFO] [stdout] ...
[INFO] [stdout] 45 |     INVALID,
[INFO] [stdout]    |     ^^^^^^^ `INVALID` redefined here
[INFO] [stdout]    |
[INFO] [stdout]    = note: `INVALID` must be defined only once in the type namespace of this enum
[INFO] [stdout] 
[INFO] [stdout] 
[INFO] [stdout] error[E0428]: the name `INVALID` is defined multiple times
[INFO] [stdout]   --> src/weechat.rs:46:5
[INFO] [stdout]    |
[INFO] [stdout] 41 |     INVALID,
[INFO] [stdout]    |     ------- previous definition of the type `INVALID` here
[INFO] [stdout] ...
[INFO] [stdout] 46 |     INVALID,
[INFO] [stdout]    |     ^^^^^^^ `INVALID` redefined here
[INFO] [stdout]    |
[INFO] [stdout]    = note: `INVALID` must be defined only once in the type namespace of this enum
[INFO] [stdout] 
[INFO] [stdout] 
[INFO] [stdout] error[E0428]: the name `INVALID` is defined multiple times
[INFO] [stdout]   --> src/weechat.rs:47:5
[INFO] [stdout]    |
[INFO] [stdout] 41 |     INVALID,
[INFO] [stdout]    |     ------- previous definition of the type `INVALID` here
[INFO] [stdout] ...
[INFO] [stdout] 47 |     INVALID,
[INFO] [stdout]    |     ^^^^^^^ `INVALID` redefined here
[INFO] [stdout]    |
[INFO] [stdout]    = note: `INVALID` must be defined only once in the type namespace of this enum
[INFO] [stdout] 
[INFO] [stdout] 
[INFO] [stdout] error[E0428]: the name `INVALID` is defined multiple times
[INFO] [stdout]   --> src/weechat.rs:48:5
[INFO] [stdout]    |
[INFO] [stdout] 41 |     INVALID,
[INFO] [stdout]    |     ------- previous definition of the type `INVALID` here
[INFO] [stdout] ...
[INFO] [stdout] 48 |     INVALID,
[INFO] [stdout]    |     ^^^^^^^ `INVALID` redefined here
[INFO] [stdout]    |
[INFO] [stdout]    = note: `INVALID` must be defined only once in the type namespace of this enum
[INFO] [stdout] 
[INFO] [stdout] 
[INFO] [stdout] error[E0428]: the name `INVALID` is defined multiple times
[INFO] [stdout]   --> src/weechat.rs:49:5
[INFO] [stdout]    |
[INFO] [stdout] 41 |     INVALID,
[INFO] [stdout]    |     ------- previous definition of the type `INVALID` here
[INFO] [stdout] ...
[INFO] [stdout] 49 |     INVALID,
[INFO] [stdout]    |     ^^^^^^^ `INVALID` redefined here
[INFO] [stdout]    |
[INFO] [stdout]    = note: `INVALID` must be defined only once in the type namespace of this enum
[INFO] [stdout] 
[INFO] [stdout] 
[INFO] [stdout] error[E0428]: the name `INVALID` is defined multiple times
[INFO] [stdout]   --> src/weechat.rs:50:5
[INFO] [stdout]    |
[INFO] [stdout] 41 |     INVALID,
[INFO] [stdout]    |     ------- previous definition of the type `INVALID` here
[INFO] [stdout] ...
[INFO] [stdout] 50 |     INVALID,
[INFO] [stdout]    |     ^^^^^^^ `INVALID` redefined here
[INFO] [stdout]    |
[INFO] [stdout]    = note: `INVALID` must be defined only once in the type namespace of this enum
[INFO] [stdout] 
[INFO] [stdout] 
[INFO] [stdout] error: Compilation failed, aborting rustdoc
[INFO] [stdout] 
[INFO] [stdout] 
[INFO] [stdout] error: aborting due to 10 previous errors
[INFO] [stdout] 
[INFO] [stdout] 
[INFO] [stdout] For more information about this error, try `rustc --explain E0428`.
[INFO] [stdout] 
[INFO] [stderr] error: could not document `jono`
[INFO] [stderr] 
[INFO] [stderr] Caused by:
[INFO] [stderr]   process didn't exit successfully: `rustdoc --edition=2018 --crate-type bin --crate-name jono src/main.rs -o /opt/rustwide/target/doc --error-format=json --json=diagnostic-rendered-ansi --document-private-items -L dependency=/opt/rustwide/target/debug/deps --extern irc=/opt/rustwide/target/debug/deps/libirc-5253a723ec8ad437.rmeta --extern keyframe=/opt/rustwide/target/debug/deps/libkeyframe-ae77bcab07a24a33.rmeta --extern pretty_env_logger=/opt/rustwide/target/debug/deps/libpretty_env_logger-25a2217d66e36ccb.rmeta --extern stripper_lib=/opt/rustwide/target/debug/deps/libstripper_lib-ff8a26e5f6c36753.rmeta --extern vgtk=/opt/rustwide/target/debug/deps/libvgtk-b224950b23a4e947.rmeta --cap-lints=warn --crate-version 0.1.0` (exit status: 1)
[INFO] running `Command { std: "docker" "inspect" "f40d5a2eb669540f7ab0a79dee0a0c588127fdc053c59c60e08d0b1162120639", kill_on_drop: false }`
[INFO] running `Command { std: "docker" "rm" "-f" "f40d5a2eb669540f7ab0a79dee0a0c588127fdc053c59c60e08d0b1162120639", kill_on_drop: false }`
[INFO] [stdout] f40d5a2eb669540f7ab0a79dee0a0c588127fdc053c59c60e08d0b1162120639
