[INFO] cloning repository https://github.com/luser/test-getspecialfolderlocation
[INFO] running `Command { std: "git" "-c" "credential.helper=" "-c" "credential.helper=/workspace/cargo-home/bin/git-credential-null" "clone" "--bare" "https://github.com/luser/test-getspecialfolderlocation" "/workspace/cache/git-repos/https%3A%2F%2Fgithub.com%2Fluser%2Ftest-getspecialfolderlocation", kill_on_drop: false }`
[INFO] [stderr] Cloning into bare repository '/workspace/cache/git-repos/https%3A%2F%2Fgithub.com%2Fluser%2Ftest-getspecialfolderlocation'...
[INFO] running `Command { std: "git" "rev-parse" "HEAD", kill_on_drop: false }`
[INFO] [stdout] fca7821bbc667c6dfd85f7fc051fdd80d4dab6df
[INFO] documenting luser/test-getspecialfolderlocation against 1.54.0 for beta-1.55-rustdoc-1
[INFO] running `Command { std: "git" "clone" "/workspace/cache/git-repos/https%3A%2F%2Fgithub.com%2Fluser%2Ftest-getspecialfolderlocation" "/workspace/builds/worker-55/source", kill_on_drop: false }`
[INFO] [stderr] Cloning into '/workspace/builds/worker-55/source'...
[INFO] [stderr] done.
[INFO] validating manifest of git repo https://github.com/luser/test-getspecialfolderlocation on toolchain 1.54.0
[INFO] running `Command { std: "/workspace/cargo-home/bin/cargo" "+1.54.0" "metadata" "--manifest-path" "Cargo.toml" "--no-deps", kill_on_drop: false }`
[INFO] started tweaking git repo https://github.com/luser/test-getspecialfolderlocation
[INFO] finished tweaking git repo https://github.com/luser/test-getspecialfolderlocation
[INFO] tweaked toml for git repo https://github.com/luser/test-getspecialfolderlocation written to /workspace/builds/worker-55/source/Cargo.toml
[INFO] crate git repo https://github.com/luser/test-getspecialfolderlocation already has a lockfile, it will not be regenerated
[INFO] running `Command { std: "/workspace/cargo-home/bin/cargo" "+1.54.0" "fetch" "--manifest-path" "Cargo.toml", kill_on_drop: false }`
[INFO] [stderr]     Blocking waiting for file lock on package cache
[INFO] running `Command { std: "docker" "create" "-v" "/var/lib/crater-agent-workspace/builds/worker-55/target:/opt/rustwide/target:rw,Z" "-v" "/var/lib/crater-agent-workspace/builds/worker-55/source:/opt/rustwide/workdir:ro,Z" "-v" "/var/lib/crater-agent-workspace/cargo-home:/opt/rustwide/cargo-home:ro,Z" "-v" "/var/lib/crater-agent-workspace/rustup-home:/opt/rustwide/rustup-home:ro,Z" "-e" "SOURCE_DIR=/opt/rustwide/workdir" "-e" "CARGO_TARGET_DIR=/opt/rustwide/target" "-e" "CARGO_HOME=/opt/rustwide/cargo-home" "-e" "RUSTUP_HOME=/opt/rustwide/rustup-home" "-w" "/opt/rustwide/workdir" "-m" "1610612736" "--user" "0:0" "--network" "none" "ghcr.io/rust-lang/crates-build-env/linux@sha256:34b6a614d2c27851fe6cbf88fbd1137609cefab8b10d0615aaeb6fd47975d74e" "/opt/rustwide/cargo-home/bin/cargo" "+1.54.0" "metadata" "--no-deps" "--format-version=1", kill_on_drop: false }`
[INFO] [stdout] 3cea4cde68780074784cd01ab458b1c7bf646f62f8a592446c3d8f6b0fb65cf2
[INFO] running `Command { std: "docker" "start" "-a" "3cea4cde68780074784cd01ab458b1c7bf646f62f8a592446c3d8f6b0fb65cf2", kill_on_drop: false }`
[INFO] running `Command { std: "docker" "inspect" "3cea4cde68780074784cd01ab458b1c7bf646f62f8a592446c3d8f6b0fb65cf2", kill_on_drop: false }`
[INFO] running `Command { std: "docker" "rm" "-f" "3cea4cde68780074784cd01ab458b1c7bf646f62f8a592446c3d8f6b0fb65cf2", kill_on_drop: false }`
[INFO] [stdout] 3cea4cde68780074784cd01ab458b1c7bf646f62f8a592446c3d8f6b0fb65cf2
[INFO] running `Command { std: "docker" "create" "-v" "/var/lib/crater-agent-workspace/builds/worker-55/target:/opt/rustwide/target:rw,Z" "-v" "/var/lib/crater-agent-workspace/builds/worker-55/source:/opt/rustwide/workdir:ro,Z" "-v" "/var/lib/crater-agent-workspace/cargo-home:/opt/rustwide/cargo-home:ro,Z" "-v" "/var/lib/crater-agent-workspace/rustup-home:/opt/rustwide/rustup-home:ro,Z" "-e" "SOURCE_DIR=/opt/rustwide/workdir" "-e" "CARGO_TARGET_DIR=/opt/rustwide/target" "-e" "CARGO_INCREMENTAL=0" "-e" "RUST_BACKTRACE=full" "-e" "RUSTDOCFLAGS=--cap-lints=warn" "-e" "CARGO_HOME=/opt/rustwide/cargo-home" "-e" "RUSTUP_HOME=/opt/rustwide/rustup-home" "-w" "/opt/rustwide/workdir" "-m" "1610612736" "--user" "0:0" "--network" "none" "ghcr.io/rust-lang/crates-build-env/linux@sha256:34b6a614d2c27851fe6cbf88fbd1137609cefab8b10d0615aaeb6fd47975d74e" "/opt/rustwide/cargo-home/bin/cargo" "+1.54.0" "doc" "--frozen" "--no-deps" "--document-private-items" "--message-format=json", kill_on_drop: false }`
[INFO] [stdout] 7ba89a11384f9450ba3dcf6da3b88e4c5ed57c3b5a548a61f7a104f39e0e6413
[INFO] running `Command { std: "docker" "start" "-a" "7ba89a11384f9450ba3dcf6da3b88e4c5ed57c3b5a548a61f7a104f39e0e6413", kill_on_drop: false }`
[INFO] [stderr]     Blocking waiting for file lock on package cache
[INFO] [stderr]    Compiling winapi-build v0.1.1
[INFO] [stderr]     Checking winapi v0.2.8
[INFO] [stderr]    Compiling shell32-sys v0.1.1
[INFO] [stderr]  Documenting test-getspecialfolderlocation v0.1.0 (/opt/rustwide/workdir)
[INFO] [stdout] error[E0433]: failed to resolve: could not find `windows` in `os`
[INFO] [stdout]  --> src/main.rs:6:14
[INFO] [stdout]   |
[INFO] [stdout] 6 | use std::os::windows::ffi::OsStringExt;
[INFO] [stdout]   |              ^^^^^^^ could not find `windows` in `os`
[INFO] [stdout] 
[INFO] [stdout] 
[INFO] [stdout] error[E0432]: unresolved imports `shell32::SHGetSpecialFolderLocation`, `shell32::SHGetPathFromIDListW`
[INFO] [stdout]  --> src/main.rs:7:15
[INFO] [stdout]   |
[INFO] [stdout] 7 | use shell32::{SHGetSpecialFolderLocation, SHGetPathFromIDListW};
[INFO] [stdout]   |               ^^^^^^^^^^^^^^^^^^^^^^^^^^  ^^^^^^^^^^^^^^^^^^^^ no `SHGetPathFromIDListW` in the root
[INFO] [stdout]   |               |
[INFO] [stdout]   |               no `SHGetSpecialFolderLocation` in the root
[INFO] [stdout] 
[INFO] [stdout] 
[INFO] [stdout] error[E0432]: unresolved import `winapi::wchar_t`
[INFO] [stdout]  --> src/main.rs:8:5
[INFO] [stdout]   |
[INFO] [stdout] 8 | use winapi::wchar_t;
[INFO] [stdout]   |     ^^^^^^^^^^^^^^^ no `wchar_t` in the root
[INFO] [stdout] 
[INFO] [stdout] 
[INFO] [stdout] error[E0432]: unresolved import `winapi::winerror`
[INFO] [stdout]  --> src/main.rs:9:13
[INFO] [stdout]   |
[INFO] [stdout] 9 | use winapi::winerror::S_OK;
[INFO] [stdout]   |             ^^^^^^^^ could not find `winerror` in `winapi`
[INFO] [stdout] 
[INFO] [stdout] 
[INFO] [stdout] error[E0432]: unresolved import `winapi::shtypes`
[INFO] [stdout]   --> src/main.rs:10:13
[INFO] [stdout]    |
[INFO] [stdout] 10 | use winapi::shtypes::{LPITEMIDLIST, PCIDLIST_ABSOLUTE};
[INFO] [stdout]    |             ^^^^^^^ could not find `shtypes` in `winapi`
[INFO] [stdout] 
[INFO] [stdout] 
[INFO] [stdout] error[E0432]: unresolved import `winapi::minwindef`
[INFO] [stdout]   --> src/main.rs:11:13
[INFO] [stdout]    |
[INFO] [stdout] 11 | use winapi::minwindef::{TRUE, MAX_PATH};
[INFO] [stdout]    |             ^^^^^^^^^ could not find `minwindef` in `winapi`
[INFO] [stdout] 
[INFO] [stdout] 
[INFO] [stdout] error[E0432]: unresolved import `winapi::winnt`
[INFO] [stdout]   --> src/main.rs:12:13
[INFO] [stdout]    |
[INFO] [stdout] 12 | use winapi::winnt::LPWSTR;
[INFO] [stdout]    |             ^^^^^ could not find `winnt` in `winapi`
[INFO] [stdout] 
[INFO] [stdout] 
[INFO] [stdout] error: Compilation failed, aborting rustdoc
[INFO] [stdout] 
[INFO] [stdout] 
[INFO] [stdout] error: aborting due to 8 previous errors
[INFO] [stdout] 
[INFO] [stdout] 
[INFO] [stdout] Some errors have detailed explanations: E0432, E0433.
[INFO] [stdout] 
[INFO] [stdout] For more information about an error, try `rustc --explain E0432`.
[INFO] [stdout] 
[INFO] [stderr] error: could not document `test-getspecialfolderlocation`
[INFO] [stderr] 
[INFO] [stderr] Caused by:
[INFO] [stderr]   process didn't exit successfully: `rustdoc --crate-type bin --crate-name test_getspecialfolderlocation src/main.rs -o /opt/rustwide/target/doc --error-format=json --json=diagnostic-rendered-ansi --document-private-items -L dependency=/opt/rustwide/target/debug/deps --extern shell32=/opt/rustwide/target/debug/deps/libshell32-6537ca381e7739b5.rmeta --extern winapi=/opt/rustwide/target/debug/deps/libwinapi-fc24033f8415559e.rmeta --cap-lints=warn --crate-version 0.1.0` (exit status: 1)
[INFO] running `Command { std: "docker" "inspect" "7ba89a11384f9450ba3dcf6da3b88e4c5ed57c3b5a548a61f7a104f39e0e6413", kill_on_drop: false }`
[INFO] running `Command { std: "docker" "rm" "-f" "7ba89a11384f9450ba3dcf6da3b88e4c5ed57c3b5a548a61f7a104f39e0e6413", kill_on_drop: false }`
[INFO] [stdout] 7ba89a11384f9450ba3dcf6da3b88e4c5ed57c3b5a548a61f7a104f39e0e6413
