[INFO] cloning repository https://github.com/luqmana/rray
[INFO] running `Command { std: "git" "-c" "credential.helper=" "-c" "credential.helper=/workspace/cargo-home/bin/git-credential-null" "clone" "--bare" "https://github.com/luqmana/rray" "/workspace/cache/git-repos/https%3A%2F%2Fgithub.com%2Fluqmana%2Frray", kill_on_drop: false }`
[INFO] [stderr] Cloning into bare repository '/workspace/cache/git-repos/https%3A%2F%2Fgithub.com%2Fluqmana%2Frray'...
[INFO] running `Command { std: "git" "rev-parse" "HEAD", kill_on_drop: false }`
[INFO] [stdout] 08bd23260234b94c5899e89e7d3f571268f5708d
[INFO] documenting luqmana/rray against beta-2021-08-01 for beta-1.55-rustdoc-1
[INFO] running `Command { std: "git" "clone" "/workspace/cache/git-repos/https%3A%2F%2Fgithub.com%2Fluqmana%2Frray" "/workspace/builds/worker-70/source", kill_on_drop: false }`
[INFO] [stderr] Cloning into '/workspace/builds/worker-70/source'...
[INFO] [stderr] done.
[INFO] validating manifest of git repo https://github.com/luqmana/rray on toolchain beta-2021-08-01
[INFO] running `Command { std: "/workspace/cargo-home/bin/cargo" "+beta-2021-08-01" "metadata" "--manifest-path" "Cargo.toml" "--no-deps", kill_on_drop: false }`
[INFO] started tweaking git repo https://github.com/luqmana/rray
[INFO] finished tweaking git repo https://github.com/luqmana/rray
[INFO] tweaked toml for git repo https://github.com/luqmana/rray written to /workspace/builds/worker-70/source/Cargo.toml
[INFO] crate git repo https://github.com/luqmana/rray already has a lockfile, it will not be regenerated
[INFO] running `Command { std: "/workspace/cargo-home/bin/cargo" "+beta-2021-08-01" "fetch" "--manifest-path" "Cargo.toml", kill_on_drop: false }`
[INFO] [stderr]     Blocking waiting for file lock on package cache
[INFO] [stderr]     Blocking waiting for file lock on package cache
[INFO] running `Command { std: "docker" "create" "-v" "/var/lib/crater-agent-workspace/builds/worker-70/target:/opt/rustwide/target:rw,Z" "-v" "/var/lib/crater-agent-workspace/builds/worker-70/source:/opt/rustwide/workdir:ro,Z" "-v" "/var/lib/crater-agent-workspace/cargo-home:/opt/rustwide/cargo-home:ro,Z" "-v" "/var/lib/crater-agent-workspace/rustup-home:/opt/rustwide/rustup-home:ro,Z" "-e" "SOURCE_DIR=/opt/rustwide/workdir" "-e" "CARGO_TARGET_DIR=/opt/rustwide/target" "-e" "CARGO_HOME=/opt/rustwide/cargo-home" "-e" "RUSTUP_HOME=/opt/rustwide/rustup-home" "-w" "/opt/rustwide/workdir" "-m" "1610612736" "--user" "0:0" "--network" "none" "ghcr.io/rust-lang/crates-build-env/linux@sha256:34b6a614d2c27851fe6cbf88fbd1137609cefab8b10d0615aaeb6fd47975d74e" "/opt/rustwide/cargo-home/bin/cargo" "+beta-2021-08-01" "metadata" "--no-deps" "--format-version=1", kill_on_drop: false }`
[INFO] [stdout] c95ea239723791fa803c0a2c102480c73e300b6e360c78cf760ee01af3334495
[INFO] running `Command { std: "docker" "start" "-a" "c95ea239723791fa803c0a2c102480c73e300b6e360c78cf760ee01af3334495", kill_on_drop: false }`
[INFO] running `Command { std: "docker" "inspect" "c95ea239723791fa803c0a2c102480c73e300b6e360c78cf760ee01af3334495", kill_on_drop: false }`
[INFO] running `Command { std: "docker" "rm" "-f" "c95ea239723791fa803c0a2c102480c73e300b6e360c78cf760ee01af3334495", kill_on_drop: false }`
[INFO] [stdout] c95ea239723791fa803c0a2c102480c73e300b6e360c78cf760ee01af3334495
[INFO] running `Command { std: "docker" "create" "-v" "/var/lib/crater-agent-workspace/builds/worker-70/target:/opt/rustwide/target:rw,Z" "-v" "/var/lib/crater-agent-workspace/builds/worker-70/source:/opt/rustwide/workdir:ro,Z" "-v" "/var/lib/crater-agent-workspace/cargo-home:/opt/rustwide/cargo-home:ro,Z" "-v" "/var/lib/crater-agent-workspace/rustup-home:/opt/rustwide/rustup-home:ro,Z" "-e" "SOURCE_DIR=/opt/rustwide/workdir" "-e" "CARGO_TARGET_DIR=/opt/rustwide/target" "-e" "CARGO_INCREMENTAL=0" "-e" "RUST_BACKTRACE=full" "-e" "RUSTDOCFLAGS=--cap-lints=warn" "-e" "CARGO_HOME=/opt/rustwide/cargo-home" "-e" "RUSTUP_HOME=/opt/rustwide/rustup-home" "-w" "/opt/rustwide/workdir" "-m" "1610612736" "--user" "0:0" "--network" "none" "ghcr.io/rust-lang/crates-build-env/linux@sha256:34b6a614d2c27851fe6cbf88fbd1137609cefab8b10d0615aaeb6fd47975d74e" "/opt/rustwide/cargo-home/bin/cargo" "+beta-2021-08-01" "doc" "--frozen" "--no-deps" "--document-private-items" "--message-format=json", kill_on_drop: false }`
[INFO] [stdout] b5a0fbf793bcbabd56e3387c6c464da8ed055ab65b9d2f44ece640e67c5d0a01
[INFO] running `Command { std: "docker" "start" "-a" "b5a0fbf793bcbabd56e3387c6c464da8ed055ab65b9d2f44ece640e67c5d0a01", kill_on_drop: false }`
[INFO] [stderr]  Documenting rray v0.0.1 (/opt/rustwide/workdir)
[INFO] [stdout] error: invalid suffix `u` for number literal
[INFO] [stdout]   --> src/rray.rs:26:20
[INFO] [stdout]    |
[INFO] [stdout] 26 |     for y in range(0u, scene.height) {
[INFO] [stdout]    |                    ^^ invalid suffix `u`
[INFO] [stdout]    |
[INFO] [stdout]    = help: the suffix must be one of the numeric types (`u32`, `isize`, `f32`, etc.)
[INFO] [stdout] 
[INFO] [stdout] 
[INFO] [stdout] error: invalid suffix `u` for number literal
[INFO] [stdout]   --> src/rray.rs:27:24
[INFO] [stdout]    |
[INFO] [stdout] 27 |         for x in range(0u, scene.width) {
[INFO] [stdout]    |                        ^^ invalid suffix `u`
[INFO] [stdout]    |
[INFO] [stdout]    = help: the suffix must be one of the numeric types (`u32`, `isize`, `f32`, etc.)
[INFO] [stdout] 
[INFO] [stdout] 
[INFO] [stdout] error[E0432]: unresolved import `std::num::Float`
[INFO] [stdout]  --> src/geometry.rs:2:5
[INFO] [stdout]   |
[INFO] [stdout] 2 | use std::num::Float;
[INFO] [stdout]   |     ^^^^^^^^^^^^^^^ no `Float` in `num`
[INFO] [stdout] 
[INFO] [stdout] 
[INFO] [stdout] error[E0432]: unresolved imports `std::num::Float`, `std::num::One`
[INFO] [stdout]  --> src/math.rs:1:16
[INFO] [stdout]   |
[INFO] [stdout] 1 | use std::num::{Float, One};
[INFO] [stdout]   |                ^^^^^  ^^^ no `One` in `num`
[INFO] [stdout]   |                |
[INFO] [stdout]   |                no `Float` in `num`
[INFO] [stdout] 
[INFO] [stdout] 
[INFO] [stdout] error[E0432]: unresolved imports `std::num::Float`, `std::num::FloatMath`
[INFO] [stdout]  --> src/scene.rs:3:16
[INFO] [stdout]   |
[INFO] [stdout] 3 | use std::num::{Float, FloatMath};
[INFO] [stdout]   |                ^^^^^  ^^^^^^^^^ no `FloatMath` in `num`
[INFO] [stdout]   |                |
[INFO] [stdout]   |                no `Float` in `num`
[INFO] [stdout] 
[INFO] [stdout] 
[INFO] [stdout] error[E0432]: unresolved import `std::num::Float`
[INFO] [stdout]  --> src/trace.rs:4:5
[INFO] [stdout]   |
[INFO] [stdout] 4 | use std::num::Float;
[INFO] [stdout]   |     ^^^^^^^^^^^^^^^ no `Float` in `num`
[INFO] [stdout] 
[INFO] [stdout] 
[INFO] [stdout] error[E0412]: cannot find type `uint` in this scope
[INFO] [stdout]   --> src/scene.rs:40:16
[INFO] [stdout]    |
[INFO] [stdout] 40 |     pub width: uint,
[INFO] [stdout]    |                ^^^^ not found in this scope
[INFO] [stdout] 
[INFO] [stdout] 
[INFO] [stdout] error[E0412]: cannot find type `uint` in this scope
[INFO] [stdout]   --> src/scene.rs:41:17
[INFO] [stdout]    |
[INFO] [stdout] 41 |     pub height: uint,
[INFO] [stdout]    |                 ^^^^ not found in this scope
[INFO] [stdout] 
[INFO] [stdout] 
[INFO] [stdout] error[E0412]: cannot find type `uint` in this scope
[INFO] [stdout]  --> src/trace.rs:6:17
[INFO] [stdout]   |
[INFO] [stdout] 6 | fn make_grid(w: uint, h: uint, x: uint, y: uint) -> Vec<Vec<Pixel>> {
[INFO] [stdout]   |                 ^^^^ not found in this scope
[INFO] [stdout] 
[INFO] [stdout] 
[INFO] [stdout] error[E0412]: cannot find type `uint` in this scope
[INFO] [stdout]  --> src/trace.rs:6:26
[INFO] [stdout]   |
[INFO] [stdout] 6 | fn make_grid(w: uint, h: uint, x: uint, y: uint) -> Vec<Vec<Pixel>> {
[INFO] [stdout]   |                          ^^^^ not found in this scope
[INFO] [stdout] 
[INFO] [stdout] 
[INFO] [stdout] error[E0412]: cannot find type `uint` in this scope
[INFO] [stdout]  --> src/trace.rs:6:35
[INFO] [stdout]   |
[INFO] [stdout] 6 | fn make_grid(w: uint, h: uint, x: uint, y: uint) -> Vec<Vec<Pixel>> {
[INFO] [stdout]   |                                   ^^^^ not found in this scope
[INFO] [stdout] 
[INFO] [stdout] 
[INFO] [stdout] error[E0412]: cannot find type `uint` in this scope
[INFO] [stdout]  --> src/trace.rs:6:44
[INFO] [stdout]   |
[INFO] [stdout] 6 | fn make_grid(w: uint, h: uint, x: uint, y: uint) -> Vec<Vec<Pixel>> {
[INFO] [stdout]   |                                            ^^^^ not found in this scope
[INFO] [stdout] 
[INFO] [stdout] 
[INFO] [stdout] error[E0554]: `#![feature]` may not be used on the beta release channel
[INFO] [stdout]  --> src/rray.rs:3:1
[INFO] [stdout]   |
[INFO] [stdout] 3 | #![feature(globs)]
[INFO] [stdout]   | ^^^^^^^^^^^^^^^^^^ help: remove the attribute
[INFO] [stdout]   |
[INFO] [stdout]   = help: the feature `globs` has been stable since 1.0.0 and no longer requires an attribute to enable
[INFO] [stdout] 
[INFO] [stdout] 
[INFO] [stdout] error[E0658]: box expression syntax is experimental; you can call `Box::new` instead
[INFO] [stdout]    --> src/scene.rs:101:13
[INFO] [stdout]     |
[INFO] [stdout] 101 | /             box Sphere {
[INFO] [stdout] 102 | |                 pos: Vec3::new(0.0, 0.0, -400.0),
[INFO] [stdout] 103 | |                 rad: 100.0,
[INFO] [stdout] 104 | |                 mat: mat1
[INFO] [stdout] 105 | |             } as Box<Object>,
[INFO] [stdout]     | |_____________^
[INFO] [stdout]     |
[INFO] [stdout]     = note: see issue #49733 <https://github.com/rust-lang/rust/issues/49733> for more information
[INFO] [stdout] 
[INFO] [stdout] 
[INFO] [stdout] error[E0658]: box expression syntax is experimental; you can call `Box::new` instead
[INFO] [stdout]    --> src/scene.rs:106:13
[INFO] [stdout]     |
[INFO] [stdout] 106 | /             box Sphere {
[INFO] [stdout] 107 | |                 pos: Vec3::new(200.0, 50.0, -100.0),
[INFO] [stdout] 108 | |                 rad: 150.0,
[INFO] [stdout] 109 | |                 mat: mat1
[INFO] [stdout] 110 | |             } as Box<Object>,
[INFO] [stdout]     | |_____________^
[INFO] [stdout]     |
[INFO] [stdout]     = note: see issue #49733 <https://github.com/rust-lang/rust/issues/49733> for more information
[INFO] [stdout] 
[INFO] [stdout] 
[INFO] [stdout] error[E0658]: box expression syntax is experimental; you can call `Box::new` instead
[INFO] [stdout]    --> src/scene.rs:111:13
[INFO] [stdout]     |
[INFO] [stdout] 111 | /             box Sphere {
[INFO] [stdout] 112 | |                 pos: Vec3::new(0.0, -1200.0, -500.0),
[INFO] [stdout] 113 | |                 rad: 1000.0,
[INFO] [stdout] 114 | |                 mat: mat2
[INFO] [stdout] 115 | |             } as Box<Object>,
[INFO] [stdout]     | |_____________^
[INFO] [stdout]     |
[INFO] [stdout]     = note: see issue #49733 <https://github.com/rust-lang/rust/issues/49733> for more information
[INFO] [stdout] 
[INFO] [stdout] 
[INFO] [stdout] error[E0658]: box expression syntax is experimental; you can call `Box::new` instead
[INFO] [stdout]    --> src/scene.rs:116:13
[INFO] [stdout]     |
[INFO] [stdout] 116 | /             box Sphere {
[INFO] [stdout] 117 | |                 pos: Vec3::new(-100.0, 25.0, -300.0),
[INFO] [stdout] 118 | |                 rad: 50.0,
[INFO] [stdout] 119 | |                 mat: mat3
[INFO] [stdout] 120 | |             } as Box<Object>,
[INFO] [stdout]     | |_____________^
[INFO] [stdout]     |
[INFO] [stdout]     = note: see issue #49733 <https://github.com/rust-lang/rust/issues/49733> for more information
[INFO] [stdout] 
[INFO] [stdout] 
[INFO] [stdout] error[E0658]: box expression syntax is experimental; you can call `Box::new` instead
[INFO] [stdout]    --> src/scene.rs:121:13
[INFO] [stdout]     |
[INFO] [stdout] 121 | /             box Sphere {
[INFO] [stdout] 122 | |                 pos: Vec3::new(0.0, 100.0, -250.0),
[INFO] [stdout] 123 | |                 rad: 25.0,
[INFO] [stdout] 124 | |                 mat: mat1
[INFO] [stdout] 125 | |             } as Box<Object>
[INFO] [stdout]     | |_____________^
[INFO] [stdout]     |
[INFO] [stdout]     = note: see issue #49733 <https://github.com/rust-lang/rust/issues/49733> for more information
[INFO] [stdout] 
[INFO] [stdout] 
[INFO] [stdout] error: Compilation failed, aborting rustdoc
[INFO] [stdout] 
[INFO] [stdout] 
[INFO] [stdout] error: aborting due to 19 previous errors
[INFO] [stdout] 
[INFO] [stdout] 
[INFO] [stdout] Some errors have detailed explanations: E0412, E0432, E0554, E0658.
[INFO] [stdout] 
[INFO] [stdout] For more information about an error, try `rustc --explain E0412`.
[INFO] [stdout] 
[INFO] [stderr] error: could not document `rray`
[INFO] [stderr] 
[INFO] [stderr] Caused by:
[INFO] [stderr]   process didn't exit successfully: `rustdoc --crate-type bin --crate-name rray src/rray.rs -o /opt/rustwide/target/doc --error-format=json --json=diagnostic-rendered-ansi --document-private-items -L dependency=/opt/rustwide/target/debug/deps --cap-lints=warn --crate-version 0.0.1` (exit status: 1)
[INFO] running `Command { std: "docker" "inspect" "b5a0fbf793bcbabd56e3387c6c464da8ed055ab65b9d2f44ece640e67c5d0a01", kill_on_drop: false }`
[INFO] running `Command { std: "docker" "rm" "-f" "b5a0fbf793bcbabd56e3387c6c464da8ed055ab65b9d2f44ece640e67c5d0a01", kill_on_drop: false }`
[INFO] [stdout] b5a0fbf793bcbabd56e3387c6c464da8ed055ab65b9d2f44ece640e67c5d0a01
