[INFO] cloning repository https://github.com/lubot1/espanso
[INFO] running `Command { std: "git" "-c" "credential.helper=" "-c" "credential.helper=/workspace/cargo-home/bin/git-credential-null" "clone" "--bare" "https://github.com/lubot1/espanso" "/workspace/cache/git-repos/https%3A%2F%2Fgithub.com%2Flubot1%2Fespanso", kill_on_drop: false }`
[INFO] [stderr] Cloning into bare repository '/workspace/cache/git-repos/https%3A%2F%2Fgithub.com%2Flubot1%2Fespanso'...
[INFO] running `Command { std: "git" "rev-parse" "HEAD", kill_on_drop: false }`
[INFO] [stdout] d8dc9ea22fec2c401b6cdeedc0adecbb7ae09b41
[INFO] documenting lubot1/espanso against 1.54.0 for beta-1.55-rustdoc-1
[INFO] running `Command { std: "git" "clone" "/workspace/cache/git-repos/https%3A%2F%2Fgithub.com%2Flubot1%2Fespanso" "/workspace/builds/worker-95/source", kill_on_drop: false }`
[INFO] [stderr] Cloning into '/workspace/builds/worker-95/source'...
[INFO] [stderr] done.
[INFO] validating manifest of git repo https://github.com/lubot1/espanso on toolchain 1.54.0
[INFO] running `Command { std: "/workspace/cargo-home/bin/cargo" "+1.54.0" "metadata" "--manifest-path" "Cargo.toml" "--no-deps", kill_on_drop: false }`
[INFO] started tweaking git repo https://github.com/lubot1/espanso
[INFO] finished tweaking git repo https://github.com/lubot1/espanso
[INFO] tweaked toml for git repo https://github.com/lubot1/espanso written to /workspace/builds/worker-95/source/Cargo.toml
[INFO] crate git repo https://github.com/lubot1/espanso already has a lockfile, it will not be regenerated
[INFO] running `Command { std: "/workspace/cargo-home/bin/cargo" "+1.54.0" "fetch" "--manifest-path" "Cargo.toml", kill_on_drop: false }`
[INFO] [stderr] warning: unused manifest key: modulo
[INFO] [stderr]     Blocking waiting for file lock on package cache
[INFO] [stderr]     Blocking waiting for file lock on package cache
[INFO] running `Command { std: "docker" "create" "-v" "/var/lib/crater-agent-workspace/builds/worker-95/target:/opt/rustwide/target:rw,Z" "-v" "/var/lib/crater-agent-workspace/builds/worker-95/source:/opt/rustwide/workdir:ro,Z" "-v" "/var/lib/crater-agent-workspace/cargo-home:/opt/rustwide/cargo-home:ro,Z" "-v" "/var/lib/crater-agent-workspace/rustup-home:/opt/rustwide/rustup-home:ro,Z" "-e" "SOURCE_DIR=/opt/rustwide/workdir" "-e" "CARGO_TARGET_DIR=/opt/rustwide/target" "-e" "CARGO_HOME=/opt/rustwide/cargo-home" "-e" "RUSTUP_HOME=/opt/rustwide/rustup-home" "-w" "/opt/rustwide/workdir" "-m" "1610612736" "--user" "0:0" "--network" "none" "ghcr.io/rust-lang/crates-build-env/linux@sha256:34b6a614d2c27851fe6cbf88fbd1137609cefab8b10d0615aaeb6fd47975d74e" "/opt/rustwide/cargo-home/bin/cargo" "+1.54.0" "metadata" "--no-deps" "--format-version=1", kill_on_drop: false }`
[INFO] [stdout] cbe46a250a7918d015288a97b8351bf9ee3da0a931d08789b42cfc872a478cc6
[INFO] running `Command { std: "docker" "start" "-a" "cbe46a250a7918d015288a97b8351bf9ee3da0a931d08789b42cfc872a478cc6", kill_on_drop: false }`
[INFO] running `Command { std: "docker" "inspect" "cbe46a250a7918d015288a97b8351bf9ee3da0a931d08789b42cfc872a478cc6", kill_on_drop: false }`
[INFO] running `Command { std: "docker" "rm" "-f" "cbe46a250a7918d015288a97b8351bf9ee3da0a931d08789b42cfc872a478cc6", kill_on_drop: false }`
[INFO] [stdout] cbe46a250a7918d015288a97b8351bf9ee3da0a931d08789b42cfc872a478cc6
[INFO] running `Command { std: "docker" "create" "-v" "/var/lib/crater-agent-workspace/builds/worker-95/target:/opt/rustwide/target:rw,Z" "-v" "/var/lib/crater-agent-workspace/builds/worker-95/source:/opt/rustwide/workdir:ro,Z" "-v" "/var/lib/crater-agent-workspace/cargo-home:/opt/rustwide/cargo-home:ro,Z" "-v" "/var/lib/crater-agent-workspace/rustup-home:/opt/rustwide/rustup-home:ro,Z" "-e" "SOURCE_DIR=/opt/rustwide/workdir" "-e" "CARGO_TARGET_DIR=/opt/rustwide/target" "-e" "CARGO_INCREMENTAL=0" "-e" "RUST_BACKTRACE=full" "-e" "RUSTDOCFLAGS=--cap-lints=warn" "-e" "CARGO_HOME=/opt/rustwide/cargo-home" "-e" "RUSTUP_HOME=/opt/rustwide/rustup-home" "-w" "/opt/rustwide/workdir" "-m" "1610612736" "--user" "0:0" "--network" "none" "ghcr.io/rust-lang/crates-build-env/linux@sha256:34b6a614d2c27851fe6cbf88fbd1137609cefab8b10d0615aaeb6fd47975d74e" "/opt/rustwide/cargo-home/bin/cargo" "+1.54.0" "doc" "--frozen" "--no-deps" "--document-private-items" "--message-format=json", kill_on_drop: false }`
[INFO] [stdout] f498266f914fd266181f4fc7832fa888ea297d536b9599718782673a7561ae10
[INFO] running `Command { std: "docker" "start" "-a" "f498266f914fd266181f4fc7832fa888ea297d536b9599718782673a7561ae10", kill_on_drop: false }`
[INFO] [stderr] warning: unused manifest key: modulo
[INFO] [stderr]     Blocking waiting for file lock on package cache
[INFO] [stderr]    Compiling autocfg v0.1.6
[INFO] [stderr]    Compiling cc v1.0.45
[INFO] [stderr]    Compiling getrandom v0.1.12
[INFO] [stderr]    Compiling syn v1.0.53
[INFO] [stderr]     Checking rand_core v0.4.2
[INFO] [stderr]    Compiling serde_derive v1.0.117
[INFO] [stderr]    Compiling serde v1.0.117
[INFO] [stderr]     Checking smallvec v0.6.10
[INFO] [stderr]     Checking futures v0.1.29
[INFO] [stderr]    Compiling byteorder v1.3.2
[INFO] [stderr]    Compiling cfg-if v0.1.9
[INFO] [stderr]    Compiling ryu v1.0.0
[INFO] [stderr]    Compiling lazy_static v1.4.0
[INFO] [stderr]    Compiling ppv-lite86 v0.2.5
[INFO] [stderr]     Checking either v1.5.3
[INFO] [stderr]    Compiling serde_json v1.0.60
[INFO] [stderr]    Compiling siphasher v0.3.3
[INFO] [stderr]     Checking fnv v1.0.6
[INFO] [stderr]    Compiling memchr v2.2.1
[INFO] [stderr]    Compiling bitflags v1.1.0
[INFO] [stderr]    Compiling arrayvec v0.4.11
[INFO] [stderr]     Checking itoa v0.4.4
[INFO] [stderr]     Checking stable_deref_trait v1.1.1
[INFO] [stderr]    Compiling pkg-config v0.3.16
[INFO] [stderr]    Compiling proc-macro2 v0.4.30
[INFO] [stderr]     Checking scopeguard v0.3.3
[INFO] [stderr]     Checking nodrop v0.1.13
[INFO] [stderr]     Checking new_debug_unreachable v1.0.4
[INFO] [stderr]     Checking scopeguard v1.0.0
[INFO] [stderr]     Checking mac v0.1.1
[INFO] [stderr]     Checking rustc-demangle v0.1.16
[INFO] [stderr]    Compiling syn v0.15.44
[INFO] [stderr]     Checking regex-syntax v0.6.12
[INFO] [stderr]     Checking precomputed-hash v0.1.1
[INFO] [stderr]     Checking utf-8 v0.7.5
[INFO] [stderr]    Compiling failure_derive v0.1.5
[INFO] [stderr]    Compiling openssl v0.10.24
[INFO] [stderr]     Checking unicode-width v0.1.6
[INFO] [stderr]    Compiling crc32fast v1.2.0
[INFO] [stderr]    Compiling native-tls v0.2.3
[INFO] [stderr]     Checking indexmap v1.2.0
[INFO] [stderr]     Checking adler32 v1.0.3
[INFO] [stderr]     Checking dtoa v0.4.4
[INFO] [stderr]    Compiling encoding_rs v0.8.20
[INFO] [stderr]     Checking lazycell v1.2.1
[INFO] [stderr]     Checking remove_dir_all v0.5.2
[INFO] [stderr]     Checking linked-hash-map v0.5.3
[INFO] [stderr]     Checking mime v0.3.14
[INFO] [stderr]     Checking same-file v1.0.5
[INFO] [stderr]     Checking arc-swap v0.4.7
[INFO] [stderr]     Checking ansi_term v0.11.0
[INFO] [stderr]     Checking vec_map v0.8.1
[INFO] [stderr]     Checking podio v0.1.6
[INFO] [stderr]     Checking strsim v0.8.0
[INFO] [stderr]     Checking pipeline v0.5.0
[INFO] [stderr]     Checking widestring v0.4.0
[INFO] [stderr]    Compiling libc v0.2.62
[INFO] [stderr]     Checking crossbeam-utils v0.6.6
[INFO] [stderr]    Compiling unicase v2.5.1
[INFO] [stderr]     Checking thread_local v0.3.6
[INFO] [stderr]    Compiling error-chain v0.12.1
[INFO] [stderr]     Checking try_from v0.3.2
[INFO] [stderr]    Compiling proc-macro2 v1.0.24
[INFO] [stderr]     Checking iovec v0.1.2
[INFO] [stderr]     Checking time v0.1.42
[INFO] [stderr]     Checking net2 v0.2.33
[INFO] [stderr]     Checking num_cpus v1.10.1
[INFO] [stderr]     Checking dirs-sys v0.3.4
[INFO] [stderr]     Checking inotify-sys v0.1.3
[INFO] [stderr]     Checking termios v0.3.1
[INFO] [stderr]     Checking clicolors-control v1.0.1
[INFO] [stderr]     Checking filetime v0.2.9
[INFO] [stderr]     Checking atty v0.2.13
[INFO] [stderr]     Checking fs2 v0.4.3
[INFO] [stderr]    Compiling memoffset v0.5.1
[INFO] [stderr]    Compiling parking_lot_core v0.4.0
[INFO] [stderr]    Compiling hyper v0.12.35
[INFO] [stderr]    Compiling rand_pcg v0.1.2
[INFO] [stderr]    Compiling rand_chacha v0.1.1
[INFO] [stderr]    Compiling rand v0.6.5
[INFO] [stderr]    Compiling num-traits v0.2.8
[INFO] [stderr]    Compiling num-integer v0.1.41
[INFO] [stderr]    Compiling phf_shared v0.8.0
[INFO] [stderr]    Compiling cmake v0.1.42
[INFO] [stderr]    Compiling c2-chacha v0.2.2
[INFO] [stderr]     Checking unicode-normalization v0.1.8
[INFO] [stderr]    Compiling backtrace-sys v0.1.31
[INFO] [stderr]    Compiling bzip2-sys v0.1.7
[INFO] [stderr]     Checking owning_ref v0.4.0
[INFO] [stderr]     Checking rand_core v0.3.1
[INFO] [stderr]     Checking rand_os v0.1.3
[INFO] [stderr]     Checking rand_jitter v0.1.4
[INFO] [stderr]     Checking miniz_oxide v0.3.2
[INFO] [stderr]     Checking tokio-sync v0.1.6
[INFO] [stderr]     Checking want v0.2.0
[INFO] [stderr]     Checking walkdir v2.2.9
[INFO] [stderr]    Compiling openssl-sys v0.9.49
[INFO] [stderr]    Compiling espanso v0.7.3 (/opt/rustwide/workdir)
[INFO] [stderr]     Checking futures-cpupool v0.1.8
[INFO] [stderr]     Checking yaml-rust v0.4.3
[INFO] [stderr]     Checking textwrap v0.11.0
[INFO] [stderr]     Checking rand_hc v0.1.0
[INFO] [stderr]     Checking rand_xorshift v0.1.1
[INFO] [stderr]     Checking rand_isaac v0.1.1
[INFO] [stderr]     Checking lock_api v0.1.5
[INFO] [stderr]     Checking futf v0.1.4
[INFO] [stderr]     Checking rand_core v0.5.1
[INFO] [stderr]     Checking phf v0.8.0
[INFO] [stderr]     Checking dirs v2.0.2
[INFO] [stderr]     Checking mio v0.6.19
[INFO] [stderr]     Checking signal-hook-registry v1.2.0
[INFO] [stderr]    Compiling quote v1.0.2
[INFO] [stderr]     Checking tokio-executor v0.1.8
[INFO] [stderr]     Checking crossbeam-queue v0.1.2
[INFO] [stderr]     Checking term v0.6.1
[INFO] [stderr]     Checking rand_pcg v0.2.1
[INFO] [stderr]     Checking rand_chacha v0.2.1
[INFO] [stderr]     Checking idna v0.1.5
[INFO] [stderr]     Checking idna v0.2.0
[INFO] [stderr]     Checking tendril v0.4.1
[INFO] [stderr]     Checking tokio-timer v0.2.11
[INFO] [stderr]     Checking tokio-current-thread v0.1.6
[INFO] [stderr]     Checking inotify v0.7.0
[INFO] [stderr]     Checking clap v2.33.0
[INFO] [stderr]     Checking bytes v0.4.12
[INFO] [stderr]     Checking base64 v0.10.1
[INFO] [stderr]     Checking signal-hook v0.1.15
[INFO] [stderr]     Checking rand v0.7.2
[INFO] [stderr]     Checking url v2.1.0
[INFO] [stderr]     Checking mio-extras v2.0.6
[INFO] [stderr]     Checking flate2 v1.0.11
[INFO] [stderr]     Checking tokio-io v0.1.12
[INFO] [stderr]     Checking http v0.1.18
[INFO] [stderr]     Checking tokio-buf v0.1.1
[INFO] [stderr]     Checking string v0.2.1
[INFO] [stderr]     Checking url v1.7.2
[INFO] [stderr]     Checking aho-corasick v0.7.6
[INFO] [stderr]     Checking notify v4.0.15
[INFO] [stderr]    Compiling mime_guess v2.0.1
[INFO] [stderr]     Checking crossbeam-epoch v0.7.2
[INFO] [stderr]    Compiling quote v0.6.13
[INFO] [stderr]     Checking bzip2 v0.3.3
[INFO] [stderr]     Checking crossbeam-deque v0.7.1
[INFO] [stderr]     Checking regex v1.3.1
[INFO] [stderr]     Checking backtrace v0.3.37
[INFO] [stderr]     Checking zip v0.5.3
[INFO] [stderr] error: failed to run custom build command for `espanso v0.7.3 (/opt/rustwide/workdir)`
[INFO] [stderr] 
[INFO] [stderr] Caused by:
[INFO] [stderr]   process didn't exit successfully: `/opt/rustwide/target/debug/build/espanso-d631d83c578adec0/build-script-build` (exit status: 101)
[INFO] [stderr]   --- stdout
[INFO] [stderr]   running: "cmake" "/opt/rustwide/workdir/native/liblinuxbridge" "-DCMAKE_INSTALL_PREFIX=/opt/rustwide/target/debug/build/espanso-fb100d7ab95ac06c/out" "-DCMAKE_C_FLAGS= -ffunction-sections -fdata-sections -fPIC -m64" "-DCMAKE_C_COMPILER=/usr/bin/cc" "-DCMAKE_CXX_FLAGS= -ffunction-sections -fdata-sections -fPIC -m64" "-DCMAKE_CXX_COMPILER=/usr/bin/c++" "-DCMAKE_BUILD_TYPE=Debug"
[INFO] [stderr]   -- The C compiler identification is GNU 9.3.0
[INFO] [stderr]   -- The CXX compiler identification is GNU 9.3.0
[INFO] [stderr]   -- Check for working C compiler: /usr/bin/cc
[INFO] [stderr]   -- Check for working C compiler: /usr/bin/cc -- works
[INFO] [stderr]   -- Detecting C compiler ABI info
[INFO] [stderr]   -- Detecting C compiler ABI info - done
[INFO] [stderr]   -- Detecting C compile features
[INFO] [stderr]   -- Detecting C compile features - done
[INFO] [stderr]   -- Check for working CXX compiler: /usr/bin/c++
[INFO] [stderr]   -- Check for working CXX compiler: /usr/bin/c++ -- works
[INFO] [stderr]   -- Detecting CXX compiler ABI info
[INFO] [stderr]   -- Detecting CXX compiler ABI info - done
[INFO] [stderr]   -- Detecting CXX compile features
[INFO] [stderr]   -- Detecting CXX compile features - done
[INFO] [stderr]   -- Configuring done
[INFO] [stderr]   -- Generating done
[INFO] [stderr]   -- Build files have been written to: /opt/rustwide/target/debug/build/espanso-fb100d7ab95ac06c/out/build
[INFO] [stderr]   running: "cmake" "--build" "." "--target" "install" "--config" "Debug" "--"
[INFO] [stderr]   Scanning dependencies of target linuxbridge
[INFO] [stderr]   [ 33%] Building CXX object CMakeFiles/linuxbridge.dir/fast_xdo.cpp.o
[INFO] [stderr]   [ 66%] Building CXX object CMakeFiles/linuxbridge.dir/bridge.cpp.o
[INFO] [stderr] 
[INFO] [stderr]   --- stderr
[INFO] [stderr]   In file included from /opt/rustwide/workdir/native/liblinuxbridge/fast_xdo.cpp:9:
[INFO] [stderr]   /opt/rustwide/workdir/native/liblinuxbridge/fast_xdo.h:9:10: fatal error: xdo.h: No such file or directory
[INFO] [stderr]       9 | #include <xdo.h>
[INFO] [stderr]         |          ^~~~~~~
[INFO] [stderr]   compilation terminated.
[INFO] [stderr]   In file included from /opt/rustwide/workdir/native/liblinuxbridge/bridge.cpp:21:
[INFO] [stderr]   /opt/rustwide/workdir/native/liblinuxbridge/fast_xdo.h:9:10: fatal error: xdo.h: No such file or directory
[INFO] [stderr]       9 | #include <xdo.h>
[INFO] [stderr]         |          ^~~~~~~
[INFO] [stderr]   compilation terminated.
[INFO] [stderr]   make[2]: *** [CMakeFiles/linuxbridge.dir/build.make:76: CMakeFiles/linuxbridge.dir/fast_xdo.cpp.o] Error 1
[INFO] [stderr]   make[2]: *** Waiting for unfinished jobs....
[INFO] [stderr]   make[2]: *** [CMakeFiles/linuxbridge.dir/build.make:63: CMakeFiles/linuxbridge.dir/bridge.cpp.o] Error 1
[INFO] [stderr]   make[1]: *** [CMakeFiles/Makefile2:76: CMakeFiles/linuxbridge.dir/all] Error 2
[INFO] [stderr]   make: *** [Makefile:130: all] Error 2
[INFO] [stderr]   thread 'main' panicked at '
[INFO] [stderr]   command did not execute successfully, got: exit status: 2
[INFO] [stderr] 
[INFO] [stderr]   build script failed, must exit now', /opt/rustwide/cargo-home/registry/src/github.com-1ecc6299db9ec823/cmake-0.1.42/src/lib.rs:861:5
[INFO] [stderr]   stack backtrace:
[INFO] [stderr]      0:     0x56257cc695a0 - std::backtrace_rs::backtrace::libunwind::trace::h34055254b57d8e79
[INFO] [stderr]                                  at /rustc/a178d0322ce20e33eac124758e837cbd80a6f633/library/std/src/../../backtrace/src/backtrace/libunwind.rs:90:5
[INFO] [stderr]      1:     0x56257cc695a0 - std::backtrace_rs::backtrace::trace_unsynchronized::h8f1e3fbd9afff6ec
[INFO] [stderr]                                  at /rustc/a178d0322ce20e33eac124758e837cbd80a6f633/library/std/src/../../backtrace/src/backtrace/mod.rs:66:5
[INFO] [stderr]      2:     0x56257cc695a0 - std::sys_common::backtrace::_print_fmt::h3a99a796b770c360
[INFO] [stderr]                                  at /rustc/a178d0322ce20e33eac124758e837cbd80a6f633/library/std/src/sys_common/backtrace.rs:67:5
[INFO] [stderr]      3:     0x56257cc695a0 - <std::sys_common::backtrace::_print::DisplayBacktrace as core::fmt::Display>::fmt::h32d1f94a80615d18
[INFO] [stderr]                                  at /rustc/a178d0322ce20e33eac124758e837cbd80a6f633/library/std/src/sys_common/backtrace.rs:46:22
[INFO] [stderr]      4:     0x56257cc88d0c - core::fmt::write::h306731c068f7162c
[INFO] [stderr]                                  at /rustc/a178d0322ce20e33eac124758e837cbd80a6f633/library/core/src/fmt/mod.rs:1110:17
[INFO] [stderr]      5:     0x56257cc665c5 - std::io::Write::write_fmt::hd2fa90334eee2a21
[INFO] [stderr]                                  at /rustc/a178d0322ce20e33eac124758e837cbd80a6f633/library/std/src/io/mod.rs:1588:15
[INFO] [stderr]      6:     0x56257cc6bb0b - std::sys_common::backtrace::_print::h5abaa2601a852287
[INFO] [stderr]                                  at /rustc/a178d0322ce20e33eac124758e837cbd80a6f633/library/std/src/sys_common/backtrace.rs:49:5
[INFO] [stderr]      7:     0x56257cc6bb0b - std::sys_common::backtrace::print::h8d81445442bb638f
[INFO] [stderr]                                  at /rustc/a178d0322ce20e33eac124758e837cbd80a6f633/library/std/src/sys_common/backtrace.rs:36:9
[INFO] [stderr]      8:     0x56257cc6bb0b - std::panicking::default_hook::{{closure}}::hcfe804496a9fa747
[INFO] [stderr]                                  at /rustc/a178d0322ce20e33eac124758e837cbd80a6f633/library/std/src/panicking.rs:208:50
[INFO] [stderr]      9:     0x56257cc6b5e1 - std::panicking::default_hook::hbea8e3ccf2ba8901
[INFO] [stderr]                                  at /rustc/a178d0322ce20e33eac124758e837cbd80a6f633/library/std/src/panicking.rs:225:9
[INFO] [stderr]     10:     0x56257cc6c1d4 - std::panicking::rust_panic_with_hook::h7ee9e1a2d0f8975a
[INFO] [stderr]                                  at /rustc/a178d0322ce20e33eac124758e837cbd80a6f633/library/std/src/panicking.rs:622:17
[INFO] [stderr]     11:     0x56257cc6bcb7 - std::panicking::begin_panic_handler::{{closure}}::h8ab3b4491718b2c7
[INFO] [stderr]                                  at /rustc/a178d0322ce20e33eac124758e837cbd80a6f633/library/std/src/panicking.rs:519:13
[INFO] [stderr]     12:     0x56257cc69a9c - std::sys_common::backtrace::__rust_end_short_backtrace::hd489062ffa586a9f
[INFO] [stderr]                                  at /rustc/a178d0322ce20e33eac124758e837cbd80a6f633/library/std/src/sys_common/backtrace.rs:141:18
[INFO] [stderr]     13:     0x56257cc6bc19 - rust_begin_unwind
[INFO] [stderr]                                  at /rustc/a178d0322ce20e33eac124758e837cbd80a6f633/library/std/src/panicking.rs:515:5
[INFO] [stderr]     14:     0x56257cbfdbeb - std::panicking::begin_panic_fmt::h5479575e112541f8
[INFO] [stderr]                                  at /rustc/a178d0322ce20e33eac124758e837cbd80a6f633/library/std/src/panicking.rs:457:5
[INFO] [stderr]     15:     0x56257cc07133 - cmake::fail::h3fe04411d95d40e1
[INFO] [stderr]                                  at /opt/rustwide/cargo-home/registry/src/github.com-1ecc6299db9ec823/cmake-0.1.42/src/lib.rs:861:5
[INFO] [stderr]     16:     0x56257cc06b41 - cmake::run::hc047aa4d6160e31b
[INFO] [stderr]                                  at /opt/rustwide/cargo-home/registry/src/github.com-1ecc6299db9ec823/cmake-0.1.42/src/lib.rs:839:9
[INFO] [stderr]     17:     0x56257cc03d06 - cmake::Config::build::h8c1331538c760561
[INFO] [stderr]                                  at /opt/rustwide/cargo-home/registry/src/github.com-1ecc6299db9ec823/cmake-0.1.42/src/lib.rs:745:9
[INFO] [stderr]     18:     0x56257cbff45a - build_script_build::get_config::hbd47f87eae83bb59
[INFO] [stderr]                                  at /opt/rustwide/workdir/build.rs:14:5
[INFO] [stderr]     19:     0x56257cbff5c1 - build_script_build::main::h9f18826c985f350a
[INFO] [stderr]                                  at /opt/rustwide/workdir/build.rs:55:15
[INFO] [stderr]     20:     0x56257cbfefeb - core::ops::function::FnOnce::call_once::hcfdeaf9769abe436
[INFO] [stderr]                                  at /rustc/a178d0322ce20e33eac124758e837cbd80a6f633/library/core/src/ops/function.rs:227:5
[INFO] [stderr]     21:     0x56257cbff3ee - std::sys_common::backtrace::__rust_begin_short_backtrace::h16a086df5703eeca
[INFO] [stderr]                                  at /rustc/a178d0322ce20e33eac124758e837cbd80a6f633/library/std/src/sys_common/backtrace.rs:125:18
[INFO] [stderr]     22:     0x56257cbff8d1 - std::rt::lang_start::{{closure}}::h4b078157ce1882dd
[INFO] [stderr]                                  at /rustc/a178d0322ce20e33eac124758e837cbd80a6f633/library/std/src/rt.rs:49:18
[INFO] [stderr]     23:     0x56257cc6c6d9 - core::ops::function::impls::<impl core::ops::function::FnOnce<A> for &F>::call_once::h2aabc384aab89b7b
[INFO] [stderr]                                  at /rustc/a178d0322ce20e33eac124758e837cbd80a6f633/library/core/src/ops/function.rs:259:13
[INFO] [stderr]     24:     0x56257cc6c6d9 - std::panicking::try::do_call::hc5fcacb7a85fc7b1
[INFO] [stderr]                                  at /rustc/a178d0322ce20e33eac124758e837cbd80a6f633/library/std/src/panicking.rs:401:40
[INFO] [stderr]     25:     0x56257cc6c6d9 - std::panicking::try::hb5d9603af3abbe3a
[INFO] [stderr]                                  at /rustc/a178d0322ce20e33eac124758e837cbd80a6f633/library/std/src/panicking.rs:365:19
[INFO] [stderr]     26:     0x56257cc6c6d9 - std::panic::catch_unwind::h98fe6ac3925e64b4
[INFO] [stderr]                                  at /rustc/a178d0322ce20e33eac124758e837cbd80a6f633/library/std/src/panic.rs:434:14
[INFO] [stderr]     27:     0x56257cc6c6d9 - std::rt::lang_start_internal::h22ac7383c516f93e
[INFO] [stderr]                                  at /rustc/a178d0322ce20e33eac124758e837cbd80a6f633/library/std/src/rt.rs:34:21
[INFO] [stderr]     28:     0x56257cbff8b0 - std::rt::lang_start::h25e8ab628915a46f
[INFO] [stderr]                                  at /rustc/a178d0322ce20e33eac124758e837cbd80a6f633/library/std/src/rt.rs:48:5
[INFO] [stderr]     29:     0x56257cbff71c - main
[INFO] [stderr]     30:     0x7fda7d8d30b3 - __libc_start_main
[INFO] [stderr]     31:     0x56257cbfe9fe - _start
[INFO] [stderr]     32:                0x0 - <unknown>
[INFO] [stderr] warning: build failed, waiting for other jobs to finish...
[INFO] [stderr] error: build failed
[INFO] running `Command { std: "docker" "inspect" "f498266f914fd266181f4fc7832fa888ea297d536b9599718782673a7561ae10", kill_on_drop: false }`
[INFO] running `Command { std: "docker" "rm" "-f" "f498266f914fd266181f4fc7832fa888ea297d536b9599718782673a7561ae10", kill_on_drop: false }`
[INFO] [stdout] f498266f914fd266181f4fc7832fa888ea297d536b9599718782673a7561ae10
