[INFO] cloning repository https://github.com/lmdslyngl/wndsize
[INFO] running `Command { std: "git" "-c" "credential.helper=" "-c" "credential.helper=/workspace/cargo-home/bin/git-credential-null" "clone" "--bare" "https://github.com/lmdslyngl/wndsize" "/workspace/cache/git-repos/https%3A%2F%2Fgithub.com%2Flmdslyngl%2Fwndsize", kill_on_drop: false }`
[INFO] [stderr] Cloning into bare repository '/workspace/cache/git-repos/https%3A%2F%2Fgithub.com%2Flmdslyngl%2Fwndsize'...
[INFO] running `Command { std: "git" "rev-parse" "HEAD", kill_on_drop: false }`
[INFO] [stdout] e8e76fa8d0bc321ef000c2e65b942a295fd4a2cf
[INFO] documenting lmdslyngl/wndsize against beta-2021-08-01 for beta-1.55-rustdoc-1
[INFO] running `Command { std: "git" "clone" "/workspace/cache/git-repos/https%3A%2F%2Fgithub.com%2Flmdslyngl%2Fwndsize" "/workspace/builds/worker-54/source", kill_on_drop: false }`
[INFO] [stderr] Cloning into '/workspace/builds/worker-54/source'...
[INFO] [stderr] done.
[INFO] validating manifest of git repo https://github.com/lmdslyngl/wndsize on toolchain beta-2021-08-01
[INFO] running `Command { std: "/workspace/cargo-home/bin/cargo" "+beta-2021-08-01" "metadata" "--manifest-path" "Cargo.toml" "--no-deps", kill_on_drop: false }`
[INFO] started tweaking git repo https://github.com/lmdslyngl/wndsize
[INFO] finished tweaking git repo https://github.com/lmdslyngl/wndsize
[INFO] tweaked toml for git repo https://github.com/lmdslyngl/wndsize written to /workspace/builds/worker-54/source/Cargo.toml
[INFO] crate git repo https://github.com/lmdslyngl/wndsize already has a lockfile, it will not be regenerated
[INFO] running `Command { std: "/workspace/cargo-home/bin/cargo" "+beta-2021-08-01" "fetch" "--manifest-path" "Cargo.toml", kill_on_drop: false }`
[INFO] running `Command { std: "docker" "create" "-v" "/var/lib/crater-agent-workspace/builds/worker-54/target:/opt/rustwide/target:rw,Z" "-v" "/var/lib/crater-agent-workspace/builds/worker-54/source:/opt/rustwide/workdir:ro,Z" "-v" "/var/lib/crater-agent-workspace/cargo-home:/opt/rustwide/cargo-home:ro,Z" "-v" "/var/lib/crater-agent-workspace/rustup-home:/opt/rustwide/rustup-home:ro,Z" "-e" "SOURCE_DIR=/opt/rustwide/workdir" "-e" "CARGO_TARGET_DIR=/opt/rustwide/target" "-e" "CARGO_HOME=/opt/rustwide/cargo-home" "-e" "RUSTUP_HOME=/opt/rustwide/rustup-home" "-w" "/opt/rustwide/workdir" "-m" "1610612736" "--user" "0:0" "--network" "none" "ghcr.io/rust-lang/crates-build-env/linux@sha256:34b6a614d2c27851fe6cbf88fbd1137609cefab8b10d0615aaeb6fd47975d74e" "/opt/rustwide/cargo-home/bin/cargo" "+beta-2021-08-01" "metadata" "--no-deps" "--format-version=1", kill_on_drop: false }`
[INFO] [stdout] 82d2fa7adbc68aeb2a123751837ceb2c0390ff8ce52a493159db6bd134ac3152
[INFO] running `Command { std: "docker" "start" "-a" "82d2fa7adbc68aeb2a123751837ceb2c0390ff8ce52a493159db6bd134ac3152", kill_on_drop: false }`
[INFO] running `Command { std: "docker" "inspect" "82d2fa7adbc68aeb2a123751837ceb2c0390ff8ce52a493159db6bd134ac3152", kill_on_drop: false }`
[INFO] running `Command { std: "docker" "rm" "-f" "82d2fa7adbc68aeb2a123751837ceb2c0390ff8ce52a493159db6bd134ac3152", kill_on_drop: false }`
[INFO] [stdout] 82d2fa7adbc68aeb2a123751837ceb2c0390ff8ce52a493159db6bd134ac3152
[INFO] running `Command { std: "docker" "create" "-v" "/var/lib/crater-agent-workspace/builds/worker-54/target:/opt/rustwide/target:rw,Z" "-v" "/var/lib/crater-agent-workspace/builds/worker-54/source:/opt/rustwide/workdir:ro,Z" "-v" "/var/lib/crater-agent-workspace/cargo-home:/opt/rustwide/cargo-home:ro,Z" "-v" "/var/lib/crater-agent-workspace/rustup-home:/opt/rustwide/rustup-home:ro,Z" "-e" "SOURCE_DIR=/opt/rustwide/workdir" "-e" "CARGO_TARGET_DIR=/opt/rustwide/target" "-e" "CARGO_INCREMENTAL=0" "-e" "RUST_BACKTRACE=full" "-e" "RUSTDOCFLAGS=--cap-lints=warn" "-e" "CARGO_HOME=/opt/rustwide/cargo-home" "-e" "RUSTUP_HOME=/opt/rustwide/rustup-home" "-w" "/opt/rustwide/workdir" "-m" "1610612736" "--user" "0:0" "--network" "none" "ghcr.io/rust-lang/crates-build-env/linux@sha256:34b6a614d2c27851fe6cbf88fbd1137609cefab8b10d0615aaeb6fd47975d74e" "/opt/rustwide/cargo-home/bin/cargo" "+beta-2021-08-01" "doc" "--frozen" "--no-deps" "--document-private-items" "--message-format=json", kill_on_drop: false }`
[INFO] [stdout] 2152e8a178af34efaecc4e618be84d40a72400313a390c8a8310c08845e34d43
[INFO] running `Command { std: "docker" "start" "-a" "2152e8a178af34efaecc4e618be84d40a72400313a390c8a8310c08845e34d43", kill_on_drop: false }`
[INFO] [stderr]    Compiling winapi v0.3.8
[INFO] [stderr]     Checking unicode-width v0.1.7
[INFO] [stderr]     Checking getopts v0.2.21
[INFO] [stderr]  Documenting wndsize v0.1.0 (/opt/rustwide/workdir)
[INFO] [stdout] error[E0433]: failed to resolve: could not find `um` in `winapi`
[INFO] [stdout]  --> src/main.rs:3:13
[INFO] [stdout]   |
[INFO] [stdout] 3 | use winapi::um::winnt::WCHAR;
[INFO] [stdout]   |             ^^ could not find `um` in `winapi`
[INFO] [stdout] 
[INFO] [stdout] 
[INFO] [stdout] error[E0433]: failed to resolve: could not find `shared` in `winapi`
[INFO] [stdout]  --> src/main.rs:4:13
[INFO] [stdout]   |
[INFO] [stdout] 4 | use winapi::shared::windef::HWND;
[INFO] [stdout]   |             ^^^^^^ could not find `shared` in `winapi`
[INFO] [stdout] 
[INFO] [stdout] 
[INFO] [stdout] error[E0433]: failed to resolve: could not find `shared` in `winapi`
[INFO] [stdout]  --> src/main.rs:5:13
[INFO] [stdout]   |
[INFO] [stdout] 5 | use winapi::shared::minwindef::{LPARAM, BOOL, TRUE};
[INFO] [stdout]   |             ^^^^^^ could not find `shared` in `winapi`
[INFO] [stdout] 
[INFO] [stdout] 
[INFO] [stdout] error[E0433]: failed to resolve: could not find `um` in `winapi`
[INFO] [stdout]  --> src/main.rs:6:13
[INFO] [stdout]   |
[INFO] [stdout] 6 | use winapi::um::winuser::{
[INFO] [stdout]   |             ^^ could not find `um` in `winapi`
[INFO] [stdout] 
[INFO] [stdout] 
[INFO] [stdout] error[E0412]: cannot find type `HWND` in this scope
[INFO] [stdout]   --> src/main.rs:20:53
[INFO] [stdout]    |
[INFO] [stdout] 20 | extern "system" fn enum_windows_proc(window_handle: HWND, lparam: LPARAM) -> BOOL {
[INFO] [stdout]    |                                                     ^^^^ not found in this scope
[INFO] [stdout] 
[INFO] [stdout] 
[INFO] [stdout] error[E0412]: cannot find type `LPARAM` in this scope
[INFO] [stdout]   --> src/main.rs:20:67
[INFO] [stdout]    |
[INFO] [stdout] 20 | extern "system" fn enum_windows_proc(window_handle: HWND, lparam: LPARAM) -> BOOL {
[INFO] [stdout]    |                                                                   ^^^^^^ not found in this scope
[INFO] [stdout] 
[INFO] [stdout] 
[INFO] [stdout] error[E0412]: cannot find type `BOOL` in this scope
[INFO] [stdout]   --> src/main.rs:20:78
[INFO] [stdout]    |
[INFO] [stdout] 20 | extern "system" fn enum_windows_proc(window_handle: HWND, lparam: LPARAM) -> BOOL {
[INFO] [stdout]    |                                                                              ^^^^ not found in this scope
[INFO] [stdout] 
[INFO] [stdout] 
[INFO] [stdout] error[E0412]: cannot find type `HWND` in this scope
[INFO] [stdout]   --> src/main.rs:30:36
[INFO] [stdout]    |
[INFO] [stdout] 30 | fn get_window_handle_list() -> Vec<HWND> {
[INFO] [stdout]    |                          -         ^^^^ not found in this scope
[INFO] [stdout]    |                          |
[INFO] [stdout]    |                          help: you might be missing a type parameter: `<HWND>`
[INFO] [stdout] 
[INFO] [stdout] 
[INFO] [stdout] error[E0412]: cannot find type `HWND` in this scope
[INFO] [stdout]   --> src/main.rs:41:36
[INFO] [stdout]    |
[INFO] [stdout] 41 | fn get_window_title(window_handle: HWND) -> String {
[INFO] [stdout]    |                                    ^^^^ not found in this scope
[INFO] [stdout] 
[INFO] [stdout] 
[INFO] [stdout] error[E0412]: cannot find type `HWND` in this scope
[INFO] [stdout]   --> src/main.rs:54:60
[INFO] [stdout]    |
[INFO] [stdout] 54 | fn find_window_from_title(window_title: &String) -> Option<HWND> {
[INFO] [stdout]    |                          -                                 ^^^^ not found in this scope
[INFO] [stdout]    |                          |
[INFO] [stdout]    |                          help: you might be missing a type parameter: `<HWND>`
[INFO] [stdout] 
[INFO] [stdout] 
[INFO] [stdout] error[E0412]: cannot find type `HWND` in this scope
[INFO] [stdout]   --> src/main.rs:68:35
[INFO] [stdout]    |
[INFO] [stdout] 68 | fn set_window_size(window_handle: HWND, width: i32, height: i32) {
[INFO] [stdout]    |                                   ^^^^ not found in this scope
[INFO] [stdout] 
[INFO] [stdout] 
[INFO] [stdout] error[E0412]: cannot find type `WCHAR` in this scope
[INFO] [stdout]   --> src/main.rs:76:28
[INFO] [stdout]    |
[INFO] [stdout] 76 | fn utf16_to_utf8(source: &[WCHAR]) -> String {
[INFO] [stdout]    |                            ^^^^^ not found in this scope
[INFO] [stdout] 
[INFO] [stdout] 
[INFO] [stderr] error: could not document `wndsize`
[INFO] [stdout] error[E0412]: cannot find type `WCHAR` in this scope
[INFO] [stdout]   --> src/main.rs:80:42
[INFO] [stdout]    |
[INFO] [stdout] 80 | fn utf8_to_utf16(source: &String) -> Vec<WCHAR> {
[INFO] [stdout]    |                 -                        ^^^^^ not found in this scope
[INFO] [stdout]    |                 |
[INFO] [stdout]    |                 help: you might be missing a type parameter: `<WCHAR>`
[INFO] [stdout] 
[INFO] [stdout] 
[INFO] [stderr] 
[INFO] [stdout] error: Compilation failed, aborting rustdoc
[INFO] [stdout] 
[INFO] [stdout] 
[INFO] [stderr] Caused by:
[INFO] [stdout] error: aborting due to 14 previous errors
[INFO] [stdout] 
[INFO] [stdout] 
[INFO] [stderr]   process didn't exit successfully: `rustdoc --edition=2018 --crate-type bin --crate-name wndsize src/main.rs -o /opt/rustwide/target/doc --error-format=json --json=diagnostic-rendered-ansi --document-private-items -L dependency=/opt/rustwide/target/debug/deps --extern getopts=/opt/rustwide/target/debug/deps/libgetopts-ca44e2aca6677999.rmeta --extern winapi=/opt/rustwide/target/debug/deps/libwinapi-378fb741ec1e0fed.rmeta --cap-lints=warn --crate-version 0.1.0` (exit status: 1)
[INFO] [stdout] Some errors have detailed explanations: E0412, E0433.
[INFO] [stdout] 
[INFO] [stdout] For more information about an error, try `rustc --explain E0412`.
[INFO] [stdout] 
[INFO] running `Command { std: "docker" "inspect" "2152e8a178af34efaecc4e618be84d40a72400313a390c8a8310c08845e34d43", kill_on_drop: false }`
[INFO] running `Command { std: "docker" "rm" "-f" "2152e8a178af34efaecc4e618be84d40a72400313a390c8a8310c08845e34d43", kill_on_drop: false }`
[INFO] [stdout] 2152e8a178af34efaecc4e618be84d40a72400313a390c8a8310c08845e34d43
