[INFO] cloning repository https://github.com/liurenjie1024/sider
[INFO] running `Command { std: "git" "-c" "credential.helper=" "-c" "credential.helper=/workspace/cargo-home/bin/git-credential-null" "clone" "--bare" "https://github.com/liurenjie1024/sider" "/workspace/cache/git-repos/https%3A%2F%2Fgithub.com%2Fliurenjie1024%2Fsider", kill_on_drop: false }`
[INFO] [stderr] Cloning into bare repository '/workspace/cache/git-repos/https%3A%2F%2Fgithub.com%2Fliurenjie1024%2Fsider'...
[INFO] running `Command { std: "git" "rev-parse" "HEAD", kill_on_drop: false }`
[INFO] [stdout] 738072d245eb2017545983d7a7621cc5fbe0f043
[INFO] documenting liurenjie1024/sider against 1.54.0 for beta-1.55-rustdoc-1
[INFO] running `Command { std: "git" "clone" "/workspace/cache/git-repos/https%3A%2F%2Fgithub.com%2Fliurenjie1024%2Fsider" "/workspace/builds/worker-8/source", kill_on_drop: false }`
[INFO] [stderr] Cloning into '/workspace/builds/worker-8/source'...
[INFO] [stderr] done.
[INFO] validating manifest of git repo https://github.com/liurenjie1024/sider on toolchain 1.54.0
[INFO] running `Command { std: "/workspace/cargo-home/bin/cargo" "+1.54.0" "metadata" "--manifest-path" "Cargo.toml" "--no-deps", kill_on_drop: false }`
[INFO] started tweaking git repo https://github.com/liurenjie1024/sider
[INFO] finished tweaking git repo https://github.com/liurenjie1024/sider
[INFO] tweaked toml for git repo https://github.com/liurenjie1024/sider written to /workspace/builds/worker-8/source/Cargo.toml
[INFO] crate git repo https://github.com/liurenjie1024/sider already has a lockfile, it will not be regenerated
[INFO] running `Command { std: "/workspace/cargo-home/bin/cargo" "+1.54.0" "fetch" "--manifest-path" "Cargo.toml", kill_on_drop: false }`
[INFO] [stderr]     Blocking waiting for file lock on package cache
[INFO] [stderr]     Blocking waiting for file lock on package cache
[INFO] running `Command { std: "docker" "create" "-v" "/var/lib/crater-agent-workspace/builds/worker-8/target:/opt/rustwide/target:rw,Z" "-v" "/var/lib/crater-agent-workspace/builds/worker-8/source:/opt/rustwide/workdir:ro,Z" "-v" "/var/lib/crater-agent-workspace/cargo-home:/opt/rustwide/cargo-home:ro,Z" "-v" "/var/lib/crater-agent-workspace/rustup-home:/opt/rustwide/rustup-home:ro,Z" "-e" "SOURCE_DIR=/opt/rustwide/workdir" "-e" "CARGO_TARGET_DIR=/opt/rustwide/target" "-e" "CARGO_HOME=/opt/rustwide/cargo-home" "-e" "RUSTUP_HOME=/opt/rustwide/rustup-home" "-w" "/opt/rustwide/workdir" "-m" "1610612736" "--user" "0:0" "--network" "none" "ghcr.io/rust-lang/crates-build-env/linux@sha256:34b6a614d2c27851fe6cbf88fbd1137609cefab8b10d0615aaeb6fd47975d74e" "/opt/rustwide/cargo-home/bin/cargo" "+1.54.0" "metadata" "--no-deps" "--format-version=1", kill_on_drop: false }`
[INFO] [stdout] 9370085e7cb51c42542200584b83fa3b9ea4c6c820d418cc8783577a5c2896dd
[INFO] running `Command { std: "docker" "start" "-a" "9370085e7cb51c42542200584b83fa3b9ea4c6c820d418cc8783577a5c2896dd", kill_on_drop: false }`
[INFO] running `Command { std: "docker" "inspect" "9370085e7cb51c42542200584b83fa3b9ea4c6c820d418cc8783577a5c2896dd", kill_on_drop: false }`
[INFO] running `Command { std: "docker" "rm" "-f" "9370085e7cb51c42542200584b83fa3b9ea4c6c820d418cc8783577a5c2896dd", kill_on_drop: false }`
[INFO] [stdout] 9370085e7cb51c42542200584b83fa3b9ea4c6c820d418cc8783577a5c2896dd
[INFO] running `Command { std: "docker" "create" "-v" "/var/lib/crater-agent-workspace/builds/worker-8/target:/opt/rustwide/target:rw,Z" "-v" "/var/lib/crater-agent-workspace/builds/worker-8/source:/opt/rustwide/workdir:ro,Z" "-v" "/var/lib/crater-agent-workspace/cargo-home:/opt/rustwide/cargo-home:ro,Z" "-v" "/var/lib/crater-agent-workspace/rustup-home:/opt/rustwide/rustup-home:ro,Z" "-e" "SOURCE_DIR=/opt/rustwide/workdir" "-e" "CARGO_TARGET_DIR=/opt/rustwide/target" "-e" "CARGO_INCREMENTAL=0" "-e" "RUST_BACKTRACE=full" "-e" "RUSTDOCFLAGS=--cap-lints=warn" "-e" "CARGO_HOME=/opt/rustwide/cargo-home" "-e" "RUSTUP_HOME=/opt/rustwide/rustup-home" "-w" "/opt/rustwide/workdir" "-m" "1610612736" "--user" "0:0" "--network" "none" "ghcr.io/rust-lang/crates-build-env/linux@sha256:34b6a614d2c27851fe6cbf88fbd1137609cefab8b10d0615aaeb6fd47975d74e" "/opt/rustwide/cargo-home/bin/cargo" "+1.54.0" "doc" "--frozen" "--no-deps" "--document-private-items" "--message-format=json", kill_on_drop: false }`
[INFO] [stdout] d4334a9a28da72b285ba396cd584b780dee88aaffc2321403687d51bfa345cd6
[INFO] running `Command { std: "docker" "start" "-a" "d4334a9a28da72b285ba396cd584b780dee88aaffc2321403687d51bfa345cd6", kill_on_drop: false }`
[INFO] [stderr]     Checking libc v0.2.23
[INFO] [stderr]     Checking futures v0.1.14
[INFO] [stderr]     Checking byteorder v1.0.0
[INFO] [stderr]     Checking cfg-if v0.1.2
[INFO] [stderr]     Checking log v0.3.8
[INFO] [stderr]     Checking lazycell v0.4.0
[INFO] [stderr]     Checking scoped-tls v0.1.0
[INFO] [stderr]     Checking iovec v0.1.0
[INFO] [stderr]     Checking net2 v0.2.29
[INFO] [stderr]     Checking rand v0.3.15
[INFO] [stderr]     Checking bytes v0.4.4
[INFO] [stderr]     Checking mio v0.6.9
[INFO] [stderr]     Checking tokio-service v0.1.0
[INFO] [stderr]     Checking tokio-io v0.1.2
[INFO] [stderr]     Checking tokio-core v0.1.8
[INFO] [stderr]     Checking tokio-proto v0.1.1
[INFO] [stderr]  Documenting sider v0.1.0 (/opt/rustwide/workdir)
[INFO] [stdout] error[E0557]: feature has been removed
[INFO] [stdout]  --> src/lib.rs:2:12
[INFO] [stdout]   |
[INFO] [stdout] 2 | #![feature(const_fn)]
[INFO] [stdout]   |            ^^^^^^^^ feature has been removed
[INFO] [stdout]   |
[INFO] [stdout]   = note: split into finer-grained feature gates
[INFO] [stdout] 
[INFO] [stdout] 
[INFO] [stdout] error: unexpected token: `...`
[INFO] [stdout]   --> src/collection/simple_hazard_pointer.rs:49:36
[INFO] [stdout]    |
[INFO] [stdout] 49 |         let acquired_pointers = (0 ... config.thread_num).map(|_| {
[INFO] [stdout]    |                                    ^^^
[INFO] [stdout]    |
[INFO] [stdout] help: use `..` for an exclusive range
[INFO] [stdout]    |
[INFO] [stdout] 49 |         let acquired_pointers = (0 .. config.thread_num).map(|_| {
[INFO] [stdout]    |                                    ^^
[INFO] [stdout] help: or `..=` for an inclusive range
[INFO] [stdout]    |
[INFO] [stdout] 49 |         let acquired_pointers = (0 ..= config.thread_num).map(|_| {
[INFO] [stdout]    |                                    ^^^
[INFO] [stdout] 
[INFO] [stdout] 
[INFO] [stdout] error[E0554]: `#![feature]` may not be used on the stable release channel
[INFO] [stdout]  --> src/lib.rs:1:1
[INFO] [stdout]   |
[INFO] [stdout] 1 | #![feature(inclusive_range_syntax)]
[INFO] [stdout]   | ^^^^^^^^^^^^^^^^^^^^^^^^^^^^^^^^^^^ help: remove the attribute
[INFO] [stdout]   |
[INFO] [stdout]   = help: the feature `inclusive_range_syntax` has been stable since 1.26.0 and no longer requires an attribute to enable
[INFO] [stdout] 
[INFO] [stdout] 
[INFO] [stdout] error[E0554]: `#![feature]` may not be used on the stable release channel
[INFO] [stdout]  --> src/lib.rs:2:1
[INFO] [stdout]   |
[INFO] [stdout] 2 | #![feature(const_fn)]
[INFO] [stdout]   | ^^^^^^^^^^^^^^^^^^^^^
[INFO] [stdout] 
[INFO] [stdout] 
[INFO] [stdout] error[E0554]: `#![feature]` may not be used on the stable release channel
[INFO] [stdout]  --> src/lib.rs:3:1
[INFO] [stdout]   |
[INFO] [stdout] 3 | #![feature(test)]
[INFO] [stdout]   | ^^^^^^^^^^^^^^^^^
[INFO] [stdout] 
[INFO] [stdout] 
[INFO] [stdout] error[E0554]: `#![feature]` may not be used on the stable release channel
[INFO] [stdout]  --> src/lib.rs:4:1
[INFO] [stdout]   |
[INFO] [stdout] 4 | #![feature(integer_atomics)]
[INFO] [stdout]   | ^^^^^^^^^^^^^^^^^^^^^^^^^^^^
[INFO] [stdout] 
[INFO] [stdout] 
[INFO] [stdout] error: Compilation failed, aborting rustdoc
[INFO] [stdout] 
[INFO] [stdout] 
[INFO] [stdout] error: aborting due to 7 previous errors
[INFO] [stdout] 
[INFO] [stdout] 
[INFO] [stdout] Some errors have detailed explanations: E0554, E0557.
[INFO] [stdout] 
[INFO] [stdout] For more information about an error, try `rustc --explain E0554`.
[INFO] [stdout] 
[INFO] [stderr] error: could not document `sider`
[INFO] [stderr] 
[INFO] [stderr] Caused by:
[INFO] [stderr]   process didn't exit successfully: `rustdoc --crate-type lib --crate-name sider src/lib.rs -o /opt/rustwide/target/doc --error-format=json --json=diagnostic-rendered-ansi --document-private-items -L dependency=/opt/rustwide/target/debug/deps --extern bytes=/opt/rustwide/target/debug/deps/libbytes-4ea477ce5da037e7.rmeta --extern futures=/opt/rustwide/target/debug/deps/libfutures-574115ead86e1e25.rmeta --extern rand=/opt/rustwide/target/debug/deps/librand-4a20faefec8a202b.rmeta --extern tokio_core=/opt/rustwide/target/debug/deps/libtokio_core-ae6288a6d76e8091.rmeta --extern tokio_io=/opt/rustwide/target/debug/deps/libtokio_io-bf95c243343af9b8.rmeta --extern tokio_proto=/opt/rustwide/target/debug/deps/libtokio_proto-d3a916048e14bcbc.rmeta --extern tokio_service=/opt/rustwide/target/debug/deps/libtokio_service-a6db12054eeafba2.rmeta --cap-lints=warn --crate-version 0.1.0` (exit status: 1)
[INFO] running `Command { std: "docker" "inspect" "d4334a9a28da72b285ba396cd584b780dee88aaffc2321403687d51bfa345cd6", kill_on_drop: false }`
[INFO] running `Command { std: "docker" "rm" "-f" "d4334a9a28da72b285ba396cd584b780dee88aaffc2321403687d51bfa345cd6", kill_on_drop: false }`
[INFO] [stdout] d4334a9a28da72b285ba396cd584b780dee88aaffc2321403687d51bfa345cd6
