[INFO] cloning repository https://github.com/linguohua/lproxy-dv
[INFO] running `Command { std: "git" "-c" "credential.helper=" "-c" "credential.helper=/workspace/cargo-home/bin/git-credential-null" "clone" "--bare" "https://github.com/linguohua/lproxy-dv" "/workspace/cache/git-repos/https%3A%2F%2Fgithub.com%2Flinguohua%2Flproxy-dv", kill_on_drop: false }`
[INFO] [stderr] Cloning into bare repository '/workspace/cache/git-repos/https%3A%2F%2Fgithub.com%2Flinguohua%2Flproxy-dv'...
[INFO] running `Command { std: "git" "rev-parse" "HEAD", kill_on_drop: false }`
[INFO] [stdout] 81cf3f7bc3a39c67d2e5b74d023c20293c2f15e7
[INFO] documenting linguohua/lproxy-dv against beta-2021-08-01 for beta-1.55-rustdoc-1
[INFO] running `Command { std: "git" "clone" "/workspace/cache/git-repos/https%3A%2F%2Fgithub.com%2Flinguohua%2Flproxy-dv" "/workspace/builds/worker-10/source", kill_on_drop: false }`
[INFO] [stderr] Cloning into '/workspace/builds/worker-10/source'...
[INFO] [stderr] done.
[INFO] validating manifest of git repo https://github.com/linguohua/lproxy-dv on toolchain beta-2021-08-01
[INFO] running `Command { std: "/workspace/cargo-home/bin/cargo" "+beta-2021-08-01" "metadata" "--manifest-path" "Cargo.toml" "--no-deps", kill_on_drop: false }`
[INFO] started tweaking git repo https://github.com/linguohua/lproxy-dv
[INFO] finished tweaking git repo https://github.com/linguohua/lproxy-dv
[INFO] tweaked toml for git repo https://github.com/linguohua/lproxy-dv written to /workspace/builds/worker-10/source/Cargo.toml
[INFO] crate git repo https://github.com/linguohua/lproxy-dv already has a lockfile, it will not be regenerated
[INFO] running `Command { std: "/workspace/cargo-home/bin/cargo" "+beta-2021-08-01" "fetch" "--manifest-path" "Cargo.toml", kill_on_drop: false }`
[INFO] [stderr]     Blocking waiting for file lock on package cache
[INFO] [stderr]     Updating git repository `https://github.com/linguohua/rust-native-tls`
[INFO] [stderr]     Blocking waiting for file lock on package cache
[INFO] [stderr]  Downloading crates ...
[INFO] [stderr]   Downloaded cfb-mode v0.3.2
[INFO] [stderr]   Downloaded grpcio v0.5.3
[INFO] [stderr]   Downloaded etcd v0.9.0
[INFO] [stderr]   Downloaded stream-cancel v0.5.2
[INFO] [stderr]   Downloaded byte v0.2.4
[INFO] [stderr]   Downloaded grpcio-sys v0.5.3
[INFO] running `Command { std: "docker" "create" "-v" "/var/lib/crater-agent-workspace/builds/worker-10/target:/opt/rustwide/target:rw,Z" "-v" "/var/lib/crater-agent-workspace/builds/worker-10/source:/opt/rustwide/workdir:ro,Z" "-v" "/var/lib/crater-agent-workspace/cargo-home:/opt/rustwide/cargo-home:ro,Z" "-v" "/var/lib/crater-agent-workspace/rustup-home:/opt/rustwide/rustup-home:ro,Z" "-e" "SOURCE_DIR=/opt/rustwide/workdir" "-e" "CARGO_TARGET_DIR=/opt/rustwide/target" "-e" "CARGO_HOME=/opt/rustwide/cargo-home" "-e" "RUSTUP_HOME=/opt/rustwide/rustup-home" "-w" "/opt/rustwide/workdir" "-m" "1610612736" "--user" "0:0" "--network" "none" "ghcr.io/rust-lang/crates-build-env/linux@sha256:34b6a614d2c27851fe6cbf88fbd1137609cefab8b10d0615aaeb6fd47975d74e" "/opt/rustwide/cargo-home/bin/cargo" "+beta-2021-08-01" "metadata" "--no-deps" "--format-version=1", kill_on_drop: false }`
[INFO] [stdout] 26ec5656350bc635d6203c51c566fb8553e8243144d9f18bb3c19533622057fe
[INFO] running `Command { std: "docker" "start" "-a" "26ec5656350bc635d6203c51c566fb8553e8243144d9f18bb3c19533622057fe", kill_on_drop: false }`
[INFO] running `Command { std: "docker" "inspect" "26ec5656350bc635d6203c51c566fb8553e8243144d9f18bb3c19533622057fe", kill_on_drop: false }`
[INFO] running `Command { std: "docker" "rm" "-f" "26ec5656350bc635d6203c51c566fb8553e8243144d9f18bb3c19533622057fe", kill_on_drop: false }`
[INFO] [stdout] 26ec5656350bc635d6203c51c566fb8553e8243144d9f18bb3c19533622057fe
[INFO] running `Command { std: "docker" "create" "-v" "/var/lib/crater-agent-workspace/builds/worker-10/target:/opt/rustwide/target:rw,Z" "-v" "/var/lib/crater-agent-workspace/builds/worker-10/source:/opt/rustwide/workdir:ro,Z" "-v" "/var/lib/crater-agent-workspace/cargo-home:/opt/rustwide/cargo-home:ro,Z" "-v" "/var/lib/crater-agent-workspace/rustup-home:/opt/rustwide/rustup-home:ro,Z" "-e" "SOURCE_DIR=/opt/rustwide/workdir" "-e" "CARGO_TARGET_DIR=/opt/rustwide/target" "-e" "CARGO_INCREMENTAL=0" "-e" "RUST_BACKTRACE=full" "-e" "RUSTDOCFLAGS=--cap-lints=warn" "-e" "CARGO_HOME=/opt/rustwide/cargo-home" "-e" "RUSTUP_HOME=/opt/rustwide/rustup-home" "-w" "/opt/rustwide/workdir" "-m" "1610612736" "--user" "0:0" "--network" "none" "ghcr.io/rust-lang/crates-build-env/linux@sha256:34b6a614d2c27851fe6cbf88fbd1137609cefab8b10d0615aaeb6fd47975d74e" "/opt/rustwide/cargo-home/bin/cargo" "+beta-2021-08-01" "doc" "--frozen" "--no-deps" "--document-private-items" "--message-format=json", kill_on_drop: false }`
[INFO] [stdout] d5d000f7607ee081f2dc29dea822e4c05d43b10450db85d53c69439044a1097b
[INFO] running `Command { std: "docker" "start" "-a" "d5d000f7607ee081f2dc29dea822e4c05d43b10450db85d53c69439044a1097b", kill_on_drop: false }`
[INFO] [stderr]    Compiling libc v0.2.70
[INFO] [stderr]    Compiling autocfg v1.0.0
[INFO] [stderr]    Compiling cc v1.0.52
[INFO] [stderr]     Checking futures v0.1.29
[INFO] [stderr]    Compiling proc-macro2 v1.0.12
[INFO] [stderr]    Compiling unicode-xid v0.2.0
[INFO] [stderr]    Compiling log v0.4.8
[INFO] [stderr]    Compiling memchr v2.3.3
[INFO] [stderr]    Compiling syn v1.0.18
[INFO] [stderr]    Compiling pkg-config v0.3.17
[INFO] [stderr]     Checking either v1.5.3
[INFO] [stderr]     Checking futures-core v0.3.5
[INFO] [stderr]     Checking itoa v0.4.5
[INFO] [stderr]    Compiling regex-syntax v0.6.17
[INFO] [stderr]     Checking smallvec v1.4.0
[INFO] [stderr]    Compiling openssl v0.10.29
[INFO] [stderr]     Checking futures-sink v0.3.5
[INFO] [stderr]    Compiling bindgen v0.51.1
[INFO] [stderr]    Compiling proc-macro-nested v0.1.4
[INFO] [stderr]    Compiling rustc-hash v1.1.0
[INFO] [stderr]    Compiling shlex v0.1.1
[INFO] [stderr]    Compiling native-tls v0.2.4 (https://github.com/linguohua/rust-native-tls#1b9f5544)
[INFO] [stderr]    Compiling getrandom v0.1.14
[INFO] [stderr]    Compiling peeking_take_while v0.1.2
[INFO] [stderr]    Compiling same-file v1.0.6
[INFO] [stderr]    Compiling proc-macro-hack v0.5.15
[INFO] [stderr]     Checking arc-swap v0.4.6
[INFO] [stderr]     Checking once_cell v1.4.0
[INFO] [stderr]     Checking bytes v0.5.4
[INFO] [stderr]     Checking futures-io v0.3.5
[INFO] [stderr]    Compiling ryu v1.0.4
[INFO] [stderr]    Compiling serde v1.0.110
[INFO] [stderr]     Checking pin-project-lite v0.1.5
[INFO] [stderr]    Compiling crc32fast v1.2.0
[INFO] [stderr]    Compiling failure_derive v0.1.8
[INFO] [stderr]    Compiling protobuf v2.14.0
[INFO] [stderr]     Checking ppv-lite86 v0.2.6
[INFO] [stderr]     Checking rustc-demangle v0.1.16
[INFO] [stderr]     Checking adler32 v1.0.4
[INFO] [stderr]    Compiling nix v0.17.0
[INFO] [stderr]     Checking void v1.0.2
[INFO] [stderr]     Checking base64 v0.12.1
[INFO] [stderr]     Checking byte v0.2.4
[INFO] [stderr]     Checking lock_api v0.3.4
[INFO] [stderr]    Compiling nom v4.2.3
[INFO] [stderr]    Compiling clang-sys v0.28.1
[INFO] [stderr]    Compiling thread_local v1.0.1
[INFO] [stderr]    Compiling parking_lot_core v0.6.2
[INFO] [stderr]     Checking smallvec v0.6.13
[INFO] [stderr]    Compiling parking_lot v0.9.0
[INFO] [stderr]    Compiling hyper v0.12.35
[INFO] [stderr]     Checking base64 v0.10.1
[INFO] [stderr]     Checking block-cipher-trait v0.6.2
[INFO] [stderr]     Checking digest v0.8.1
[INFO] [stderr]     Checking stream-cipher v0.3.2
[INFO] [stderr]     Checking block-buffer v0.7.3
[INFO] [stderr]     Checking sha-1 v0.8.2
[INFO] [stderr]     Checking aes-soft v0.3.3
[INFO] [stderr]     Checking cfb-mode v0.3.2
[INFO] [stderr]    Compiling crossbeam-utils v0.7.2
[INFO] [stderr]    Compiling memoffset v0.5.4
[INFO] [stderr]    Compiling crossbeam-epoch v0.8.2
[INFO] [stderr]    Compiling indexmap v1.3.2
[INFO] [stderr]     Checking tokio-sync v0.1.8
[INFO] [stderr]     Checking aes v0.3.2
[INFO] [stderr]     Checking unicode-normalization v0.1.12
[INFO] [stderr]    Compiling cmake v0.1.42
[INFO] [stderr]     Checking miniz_oxide v0.3.6
[INFO] [stderr]    Compiling walkdir v2.3.1
[INFO] [stderr]     Checking futures-channel v0.3.5
[INFO] [stderr]     Checking futures-task v0.3.5
[INFO] [stderr]    Compiling openssl-sys v0.9.55
[INFO] [stderr]    Compiling libloading v0.5.2
[INFO] [stderr]    Compiling libz-sys v1.0.25
[INFO] [stderr]    Compiling backtrace-sys v0.1.37
[INFO] [stderr]     Checking idna v0.1.5
[INFO] [stderr]     Checking idna v0.2.0
[INFO] [stderr]    Compiling aho-corasick v0.7.10
[INFO] [stderr]     Checking url v2.1.1
[INFO] [stderr]     Checking url v1.7.2
[INFO] [stderr]     Checking want v0.2.0
[INFO] [stderr]    Compiling quote v1.0.4
[INFO] [stderr]    Compiling regex v1.3.7
[INFO] [stderr]    Compiling cexpr v0.3.6
[INFO] [stderr]     Checking iovec v0.1.4
[INFO] [stderr]     Checking num_cpus v1.13.0
[INFO] [stderr]     Checking net2 v0.2.34
[INFO] [stderr]     Checking signal-hook-registry v1.2.0
[INFO] [stderr]     Checking time v0.1.43
[INFO] [stderr]     Checking fs2 v0.4.3
[INFO] [stderr]     Checking flate2 v1.0.14
[INFO] [stderr]     Checking bytes v0.4.12
[INFO] [stderr]     Checking rand_core v0.5.1
[INFO] [stderr]     Checking futures-cpupool v0.1.8
[INFO] [stderr]     Checking backtrace v0.3.46
[INFO] [stderr]     Checking mio v0.6.22
[INFO] [stderr]     Checking rand_chacha v0.2.2
[INFO] [stderr]     Checking rand v0.7.3
[INFO] [stderr]     Checking tokio-io v0.1.13
[INFO] [stderr]     Checking http v0.1.21
[INFO] [stderr]     Checking string v0.2.1
[INFO] [stderr]     Checking tokio-buf v0.1.1
[INFO] [stderr]     Checking mio-uds v0.6.8
[INFO] [stderr]     Checking tokio-executor v0.1.10
[INFO] [stderr]     Checking crossbeam-queue v0.2.1
[INFO] [stderr]     Checking tokio-codec v0.1.2
[INFO] [stderr]     Checking tokio-reactor v0.1.12
[INFO] [stderr]     Checking tokio-current-thread v0.1.7
[INFO] [stderr]     Checking tokio-timer v0.2.13
[INFO] [stderr]     Checking tokio-udp v0.1.6
[INFO] [stderr]     Checking tokio-tcp v0.1.4
[INFO] [stderr]     Checking tokio-uds v0.2.6
[INFO] [stderr]     Checking crossbeam-deque v0.7.3
[INFO] [stderr]     Checking tokio-threadpool v0.1.18
[INFO] [stderr]     Checking serde_json v1.0.53
[INFO] [stderr]     Checking http-body v0.1.0
[INFO] [stderr]     Checking h2 v0.1.26
[INFO] [stderr]     Checking tokio-fs v0.1.7
[INFO] [stderr]     Checking tokio v0.1.22
[INFO] [stderr]    Compiling synstructure v0.12.3
[INFO] [stderr]    Compiling pin-project-internal v0.4.17
[INFO] [stderr]    Compiling tokio-macros v0.2.5
[INFO] [stderr]    Compiling futures-macro v0.3.5
[INFO] [stderr]    Compiling serde_derive v1.0.110
[INFO] [stderr]     Checking hyper-tls v0.3.2
[INFO] [stderr]    Compiling grpcio-sys v0.5.3
[INFO] [stderr]     Checking failure v0.1.8
[INFO] [stderr]     Checking tokio v0.2.21
[INFO] [stderr]     Checking pin-project v0.4.17
[INFO] [stderr]     Checking futures-util v0.3.5
[INFO] [stderr]     Checking tokio-util v0.3.1
[INFO] [stderr]     Checking tokio-native-tls v0.1.0
[INFO] [stderr]     Checking etcd v0.9.0
[INFO] [stderr]     Checking futures-executor v0.3.5
[INFO] [stderr]     Checking stream-cancel v0.5.2
[INFO] [stderr]     Checking futures v0.3.5
[INFO] [stderr] error: failed to run custom build command for `grpcio-sys v0.5.3`
[INFO] [stderr] 
[INFO] [stderr] Caused by:
[INFO] [stderr]   process didn't exit successfully: `/opt/rustwide/target/debug/build/grpcio-sys-f845ebdd5edbf8c9/build-script-build` (exit status: 101)
[INFO] [stderr]   --- stdout
[INFO] [stderr]   cargo:rerun-if-changed=grpc_wrap.cc
[INFO] [stderr]   cargo:rerun-if-changed=grpc
[INFO] [stderr]   cargo:rerun-if-env-changed=UPDATE_BIND
[INFO] [stderr]   cargo:rerun-if-env-changed=CARGO_CFG_TARGET_OS
[INFO] [stderr]   cargo:rerun-if-env-changed=GRPCIO_SYS_USE_PKG_CONFIG
[INFO] [stderr]   cargo:rerun-if-env-changed=CARGO_CFG_TARGET_OS
[INFO] [stderr]   running: "c++" "-O0" "-ffunction-sections" "-fdata-sections" "-fPIC" "-g" "-fno-omit-frame-pointer" "-m64" "-Wall" "-Wextra" "-o" "/opt/rustwide/target/debug/build/grpcio-sys-0bfce607de43e4c3/out/grpc/test/build/openssl-alpn.o" "-c" "grpc/test/build/openssl-alpn.c"
[INFO] [stderr]   exit status: 0
[INFO] [stderr]   running: "ar" "crs" "/opt/rustwide/target/debug/build/grpcio-sys-0bfce607de43e4c3/out/libcheck_alpn.a" "/opt/rustwide/target/debug/build/grpcio-sys-0bfce607de43e4c3/out/grpc/test/build/openssl-alpn.o"
[INFO] [stderr]   exit status: 0
[INFO] [stderr]   cargo:rustc-link-search=native=/opt/rustwide/target/debug/build/libz-sys-99b0300b54b53caf/out/build
[INFO] [stderr]   cargo:rustc-link-search=native=/opt/rustwide/target/debug/build/libz-sys-99b0300b54b53caf/out/lib
[INFO] [stderr]   running: "cmake" "/opt/rustwide/cargo-home/registry/src/github.com-1ecc6299db9ec823/grpcio-sys-0.5.3/grpc" "-DgRPC_INSTALL=false" "-DgRPC_BUILD_CSHARP_EXT=false" "-DgRPC_BUILD_CODEGEN=false" "-DgRPC_BENCHMARK_PROVIDER=none" "-DgRPC_SSL_PROVIDER=package" "-DEMBED_OPENSSL=false" "-DgRPC_ZLIB_PROVIDER=package" "-DCMAKE_INSTALL_PREFIX=/opt/rustwide/target/debug/build/grpcio-sys-0bfce607de43e4c3/out" "-DCMAKE_C_FLAGS= -ffunction-sections -fdata-sections -fPIC -m64" "-DCMAKE_C_COMPILER=/usr/bin/cc" "-DCMAKE_CXX_FLAGS= -ffunction-sections -fdata-sections -fPIC -m64" "-DCMAKE_CXX_COMPILER=/usr/bin/c++" "-DCMAKE_BUILD_TYPE=Debug"
[INFO] [stderr]   -- The C compiler identification is GNU 9.3.0
[INFO] [stderr]   -- The CXX compiler identification is GNU 9.3.0
[INFO] [stderr]   -- Check for working C compiler: /usr/bin/cc
[INFO] [stderr]   -- Check for working C compiler: /usr/bin/cc -- works
[INFO] [stderr]   -- Detecting C compiler ABI info
[INFO] [stderr]   -- Detecting C compiler ABI info - done
[INFO] [stderr]   -- Detecting C compile features
[INFO] [stderr]   -- Detecting C compile features - done
[INFO] [stderr]   -- Check for working CXX compiler: /usr/bin/c++
[INFO] [stderr]   -- Check for working CXX compiler: /usr/bin/c++ -- works
[INFO] [stderr]   -- Detecting CXX compiler ABI info
[INFO] [stderr]   -- Detecting CXX compiler ABI info - done
[INFO] [stderr]   -- Detecting CXX compile features
[INFO] [stderr]   -- Detecting CXX compile features - done
[INFO] [stderr]   -- Looking for res_servicename in resolv
[INFO] [stderr]   -- Looking for res_servicename in resolv - not found
[INFO] [stderr]   -- Looking for gethostbyname in nsl
[INFO] [stderr]   -- Looking for gethostbyname in nsl - found
[INFO] [stderr]   -- Looking for gethostbyname in socket
[INFO] [stderr]   -- Looking for gethostbyname in socket - not found
[INFO] [stderr]   -- Looking for socket in socket
[INFO] [stderr]   -- Looking for socket in socket - not found
[INFO] [stderr]   -- Looking for clock_gettime in rt
[INFO] [stderr]   -- Looking for clock_gettime in rt - found
[INFO] [stderr]   -- Looking for include file sys/types.h
[INFO] [stderr]   -- Looking for include file sys/types.h - found
[INFO] [stderr]   -- Looking for include file sys/socket.h
[INFO] [stderr]   -- Looking for include file sys/socket.h - found
[INFO] [stderr]   -- Looking for include file arpa/inet.h
[INFO] [stderr]   -- Looking for include file arpa/inet.h - found
[INFO] [stderr]   -- Looking for include file arpa/nameser_compat.h
[INFO] [stderr]   -- Looking for include file arpa/nameser_compat.h - found
[INFO] [stderr]   -- Looking for include file arpa/nameser.h
[INFO] [stderr]   -- Looking for include file arpa/nameser.h - found
[INFO] [stderr]   -- Looking for include file assert.h
[INFO] [stderr]   -- Looking for include file assert.h - found
[INFO] [stderr]   -- Looking for include file errno.h
[INFO] [stderr]   -- Looking for include file errno.h - found
[INFO] [stderr]   -- Looking for include file fcntl.h
[INFO] [stderr]   -- Looking for include file fcntl.h - found
[INFO] [stderr]   -- Looking for include file inttypes.h
[INFO] [stderr]   -- Looking for include file inttypes.h - found
[INFO] [stderr]   -- Looking for include file limits.h
[INFO] [stderr]   -- Looking for include file limits.h - found
[INFO] [stderr]   -- Looking for include file malloc.h
[INFO] [stderr]   -- Looking for include file malloc.h - found
[INFO] [stderr]   -- Looking for include file memory.h
[INFO] [stderr]   -- Looking for include file memory.h - found
[INFO] [stderr]   -- Looking for include file netdb.h
[INFO] [stderr]   -- Looking for include file netdb.h - found
[INFO] [stderr]   -- Looking for include file netinet/in.h
[INFO] [stderr]   -- Looking for include file netinet/in.h - found
[INFO] [stderr]   -- Looking for include file netinet/tcp.h
[INFO] [stderr]   -- Looking for include file netinet/tcp.h - found
[INFO] [stderr]   -- Looking for include file net/if.h
[INFO] [stderr]   -- Looking for include file net/if.h - found
[INFO] [stderr]   -- Looking for include file signal.h
[INFO] [stderr]   -- Looking for include file signal.h - found
[INFO] [stderr]   -- Looking for include file socket.h
[INFO] [stderr]   -- Looking for include file socket.h - not found
[INFO] [stderr]   -- Looking for include file stdbool.h
[INFO] [stderr]   -- Looking for include file stdbool.h - found
[INFO] [stderr]   -- Looking for include file stdint.h
[INFO] [stderr]   -- Looking for include file stdint.h - found
[INFO] [stderr]   -- Looking for include file stdlib.h
[INFO] [stderr]   -- Looking for include file stdlib.h - found
[INFO] [stderr]   -- Looking for include file strings.h
[INFO] [stderr]   -- Looking for include file strings.h - found
[INFO] [stderr]   -- Looking for include file string.h
[INFO] [stderr]   -- Looking for include file string.h - found
[INFO] [stderr]   -- Looking for include file stropts.h
[INFO] [stderr]   -- Looking for include file stropts.h - not found
[INFO] [stderr]   -- Looking for include file sys/ioctl.h
[INFO] [stderr]   -- Looking for include file sys/ioctl.h - found
[INFO] [stderr]   -- Looking for include file sys/param.h
[INFO] [stderr]   -- Looking for include file sys/param.h - found
[INFO] [stderr]   -- Looking for include file sys/select.h
[INFO] [stderr]   -- Looking for include file sys/select.h - found
[INFO] [stderr]   -- Looking for include file sys/stat.h
[INFO] [stderr]   -- Looking for include file sys/stat.h - found
[INFO] [stderr]   -- Looking for include file sys/time.h
[INFO] [stderr]   -- Looking for include file sys/time.h - found
[INFO] [stderr]   -- Looking for include file sys/uio.h
[INFO] [stderr]   -- Looking for include file sys/uio.h - found
[INFO] [stderr]   -- Looking for include file time.h
[INFO] [stderr]   -- Looking for include file time.h - found
[INFO] [stderr]   -- Looking for include file dlfcn.h
[INFO] [stderr]   -- Looking for include file dlfcn.h - found
[INFO] [stderr]   -- Looking for include file unistd.h
[INFO] [stderr]   -- Looking for include file unistd.h - found
[INFO] [stderr]   -- Looking for include files winsock2.h, windows.h
[INFO] [stderr]   -- Looking for include files winsock2.h, windows.h - not found
[INFO] [stderr]   -- Looking for 3 include files winsock2.h, ..., windows.h
[INFO] [stderr]   -- Looking for 3 include files winsock2.h, ..., windows.h - not found
[INFO] [stderr]   -- Looking for include files winsock.h, windows.h
[INFO] [stderr]   -- Looking for include files winsock.h, windows.h - not found
[INFO] [stderr]   -- Looking for include file windows.h
[INFO] [stderr]   -- Looking for include file windows.h - not found
[INFO] [stderr]   -- Performing Test HAVE_SOCKLEN_T
[INFO] [stderr]   -- Performing Test HAVE_SOCKLEN_T - Success
[INFO] [stderr]   -- Performing Test HAVE_TYPE_SOCKET
[INFO] [stderr]   -- Performing Test HAVE_TYPE_SOCKET - Failed
[INFO] [stderr]   -- Performing Test HAVE_BOOL_T
[INFO] [stderr]   -- Performing Test HAVE_BOOL_T - Success
[INFO] [stderr]   -- Performing Test HAVE_SSIZE_T
[INFO] [stderr]   -- Performing Test HAVE_SSIZE_T - Success
[INFO] [stderr]   -- Performing Test HAVE_LONGLONG
[INFO] [stderr]   -- Performing Test HAVE_LONGLONG - Success
[INFO] [stderr]   -- Performing Test HAVE_SIG_ATOMIC_T
[INFO] [stderr]   -- Performing Test HAVE_SIG_ATOMIC_T - Success
[INFO] [stderr]   -- Performing Test HAVE_STRUCT_ADDRINFO
[INFO] [stderr]   -- Performing Test HAVE_STRUCT_ADDRINFO - Success
[INFO] [stderr]   -- Performing Test HAVE_STRUCT_IN6_ADDR
[INFO] [stderr]   -- Performing Test HAVE_STRUCT_IN6_ADDR - Success
[INFO] [stderr]   -- Performing Test HAVE_STRUCT_SOCKADDR_IN6
[INFO] [stderr]   -- Performing Test HAVE_STRUCT_SOCKADDR_IN6 - Success
[INFO] [stderr]   -- Performing Test HAVE_STRUCT_SOCKADDR_STORAGE
[INFO] [stderr]   -- Performing Test HAVE_STRUCT_SOCKADDR_STORAGE - Success
[INFO] [stderr]   -- Performing Test HAVE_STRUCT_TIMEVAL
[INFO] [stderr]   -- Performing Test HAVE_STRUCT_TIMEVAL - Success
[INFO] [stderr]   -- Looking for AF_INET6
[INFO] [stderr]   -- Looking for AF_INET6 - found
[INFO] [stderr]   -- Looking for O_NONBLOCK
[INFO] [stderr]   -- Looking for O_NONBLOCK - found
[INFO] [stderr]   -- Looking for FIONBIO
[INFO] [stderr]   -- Looking for FIONBIO - found
[INFO] [stderr]   -- Looking for SIOCGIFADDR
[INFO] [stderr]   -- Looking for SIOCGIFADDR - found
[INFO] [stderr]   -- Looking for MSG_NOSIGNAL
[INFO] [stderr]   -- Looking for MSG_NOSIGNAL - found
[INFO] [stderr]   -- Looking for PF_INET6
[INFO] [stderr]   -- Looking for PF_INET6 - found
[INFO] [stderr]   -- Looking for SO_NONBLOCK
[INFO] [stderr]   -- Looking for SO_NONBLOCK - not found
[INFO] [stderr]   -- Looking for CLOCK_MONOTONIC
[INFO] [stderr]   -- Looking for CLOCK_MONOTONIC - found
[INFO] [stderr]   -- Performing Test HAVE_SOCKADDR_IN6_SIN6_SCOPE_ID
[INFO] [stderr]   -- Performing Test HAVE_SOCKADDR_IN6_SIN6_SCOPE_ID - Success
[INFO] [stderr]   -- Performing Test HAVE_LL
[INFO] [stderr]   -- Performing Test HAVE_LL - Success
[INFO] [stderr]   -- Looking for bitncmp
[INFO] [stderr]   -- Looking for bitncmp - not found
[INFO] [stderr]   -- Looking for closesocket
[INFO] [stderr]   -- Looking for closesocket - not found
[INFO] [stderr]   -- Looking for CloseSocket
[INFO] [stderr]   -- Looking for CloseSocket - not found
[INFO] [stderr]   -- Looking for connect
[INFO] [stderr]   -- Looking for connect - found
[INFO] [stderr]   -- Looking for fcntl
[INFO] [stderr]   -- Looking for fcntl - found
[INFO] [stderr]   -- Looking for freeaddrinfo
[INFO] [stderr]   -- Looking for freeaddrinfo - found
[INFO] [stderr]   -- Looking for getaddrinfo
[INFO] [stderr]   -- Looking for getaddrinfo - found
[INFO] [stderr]   -- Looking for getenv
[INFO] [stderr]   -- Looking for getenv - found
[INFO] [stderr]   -- Looking for gethostbyaddr
[INFO] [stderr]   -- Looking for gethostbyaddr - found
[INFO] [stderr]   -- Looking for gethostbyname
[INFO] [stderr]   -- Looking for gethostbyname - found
[INFO] [stderr]   -- Looking for gethostname
[INFO] [stderr]   -- Looking for gethostname - found
[INFO] [stderr]   -- Looking for getnameinfo
[INFO] [stderr]   -- Looking for getnameinfo - found
[INFO] [stderr]   -- Looking for getservbyport_r
[INFO] [stderr]   -- Looking for getservbyport_r - found
[INFO] [stderr]   -- Looking for gettimeofday
[INFO] [stderr]   -- Looking for gettimeofday - found
[INFO] [stderr]   -- Looking for if_indextoname
[INFO] [stderr]   -- Looking for if_indextoname - found
[INFO] [stderr]   -- Looking for inet_net_pton
[INFO] [stderr]   -- Looking for inet_net_pton - not found
[INFO] [stderr]   -- Looking for inet_ntop
[INFO] [stderr]   -- Looking for inet_ntop - found
[INFO] [stderr]   -- Looking for inet_pton
[INFO] [stderr]   -- Looking for inet_pton - found
[INFO] [stderr]   -- Looking for ioctl
[INFO] [stderr]   -- Looking for ioctl - found
[INFO] [stderr]   -- Looking for ioctlsocket
[INFO] [stderr]   -- Looking for ioctlsocket - not found
[INFO] [stderr]   -- Looking for IoctlSocket
[INFO] [stderr]   -- Looking for IoctlSocket - not found
[INFO] [stderr]   -- Looking for recv
[INFO] [stderr]   -- Looking for recv - found
[INFO] [stderr]   -- Looking for recvfrom
[INFO] [stderr]   -- Looking for recvfrom - found
[INFO] [stderr]   -- Looking for send
[INFO] [stderr]   -- Looking for send - found
[INFO] [stderr]   -- Looking for setsockopt
[INFO] [stderr]   -- Looking for setsockopt - found
[INFO] [stderr]   -- Looking for socket
[INFO] [stderr]   -- Looking for socket - found
[INFO] [stderr]   -- Looking for strcasecmp
[INFO] [stderr]   -- Looking for strcasecmp - found
[INFO] [stderr]   -- Looking for strcmpi
[INFO] [stderr]   -- Looking for strcmpi - not found
[INFO] [stderr]   -- Looking for strdup
[INFO] [stderr]   -- Looking for strdup - found
[INFO] [stderr]   -- Looking for stricmp
[INFO] [stderr]   -- Looking for stricmp - not found
[INFO] [stderr]   -- Looking for strncasecmp
[INFO] [stderr]   -- Looking for strncasecmp - found
[INFO] [stderr]   -- Looking for strncmpi
[INFO] [stderr]   -- Looking for strncmpi - not found
[INFO] [stderr]   -- Looking for strnicmp
[INFO] [stderr]   -- Looking for strnicmp - not found
[INFO] [stderr]   -- Looking for writev
[INFO] [stderr]   -- Looking for writev - found
[INFO] [stderr]   -- Looking for __system_property_get
[INFO] [stderr]   -- Looking for __system_property_get - not found
[INFO] [stderr]   -- Found OpenSSL: /usr/lib/x86_64-linux-gnu/libcrypto.so (found version "1.1.1f")  
[INFO] [stderr]   -- Found ZLIB: /opt/rustwide/target/debug/build/libz-sys-99b0300b54b53caf/out/build/libz.a (found version "1.2.11") 
[INFO] [stderr]   -- Configuring done
[INFO] [stderr]   -- Generating done
[INFO] [stderr]   -- Build files have been written to: /opt/rustwide/target/debug/build/grpcio-sys-0bfce607de43e4c3/out/build
[INFO] [stderr]   running: "cmake" "--build" "." "--target" "grpc" "--config" "Debug" "--"
[INFO] [stderr]   Scanning dependencies of target upb
[INFO] [stderr]   Scanning dependencies of target address_sorting
[INFO] [stderr]   [  0%] Building C object CMakeFiles/upb.dir/third_party/upb/upb/decode.c.o
[INFO] [stderr]   [  0%] Building C object CMakeFiles/upb.dir/third_party/upb/upb/encode.c.o
[INFO] [stderr]   [  0%] Building C object CMakeFiles/address_sorting.dir/third_party/address_sorting/address_sorting.c.o
[INFO] [stderr]   [  0%] Building C object CMakeFiles/address_sorting.dir/third_party/address_sorting/address_sorting_posix.c.o
[INFO] [stderr]   Scanning dependencies of target c-ares
[INFO] [stderr]   [  0%] Building C object CMakeFiles/upb.dir/third_party/upb/upb/msg.c.o
[INFO] [stderr]   [  0%] Building C object CMakeFiles/upb.dir/third_party/upb/upb/port.c.o
[INFO] [stderr]   [  0%] Building C object CMakeFiles/upb.dir/third_party/upb/upb/upb.c.o
[INFO] [stderr]   [  0%] Building C object CMakeFiles/address_sorting.dir/third_party/address_sorting/address_sorting_windows.c.o
[INFO] [stderr]   [  0%] Building C object CMakeFiles/upb.dir/third_party/upb/upb/table.c.o
[INFO] [stderr]   Scanning dependencies of target gpr
[INFO] [stderr]   [  0%] Building C object third_party/cares/cares/CMakeFiles/c-ares.dir/ares__get_hostent.c.o
[INFO] [stderr]   [  0%] Building CXX object CMakeFiles/gpr.dir/src/core/lib/gpr/atm.cc.o
[INFO] [stderr]   [  0%] Building C object third_party/cares/cares/CMakeFiles/c-ares.dir/ares__close_sockets.c.o
[INFO] [stderr]   [  0%] Building C object third_party/cares/cares/CMakeFiles/c-ares.dir/ares__read_line.c.o
[INFO] [stderr]   [  0%] Building C object third_party/cares/cares/CMakeFiles/c-ares.dir/ares__timeval.c.o
[INFO] [stderr]   [  0%] Building CXX object CMakeFiles/gpr.dir/src/core/lib/gpr/alloc.cc.o
[INFO] [stderr]   [  0%] Building C object third_party/cares/cares/CMakeFiles/c-ares.dir/ares_android.c.o
[INFO] [stderr]   [  3%] Building CXX object CMakeFiles/gpr.dir/src/core/lib/gpr/cpu_iphone.cc.o
[INFO] [stderr]   [  3%] Building C object third_party/cares/cares/CMakeFiles/c-ares.dir/ares_cancel.c.o
[INFO] [stderr]   [  3%] Building CXX object CMakeFiles/gpr.dir/src/core/lib/gpr/cpu_linux.cc.o
[INFO] [stderr]   [  3%] Building CXX object CMakeFiles/gpr.dir/src/core/lib/gpr/cpu_windows.cc.o
[INFO] [stderr]   [  3%] Building CXX object CMakeFiles/gpr.dir/src/core/lib/gpr/cpu_posix.cc.o
[INFO] [stderr]   [  3%] Building CXX object CMakeFiles/gpr.dir/src/core/lib/gpr/env_linux.cc.o
[INFO] [stderr]   [  3%] Building C object third_party/cares/cares/CMakeFiles/c-ares.dir/ares_data.c.o
[INFO] [stderr]   [  3%] Building CXX object CMakeFiles/gpr.dir/src/core/lib/gpr/env_windows.cc.o
[INFO] [stderr]   [  3%] Building C object third_party/cares/cares/CMakeFiles/c-ares.dir/ares_expand_name.c.o
[INFO] [stderr]   [  3%] Building CXX object CMakeFiles/gpr.dir/src/core/lib/gpr/env_posix.cc.o
[INFO] [stderr]   [  3%] Building C object third_party/cares/cares/CMakeFiles/c-ares.dir/ares_fds.c.o
[INFO] [stderr]   [  3%] Building C object third_party/cares/cares/CMakeFiles/c-ares.dir/ares_expand_string.c.o
[INFO] [stderr]   [  3%] Building CXX object CMakeFiles/gpr.dir/src/core/lib/gpr/log.cc.o
[INFO] [stderr]   [  3%] Building C object third_party/cares/cares/CMakeFiles/c-ares.dir/ares_destroy.c.o
[INFO] [stderr]   [  3%] Building CXX object CMakeFiles/gpr.dir/src/core/lib/gpr/log_linux.cc.o
[INFO] [stderr]   [  3%] Building C object third_party/cares/cares/CMakeFiles/c-ares.dir/ares_free_string.c.o
[INFO] [stderr]   [  3%] Building C object third_party/cares/cares/CMakeFiles/c-ares.dir/ares_free_hostent.c.o
[INFO] [stderr]   [  6%] Building C object third_party/cares/cares/CMakeFiles/c-ares.dir/ares_getenv.c.o
[INFO] [stderr]   [  6%] Building C object third_party/cares/cares/CMakeFiles/c-ares.dir/ares_getnameinfo.c.o
[INFO] [stderr]   [  6%] Building CXX object CMakeFiles/gpr.dir/src/core/lib/gpr/log_android.cc.o
[INFO] [stderr]   [  6%] Building C object third_party/cares/cares/CMakeFiles/c-ares.dir/ares_gethostbyname.c.o
[INFO] [stderr]   [  6%] Building CXX object CMakeFiles/gpr.dir/src/core/lib/gpr/log_posix.cc.o
[INFO] [stderr]   [  6%] Building C object third_party/cares/cares/CMakeFiles/c-ares.dir/ares_getsock.c.o
[INFO] [stderr]   [  6%] Building C object third_party/cares/cares/CMakeFiles/c-ares.dir/ares_library_init.c.o
[INFO] [stderr]   [  6%] Building C object third_party/cares/cares/CMakeFiles/c-ares.dir/ares_init.c.o
[INFO] [stderr]   [  6%] Building CXX object CMakeFiles/gpr.dir/src/core/lib/gpr/log_windows.cc.o
[INFO] [stderr]   [  6%] Building C object third_party/cares/cares/CMakeFiles/c-ares.dir/ares_llist.c.o
[INFO] [stderr]   [  6%] Building C object third_party/cares/cares/CMakeFiles/c-ares.dir/ares_mkquery.c.o
[INFO] [stderr]   [  6%] Building C object third_party/cares/cares/CMakeFiles/c-ares.dir/ares_gethostbyaddr.c.o
[INFO] [stderr]   [  6%] Building C object third_party/cares/cares/CMakeFiles/c-ares.dir/ares_create_query.c.o
[INFO] [stderr]   [  6%] Building CXX object CMakeFiles/gpr.dir/src/core/lib/gpr/string.cc.o
[INFO] [stderr]   [  6%] Building CXX object CMakeFiles/gpr.dir/src/core/lib/gpr/murmur_hash.cc.o
[INFO] [stderr]   [ 10%] Linking C static library libupb.a
[INFO] [stderr]   [ 10%] Building C object third_party/cares/cares/CMakeFiles/c-ares.dir/ares_nowarn.c.o
[INFO] [stderr]   [ 10%] Building CXX object CMakeFiles/gpr.dir/src/core/lib/gpr/string_posix.cc.o
[INFO] [stderr]   [ 10%] Building CXX object CMakeFiles/gpr.dir/src/core/lib/gpr/string_util_windows.cc.o
[INFO] [stderr]   [ 10%] Building C object third_party/cares/cares/CMakeFiles/c-ares.dir/ares_parse_mx_reply.c.o
[INFO] [stderr]   [ 10%] Linking C static library libaddress_sorting.a
[INFO] [stderr]   [ 10%] Building C object third_party/cares/cares/CMakeFiles/c-ares.dir/ares_parse_a_reply.c.o
[INFO] [stderr]   [ 13%] Building CXX object CMakeFiles/gpr.dir/src/core/lib/gpr/string_windows.cc.o
[INFO] [stderr]   [ 13%] Building CXX object CMakeFiles/gpr.dir/src/core/lib/gpr/sync.cc.o
[INFO] [stderr]   [ 13%] Building C object third_party/cares/cares/CMakeFiles/c-ares.dir/ares_parse_naptr_reply.c.o
[INFO] [stderr]   [ 13%] Building C object third_party/cares/cares/CMakeFiles/c-ares.dir/ares_parse_aaaa_reply.c.o
[INFO] [stderr]   [ 13%] Building C object third_party/cares/cares/CMakeFiles/c-ares.dir/ares_parse_soa_reply.c.o
[INFO] [stderr]   [ 16%] Building C object third_party/cares/cares/CMakeFiles/c-ares.dir/ares_parse_ns_reply.c.o
[INFO] [stderr]   [ 16%] Building C object third_party/cares/cares/CMakeFiles/c-ares.dir/ares_parse_ptr_reply.c.o
[INFO] [stderr]   [ 16%] Building CXX object CMakeFiles/gpr.dir/src/core/lib/gpr/time.cc.o
[INFO] [stderr]   [ 16%] Building CXX object CMakeFiles/gpr.dir/src/core/lib/gpr/sync_posix.cc.o
[INFO] [stderr]   [ 16%] Building CXX object CMakeFiles/gpr.dir/src/core/lib/gpr/sync_windows.cc.o
[INFO] [stderr]   [ 16%] Building C object third_party/cares/cares/CMakeFiles/c-ares.dir/ares_parse_srv_reply.c.o
[INFO] [stderr]   [ 16%] Building CXX object CMakeFiles/gpr.dir/src/core/lib/gpr/time_precise.cc.o
[INFO] [stderr]   [ 16%] Building C object third_party/cares/cares/CMakeFiles/c-ares.dir/ares_options.c.o
[INFO] [stderr]   [ 16%] Building CXX object CMakeFiles/gpr.dir/src/core/lib/gpr/time_windows.cc.o
[INFO] [stderr]   [ 16%] Building CXX object CMakeFiles/gpr.dir/src/core/lib/gpr/time_posix.cc.o
[INFO] [stderr]   [ 16%] Building CXX object CMakeFiles/gpr.dir/src/core/lib/gpr/tls_pthread.cc.o
[INFO] [stderr]   [ 16%] Building C object third_party/cares/cares/CMakeFiles/c-ares.dir/ares_process.c.o
[INFO] [stderr]   [ 16%] Building C object third_party/cares/cares/CMakeFiles/c-ares.dir/ares_parse_txt_reply.c.o
[INFO] [stderr]   [ 16%] Building C object third_party/cares/cares/CMakeFiles/c-ares.dir/ares_platform.c.o
[INFO] [stderr]   [ 16%] Building CXX object CMakeFiles/gpr.dir/src/core/lib/gpr/tmpfile_msys.cc.o
[INFO] [stderr]   [ 16%] Building C object third_party/cares/cares/CMakeFiles/c-ares.dir/ares_search.c.o
[INFO] [stderr]   [ 16%] Building C object third_party/cares/cares/CMakeFiles/c-ares.dir/ares_query.c.o
[INFO] [stderr]   [ 16%] Building CXX object CMakeFiles/gpr.dir/src/core/lib/gpr/tmpfile_posix.cc.o
[INFO] [stderr]   [ 16%] Building CXX object CMakeFiles/gpr.dir/src/core/lib/gpr/wrap_memcpy.cc.o
[INFO] [stderr]   [ 16%] Building CXX object CMakeFiles/gpr.dir/src/core/lib/gpr/tmpfile_windows.cc.o
[INFO] [stderr]   [ 16%] Building CXX object CMakeFiles/gpr.dir/src/core/lib/gprpp/arena.cc.o
[INFO] [stderr]   [ 16%] Building C object third_party/cares/cares/CMakeFiles/c-ares.dir/ares_send.c.o
[INFO] [stderr]   [ 16%] Built target address_sorting
[INFO] [stderr]   [ 16%] Built target upb
[INFO] [stderr]   [ 16%] Building C object third_party/cares/cares/CMakeFiles/c-ares.dir/ares_strcasecmp.c.o
[INFO] [stderr]   [ 16%] Building C object third_party/cares/cares/CMakeFiles/c-ares.dir/ares_strsplit.c.o
[INFO] [stderr]   [ 16%] Building C object third_party/cares/cares/CMakeFiles/c-ares.dir/ares_strdup.c.o
[INFO] [stderr]   [ 16%] Building C object third_party/cares/cares/CMakeFiles/c-ares.dir/ares_strerror.c.o
[INFO] [stderr]   [ 16%] Building C object third_party/cares/cares/CMakeFiles/c-ares.dir/ares_timeout.c.o
[INFO] [stderr]   [ 16%] Building CXX object CMakeFiles/gpr.dir/src/core/lib/gprpp/fork.cc.o
[INFO] [stderr]   [ 16%] Building C object third_party/cares/cares/CMakeFiles/c-ares.dir/ares_version.c.o
[INFO] [stderr]   [ 20%] Building C object third_party/cares/cares/CMakeFiles/c-ares.dir/ares_writev.c.o
[INFO] [stderr]   [ 20%] Building C object third_party/cares/cares/CMakeFiles/c-ares.dir/bitncmp.c.o
[INFO] [stderr]   [ 20%] Building C object third_party/cares/cares/CMakeFiles/c-ares.dir/inet_net_pton.c.o
[INFO] [stderr]   [ 20%] Building C object third_party/cares/cares/CMakeFiles/c-ares.dir/inet_ntop.c.o
[INFO] [stderr]   [ 20%] Building C object third_party/cares/cares/CMakeFiles/c-ares.dir/windows_port.c.o
[INFO] [stderr]   [ 23%] Building CXX object CMakeFiles/gpr.dir/src/core/lib/gprpp/host_port.cc.o
[INFO] [stderr]   [ 23%] Building CXX object CMakeFiles/gpr.dir/src/core/lib/gprpp/global_config_env.cc.o
[INFO] [stderr]   [ 23%] Building CXX object CMakeFiles/gpr.dir/src/core/lib/gprpp/thd_posix.cc.o
[INFO] [stderr]   [ 23%] Building CXX object CMakeFiles/gpr.dir/src/core/lib/gprpp/mpscq.cc.o
[INFO] [stderr]   [ 23%] Building CXX object CMakeFiles/gpr.dir/src/core/lib/gprpp/thd_windows.cc.o
[INFO] [stderr]   [ 23%] Building CXX object CMakeFiles/gpr.dir/src/core/lib/profiling/basic_timers.cc.o
[INFO] [stderr]   [ 23%] Building CXX object CMakeFiles/gpr.dir/src/core/lib/profiling/stap_timers.cc.o
[INFO] [stderr]   [ 23%] Linking C static library lib/libcares.a
[INFO] [stderr]   [ 23%] Built target c-ares
[INFO] [stderr]   [ 23%] Linking CXX static library libgpr.a
[INFO] [stderr]   [ 23%] Built target gpr
[INFO] [stderr]   Scanning dependencies of target grpc
[INFO] [stderr]   [ 23%] Building CXX object CMakeFiles/grpc.dir/src/core/lib/surface/init.cc.o
[INFO] [stderr]   [ 23%] Building CXX object CMakeFiles/grpc.dir/src/core/lib/backoff/backoff.cc.o
[INFO] [stderr]   [ 23%] Building CXX object CMakeFiles/grpc.dir/src/core/lib/avl/avl.cc.o
[INFO] [stderr]   [ 23%] Building CXX object CMakeFiles/grpc.dir/src/core/lib/channel/channel_args.cc.o
[INFO] [stderr]   [ 23%] Building CXX object CMakeFiles/grpc.dir/src/core/lib/channel/channel_trace.cc.o
[INFO] [stderr]   [ 23%] Building CXX object CMakeFiles/grpc.dir/src/core/lib/channel/channel_stack_builder.cc.o
[INFO] [stderr]   [ 23%] Building CXX object CMakeFiles/grpc.dir/src/core/lib/channel/channelz.cc.o
[INFO] [stderr]   [ 23%] Building CXX object CMakeFiles/grpc.dir/src/core/lib/channel/channel_stack.cc.o
[INFO] [stderr]   [ 23%] Building CXX object CMakeFiles/grpc.dir/src/core/lib/channel/handshaker_registry.cc.o
[INFO] [stderr]   [ 26%] Building CXX object CMakeFiles/grpc.dir/src/core/lib/channel/handshaker.cc.o
[INFO] [stderr]   [ 26%] Building CXX object CMakeFiles/grpc.dir/src/core/lib/channel/channelz_registry.cc.o
[INFO] [stderr]   [ 26%] Building CXX object CMakeFiles/grpc.dir/src/core/lib/channel/status_util.cc.o
[INFO] [stderr]   [ 26%] Building CXX object CMakeFiles/grpc.dir/src/core/lib/compression/compression_internal.cc.o
[INFO] [stderr]   [ 26%] Building CXX object CMakeFiles/grpc.dir/src/core/lib/compression/compression.cc.o
[INFO] [stderr]   [ 26%] Building CXX object CMakeFiles/grpc.dir/src/core/lib/channel/connected_channel.cc.o
[INFO] [stderr]   [ 26%] Building CXX object CMakeFiles/grpc.dir/src/core/lib/compression/message_compress.cc.o
[INFO] [stderr]   [ 26%] Building CXX object CMakeFiles/grpc.dir/src/core/lib/compression/stream_compression_gzip.cc.o
[INFO] [stderr]   [ 26%] Building CXX object CMakeFiles/grpc.dir/src/core/lib/compression/stream_compression_identity.cc.o
[INFO] [stderr]   [ 26%] Building CXX object CMakeFiles/grpc.dir/src/core/lib/compression/compression_args.cc.o
[INFO] [stderr]   [ 26%] Building CXX object CMakeFiles/grpc.dir/src/core/lib/compression/stream_compression.cc.o
[INFO] [stderr]   [ 26%] Building CXX object CMakeFiles/grpc.dir/src/core/lib/debug/stats.cc.o
[INFO] [stderr]   [ 26%] Building CXX object CMakeFiles/grpc.dir/src/core/lib/debug/stats_data.cc.o
[INFO] [stderr]   [ 26%] Building CXX object CMakeFiles/grpc.dir/src/core/lib/http/format_request.cc.o
[INFO] [stderr]   [ 26%] Building CXX object CMakeFiles/grpc.dir/src/core/lib/iomgr/buffer_list.cc.o
[INFO] [stderr]   [ 26%] Building CXX object CMakeFiles/grpc.dir/src/core/lib/http/parser.cc.o
[INFO] [stderr]   [ 26%] Building CXX object CMakeFiles/grpc.dir/src/core/lib/http/httpcli.cc.o
[INFO] [stderr]   [ 30%] Building CXX object CMakeFiles/grpc.dir/src/core/lib/iomgr/call_combiner.cc.o
[INFO] [stderr]   [ 30%] Building CXX object CMakeFiles/grpc.dir/src/core/lib/iomgr/cfstream_handle.cc.o
[INFO] [stderr]   [ 30%] Building CXX object CMakeFiles/grpc.dir/src/core/lib/iomgr/combiner.cc.o
[INFO] [stderr]   [ 30%] Building CXX object CMakeFiles/grpc.dir/src/core/lib/iomgr/endpoint.cc.o
[INFO] [stderr]   [ 30%] Building CXX object CMakeFiles/grpc.dir/src/core/lib/iomgr/endpoint_pair_posix.cc.o
[INFO] [stderr]   [ 30%] Building CXX object CMakeFiles/grpc.dir/src/core/lib/iomgr/endpoint_pair_uv.cc.o
[INFO] [stderr]   [ 30%] Building CXX object CMakeFiles/grpc.dir/src/core/lib/iomgr/endpoint_cfstream.cc.o
[INFO] [stderr]   [ 30%] Building CXX object CMakeFiles/grpc.dir/src/core/lib/iomgr/endpoint_pair_windows.cc.o
[INFO] [stderr]   [ 30%] Building CXX object CMakeFiles/grpc.dir/src/core/lib/iomgr/error.cc.o
[INFO] [stderr]   [ 30%] Building CXX object CMakeFiles/grpc.dir/src/core/lib/iomgr/ev_epoll1_linux.cc.o
[INFO] [stderr]   [ 30%] Building CXX object CMakeFiles/grpc.dir/src/core/lib/iomgr/error_cfstream.cc.o
[INFO] [stderr]   [ 30%] Building CXX object CMakeFiles/grpc.dir/src/core/lib/iomgr/ev_epollex_linux.cc.o
[INFO] [stderr]   [ 30%] Building CXX object CMakeFiles/grpc.dir/src/core/lib/iomgr/ev_poll_posix.cc.o
[INFO] [stderr]   [ 30%] Building CXX object CMakeFiles/grpc.dir/src/core/lib/iomgr/ev_posix.cc.o
[INFO] [stderr]   [ 30%] Building CXX object CMakeFiles/grpc.dir/src/core/lib/iomgr/executor/threadpool.cc.o
[INFO] [stderr]   [ 33%] Building CXX object CMakeFiles/grpc.dir/src/core/lib/iomgr/executor.cc.o
[INFO] [stderr]   [ 33%] Building CXX object CMakeFiles/grpc.dir/src/core/lib/iomgr/fork_posix.cc.o
[INFO] [stderr]   [ 33%] Building CXX object CMakeFiles/grpc.dir/src/core/lib/iomgr/ev_windows.cc.o
[INFO] [stderr]   [ 33%] Building CXX object CMakeFiles/grpc.dir/src/core/lib/iomgr/exec_ctx.cc.o
[INFO] [stderr]   [ 33%] Building CXX object CMakeFiles/grpc.dir/src/core/lib/iomgr/fork_windows.cc.o
[INFO] [stderr]   [ 33%] Building CXX object CMakeFiles/grpc.dir/src/core/lib/iomgr/executor/mpmcqueue.cc.o
[INFO] [stderr]   [ 33%] Building CXX object CMakeFiles/grpc.dir/src/core/lib/iomgr/gethostname_fallback.cc.o
[INFO] [stderr]   [ 33%] Building CXX object CMakeFiles/grpc.dir/src/core/lib/iomgr/grpc_if_nametoindex_unsupported.cc.o
[INFO] [stderr]   [ 33%] Building CXX object CMakeFiles/grpc.dir/src/core/lib/iomgr/gethostname_host_name_max.cc.o
[INFO] [stderr]   [ 33%] Building CXX object CMakeFiles/grpc.dir/src/core/lib/iomgr/grpc_if_nametoindex_posix.cc.o
[INFO] [stderr]   [ 33%] Building CXX object CMakeFiles/grpc.dir/src/core/lib/iomgr/gethostname_sysconf.cc.o
[INFO] [stderr]   [ 33%] Building CXX object CMakeFiles/grpc.dir/src/core/lib/iomgr/iomgr.cc.o
[INFO] [stderr]   [ 33%] Building CXX object CMakeFiles/grpc.dir/src/core/lib/iomgr/iomgr_custom.cc.o
[INFO] [stderr]   [ 33%] Building CXX object CMakeFiles/grpc.dir/src/core/lib/iomgr/iocp_windows.cc.o
[INFO] [stderr]   [ 33%] Building CXX object CMakeFiles/grpc.dir/src/core/lib/iomgr/iomgr_posix.cc.o
[INFO] [stderr]   [ 33%] Building CXX object CMakeFiles/grpc.dir/src/core/lib/iomgr/is_epollexclusive_available.cc.o
[INFO] [stderr]   [ 33%] Building CXX object CMakeFiles/grpc.dir/src/core/lib/iomgr/iomgr_uv.cc.o
[INFO] [stderr]   [ 33%] Building CXX object CMakeFiles/grpc.dir/src/core/lib/iomgr/lockfree_event.cc.o
[INFO] [stderr]   [ 33%] Building CXX object CMakeFiles/grpc.dir/src/core/lib/iomgr/iomgr_internal.cc.o
[INFO] [stderr]   [ 33%] Building CXX object CMakeFiles/grpc.dir/src/core/lib/iomgr/iomgr_windows.cc.o
[INFO] [stderr]   [ 33%] Building CXX object CMakeFiles/grpc.dir/src/core/lib/iomgr/logical_thread.cc.o
[INFO] [stderr]   [ 33%] Building CXX object CMakeFiles/grpc.dir/src/core/lib/iomgr/internal_errqueue.cc.o
[INFO] [stderr]   [ 33%] Building CXX object CMakeFiles/grpc.dir/src/core/lib/iomgr/pollset.cc.o
[INFO] [stderr]   [ 33%] Building CXX object CMakeFiles/grpc.dir/src/core/lib/iomgr/polling_entity.cc.o
[INFO] [stderr]   [ 36%] Building CXX object CMakeFiles/grpc.dir/src/core/lib/iomgr/iomgr_posix_cfstream.cc.o
[INFO] [stderr]   [ 36%] Building CXX object CMakeFiles/grpc.dir/src/core/lib/iomgr/load_file.cc.o
[INFO] [stderr]   [ 36%] Building CXX object CMakeFiles/grpc.dir/src/core/lib/iomgr/pollset_set_custom.cc.o
[INFO] [stderr]   [ 36%] Building CXX object CMakeFiles/grpc.dir/src/core/lib/iomgr/pollset_set.cc.o
[INFO] [stderr]   [ 36%] Building CXX object CMakeFiles/grpc.dir/src/core/lib/iomgr/pollset_set_windows.cc.o
[INFO] [stderr]   [ 36%] Building CXX object CMakeFiles/grpc.dir/src/core/lib/iomgr/pollset_uv.cc.o
[INFO] [stderr]   [ 36%] Building CXX object CMakeFiles/grpc.dir/src/core/lib/iomgr/pollset_custom.cc.o
[INFO] [stderr]   [ 36%] Building CXX object CMakeFiles/grpc.dir/src/core/lib/iomgr/pollset_windows.cc.o
[INFO] [stderr]   [ 36%] Building CXX object CMakeFiles/grpc.dir/src/core/lib/iomgr/resolve_address.cc.o
[INFO] [stderr]   [ 36%] Building CXX object CMakeFiles/grpc.dir/src/core/lib/iomgr/resolve_address_posix.cc.o
[INFO] [stderr]   [ 40%] Building CXX object CMakeFiles/grpc.dir/src/core/lib/iomgr/resolve_address_custom.cc.o
[INFO] [stderr]   [ 40%] Building CXX object CMakeFiles/grpc.dir/src/core/lib/iomgr/resolve_address_windows.cc.o
[INFO] [stderr]   [ 40%] Building CXX object CMakeFiles/grpc.dir/src/core/lib/iomgr/socket_factory_posix.cc.o
[INFO] [stderr]   [ 40%] Building CXX object CMakeFiles/grpc.dir/src/core/lib/iomgr/resource_quota.cc.o
[INFO] [stderr]   [ 40%] Building CXX object CMakeFiles/grpc.dir/src/core/lib/iomgr/tcp_client.cc.o
[INFO] [stderr]   [ 40%] Building CXX object CMakeFiles/grpc.dir/src/core/lib/iomgr/socket_utils_posix.cc.o
[INFO] [stderr]   [ 43%] Building CXX object CMakeFiles/grpc.dir/src/core/lib/iomgr/tcp_client_posix.cc.o
[INFO] [stderr]   [ 43%] Building CXX object CMakeFiles/grpc.dir/src/core/lib/iomgr/tcp_client_custom.cc.o
[INFO] [stderr]   [ 43%] Building CXX object CMakeFiles/grpc.dir/src/core/lib/iomgr/socket_utils_common_posix.cc.o
[INFO] [stderr]   [ 43%] Building CXX object CMakeFiles/grpc.dir/src/core/lib/iomgr/sockaddr_utils.cc.o
[INFO] [stderr]   [ 43%] Building CXX object CMakeFiles/grpc.dir/src/core/lib/iomgr/socket_mutator.cc.o
[INFO] [stderr]   [ 43%] Building CXX object CMakeFiles/grpc.dir/src/core/lib/iomgr/socket_windows.cc.o
[INFO] [stderr]   [ 43%] Building CXX object CMakeFiles/grpc.dir/src/core/lib/iomgr/socket_utils_windows.cc.o
[INFO] [stderr]   [ 43%] Building CXX object CMakeFiles/grpc.dir/src/core/lib/iomgr/tcp_client_cfstream.cc.o
[INFO] [stderr]   [ 43%] Building CXX object CMakeFiles/grpc.dir/src/core/lib/iomgr/socket_utils_linux.cc.o
[INFO] [stderr]   [ 43%] Building CXX object CMakeFiles/grpc.dir/src/core/lib/iomgr/socket_utils_uv.cc.o
[INFO] [stderr] 
[INFO] [stderr]   --- stderr
[INFO] [stderr]   CMake Warning at cmake/protobuf.cmake:47 (message):
[INFO] [stderr]     gRPC_PROTOBUF_PROVIDER is "module" but PROTOBUF_ROOT_DIR is wrong
[INFO] [stderr]   Call Stack (most recent call first):
[INFO] [stderr]     CMakeLists.txt:151 (include)
[INFO] [stderr] 
[INFO] [stderr] 
[INFO] [stderr]   CMake Warning:
[INFO] [stderr]     Manually-specified variables were not used by the project:
[INFO] [stderr] 
[INFO] [stderr]       EMBED_OPENSSL
[INFO] [stderr] 
[INFO] [stderr] 
[INFO] [stderr]   c++: fatal error: Killed signal terminated program cc1plus
[INFO] [stderr]   compilation terminated.
[INFO] [stderr]   make[3]: *** [CMakeFiles/grpc.dir/build.make:154: CMakeFiles/grpc.dir/src/core/lib/channel/channelz.cc.o] Error 1
[INFO] [stderr]   make[3]: *** Waiting for unfinished jobs....
[INFO] [stderr]   c++: fatal error: Killed signal terminated program cc1plus
[INFO] [stderr]   compilation terminated.
[INFO] [stderr]   make[3]: *** [CMakeFiles/grpc.dir/build.make:232: CMakeFiles/grpc.dir/src/core/lib/compression/compression.cc.o] Error 1
[INFO] [stderr]   c++: fatal error: Killed signal terminated program cc1plus
[INFO] [stderr]   compilation terminated.
[INFO] [stderr]   make[3]: *** [CMakeFiles/grpc.dir/build.make:141: CMakeFiles/grpc.dir/src/core/lib/channel/channel_trace.cc.o] Error 1
[INFO] [stderr]   c++: fatal error: Killed signal terminated program cc1plus
[INFO] [stderr]   compilation terminated.
[INFO] [stderr]   make[3]: *** [CMakeFiles/grpc.dir/build.make:128: CMakeFiles/grpc.dir/src/core/lib/channel/channel_stack_builder.cc.o] Error 1
[INFO] [stderr]   c++: fatal error: Killed signal terminated program cc1plus
[INFO] [stderr]   compilation terminated.
[INFO] [stderr]   make[3]: *** [CMakeFiles/grpc.dir/build.make:193: CMakeFiles/grpc.dir/src/core/lib/channel/handshaker.cc.o] Error 1
[INFO] [stderr]   c++: fatal error: Killed signal terminated program cc1plus
[INFO] [stderr]   compilation terminated.
[INFO] [stderr]   make[3]: *** [CMakeFiles/grpc.dir/build.make:427: CMakeFiles/grpc.dir/src/core/lib/iomgr/combiner.cc.o] Error 1
[INFO] [stderr]   make[2]: *** [CMakeFiles/Makefile2:408: CMakeFiles/grpc.dir/all] Error 2
[INFO] [stderr]   make[1]: *** [CMakeFiles/Makefile2:415: CMakeFiles/grpc.dir/rule] Error 2
[INFO] [stderr]   make: *** [Makefile:281: grpc] Error 2
[INFO] [stderr]   thread 'main' panicked at '
[INFO] [stderr]   command did not execute successfully, got: exit status: 2
[INFO] [stderr] 
[INFO] [stderr]   build script failed, must exit now', /opt/rustwide/cargo-home/registry/src/github.com-1ecc6299db9ec823/cmake-0.1.42/src/lib.rs:861:5
[INFO] [stderr]   stack backtrace:
[INFO] [stderr]      0:     0x55b94ea294a0 - std::backtrace_rs::backtrace::libunwind::trace::hff4d1766e93f64f1
[INFO] [stderr]                                  at /rustc/53fd98ca776cb875bc9e5514f56b52eb74f9e7a9/library/std/src/../../backtrace/src/backtrace/libunwind.rs:90:5
[INFO] [stderr]      1:     0x55b94ea294a0 - std::backtrace_rs::backtrace::trace_unsynchronized::h56bbc8eb78770bcb
[INFO] [stderr]                                  at /rustc/53fd98ca776cb875bc9e5514f56b52eb74f9e7a9/library/std/src/../../backtrace/src/backtrace/mod.rs:66:5
[INFO] [stderr]      2:     0x55b94ea294a0 - std::sys_common::backtrace::_print_fmt::h5c8e75464faca780
[INFO] [stderr]                                  at /rustc/53fd98ca776cb875bc9e5514f56b52eb74f9e7a9/library/std/src/sys_common/backtrace.rs:67:5
[INFO] [stderr]      3:     0x55b94ea294a0 - <std::sys_common::backtrace::_print::DisplayBacktrace as core::fmt::Display>::fmt::h48b88277def8b362
[INFO] [stderr]                                  at /rustc/53fd98ca776cb875bc9e5514f56b52eb74f9e7a9/library/std/src/sys_common/backtrace.rs:46:22
[INFO] [stderr]      4:     0x55b94ea4fc2c - core::fmt::write::h3381b3176fe2b3d3
[INFO] [stderr]                                  at /rustc/53fd98ca776cb875bc9e5514f56b52eb74f9e7a9/library/core/src/fmt/mod.rs:1115:17
[INFO] [stderr]      5:     0x55b94ea25915 - std::io::Write::write_fmt::hd42607e5d8e44db0
[INFO] [stderr]                                  at /rustc/53fd98ca776cb875bc9e5514f56b52eb74f9e7a9/library/std/src/io/mod.rs:1665:15
[INFO] [stderr]      6:     0x55b94ea2be4b - std::sys_common::backtrace::_print::ha537687d6c17dd0d
[INFO] [stderr]                                  at /rustc/53fd98ca776cb875bc9e5514f56b52eb74f9e7a9/library/std/src/sys_common/backtrace.rs:49:5
[INFO] [stderr]      7:     0x55b94ea2be4b - std::sys_common::backtrace::print::h61376ae57d131d72
[INFO] [stderr]                                  at /rustc/53fd98ca776cb875bc9e5514f56b52eb74f9e7a9/library/std/src/sys_common/backtrace.rs:36:9
[INFO] [stderr]      8:     0x55b94ea2be4b - std::panicking::default_hook::{{closure}}::h0f7208c0b9644a54
[INFO] [stderr]                                  at /rustc/53fd98ca776cb875bc9e5514f56b52eb74f9e7a9/library/std/src/panicking.rs:208:50
[INFO] [stderr]      9:     0x55b94ea2b921 - std::panicking::default_hook::hdac7fc06578c14ce
[INFO] [stderr]                                  at /rustc/53fd98ca776cb875bc9e5514f56b52eb74f9e7a9/library/std/src/panicking.rs:225:9
[INFO] [stderr]     10:     0x55b94ea2c514 - std::panicking::rust_panic_with_hook::h72b21c283da3d1ef
[INFO] [stderr]                                  at /rustc/53fd98ca776cb875bc9e5514f56b52eb74f9e7a9/library/std/src/panicking.rs:622:17
[INFO] [stderr]     11:     0x55b94ea2bff7 - std::panicking::begin_panic_handler::{{closure}}::he5778f1729cff84a
[INFO] [stderr]                                  at /rustc/53fd98ca776cb875bc9e5514f56b52eb74f9e7a9/library/std/src/panicking.rs:519:13
[INFO] [stderr]     12:     0x55b94ea2997c - std::sys_common::backtrace::__rust_end_short_backtrace::h2d11ca8b453b4b1d
[INFO] [stderr]                                  at /rustc/53fd98ca776cb875bc9e5514f56b52eb74f9e7a9/library/std/src/sys_common/backtrace.rs:141:18
[INFO] [stderr]     13:     0x55b94ea2bf59 - rust_begin_unwind
[INFO] [stderr]                                  at /rustc/53fd98ca776cb875bc9e5514f56b52eb74f9e7a9/library/std/src/panicking.rs:515:5
[INFO] [stderr]     14:     0x55b94e45bcfb - std::panicking::begin_panic_fmt::h746518bde832d259
[INFO] [stderr]                                  at /rustc/53fd98ca776cb875bc9e5514f56b52eb74f9e7a9/library/std/src/panicking.rs:457:5
[INFO] [stderr]     15:     0x55b94e9b0af3 - cmake::fail::hc802d4ef86d3a2a8
[INFO] [stderr]                                  at /opt/rustwide/cargo-home/registry/src/github.com-1ecc6299db9ec823/cmake-0.1.42/src/lib.rs:861:5
[INFO] [stderr]     16:     0x55b94e9b0501 - cmake::run::h6260f16fb4cb7f55
[INFO] [stderr]                                  at /opt/rustwide/cargo-home/registry/src/github.com-1ecc6299db9ec823/cmake-0.1.42/src/lib.rs:839:9
[INFO] [stderr]     17:     0x55b94e9ad6d6 - cmake::Config::build::h8736fcc88a0b05c5
[INFO] [stderr]                                  at /opt/rustwide/cargo-home/registry/src/github.com-1ecc6299db9ec823/cmake-0.1.42/src/lib.rs:745:9
[INFO] [stderr]     18:     0x55b94e4601dc - build_script_build::build_grpc::h38a722ea67f7b9e3
[INFO] [stderr]                                  at /opt/rustwide/cargo-home/registry/src/github.com-1ecc6299db9ec823/grpcio-sys-0.5.3/build.rs:144:9
[INFO] [stderr]     19:     0x55b94e463f2d - build_script_build::main::hcf3f32a3930dcb46
[INFO] [stderr]                                  at /opt/rustwide/cargo-home/registry/src/github.com-1ecc6299db9ec823/grpcio-sys-0.5.3/build.rs:396:9
[INFO] [stderr]     20:     0x55b94e46628b - core::ops::function::FnOnce::call_once::h42ecbf81cada7000
[INFO] [stderr]                                  at /rustc/53fd98ca776cb875bc9e5514f56b52eb74f9e7a9/library/core/src/ops/function.rs:227:5
[INFO] [stderr]     21:     0x55b94e4661de - std::sys_common::backtrace::__rust_begin_short_backtrace::h9d8e016fbda8f53d
[INFO] [stderr]                                  at /rustc/53fd98ca776cb875bc9e5514f56b52eb74f9e7a9/library/std/src/sys_common/backtrace.rs:125:18
[INFO] [stderr]     22:     0x55b94e46be71 - std::rt::lang_start::{{closure}}::haf934d0750799263
[INFO] [stderr]                                  at /rustc/53fd98ca776cb875bc9e5514f56b52eb74f9e7a9/library/std/src/rt.rs:63:18
[INFO] [stderr]     23:     0x55b94ea2cb1a - core::ops::function::impls::<impl core::ops::function::FnOnce<A> for &F>::call_once::ha88a7d1a4d24e549
[INFO] [stderr]                                  at /rustc/53fd98ca776cb875bc9e5514f56b52eb74f9e7a9/library/core/src/ops/function.rs:259:13
[INFO] [stderr]     24:     0x55b94ea2cb1a - std::panicking::try::do_call::hd3b1d7740607ccc7
[INFO] [stderr]                                  at /rustc/53fd98ca776cb875bc9e5514f56b52eb74f9e7a9/library/std/src/panicking.rs:401:40
[INFO] [stderr]     25:     0x55b94ea2cb1a - std::panicking::try::h0ee8c65ac7461507
[INFO] [stderr]                                  at /rustc/53fd98ca776cb875bc9e5514f56b52eb74f9e7a9/library/std/src/panicking.rs:365:19
[INFO] [stderr]     26:     0x55b94ea2cb1a - std::panic::catch_unwind::head47f0de4ccd838
[INFO] [stderr]                                  at /rustc/53fd98ca776cb875bc9e5514f56b52eb74f9e7a9/library/std/src/panic.rs:434:14
[INFO] [stderr]     27:     0x55b94ea2cb1a - std::rt::lang_start_internal::{{closure}}::hbc7de8ec820ac085
[INFO] [stderr]                                  at /rustc/53fd98ca776cb875bc9e5514f56b52eb74f9e7a9/library/std/src/rt.rs:45:48
[INFO] [stderr]     28:     0x55b94ea2cb1a - std::panicking::try::do_call::h2609e52e8bad4a7b
[INFO] [stderr]                                  at /rustc/53fd98ca776cb875bc9e5514f56b52eb74f9e7a9/library/std/src/panicking.rs:401:40
[INFO] [stderr]     29:     0x55b94ea2cb1a - std::panicking::try::hd0929f0b603e0389
[INFO] [stderr]                                  at /rustc/53fd98ca776cb875bc9e5514f56b52eb74f9e7a9/library/std/src/panicking.rs:365:19
[INFO] [stderr]     30:     0x55b94ea2cb1a - std::panic::catch_unwind::h27902b81c3e47571
[INFO] [stderr]                                  at /rustc/53fd98ca776cb875bc9e5514f56b52eb74f9e7a9/library/std/src/panic.rs:434:14
[INFO] [stderr]     31:     0x55b94ea2cb1a - std::rt::lang_start_internal::h3fb2d794dd391e3e
[INFO] [stderr]                                  at /rustc/53fd98ca776cb875bc9e5514f56b52eb74f9e7a9/library/std/src/rt.rs:45:20
[INFO] [stderr]     32:     0x55b94e46be40 - std::rt::lang_start::hbde3a7a471919d01
[INFO] [stderr]                                  at /rustc/53fd98ca776cb875bc9e5514f56b52eb74f9e7a9/library/std/src/rt.rs:62:5
[INFO] [stderr]     33:     0x55b94e4644fc - main
[INFO] [stderr]     34:     0x7f88323a40b3 - __libc_start_main
[INFO] [stderr]     35:     0x55b94e45d21e - _start
[INFO] [stderr]     36:                0x0 - <unknown>
[INFO] running `Command { std: "docker" "inspect" "d5d000f7607ee081f2dc29dea822e4c05d43b10450db85d53c69439044a1097b", kill_on_drop: false }`
[INFO] running `Command { std: "docker" "rm" "-f" "d5d000f7607ee081f2dc29dea822e4c05d43b10450db85d53c69439044a1097b", kill_on_drop: false }`
[INFO] [stdout] d5d000f7607ee081f2dc29dea822e4c05d43b10450db85d53c69439044a1097b
