[INFO] cloning repository https://github.com/liigo/bfc
[INFO] running `Command { std: "git" "-c" "credential.helper=" "-c" "credential.helper=/workspace/cargo-home/bin/git-credential-null" "clone" "--bare" "https://github.com/liigo/bfc" "/workspace/cache/git-repos/https%3A%2F%2Fgithub.com%2Fliigo%2Fbfc", kill_on_drop: false }`
[INFO] [stderr] Cloning into bare repository '/workspace/cache/git-repos/https%3A%2F%2Fgithub.com%2Fliigo%2Fbfc'...
[INFO] running `Command { std: "git" "rev-parse" "HEAD", kill_on_drop: false }`
[INFO] [stdout] 6e1ddf60a47e8f4a0b4103957458a47438c68e81
[INFO] documenting liigo/bfc against beta-2021-08-01 for beta-1.55-rustdoc-1
[INFO] running `Command { std: "git" "clone" "/workspace/cache/git-repos/https%3A%2F%2Fgithub.com%2Fliigo%2Fbfc" "/workspace/builds/worker-32/source", kill_on_drop: false }`
[INFO] [stderr] Cloning into '/workspace/builds/worker-32/source'...
[INFO] [stderr] done.
[INFO] validating manifest of git repo https://github.com/liigo/bfc on toolchain beta-2021-08-01
[INFO] running `Command { std: "/workspace/cargo-home/bin/cargo" "+beta-2021-08-01" "metadata" "--manifest-path" "Cargo.toml" "--no-deps", kill_on_drop: false }`
[INFO] started tweaking git repo https://github.com/liigo/bfc
[INFO] finished tweaking git repo https://github.com/liigo/bfc
[INFO] tweaked toml for git repo https://github.com/liigo/bfc written to /workspace/builds/worker-32/source/Cargo.toml
[INFO] crate git repo https://github.com/liigo/bfc already has a lockfile, it will not be regenerated
[INFO] running `Command { std: "/workspace/cargo-home/bin/cargo" "+beta-2021-08-01" "fetch" "--manifest-path" "Cargo.toml", kill_on_drop: false }`
[INFO] [stderr]     Blocking waiting for file lock on package cache
[INFO] [stderr]     Blocking waiting for file lock on package cache
[INFO] running `Command { std: "docker" "create" "-v" "/var/lib/crater-agent-workspace/builds/worker-32/target:/opt/rustwide/target:rw,Z" "-v" "/var/lib/crater-agent-workspace/builds/worker-32/source:/opt/rustwide/workdir:ro,Z" "-v" "/var/lib/crater-agent-workspace/cargo-home:/opt/rustwide/cargo-home:ro,Z" "-v" "/var/lib/crater-agent-workspace/rustup-home:/opt/rustwide/rustup-home:ro,Z" "-e" "SOURCE_DIR=/opt/rustwide/workdir" "-e" "CARGO_TARGET_DIR=/opt/rustwide/target" "-e" "CARGO_HOME=/opt/rustwide/cargo-home" "-e" "RUSTUP_HOME=/opt/rustwide/rustup-home" "-w" "/opt/rustwide/workdir" "-m" "1610612736" "--user" "0:0" "--network" "none" "ghcr.io/rust-lang/crates-build-env/linux@sha256:34b6a614d2c27851fe6cbf88fbd1137609cefab8b10d0615aaeb6fd47975d74e" "/opt/rustwide/cargo-home/bin/cargo" "+beta-2021-08-01" "metadata" "--no-deps" "--format-version=1", kill_on_drop: false }`
[INFO] [stdout] 3d43616e4f6e4aca22ffd0ccd1cf1d6370e4c1ab9c5068cc8ba4499b44feba16
[INFO] running `Command { std: "docker" "start" "-a" "3d43616e4f6e4aca22ffd0ccd1cf1d6370e4c1ab9c5068cc8ba4499b44feba16", kill_on_drop: false }`
[INFO] running `Command { std: "docker" "inspect" "3d43616e4f6e4aca22ffd0ccd1cf1d6370e4c1ab9c5068cc8ba4499b44feba16", kill_on_drop: false }`
[INFO] running `Command { std: "docker" "rm" "-f" "3d43616e4f6e4aca22ffd0ccd1cf1d6370e4c1ab9c5068cc8ba4499b44feba16", kill_on_drop: false }`
[INFO] [stdout] 3d43616e4f6e4aca22ffd0ccd1cf1d6370e4c1ab9c5068cc8ba4499b44feba16
[INFO] running `Command { std: "docker" "create" "-v" "/var/lib/crater-agent-workspace/builds/worker-32/target:/opt/rustwide/target:rw,Z" "-v" "/var/lib/crater-agent-workspace/builds/worker-32/source:/opt/rustwide/workdir:ro,Z" "-v" "/var/lib/crater-agent-workspace/cargo-home:/opt/rustwide/cargo-home:ro,Z" "-v" "/var/lib/crater-agent-workspace/rustup-home:/opt/rustwide/rustup-home:ro,Z" "-e" "SOURCE_DIR=/opt/rustwide/workdir" "-e" "CARGO_TARGET_DIR=/opt/rustwide/target" "-e" "CARGO_INCREMENTAL=0" "-e" "RUST_BACKTRACE=full" "-e" "RUSTDOCFLAGS=--cap-lints=warn" "-e" "CARGO_HOME=/opt/rustwide/cargo-home" "-e" "RUSTUP_HOME=/opt/rustwide/rustup-home" "-w" "/opt/rustwide/workdir" "-m" "1610612736" "--user" "0:0" "--network" "none" "ghcr.io/rust-lang/crates-build-env/linux@sha256:34b6a614d2c27851fe6cbf88fbd1137609cefab8b10d0615aaeb6fd47975d74e" "/opt/rustwide/cargo-home/bin/cargo" "+beta-2021-08-01" "doc" "--frozen" "--no-deps" "--document-private-items" "--message-format=json", kill_on_drop: false }`
[INFO] [stdout] 99bd2e4d4dc2d8b77c3c5c48f8d4ea83991b3e72f5c815d71d7a87e02a93e240
[INFO] running `Command { std: "docker" "start" "-a" "99bd2e4d4dc2d8b77c3c5c48f8d4ea83991b3e72f5c815d71d7a87e02a93e240", kill_on_drop: false }`
[INFO] [stderr]     Blocking waiting for file lock on package cache
[INFO] [stderr]  Documenting bfc v0.0.1 (/opt/rustwide/workdir)
[INFO] [stdout] error: invalid suffix `u` for number literal
[INFO] [stdout]    --> src/main.rs:117:18
[INFO] [stdout]     |
[INFO] [stdout] 117 |     let mut ip = 0u; // Instruction pointer
[INFO] [stdout]     |                  ^^ invalid suffix `u`
[INFO] [stdout]     |
[INFO] [stdout]     = help: the suffix must be one of the numeric types (`u32`, `isize`, `f32`, etc.)
[INFO] [stdout] 
[INFO] [stdout] 
[INFO] [stdout] error: cannot find attribute `deriving` in this scope
[INFO] [stdout]   --> src/main.rs:41:3
[INFO] [stdout]    |
[INFO] [stdout] 41 | #[deriving(Show)]
[INFO] [stdout]    |   ^^^^^^^^
[INFO] [stdout] 
[INFO] [stdout] 
[INFO] [stdout] error[E0412]: cannot find type `uint` in this scope
[INFO] [stdout]   --> src/main.rs:18:39
[INFO] [stdout]    |
[INFO] [stdout] 18 | fn get_val_of_ptr(val: &Vec<i8>, ptr: uint) -> i8 {
[INFO] [stdout]    |                                       ^^^^ not found in this scope
[INFO] [stdout] 
[INFO] [stdout] 
[INFO] [stdout] error[E0412]: cannot find type `uint` in this scope
[INFO] [stdout]   --> src/main.rs:26:43
[INFO] [stdout]    |
[INFO] [stdout] 26 | fn set_val_of_ptr(val: &mut Vec<i8>, ptr: uint, v: i8){
[INFO] [stdout]    |                                           ^^^^ not found in this scope
[INFO] [stdout] 
[INFO] [stdout] 
[INFO] [stdout] error[E0412]: cannot find type `uint` in this scope
[INFO] [stdout]   --> src/main.rs:36:43
[INFO] [stdout]    |
[INFO] [stdout] 36 | fn inc_val_of_ptr(val: &mut Vec<i8>, ptr: uint, x: i8) {
[INFO] [stdout]    |                                           ^^^^ not found in this scope
[INFO] [stdout] 
[INFO] [stdout] 
[INFO] [stdout] error[E0412]: cannot find type `uint` in this scope
[INFO] [stdout]   --> src/main.rs:43:11
[INFO] [stdout]    |
[INFO] [stdout] 43 |     from: uint,
[INFO] [stdout]    |           ^^^^ not found in this scope
[INFO] [stdout] 
[INFO] [stdout] 
[INFO] [stdout] error[E0412]: cannot find type `uint` in this scope
[INFO] [stdout]   --> src/main.rs:44:16
[INFO] [stdout]    |
[INFO] [stdout] 42 | struct LoopState {
[INFO] [stdout]    |                 - help: you might be missing a type parameter: `<uint>`
[INFO] [stdout] 43 |     from: uint,
[INFO] [stdout] 44 |     to: Option<uint>,
[INFO] [stdout]    |                ^^^^ not found in this scope
[INFO] [stdout] 
[INFO] [stdout] 
[INFO] [stdout] error[E0412]: cannot find type `uint` in this scope
[INFO] [stdout]   --> src/main.rs:50:18
[INFO] [stdout]    |
[INFO] [stdout] 50 |     fn new(from: uint, to: Option<uint>) -> LoopState {
[INFO] [stdout]    |                  ^^^^ not found in this scope
[INFO] [stdout] 
[INFO] [stdout] 
[INFO] [stdout] error[E0412]: cannot find type `uint` in this scope
[INFO] [stdout]   --> src/main.rs:50:35
[INFO] [stdout]    |
[INFO] [stdout] 49 | impl LoopState {
[INFO] [stdout]    |     - help: you might be missing a type parameter: `<uint>`
[INFO] [stdout] 50 |     fn new(from: uint, to: Option<uint>) -> LoopState {
[INFO] [stdout]    |                                   ^^^^ not found in this scope
[INFO] [stdout] 
[INFO] [stdout] 
[INFO] [stdout] error[E0412]: cannot find type `uint` in this scope
[INFO] [stdout]   --> src/main.rs:87:36
[INFO] [stdout]    |
[INFO] [stdout] 87 | fn note_char_at(code: &str, index: uint) {
[INFO] [stdout]    |                                    ^^^^ not found in this scope
[INFO] [stdout] 
[INFO] [stdout] 
[INFO] [stdout] error[E0412]: cannot find type `uint` in this scope
[INFO] [stdout]   --> src/main.rs:95:58
[INFO] [stdout]    |
[INFO] [stdout] 95 | fn match_loop_states(states: &mut Vec<LoopState>, index: uint) -> uint {
[INFO] [stdout]    |                                                          ^^^^ not found in this scope
[INFO] [stdout] 
[INFO] [stdout] 
[INFO] [stdout] error[E0412]: cannot find type `uint` in this scope
[INFO] [stdout]   --> src/main.rs:95:67
[INFO] [stdout]    |
[INFO] [stdout] 95 | fn match_loop_states(states: &mut Vec<LoopState>, index: uint) -> uint {
[INFO] [stdout]    |                                                                   ^^^^ not found in this scope
[INFO] [stdout] 
[INFO] [stdout] 
[INFO] [stdout] error: Compilation failed, aborting rustdoc
[INFO] [stdout] 
[INFO] [stdout] 
[INFO] [stdout] error: aborting due to 13 previous errors
[INFO] [stdout] 
[INFO] [stdout] 
[INFO] [stdout] For more information about this error, try `rustc --explain E0412`.
[INFO] [stdout] 
[INFO] [stderr] error: could not document `bfc`
[INFO] [stderr] 
[INFO] [stderr] Caused by:
[INFO] [stderr]   process didn't exit successfully: `rustdoc --crate-type bin --crate-name bfc src/main.rs -o /opt/rustwide/target/doc --error-format=json --json=diagnostic-rendered-ansi --document-private-items -L dependency=/opt/rustwide/target/debug/deps --cap-lints=warn --crate-version 0.0.1` (exit status: 1)
[INFO] running `Command { std: "docker" "inspect" "99bd2e4d4dc2d8b77c3c5c48f8d4ea83991b3e72f5c815d71d7a87e02a93e240", kill_on_drop: false }`
[INFO] running `Command { std: "docker" "rm" "-f" "99bd2e4d4dc2d8b77c3c5c48f8d4ea83991b3e72f5c815d71d7a87e02a93e240", kill_on_drop: false }`
[INFO] [stdout] 99bd2e4d4dc2d8b77c3c5c48f8d4ea83991b3e72f5c815d71d7a87e02a93e240
