[INFO] cloning repository https://github.com/lf94/PAT
[INFO] running `Command { std: "git" "-c" "credential.helper=" "-c" "credential.helper=/workspace/cargo-home/bin/git-credential-null" "clone" "--bare" "https://github.com/lf94/PAT" "/workspace/cache/git-repos/https%3A%2F%2Fgithub.com%2Flf94%2FPAT", kill_on_drop: false }`
[INFO] [stderr] Cloning into bare repository '/workspace/cache/git-repos/https%3A%2F%2Fgithub.com%2Flf94%2FPAT'...
[INFO] running `Command { std: "git" "rev-parse" "HEAD", kill_on_drop: false }`
[INFO] [stdout] bac7d5ebd45022b74c91eadfe6e82b88ecf575ce
[INFO] documenting lf94/PAT against 1.54.0 for beta-1.55-rustdoc-1
[INFO] running `Command { std: "git" "clone" "/workspace/cache/git-repos/https%3A%2F%2Fgithub.com%2Flf94%2FPAT" "/workspace/builds/worker-0/source", kill_on_drop: false }`
[INFO] [stderr] Cloning into '/workspace/builds/worker-0/source'...
[INFO] [stderr] done.
[INFO] validating manifest of git repo https://github.com/lf94/PAT on toolchain 1.54.0
[INFO] running `Command { std: "/workspace/cargo-home/bin/cargo" "+1.54.0" "metadata" "--manifest-path" "Cargo.toml" "--no-deps", kill_on_drop: false }`
[INFO] started tweaking git repo https://github.com/lf94/PAT
[INFO] finished tweaking git repo https://github.com/lf94/PAT
[INFO] tweaked toml for git repo https://github.com/lf94/PAT written to /workspace/builds/worker-0/source/Cargo.toml
[INFO] crate git repo https://github.com/lf94/PAT already has a lockfile, it will not be regenerated
[INFO] running `Command { std: "/workspace/cargo-home/bin/cargo" "+1.54.0" "fetch" "--manifest-path" "Cargo.toml", kill_on_drop: false }`
[INFO] [stderr]     Blocking waiting for file lock on package cache
[INFO] running `Command { std: "docker" "create" "-v" "/var/lib/crater-agent-workspace/builds/worker-0/target:/opt/rustwide/target:rw,Z" "-v" "/var/lib/crater-agent-workspace/builds/worker-0/source:/opt/rustwide/workdir:ro,Z" "-v" "/var/lib/crater-agent-workspace/cargo-home:/opt/rustwide/cargo-home:ro,Z" "-v" "/var/lib/crater-agent-workspace/rustup-home:/opt/rustwide/rustup-home:ro,Z" "-e" "SOURCE_DIR=/opt/rustwide/workdir" "-e" "CARGO_TARGET_DIR=/opt/rustwide/target" "-e" "CARGO_HOME=/opt/rustwide/cargo-home" "-e" "RUSTUP_HOME=/opt/rustwide/rustup-home" "-w" "/opt/rustwide/workdir" "-m" "1610612736" "--user" "0:0" "--network" "none" "ghcr.io/rust-lang/crates-build-env/linux@sha256:34b6a614d2c27851fe6cbf88fbd1137609cefab8b10d0615aaeb6fd47975d74e" "/opt/rustwide/cargo-home/bin/cargo" "+1.54.0" "metadata" "--no-deps" "--format-version=1", kill_on_drop: false }`
[INFO] [stdout] e4add3cdf27ec99fd84cd58556ac22d55f0428fc7acb2542e35e18364312c311
[INFO] [stderr] WARNING: Your kernel does not support swap limit capabilities or the cgroup is not mounted. Memory limited without swap.
[INFO] running `Command { std: "docker" "start" "-a" "e4add3cdf27ec99fd84cd58556ac22d55f0428fc7acb2542e35e18364312c311", kill_on_drop: false }`
[INFO] running `Command { std: "docker" "inspect" "e4add3cdf27ec99fd84cd58556ac22d55f0428fc7acb2542e35e18364312c311", kill_on_drop: false }`
[INFO] running `Command { std: "docker" "rm" "-f" "e4add3cdf27ec99fd84cd58556ac22d55f0428fc7acb2542e35e18364312c311", kill_on_drop: false }`
[INFO] [stdout] e4add3cdf27ec99fd84cd58556ac22d55f0428fc7acb2542e35e18364312c311
[INFO] running `Command { std: "docker" "create" "-v" "/var/lib/crater-agent-workspace/builds/worker-0/target:/opt/rustwide/target:rw,Z" "-v" "/var/lib/crater-agent-workspace/builds/worker-0/source:/opt/rustwide/workdir:ro,Z" "-v" "/var/lib/crater-agent-workspace/cargo-home:/opt/rustwide/cargo-home:ro,Z" "-v" "/var/lib/crater-agent-workspace/rustup-home:/opt/rustwide/rustup-home:ro,Z" "-e" "SOURCE_DIR=/opt/rustwide/workdir" "-e" "CARGO_TARGET_DIR=/opt/rustwide/target" "-e" "CARGO_INCREMENTAL=0" "-e" "RUST_BACKTRACE=full" "-e" "RUSTDOCFLAGS=--cap-lints=warn" "-e" "CARGO_HOME=/opt/rustwide/cargo-home" "-e" "RUSTUP_HOME=/opt/rustwide/rustup-home" "-w" "/opt/rustwide/workdir" "-m" "1610612736" "--user" "0:0" "--network" "none" "ghcr.io/rust-lang/crates-build-env/linux@sha256:34b6a614d2c27851fe6cbf88fbd1137609cefab8b10d0615aaeb6fd47975d74e" "/opt/rustwide/cargo-home/bin/cargo" "+1.54.0" "doc" "--frozen" "--no-deps" "--document-private-items" "--message-format=json", kill_on_drop: false }`
[INFO] [stdout] d962173354b250caa688c682f1c4771d20e81f11488e9604b823e09357d6f474
[INFO] [stderr] WARNING: Your kernel does not support swap limit capabilities or the cgroup is not mounted. Memory limited without swap.
[INFO] running `Command { std: "docker" "start" "-a" "d962173354b250caa688c682f1c4771d20e81f11488e9604b823e09357d6f474", kill_on_drop: false }`
[INFO] [stderr]     Checking num-traits v0.1.40
[INFO] [stderr]    Compiling cc v1.0.3
[INFO] [stderr]     Checking byteorder v1.1.0
[INFO] [stderr]    Compiling pkg-config v0.3.9
[INFO] [stderr]    Compiling heapsize v0.3.9
[INFO] [stderr]     Checking lazy_static v0.2.9
[INFO] [stderr]     Checking futures v0.1.17
[INFO] [stderr]    Compiling either v1.3.0
[INFO] [stderr]    Compiling khronos_api v1.0.1
[INFO] [stderr]    Compiling log v0.3.8
[INFO] [stderr]     Checking scopeguard v0.3.3
[INFO] [stderr]    Compiling rayon-core v1.3.0
[INFO] [stderr]     Checking bitflags v0.8.2
[INFO] [stderr]    Compiling openssl v0.9.20
[INFO] [stderr]    Compiling sdl2-sys v0.27.3
[INFO] [stderr]     Checking lazycell v0.5.1
[INFO] [stderr]     Checking foreign-types v0.2.0
[INFO] [stderr]     Checking inflate v0.1.1
[INFO] [stderr]     Checking scoped-tls v0.1.0
[INFO] [stderr]     Checking percent-encoding v1.0.0
[INFO] [stderr]     Checking serde v1.0.19
[INFO] [stderr]     Checking byteorder v0.4.2
[INFO] [stderr]     Checking xdg v2.1.0
[INFO] [stderr]     Checking claxon v0.3.1
[INFO] [stderr]     Checking linked-hash-map v0.5.0
[INFO] [stderr]     Checking hound v1.1.0
[INFO] [stderr]     Checking podio v0.1.5
[INFO] [stderr]     Checking httparse v1.2.3
[INFO] [stderr]     Checking scoped_threadpool v0.1.8
[INFO] [stderr]     Checking circular-queue v0.2.0
[INFO] [stderr]     Checking rand v0.3.18
[INFO] [stderr]     Checking num_cpus v1.7.0
[INFO] [stderr]     Checking time v0.1.38
[INFO] [stderr]     Checking iovec v0.1.1
[INFO] [stderr]    Compiling xml-rs v0.6.1
[INFO] [stderr]     Checking mime v0.2.6
[INFO] [stderr]     Checking phf_shared v0.7.21
[INFO] [stderr]     Checking net2 v0.2.31
[INFO] [stderr]     Checking draw_state v0.7.1
[INFO] [stderr]     Checking arrayvec v0.4.6
[INFO] [stderr]     Checking ogg v0.4.1
[INFO] [stderr]     Checking deflate v0.7.17
[INFO] [stderr]     Checking base64 v0.6.0
[INFO] [stderr]     Checking base64 v0.5.2
[INFO] [stderr]     Checking gif v0.9.2
[INFO] [stderr]     Checking coco v0.1.1
[INFO] [stderr]    Compiling itertools v0.5.10
[INFO] [stderr]     Checking num-integer v0.1.35
[INFO] [stderr]     Checking enum_primitive v0.1.1
[INFO] [stderr]     Checking app_dirs v1.1.1
[INFO] [stderr]     Checking stb_truetype v0.2.1
[INFO] [stderr]    Compiling alsa-sys v0.1.1
[INFO] [stderr]     Checking bytes v0.4.5
[INFO] [stderr]     Checking phf v0.7.21
[INFO] [stderr]     Checking msdos_time v0.1.5
[INFO] [stderr]     Checking mio v0.6.11
[INFO] [stderr]     Checking cgmath v0.14.1
[INFO] [stderr]     Checking lewton v0.5.2
[INFO] [stderr]    Compiling serde_derive_internals v0.17.0
[INFO] [stderr]     Checking url v1.6.0
[INFO] [stderr]     Checking num-iter v0.1.34
[INFO] [stderr]     Checking num-rational v0.1.40
[INFO] [stderr]     Checking svgparser v0.0.3
[INFO] [stderr]    Compiling gl_generator v0.5.5
[INFO] [stderr]     Checking rusttype v0.2.3
[INFO] [stderr]     Checking tokio-io v0.1.3
[INFO] [stderr]    Compiling openssl-sys v0.9.20
[INFO] [stderr]    Compiling miniz-sys v0.1.10
[INFO] [stderr]    Compiling bzip2-sys v0.1.6
[INFO] [stderr]     Checking euclid v0.10.5
[INFO] [stderr]     Checking num v0.1.40
[INFO] [stderr]     Checking png v0.6.2
[INFO] [stdout] error[E0713]: borrow may still be in use when destructor runs
[INFO] [stdout]    --> /opt/rustwide/cargo-home/registry/src/github.com-1ecc6299db9ec823/url-1.6.0/src/form_urlencoded.rs:261:40
[INFO] [stdout]     |
[INFO] [stdout] 259 | impl<'a> Target for ::UrlQuery<'a> {
[INFO] [stdout]     |      -- lifetime `'a` defined here
[INFO] [stdout] 260 |     fn as_mut_string(&mut self) -> &mut String { &mut self.url.serialization }
[INFO] [stdout] 261 |     fn finish(self) -> &'a mut ::Url { self.url }
[INFO] [stdout]     |                                        ^^^^^^^^ - here, drop of `self` needs exclusive access to `*self.url`, because the type `UrlQuery<'_>` implements the `Drop` trait
[INFO] [stdout]     |                                        |
[INFO] [stdout]     |                                        returning this value requires that `*self.url` is borrowed for `'a`
[INFO] [stdout] 
[INFO] [stdout] 
[INFO] [stdout] error: aborting due to previous error
[INFO] [stdout] 
[INFO] [stdout] 
[INFO] [stdout] For more information about this error, try `rustc --explain E0713`.
[INFO] [stdout] 
[INFO] [stderr] error: could not compile `url`
[INFO] [stderr] 
[INFO] [stderr] To learn more, run the command again with --verbose.
[INFO] [stderr] warning: build failed, waiting for other jobs to finish...
[INFO] [stdout] error[E0311]: the parameter type `K` may not live long enough
[INFO] [stdout]   --> /opt/rustwide/cargo-home/registry/src/github.com-1ecc6299db9ec823/rusttype-0.2.3/src/support/bst/map.rs:81:19
[INFO] [stdout]    |
[INFO] [stdout] 81 |             match node.force() {
[INFO] [stdout]    |                   ^^^^
[INFO] [stdout]    |
[INFO] [stdout] note: the parameter type `K` must be valid for the anonymous lifetime defined on the function body at 78:37...
[INFO] [stdout]   --> /opt/rustwide/cargo-home/registry/src/github.com-1ecc6299db9ec823/rusttype-0.2.3/src/support/bst/map.rs:78:37
[INFO] [stdout]    |
[INFO] [stdout] 78 |                 node: node::NodeRef<marker::Immut, K, V, marker::LeafOrInternal>)
[INFO] [stdout]    |                                     ^^^^^^^^^^^^^
[INFO] [stdout] 
[INFO] [stdout] 
[INFO] [stdout] error[E0311]: the parameter type `V` may not live long enough
[INFO] [stdout]   --> /opt/rustwide/cargo-home/registry/src/github.com-1ecc6299db9ec823/rusttype-0.2.3/src/support/bst/map.rs:81:19
[INFO] [stdout]    |
[INFO] [stdout] 81 |             match node.force() {
[INFO] [stdout]    |                   ^^^^
[INFO] [stdout]    |
[INFO] [stdout] note: the parameter type `V` must be valid for the anonymous lifetime defined on the function body at 78:37...
[INFO] [stdout]   --> /opt/rustwide/cargo-home/registry/src/github.com-1ecc6299db9ec823/rusttype-0.2.3/src/support/bst/map.rs:78:37
[INFO] [stdout]    |
[INFO] [stdout] 78 |                 node: node::NodeRef<marker::Immut, K, V, marker::LeafOrInternal>)
[INFO] [stdout]    |                                     ^^^^^^^^^^^^^
[INFO] [stdout] 
[INFO] [stdout] 
[INFO] [stdout] error: aborting due to 2 previous errors
[INFO] [stdout] 
[INFO] [stdout] 
[INFO] [stderr] error: build failed
[INFO] running `Command { std: "docker" "inspect" "d962173354b250caa688c682f1c4771d20e81f11488e9604b823e09357d6f474", kill_on_drop: false }`
[INFO] running `Command { std: "docker" "rm" "-f" "d962173354b250caa688c682f1c4771d20e81f11488e9604b823e09357d6f474", kill_on_drop: false }`
[INFO] [stdout] d962173354b250caa688c682f1c4771d20e81f11488e9604b823e09357d6f474
