[INFO] cloning repository https://github.com/lberezy/pdns-rust
[INFO] running `Command { std: "git" "-c" "credential.helper=" "-c" "credential.helper=/workspace/cargo-home/bin/git-credential-null" "clone" "--bare" "https://github.com/lberezy/pdns-rust" "/workspace/cache/git-repos/https%3A%2F%2Fgithub.com%2Flberezy%2Fpdns-rust", kill_on_drop: false }`
[INFO] [stderr] Cloning into bare repository '/workspace/cache/git-repos/https%3A%2F%2Fgithub.com%2Flberezy%2Fpdns-rust'...
[INFO] running `Command { std: "git" "rev-parse" "HEAD", kill_on_drop: false }`
[INFO] [stdout] 09380b14780f1c20a30ebc9da819227cf0561880
[INFO] documenting lberezy/pdns-rust against 1.54.0 for beta-1.55-rustdoc-1
[INFO] running `Command { std: "git" "clone" "/workspace/cache/git-repos/https%3A%2F%2Fgithub.com%2Flberezy%2Fpdns-rust" "/workspace/builds/worker-10/source", kill_on_drop: false }`
[INFO] [stderr] Cloning into '/workspace/builds/worker-10/source'...
[INFO] [stderr] done.
[INFO] validating manifest of git repo https://github.com/lberezy/pdns-rust on toolchain 1.54.0
[INFO] running `Command { std: "/workspace/cargo-home/bin/cargo" "+1.54.0" "metadata" "--manifest-path" "Cargo.toml" "--no-deps", kill_on_drop: false }`
[INFO] started tweaking git repo https://github.com/lberezy/pdns-rust
[INFO] finished tweaking git repo https://github.com/lberezy/pdns-rust
[INFO] tweaked toml for git repo https://github.com/lberezy/pdns-rust written to /workspace/builds/worker-10/source/Cargo.toml
[INFO] crate git repo https://github.com/lberezy/pdns-rust already has a lockfile, it will not be regenerated
[INFO] running `Command { std: "/workspace/cargo-home/bin/cargo" "+1.54.0" "fetch" "--manifest-path" "Cargo.toml", kill_on_drop: false }`
[INFO] [stderr]     Blocking waiting for file lock on package cache
[INFO] [stderr]     Blocking waiting for file lock on package cache
[INFO] running `Command { std: "docker" "create" "-v" "/var/lib/crater-agent-workspace/builds/worker-10/target:/opt/rustwide/target:rw,Z" "-v" "/var/lib/crater-agent-workspace/builds/worker-10/source:/opt/rustwide/workdir:ro,Z" "-v" "/var/lib/crater-agent-workspace/cargo-home:/opt/rustwide/cargo-home:ro,Z" "-v" "/var/lib/crater-agent-workspace/rustup-home:/opt/rustwide/rustup-home:ro,Z" "-e" "SOURCE_DIR=/opt/rustwide/workdir" "-e" "CARGO_TARGET_DIR=/opt/rustwide/target" "-e" "CARGO_HOME=/opt/rustwide/cargo-home" "-e" "RUSTUP_HOME=/opt/rustwide/rustup-home" "-w" "/opt/rustwide/workdir" "-m" "1610612736" "--user" "0:0" "--network" "none" "ghcr.io/rust-lang/crates-build-env/linux@sha256:34b6a614d2c27851fe6cbf88fbd1137609cefab8b10d0615aaeb6fd47975d74e" "/opt/rustwide/cargo-home/bin/cargo" "+1.54.0" "metadata" "--no-deps" "--format-version=1", kill_on_drop: false }`
[INFO] [stdout] 14839204853b248fa46693d4732ce4a107c159f68718fb2e97cda6693d6e7402
[INFO] [stderr] WARNING: Your kernel does not support swap limit capabilities or the cgroup is not mounted. Memory limited without swap.
[INFO] running `Command { std: "docker" "start" "-a" "14839204853b248fa46693d4732ce4a107c159f68718fb2e97cda6693d6e7402", kill_on_drop: false }`
[INFO] running `Command { std: "docker" "inspect" "14839204853b248fa46693d4732ce4a107c159f68718fb2e97cda6693d6e7402", kill_on_drop: false }`
[INFO] running `Command { std: "docker" "rm" "-f" "14839204853b248fa46693d4732ce4a107c159f68718fb2e97cda6693d6e7402", kill_on_drop: false }`
[INFO] [stdout] 14839204853b248fa46693d4732ce4a107c159f68718fb2e97cda6693d6e7402
[INFO] running `Command { std: "docker" "create" "-v" "/var/lib/crater-agent-workspace/builds/worker-10/target:/opt/rustwide/target:rw,Z" "-v" "/var/lib/crater-agent-workspace/builds/worker-10/source:/opt/rustwide/workdir:ro,Z" "-v" "/var/lib/crater-agent-workspace/cargo-home:/opt/rustwide/cargo-home:ro,Z" "-v" "/var/lib/crater-agent-workspace/rustup-home:/opt/rustwide/rustup-home:ro,Z" "-e" "SOURCE_DIR=/opt/rustwide/workdir" "-e" "CARGO_TARGET_DIR=/opt/rustwide/target" "-e" "CARGO_INCREMENTAL=0" "-e" "RUST_BACKTRACE=full" "-e" "RUSTDOCFLAGS=--cap-lints=warn" "-e" "CARGO_HOME=/opt/rustwide/cargo-home" "-e" "RUSTUP_HOME=/opt/rustwide/rustup-home" "-w" "/opt/rustwide/workdir" "-m" "1610612736" "--user" "0:0" "--network" "none" "ghcr.io/rust-lang/crates-build-env/linux@sha256:34b6a614d2c27851fe6cbf88fbd1137609cefab8b10d0615aaeb6fd47975d74e" "/opt/rustwide/cargo-home/bin/cargo" "+1.54.0" "doc" "--frozen" "--no-deps" "--document-private-items" "--message-format=json", kill_on_drop: false }`
[INFO] [stdout] 204dcf7945d9a0710764bf09073ec56263739181014b2d5b7f9f23bcb335d256
[INFO] [stderr] WARNING: Your kernel does not support swap limit capabilities or the cgroup is not mounted. Memory limited without swap.
[INFO] running `Command { std: "docker" "start" "-a" "204dcf7945d9a0710764bf09073ec56263739181014b2d5b7f9f23bcb335d256", kill_on_drop: false }`
[INFO] [stderr]    Compiling syn v1.0.60
[INFO] [stderr]    Compiling libc v0.2.85
[INFO] [stderr]    Compiling value-bag v1.0.0-alpha.6
[INFO] [stderr]    Compiling log v0.4.14
[INFO] [stderr]     Checking futures-io v0.3.12
[INFO] [stderr]    Compiling serde v1.0.123
[INFO] [stderr]     Checking object v0.23.0
[INFO] [stderr]    Compiling once_cell v1.5.2
[INFO] [stderr]     Checking fastrand v1.4.0
[INFO] [stderr]    Compiling httparse v1.3.5
[INFO] [stderr]    Compiling itoa v0.4.7
[INFO] [stderr]     Checking vec-arena v1.0.0
[INFO] [stderr]    Compiling crunchy v0.2.2
[INFO] [stderr]    Compiling snap v1.0.3
[INFO] [stderr]     Checking unchecked-index v0.2.2
[INFO] [stderr]     Checking utf8-ranges v1.0.4
[INFO] [stderr]     Checking census v0.4.0
[INFO] [stderr]     Checking levenshtein_automata v0.2.0
[INFO] [stderr]     Checking spin v0.7.1
[INFO] [stderr]     Checking futures-task v0.3.12
[INFO] [stderr]    Compiling crossbeam-utils v0.7.2
[INFO] [stderr]    Compiling standback v0.2.15
[INFO] [stderr]    Compiling time v0.2.25
[INFO] [stderr]     Checking tinyvec v1.1.1
[INFO] [stderr]     Checking murmurhash32 v0.2.0
[INFO] [stderr]     Checking async-mutex v1.4.0
[INFO] [stderr]     Checking async-lock v2.3.0
[INFO] [stderr]    Compiling thread_local v1.1.3
[INFO] [stderr]     Checking tantivy-fst v0.3.0
[INFO] [stderr]     Checking lru v0.6.4
[INFO] [stderr]     Checking async-channel v1.5.1
[INFO] [stderr]     Checking futures-lite v1.11.3
[INFO] [stderr]     Checking twoway v0.2.1
[INFO] [stderr]     Checking combine v4.5.2
[INFO] [stderr]     Checking indexmap v1.6.1
[INFO] [stderr]    Compiling regex v1.4.3
[INFO] [stderr]     Checking crossbeam-queue v0.3.1
[INFO] [stderr]     Checking crossbeam-epoch v0.9.1
[INFO] [stderr]     Checking sha-1 v0.9.3
[INFO] [stderr]     Checking sha2 v0.9.3
[INFO] [stderr]     Checking bitpacking v0.8.2
[INFO] [stderr]     Checking crossbeam-deque v0.8.0
[INFO] [stderr]     Checking unicode-normalization v0.1.17
[INFO] [stderr]     Checking num_cpus v1.13.0
[INFO] [stderr]     Checking net2 v0.2.37
[INFO] [stderr]     Checking iovec v0.1.4
[INFO] [stderr]     Checking signal-hook-registry v1.3.0
[INFO] [stderr]     Checking getrandom v0.1.16
[INFO] [stderr]     Checking parking_lot_core v0.8.2
[INFO] [stderr]     Checking getrandom v0.2.2
[INFO] [stderr]     Checking hostname v0.3.1
[INFO] [stderr]     Checking time v0.1.43
[INFO] [stderr]     Checking brotli-sys v0.3.2
[INFO] [stderr]     Checking socket2 v0.3.19
[INFO] [stderr]     Checking flate2 v1.0.20
[INFO] [stderr]     Checking nb-connect v1.0.2
[INFO] [stderr]     Checking fs2 v0.4.3
[INFO] [stderr]     Checking memmap v0.7.0
[INFO] [stderr]     Checking atty v0.2.14
[INFO] [stderr]     Checking crossbeam v0.8.0
[INFO] [stderr]     Checking resolv-conf v0.7.0
[INFO] [stderr]     Checking rand_core v0.6.1
[INFO] [stderr]     Checking parking_lot v0.11.1
[INFO] [stderr]     Checking blocking v1.0.2
[INFO] [stderr]     Checking async-executor v1.4.0
[INFO] [stderr]     Checking rand_core v0.5.1
[INFO] [stderr]     Checking brotli2 v0.3.2
[INFO] [stderr]     Checking threadpool v1.8.1
[INFO] [stderr]     Checking rayon-core v1.9.0
[INFO] [stderr]     Checking rand_chacha v0.3.0
[INFO] [stderr]     Checking crossbeam-channel v0.4.4
[INFO] [stderr]    Compiling parse-zoneinfo v0.3.0
[INFO] [stderr]    Compiling Inflector v0.11.4
[INFO] [stderr]     Checking rand_chacha v0.2.2
[INFO] [stderr]     Checking rand v0.8.3
[INFO] [stderr]     Checking rand v0.7.3
[INFO] [stderr]     Checking idna v0.2.1
[INFO] [stderr]     Checking rayon v1.5.0
[INFO] [stderr]     Checking backtrace v0.3.56
[INFO] [stderr]     Checking tempfile v3.2.0
[INFO] [stderr]     Checking url v2.2.0
[INFO] [stderr]    Compiling chrono-tz v0.5.3
[INFO] [stderr]     Checking tantivy-query-grammar v0.14.0
[INFO] [stderr]    Compiling pest_generator v2.1.3
[INFO] [stderr]    Compiling darling_core v0.10.2
[INFO] [stderr]    Compiling ctor v0.1.19
[INFO] [stderr]    Compiling serde_derive v1.0.123
[INFO] [stderr]    Compiling futures-macro v0.3.12
[INFO] [stderr]    Compiling pin-project-internal v0.4.27
[INFO] [stderr]    Compiling derive_more v0.99.11
[INFO] [stderr]    Compiling thiserror-impl v1.0.23
[INFO] [stderr]    Compiling actix-macros v0.1.3
[INFO] [stderr]    Compiling async-trait v0.1.42
[INFO] [stderr]    Compiling tracing-attributes v0.1.12
[INFO] [stderr]    Compiling enum-as-inner v0.3.3
[INFO] [stderr]    Compiling time-macros-impl v0.1.1
[INFO] [stderr]    Compiling pin-project-internal v1.0.5
[INFO] [stderr]    Compiling pest_derive v2.1.0
[INFO] [stderr]    Compiling actix-web-codegen v0.4.0
[INFO] [stderr]    Compiling async-stream-impl v0.3.0
[INFO] [stderr]    Compiling actix_derive v0.5.0
[INFO] [stderr]    Compiling pallet-macros v0.4.0
[INFO] [stderr]    Compiling darling_macro v0.10.2
[INFO] [stderr]     Checking time-macros v0.1.1
[INFO] [stderr]     Checking async-stream v0.3.0
[INFO] [stderr]     Checking mio v0.6.23
[INFO] [stderr]     Checking polling v2.0.2
[INFO] [stderr]     Checking fail v0.4.0
[INFO] [stderr]     Checking kv-log-macro v1.0.7
[INFO] [stderr]     Checking sled v0.34.6
[INFO] [stderr]     Checking env_logger v0.8.2
[INFO] [stderr]     Checking futures-util v0.3.12
[INFO] [stderr]     Checking thiserror v1.0.23
[INFO] [stderr]     Checking async-io v1.3.1
[INFO] [stderr]     Checking cookie v0.14.3
[INFO] [stderr]    Compiling darling v0.10.2
[INFO] [stderr]     Checking async-global-executor v2.0.2
[INFO] [stderr]     Checking mio-uds v0.6.8
[INFO] [stderr]     Checking tracing v0.1.23
[INFO] [stderr]     Checking pin-project v1.0.5
[INFO] [stderr]     Checking async-std v1.9.0
[INFO] [stderr]     Checking tokio v0.2.25
[INFO] [stderr]     Checking pin-project v0.4.27
[INFO] [stderr]     Checking tracing-futures v0.2.4
[INFO] [stderr]     Checking actix-threadpool v0.3.3
[INFO] [stderr]     Checking futures-executor v0.3.12
[INFO] [stderr]     Checking actix-service v1.0.6
[INFO] [stderr]     Checking futures v0.3.12
[INFO] [stderr]     Checking multer v1.2.2
[INFO] [stderr]     Checking tokio-util v0.3.1
[INFO] [stderr]     Checking actix-rt v1.1.1
[INFO] [stderr]     Checking trust-dns-proto v0.19.6
[INFO] [stderr]     Checking actix-codec v0.3.0
[INFO] [stderr]     Checking h2 v0.2.7
[INFO] [stderr]     Checking actix-utils v2.0.0
[INFO] [stderr]     Checking dataloader v0.14.0
[INFO] [stderr]     Checking actix-server v1.0.4
[INFO] [stderr]     Checking actix-tls v2.0.0
[INFO] [stderr]     Checking trust-dns-resolver v0.19.6
[INFO] [stderr]     Checking actix-testing v1.0.1
[INFO] [stderr]    Compiling serde_json v1.0.62
[INFO] [stderr]    Compiling toml v0.5.8
[INFO] [stderr]     Checking chrono v0.4.19
[INFO] [stderr]     Checking serde_urlencoded v0.7.0
[INFO] [stderr]     Checking uuid v0.8.2
[INFO] [stderr]     Checking actix-router v0.2.7
[INFO] [stderr]     Checking rust-stemmers v1.2.0
[INFO] [stderr]     Checking bincode v1.3.1
[INFO] [stderr]     Checking actix-connect v2.0.0
[INFO] [stderr]     Checking actix v0.10.0
[INFO] [stderr]    Compiling async-graphql-value v2.0.5
[INFO] [stderr]     Checking actix-http v2.2.0
[INFO] [stderr]     Checking bson v1.1.0
[INFO] [stderr]    Compiling proc-macro-crate v0.1.5
[INFO] [stderr]     Checking tantivy v0.14.0
[INFO] [stderr]    Compiling async-graphql-parser v2.4.6
[INFO] [stderr]    Compiling async-graphql-derive v2.5.0
[INFO] [stderr]     Checking awc v2.0.3
[INFO] [stderr]     Checking actix-web v3.3.2
[INFO] [stderr]     Checking pallet v0.7.0
[INFO] [stderr]     Checking actix-web-actors v3.0.0
[INFO] [stderr]     Checking async-graphql v2.5.2
[INFO] [stderr]     Checking async-graphql-actix-web v2.5.2
[INFO] [stderr]  Documenting pdns-database v0.1.0 (/opt/rustwide/workdir)
[INFO] [stdout] error[E0432]: unresolved import `super::sample_batcher`
[INFO] [stdout]   --> src/repository.rs:14:12
[INFO] [stdout]    |
[INFO] [stdout] 14 | use super::sample_batcher::{SampleBatchLoadHashMapValue, SampleBatcher};
[INFO] [stdout]    |            ^^^^^^^^^^^^^^ could not find `sample_batcher` in the crate root
[INFO] [stdout] 
[INFO] [stdout] 
[INFO] [stdout] error[E0412]: cannot find type `SampleService` in this scope
[INFO] [stdout]  --> src/state.rs:8:25
[INFO] [stdout]   |
[INFO] [stdout] 8 |     pub sample_service: SampleService,
[INFO] [stdout]   |                         ^^^^^^^^^^^^^ not found in this scope
[INFO] [stdout] 
[INFO] [stdout] 
[INFO] [stdout] error[E0412]: cannot find type `SandboxService` in this scope
[INFO] [stdout]  --> src/state.rs:9:26
[INFO] [stdout]   |
[INFO] [stdout] 9 |     pub sandbox_service: SandboxService,
[INFO] [stdout]   |                          ^^^^^^^^^^^^^^ not found in this scope
[INFO] [stdout] 
[INFO] [stdout] 
[INFO] [stdout] error[E0412]: cannot find type `SampleRepository` in this scope
[INFO] [stdout]   --> src/repository.rs:19:6
[INFO] [stdout]    |
[INFO] [stdout] 19 | impl SampleRepository {
[INFO] [stdout]    |      ^^^^^^^^^^^^^^^^ not found in this scope
[INFO] [stdout] 
[INFO] [stdout] 
[INFO] [stdout] error[E0412]: cannot find type `DatabaseConnectionPool` in this scope
[INFO] [stdout]   --> src/repository.rs:20:22
[INFO] [stdout]    |
[INFO] [stdout] 20 |     pub fn new(pool: DatabaseConnectionPool) -> Self {
[INFO] [stdout]    |                      ^^^^^^^^^^^^^^^^^^^^^^ not found in this scope
[INFO] [stdout] 
[INFO] [stdout] 
[INFO] [stdout] error[E0405]: cannot find trait `LoadSamplesPort` in this scope
[INFO] [stdout]   --> src/repository.rs:28:6
[INFO] [stdout]    |
[INFO] [stdout] 28 | impl LoadSamplesPort for SampleRepository {
[INFO] [stdout]    |      ^^^^^^^^^^^^^^^ not found in this scope
[INFO] [stdout] 
[INFO] [stdout] 
[INFO] [stdout] error[E0412]: cannot find type `SampleRepository` in this scope
[INFO] [stdout]   --> src/repository.rs:28:26
[INFO] [stdout]    |
[INFO] [stdout] 28 | impl LoadSamplesPort for SampleRepository {
[INFO] [stdout]    |                          ^^^^^^^^^^^^^^^^ not found in this scope
[INFO] [stdout] 
[INFO] [stdout] 
[INFO] [stdout] error[E0412]: cannot find type `Sample` in this scope
[INFO] [stdout]   --> src/repository.rs:29:64
[INFO] [stdout]    |
[INFO] [stdout] 28 | impl LoadSamplesPort for SampleRepository {
[INFO] [stdout]    |     - help: you might be missing a type parameter: `<Sample>`
[INFO] [stdout] 29 |     async fn load_sample(&self, hash: String) -> Result<Option<Sample>> {
[INFO] [stdout]    |                                                                ^^^^^^ not found in this scope
[INFO] [stdout] 
[INFO] [stdout] 
[INFO] [stdout] error[E0412]: cannot find type `Sample` in this scope
[INFO] [stdout]   --> src/repository.rs:29:64
[INFO] [stdout]    |
[INFO] [stdout] 29 |     async fn load_sample(&self, hash: String) -> Result<Option<Sample>> {
[INFO] [stdout]    |                         -                                      ^^^^^^ not found in this scope
[INFO] [stdout]    |                         |
[INFO] [stdout]    |                         help: you might be missing a type parameter: `<Sample>`
[INFO] [stdout] 
[INFO] [stdout] 
[INFO] [stdout] error[E0412]: cannot find type `MutationRoot` in this scope
[INFO] [stdout]   --> src/main.rs:17:41
[INFO] [stdout]    |
[INFO] [stdout] 17 | pub type PDNSSchema = Schema<QueryRoot, MutationRoot, SubscriptionRoot>;
[INFO] [stdout]    |                                         ^^^^^^^^^^^^ not found in this scope
[INFO] [stdout]    |
[INFO] [stdout] help: consider importing this struct
[INFO] [stdout]    |
[INFO] [stdout] 2  | use crate::graphql::MutationRoot;
[INFO] [stdout]    |
[INFO] [stdout] 
[INFO] [stdout] 
[INFO] [stdout] error[E0412]: cannot find type `SubscriptionRoot` in this scope
[INFO] [stdout]   --> src/main.rs:17:55
[INFO] [stdout]    |
[INFO] [stdout] 17 | pub type PDNSSchema = Schema<QueryRoot, MutationRoot, SubscriptionRoot>;
[INFO] [stdout]    |                    -                                  ^^^^^^^^^^^^^^^^ not found in this scope
[INFO] [stdout]    |                    |
[INFO] [stdout]    |                    help: you might be missing a type parameter: `<SubscriptionRoot>`
[INFO] [stdout] 
[INFO] [stdout] 
[INFO] [stdout] error: Compilation failed, aborting rustdoc
[INFO] [stdout] 
[INFO] [stdout] 
[INFO] [stdout] error: aborting due to 12 previous errors
[INFO] [stdout] 
[INFO] [stdout] 
[INFO] [stdout] Some errors have detailed explanations: E0405, E0412, E0432.
[INFO] [stdout] 
[INFO] [stdout] For more information about an error, try `rustc --explain E0405`.
[INFO] [stdout] 
[INFO] [stderr] error: could not document `pdns-database`
[INFO] [stderr] 
[INFO] [stderr] Caused by:
[INFO] [stderr]   process didn't exit successfully: `rustdoc --edition=2018 --crate-type bin --crate-name pdns_database src/main.rs -o /opt/rustwide/target/doc --error-format=json --json=diagnostic-rendered-ansi --document-private-items -L dependency=/opt/rustwide/target/debug/deps --extern actix_web=/opt/rustwide/target/debug/deps/libactix_web-8e115e73c6ca29f9.rmeta --extern async_graphql=/opt/rustwide/target/debug/deps/libasync_graphql-1a2cb88b61a978b8.rmeta --extern async_graphql_actix_web=/opt/rustwide/target/debug/deps/libasync_graphql_actix_web-6315d0a8df2cd596.rmeta --extern async_trait=/opt/rustwide/target/debug/deps/libasync_trait-67859e92165afca1.so --extern chrono=/opt/rustwide/target/debug/deps/libchrono-45be6853f7fb9644.rmeta --extern dataloader=/opt/rustwide/target/debug/deps/libdataloader-2da5202e4f540080.rmeta --extern env_logger=/opt/rustwide/target/debug/deps/libenv_logger-873227066eb869c2.rmeta --extern log=/opt/rustwide/target/debug/deps/liblog-f5b447b2ac2aaa1b.rmeta --extern pallet=/opt/rustwide/target/debug/deps/libpallet-ca7f4a3eabb7211b.rmeta --extern pallet_macros=/opt/rustwide/target/debug/deps/libpallet_macros-812b115ddf0a080e.so --extern serde=/opt/rustwide/target/debug/deps/libserde-5e193b47fcce930c.rmeta --extern sled=/opt/rustwide/target/debug/deps/libsled-e45b3c5ba643a3bd.rmeta --extern tantivy=/opt/rustwide/target/debug/deps/libtantivy-ea112edca8f983e0.rmeta --cap-lints=warn --crate-version 0.1.0` (exit status: 1)
[INFO] running `Command { std: "docker" "inspect" "204dcf7945d9a0710764bf09073ec56263739181014b2d5b7f9f23bcb335d256", kill_on_drop: false }`
[INFO] running `Command { std: "docker" "rm" "-f" "204dcf7945d9a0710764bf09073ec56263739181014b2d5b7f9f23bcb335d256", kill_on_drop: false }`
[INFO] [stdout] 204dcf7945d9a0710764bf09073ec56263739181014b2d5b7f9f23bcb335d256
