[INFO] cloning repository https://github.com/kushaldas/supersimplesearch
[INFO] running `Command { std: "git" "-c" "credential.helper=" "-c" "credential.helper=/workspace/cargo-home/bin/git-credential-null" "clone" "--bare" "https://github.com/kushaldas/supersimplesearch" "/workspace/cache/git-repos/https%3A%2F%2Fgithub.com%2Fkushaldas%2Fsupersimplesearch", kill_on_drop: false }`
[INFO] [stderr] Cloning into bare repository '/workspace/cache/git-repos/https%3A%2F%2Fgithub.com%2Fkushaldas%2Fsupersimplesearch'...
[INFO] running `Command { std: "git" "rev-parse" "HEAD", kill_on_drop: false }`
[INFO] [stdout] b2cfcacd368ed5ffabce0c4edd9bcbd91a79b33d
[INFO] documenting kushaldas/supersimplesearch against beta-2021-08-01 for beta-1.55-rustdoc-1
[INFO] running `Command { std: "git" "clone" "/workspace/cache/git-repos/https%3A%2F%2Fgithub.com%2Fkushaldas%2Fsupersimplesearch" "/workspace/builds/worker-99/source", kill_on_drop: false }`
[INFO] [stderr] Cloning into '/workspace/builds/worker-99/source'...
[INFO] [stderr] done.
[INFO] validating manifest of git repo https://github.com/kushaldas/supersimplesearch on toolchain beta-2021-08-01
[INFO] running `Command { std: "/workspace/cargo-home/bin/cargo" "+beta-2021-08-01" "metadata" "--manifest-path" "Cargo.toml" "--no-deps", kill_on_drop: false }`
[INFO] started tweaking git repo https://github.com/kushaldas/supersimplesearch
[INFO] finished tweaking git repo https://github.com/kushaldas/supersimplesearch
[INFO] tweaked toml for git repo https://github.com/kushaldas/supersimplesearch written to /workspace/builds/worker-99/source/Cargo.toml
[INFO] crate git repo https://github.com/kushaldas/supersimplesearch already has a lockfile, it will not be regenerated
[INFO] running `Command { std: "/workspace/cargo-home/bin/cargo" "+beta-2021-08-01" "fetch" "--manifest-path" "Cargo.toml", kill_on_drop: false }`
[INFO] [stderr]     Blocking waiting for file lock on package cache
[INFO] [stderr]     Blocking waiting for file lock on package cache
[INFO] [stderr]  Downloading crates ...
[INFO] [stderr]   Downloaded syn v1.0.20
[INFO] [stderr]   Downloaded backtrace-sys v0.1.37
[INFO] running `Command { std: "docker" "create" "-v" "/var/lib/crater-agent-workspace/builds/worker-99/target:/opt/rustwide/target:rw,Z" "-v" "/var/lib/crater-agent-workspace/builds/worker-99/source:/opt/rustwide/workdir:ro,Z" "-v" "/var/lib/crater-agent-workspace/cargo-home:/opt/rustwide/cargo-home:ro,Z" "-v" "/var/lib/crater-agent-workspace/rustup-home:/opt/rustwide/rustup-home:ro,Z" "-e" "SOURCE_DIR=/opt/rustwide/workdir" "-e" "CARGO_TARGET_DIR=/opt/rustwide/target" "-e" "CARGO_HOME=/opt/rustwide/cargo-home" "-e" "RUSTUP_HOME=/opt/rustwide/rustup-home" "-w" "/opt/rustwide/workdir" "-m" "1610612736" "--user" "0:0" "--network" "none" "ghcr.io/rust-lang/crates-build-env/linux@sha256:34b6a614d2c27851fe6cbf88fbd1137609cefab8b10d0615aaeb6fd47975d74e" "/opt/rustwide/cargo-home/bin/cargo" "+beta-2021-08-01" "metadata" "--no-deps" "--format-version=1", kill_on_drop: false }`
[INFO] [stdout] 5aa903afdbc67155337d94a1d28ecef4a792895f4b42db7e58f247e0a2c61974
[INFO] running `Command { std: "docker" "start" "-a" "5aa903afdbc67155337d94a1d28ecef4a792895f4b42db7e58f247e0a2c61974", kill_on_drop: false }`
[INFO] running `Command { std: "docker" "inspect" "5aa903afdbc67155337d94a1d28ecef4a792895f4b42db7e58f247e0a2c61974", kill_on_drop: false }`
[INFO] running `Command { std: "docker" "rm" "-f" "5aa903afdbc67155337d94a1d28ecef4a792895f4b42db7e58f247e0a2c61974", kill_on_drop: false }`
[INFO] [stdout] 5aa903afdbc67155337d94a1d28ecef4a792895f4b42db7e58f247e0a2c61974
[INFO] running `Command { std: "docker" "create" "-v" "/var/lib/crater-agent-workspace/builds/worker-99/target:/opt/rustwide/target:rw,Z" "-v" "/var/lib/crater-agent-workspace/builds/worker-99/source:/opt/rustwide/workdir:ro,Z" "-v" "/var/lib/crater-agent-workspace/cargo-home:/opt/rustwide/cargo-home:ro,Z" "-v" "/var/lib/crater-agent-workspace/rustup-home:/opt/rustwide/rustup-home:ro,Z" "-e" "SOURCE_DIR=/opt/rustwide/workdir" "-e" "CARGO_TARGET_DIR=/opt/rustwide/target" "-e" "CARGO_INCREMENTAL=0" "-e" "RUST_BACKTRACE=full" "-e" "RUSTDOCFLAGS=--cap-lints=warn" "-e" "CARGO_HOME=/opt/rustwide/cargo-home" "-e" "RUSTUP_HOME=/opt/rustwide/rustup-home" "-w" "/opt/rustwide/workdir" "-m" "1610612736" "--user" "0:0" "--network" "none" "ghcr.io/rust-lang/crates-build-env/linux@sha256:34b6a614d2c27851fe6cbf88fbd1137609cefab8b10d0615aaeb6fd47975d74e" "/opt/rustwide/cargo-home/bin/cargo" "+beta-2021-08-01" "doc" "--frozen" "--no-deps" "--document-private-items" "--message-format=json", kill_on_drop: false }`
[INFO] [stdout] 404e1109726d260bd2a182dbb9e90337a23ef47b6b373b691a6412f154e30b2f
[INFO] running `Command { std: "docker" "start" "-a" "404e1109726d260bd2a182dbb9e90337a23ef47b6b373b691a6412f154e30b2f", kill_on_drop: false }`
[INFO] [stderr]     Blocking waiting for file lock on package cache
[INFO] [stderr]    Compiling libc v0.2.70
[INFO] [stderr]    Compiling proc-macro2 v1.0.12
[INFO] [stderr]    Compiling syn v1.0.20
[INFO] [stderr]    Compiling smallvec v1.4.0
[INFO] [stderr]    Compiling serde v1.0.110
[INFO] [stderr]    Compiling ucd-trie v0.1.3
[INFO] [stderr]     Checking unic-char-range v0.7.0
[INFO] [stderr]    Compiling maplit v1.0.2
[INFO] [stderr]     Checking unic-common v0.7.0
[INFO] [stderr]    Compiling ryu v1.0.4
[INFO] [stderr]     Checking regex-syntax v0.6.17
[INFO] [stderr]     Checking deunicode v0.4.3
[INFO] [stderr]     Checking humansize v1.1.0
[INFO] [stderr]     Checking glob v0.2.11
[INFO] [stderr]     Checking glob v0.3.0
[INFO] [stderr]    Compiling ring v0.13.5
[INFO] [stderr]    Compiling memchr v2.3.3
[INFO] [stderr]    Compiling backtrace-sys v0.1.37
[INFO] [stderr]    Compiling num-traits v0.2.11
[INFO] [stderr]    Compiling num-integer v0.1.42
[INFO] [stderr]    Compiling error-chain v0.12.2
[INFO] [stderr]    Compiling rocket_codegen v0.4.4
[INFO] [stderr]    Compiling rocket v0.4.4
[INFO] [stderr]    Compiling pear_codegen v0.1.2
[INFO] [stderr]    Compiling log v0.3.9
[INFO] [stderr]     Checking base64 v0.9.3
[INFO] [stderr]     Checking indexmap v1.3.2
[INFO] [stderr]     Checking base64 v0.10.1
[INFO] [stderr]     Checking mime v0.2.6
[INFO] [stderr]    Compiling devise_core v0.2.0
[INFO] [stderr]    Compiling pest v2.1.3
[INFO] [stderr]    Compiling unicode-normalization v0.1.12
[INFO] [stderr]     Checking unic-char-property v0.7.0
[INFO] [stdout] error[E0554]: `#![feature]` may not be used on the beta release channel
[INFO] [stdout]  --> /opt/rustwide/cargo-home/registry/src/github.com-1ecc6299db9ec823/devise_core-0.2.0/src/lib.rs:1:1
[INFO] [stdout]   |
[INFO] [stdout] 1 | #![feature(proc_macro_diagnostic, proc_macro_span)]
[INFO] [stdout]   | ^^^^^^^^^^^^^^^^^^^^^^^^^^^^^^^^^^^^^^^^^^^^^^^^^^^
[INFO] [stdout] 
[INFO] [stdout] 
[INFO] [stdout] error[E0554]: `#![feature]` may not be used on the beta release channel
[INFO] [stdout]  --> /opt/rustwide/cargo-home/registry/src/github.com-1ecc6299db9ec823/devise_core-0.2.0/src/lib.rs:2:1
[INFO] [stdout]   |
[INFO] [stdout] 2 | #![feature(crate_visibility_modifier)]
[INFO] [stdout]   | ^^^^^^^^^^^^^^^^^^^^^^^^^^^^^^^^^^^^^^
[INFO] [stdout] 
[INFO] [stdout] 
[INFO] [stdout] error[E0554]: `#![feature]` may not be used on the beta release channel
[INFO] [stdout]  --> /opt/rustwide/cargo-home/registry/src/github.com-1ecc6299db9ec823/devise_core-0.2.0/src/lib.rs:3:1
[INFO] [stdout]   |
[INFO] [stdout] 3 | #![feature(concat_idents)]
[INFO] [stdout]   | ^^^^^^^^^^^^^^^^^^^^^^^^^^
[INFO] [stdout] 
[INFO] [stdout] 
[INFO] [stdout] error: aborting due to 3 previous errors
[INFO] [stdout] 
[INFO] [stdout] 
[INFO] [stdout] For more information about this error, try `rustc --explain E0554`.
[INFO] [stdout] 
[INFO] [stderr]     Checking aho-corasick v0.7.10
[INFO] [stderr]     Checking slug v0.1.4
[INFO] [stderr]     Checking unic-ucd-version v0.7.0
[INFO] [stderr] error: could not compile `devise_core` due to 4 previous errors
[INFO] [stderr] warning: build failed, waiting for other jobs to finish...
[INFO] [stderr] error: build failed
[INFO] running `Command { std: "docker" "inspect" "404e1109726d260bd2a182dbb9e90337a23ef47b6b373b691a6412f154e30b2f", kill_on_drop: false }`
[INFO] running `Command { std: "docker" "rm" "-f" "404e1109726d260bd2a182dbb9e90337a23ef47b6b373b691a6412f154e30b2f", kill_on_drop: false }`
[INFO] [stdout] 404e1109726d260bd2a182dbb9e90337a23ef47b6b373b691a6412f154e30b2f
