[INFO] cloning repository https://github.com/kshammer/dota_dashboard
[INFO] running `Command { std: "git" "-c" "credential.helper=" "-c" "credential.helper=/workspace/cargo-home/bin/git-credential-null" "clone" "--bare" "https://github.com/kshammer/dota_dashboard" "/workspace/cache/git-repos/https%3A%2F%2Fgithub.com%2Fkshammer%2Fdota_dashboard", kill_on_drop: false }`
[INFO] [stderr] Cloning into bare repository '/workspace/cache/git-repos/https%3A%2F%2Fgithub.com%2Fkshammer%2Fdota_dashboard'...
[INFO] running `Command { std: "git" "rev-parse" "HEAD", kill_on_drop: false }`
[INFO] [stdout] 350202d01e321050a407233365a28775f5c684d7
[INFO] documenting kshammer/dota_dashboard against beta-2021-08-01 for beta-1.55-rustdoc-1
[INFO] running `Command { std: "git" "clone" "/workspace/cache/git-repos/https%3A%2F%2Fgithub.com%2Fkshammer%2Fdota_dashboard" "/workspace/builds/worker-95/source", kill_on_drop: false }`
[INFO] [stderr] Cloning into '/workspace/builds/worker-95/source'...
[INFO] [stderr] done.
[INFO] validating manifest of git repo https://github.com/kshammer/dota_dashboard on toolchain beta-2021-08-01
[INFO] running `Command { std: "/workspace/cargo-home/bin/cargo" "+beta-2021-08-01" "metadata" "--manifest-path" "Cargo.toml" "--no-deps", kill_on_drop: false }`
[INFO] started tweaking git repo https://github.com/kshammer/dota_dashboard
[INFO] finished tweaking git repo https://github.com/kshammer/dota_dashboard
[INFO] tweaked toml for git repo https://github.com/kshammer/dota_dashboard written to /workspace/builds/worker-95/source/Cargo.toml
[INFO] crate git repo https://github.com/kshammer/dota_dashboard already has a lockfile, it will not be regenerated
[INFO] running `Command { std: "/workspace/cargo-home/bin/cargo" "+beta-2021-08-01" "fetch" "--manifest-path" "Cargo.toml", kill_on_drop: false }`
[INFO] [stderr]     Blocking waiting for file lock on package cache
[INFO] [stderr]     Updating git repository `https://github.com/kshammer/logwatcher_win`
[INFO] [stderr]     Blocking waiting for file lock on package cache
[INFO] [stderr]  Downloading crates ...
[INFO] [stderr]   Downloaded mockito v0.30.0
[INFO] [stderr]   Downloaded iced_style v0.3.0
[INFO] [stderr]   Downloaded iced_futures v0.3.0
[INFO] [stderr]   Downloaded iced_wgpu v0.4.0
[INFO] [stderr]   Downloaded font-kit v0.10.0
[INFO] [stderr]   Downloaded wgpu_glyph v0.11.0
[INFO] [stderr]   Downloaded iced_web v0.4.0
[INFO] [stderr]   Downloaded window_clipboard v0.2.0
[INFO] [stderr]   Downloaded iced_winit v0.3.0
[INFO] [stderr]   Downloaded assert-json-diff v2.0.1
[INFO] [stderr]   Downloaded x11rb v0.8.1
[INFO] [stderr]   Downloaded iced_graphics v0.2.0
[INFO] [stderr]   Downloaded iced_native v0.4.0
[INFO] [stderr]   Downloaded tokio-test v0.4.1
[INFO] [stderr]   Downloaded clipboard_wayland v0.2.0
[INFO] [stderr]   Downloaded iced_core v0.4.0
[INFO] [stderr]   Downloaded clipboard_x11 v0.3.1
[INFO] [stderr]   Downloaded iced v0.3.0
[INFO] running `Command { std: "docker" "create" "-v" "/var/lib/crater-agent-workspace/builds/worker-95/target:/opt/rustwide/target:rw,Z" "-v" "/var/lib/crater-agent-workspace/builds/worker-95/source:/opt/rustwide/workdir:ro,Z" "-v" "/var/lib/crater-agent-workspace/cargo-home:/opt/rustwide/cargo-home:ro,Z" "-v" "/var/lib/crater-agent-workspace/rustup-home:/opt/rustwide/rustup-home:ro,Z" "-e" "SOURCE_DIR=/opt/rustwide/workdir" "-e" "CARGO_TARGET_DIR=/opt/rustwide/target" "-e" "CARGO_HOME=/opt/rustwide/cargo-home" "-e" "RUSTUP_HOME=/opt/rustwide/rustup-home" "-w" "/opt/rustwide/workdir" "-m" "1610612736" "--user" "0:0" "--network" "none" "ghcr.io/rust-lang/crates-build-env/linux@sha256:34b6a614d2c27851fe6cbf88fbd1137609cefab8b10d0615aaeb6fd47975d74e" "/opt/rustwide/cargo-home/bin/cargo" "+beta-2021-08-01" "metadata" "--no-deps" "--format-version=1", kill_on_drop: false }`
[INFO] [stdout] a76adb161ffe2452ad33969cf8b67e52dc6fb675c2134cdfc586dcaa2fc0f99b
[INFO] running `Command { std: "docker" "start" "-a" "a76adb161ffe2452ad33969cf8b67e52dc6fb675c2134cdfc586dcaa2fc0f99b", kill_on_drop: false }`
[INFO] running `Command { std: "docker" "inspect" "a76adb161ffe2452ad33969cf8b67e52dc6fb675c2134cdfc586dcaa2fc0f99b", kill_on_drop: false }`
[INFO] running `Command { std: "docker" "rm" "-f" "a76adb161ffe2452ad33969cf8b67e52dc6fb675c2134cdfc586dcaa2fc0f99b", kill_on_drop: false }`
[INFO] [stdout] a76adb161ffe2452ad33969cf8b67e52dc6fb675c2134cdfc586dcaa2fc0f99b
[INFO] running `Command { std: "docker" "create" "-v" "/var/lib/crater-agent-workspace/builds/worker-95/target:/opt/rustwide/target:rw,Z" "-v" "/var/lib/crater-agent-workspace/builds/worker-95/source:/opt/rustwide/workdir:ro,Z" "-v" "/var/lib/crater-agent-workspace/cargo-home:/opt/rustwide/cargo-home:ro,Z" "-v" "/var/lib/crater-agent-workspace/rustup-home:/opt/rustwide/rustup-home:ro,Z" "-e" "SOURCE_DIR=/opt/rustwide/workdir" "-e" "CARGO_TARGET_DIR=/opt/rustwide/target" "-e" "CARGO_INCREMENTAL=0" "-e" "RUST_BACKTRACE=full" "-e" "RUSTDOCFLAGS=--cap-lints=warn" "-e" "CARGO_HOME=/opt/rustwide/cargo-home" "-e" "RUSTUP_HOME=/opt/rustwide/rustup-home" "-w" "/opt/rustwide/workdir" "-m" "1610612736" "--user" "0:0" "--network" "none" "ghcr.io/rust-lang/crates-build-env/linux@sha256:34b6a614d2c27851fe6cbf88fbd1137609cefab8b10d0615aaeb6fd47975d74e" "/opt/rustwide/cargo-home/bin/cargo" "+beta-2021-08-01" "doc" "--frozen" "--no-deps" "--document-private-items" "--message-format=json", kill_on_drop: false }`
[INFO] [stdout] 358fdb26da65e9f85648df2ba1a908cf479003da0a1e19e628cf07b606d7aac6
[INFO] running `Command { std: "docker" "start" "-a" "358fdb26da65e9f85648df2ba1a908cf479003da0a1e19e628cf07b606d7aac6", kill_on_drop: false }`
[INFO] [stderr]     Blocking waiting for file lock on package cache
[INFO] [stderr]    Compiling libc v0.2.93
[INFO] [stderr]    Compiling syn v1.0.65
[INFO] [stderr]    Compiling memchr v2.3.4
[INFO] [stderr]     Checking pin-project-lite v0.2.6
[INFO] [stderr]     Checking smallvec v1.6.1
[INFO] [stderr]     Checking ahash v0.4.7
[INFO] [stderr]    Compiling version_check v0.9.3
[INFO] [stderr]    Compiling proc-macro-hack v0.5.19
[INFO] [stderr]     Checking futures-core v0.3.14
[INFO] [stderr]    Compiling proc-macro-nested v0.1.7
[INFO] [stderr]     Checking futures-sink v0.3.14
[INFO] [stderr]    Compiling xml-rs v0.8.3
[INFO] [stderr]     Checking ab_glyph_rasterizer v0.1.4
[INFO] [stderr]    Compiling getrandom v0.1.16
[INFO] [stderr]     Checking futures-io v0.3.14
[INFO] [stderr]     Checking futures-task v0.3.14
[INFO] [stderr]     Checking same-file v1.0.6
[INFO] [stderr]     Checking fixedbitset v0.2.0
[INFO] [stderr]     Checking bit-vec v0.6.3
[INFO] [stderr]    Compiling nix v0.18.0
[INFO] [stderr]     Checking ttf-parser v0.6.2
[INFO] [stderr]     Checking downcast-rs v1.2.0
[INFO] [stderr]     Checking bytes v1.0.1
[INFO] [stderr]    Compiling rayon-core v1.9.0
[INFO] [stderr]     Checking ttf-parser v0.12.0
[INFO] [stderr]     Checking itoa v0.4.7
[INFO] [stderr]    Compiling khronos-egl v3.0.2
[INFO] [stderr]     Checking xdg v2.2.0
[INFO] [stderr]     Checking either v1.6.1
[INFO] [stderr]     Checking arrayvec v0.5.2
[INFO] [stderr]    Compiling cfg_aliases v0.1.1
[INFO] [stderr]    Compiling openssl v0.10.33
[INFO] [stderr]     Checking inplace_it v0.3.3
[INFO] [stderr]     Checking foreign-types-shared v0.1.1
[INFO] [stderr]     Checking iced_core v0.4.0
[INFO] [stderr]     Checking glow v0.7.2
[INFO] [stderr]     Checking float-ord v0.2.0
[INFO] [stderr]     Checking copyless v0.1.5
[INFO] [stderr]     Checking unicode-segmentation v1.7.1
[INFO] [stderr]    Compiling native-tls v0.2.7
[INFO] [stderr]    Compiling httparse v1.3.6
[INFO] [stderr]     Checking xi-unicode v0.3.0
[INFO] [stderr]    Compiling serde v1.0.125
[INFO] [stderr]     Checking lazycell v1.3.0
[INFO] [stderr]     Checking tower-service v0.3.1
[INFO] [stderr]     Checking httpdate v0.3.2
[INFO] [stderr]     Checking svg_fmt v0.4.1
[INFO] [stderr]    Compiling encoding_rs v0.8.28
[INFO] [stderr]     Checking mime v0.3.16
[INFO] [stderr]     Checking regex-syntax v0.6.23
[INFO] [stderr]     Checking logwatcher_win v0.1.0 (https://github.com/kshammer/logwatcher_win#cb3a6c05)
[INFO] [stderr]    Compiling num-traits v0.2.14
[INFO] [stderr]    Compiling indexmap v1.6.2
[INFO] [stderr]     Checking libloading v0.6.7
[INFO] [stderr]    Compiling wayland-sys v0.28.5
[INFO] [stderr]     Checking libloading v0.7.0
[INFO] [stderr]     Checking tracing-core v0.1.17
[INFO] [stderr]    Compiling crossbeam-utils v0.8.3
[INFO] [stderr]     Checking instant v0.1.9
[INFO] [stderr]    Compiling memoffset v0.6.3
[INFO] [stderr]     Checking fxhash v0.2.1
[INFO] [stderr]     Checking lock_api v0.4.3
[INFO] [stderr]    Compiling tokio v1.5.0
[INFO] [stderr]    Compiling servo-fontconfig-sys v5.1.0
[INFO] [stderr]    Compiling rayon v1.5.0
[INFO] [stderr]    Compiling x11-dl v2.18.5
[INFO] [stderr]    Compiling pathfinder_simd v0.5.0
[INFO] [stderr]     Checking gpu-descriptor-types v0.1.1
[INFO] [stderr]     Checking gpu-alloc-types v0.2.0
[INFO] [stderr]     Checking wgpu-types v0.7.0
[INFO] [stderr]     Checking want v0.3.0
[INFO] [stderr]     Checking idna v0.2.2
[INFO] [stdout] error[E0433]: failed to resolve: could not find `windows` in `os`
[INFO] [stdout]   --> /opt/rustwide/cargo-home/git/checkouts/logwatcher_win-1d4fa2e115e23856/cb3a6c0/src/lib.rs:11:14
[INFO] [stdout]    |
[INFO] [stdout] 11 | use std::os::windows::fs::MetadataExt;
[INFO] [stdout]    |              ^^^^^^^ could not find `windows` in `os`
[INFO] [stdout] 
[INFO] [stdout] 
[INFO] [stdout] error[E0554]: `#![feature]` may not be used on the beta release channel
[INFO] [stdout]  --> /opt/rustwide/cargo-home/git/checkouts/logwatcher_win-1d4fa2e115e23856/cb3a6c0/src/lib.rs:1:1
[INFO] [stdout]   |
[INFO] [stdout] 1 | #![feature(windows_by_handle)]
[INFO] [stdout]   | ^^^^^^^^^^^^^^^^^^^^^^^^^^^^^^
[INFO] [stdout] 
[INFO] [stdout] 
[INFO] [stderr] error: could not compile `regex-syntax`
[INFO] [stderr] 
[INFO] [stderr] Caused by:
[INFO] [stderr]   process didn't exit successfully: `rustc --crate-name regex_syntax /opt/rustwide/cargo-home/registry/src/github.com-1ecc6299db9ec823/regex-syntax-0.6.23/src/lib.rs --error-format=json --json=diagnostic-rendered-ansi --crate-type lib --emit=dep-info,metadata -C embed-bitcode=no -C debuginfo=2 --cfg 'feature="default"' --cfg 'feature="unicode"' --cfg 'feature="unicode-age"' --cfg 'feature="unicode-bool"' --cfg 'feature="unicode-case"' --cfg 'feature="unicode-gencat"' --cfg 'feature="unicode-perl"' --cfg 'feature="unicode-script"' --cfg 'feature="unicode-segment"' -C metadata=d8711d25d0736ec8 -C extra-filename=-d8711d25d0736ec8 --out-dir /opt/rustwide/target/debug/deps -L dependency=/opt/rustwide/target/debug/deps --cap-lints allow` (signal: 9, SIGKILL: kill)
[INFO] [stderr] warning: build failed, waiting for other jobs to finish...
[INFO] [stdout] error[E0063]: missing field `unique_id` in initializer of `LogWatcher`
[INFO] [stdout]   --> /opt/rustwide/cargo-home/git/checkouts/logwatcher_win-1d4fa2e115e23856/cb3a6c0/src/lib.rs:42:12
[INFO] [stdout]    |
[INFO] [stdout] 42 |         Ok(LogWatcher {
[INFO] [stdout]    |            ^^^^^^^^^^ missing `unique_id`
[INFO] [stdout] 
[INFO] [stdout] 
[INFO] [stdout] error[E0599]: no method named `file_index` found for struct `Metadata` in the current scope
[INFO] [stdout]   --> /opt/rustwide/cargo-home/git/checkouts/logwatcher_win-1d4fa2e115e23856/cb3a6c0/src/lib.rs:67:54
[INFO] [stdout]    |
[INFO] [stdout] 67 |                     let current_unique_id = metadata.file_index().unwrap(); 
[INFO] [stdout]    |                                                      ^^^^^^^^^^ method not found in `Metadata`
[INFO] [stdout] 
[INFO] [stdout] 
[INFO] [stdout] error: aborting due to 4 previous errors
[INFO] [stdout] 
[INFO] [stdout] 
[INFO] [stdout] Some errors have detailed explanations: E0063, E0433, E0554, E0599.
[INFO] [stdout] 
[INFO] [stdout] For more information about an error, try `rustc --explain E0063`.
[INFO] [stdout] 
[INFO] [stderr] error: build failed
[INFO] running `Command { std: "docker" "inspect" "358fdb26da65e9f85648df2ba1a908cf479003da0a1e19e628cf07b606d7aac6", kill_on_drop: false }`
[INFO] running `Command { std: "docker" "rm" "-f" "358fdb26da65e9f85648df2ba1a908cf479003da0a1e19e628cf07b606d7aac6", kill_on_drop: false }`
[INFO] [stdout] 358fdb26da65e9f85648df2ba1a908cf479003da0a1e19e628cf07b606d7aac6
