[INFO] cloning repository https://github.com/kloumpt/sri_rs
[INFO] running `Command { std: "git" "-c" "credential.helper=" "-c" "credential.helper=/workspace/cargo-home/bin/git-credential-null" "clone" "--bare" "https://github.com/kloumpt/sri_rs" "/workspace/cache/git-repos/https%3A%2F%2Fgithub.com%2Fkloumpt%2Fsri_rs", kill_on_drop: false }`
[INFO] [stderr] Cloning into bare repository '/workspace/cache/git-repos/https%3A%2F%2Fgithub.com%2Fkloumpt%2Fsri_rs'...
[INFO] running `Command { std: "git" "rev-parse" "HEAD", kill_on_drop: false }`
[INFO] [stdout] dc77005a6d2f96736ec117f18b86fa220f18e9da
[INFO] documenting kloumpt/sri_rs against 1.54.0 for beta-1.55-rustdoc-1
[INFO] running `Command { std: "git" "clone" "/workspace/cache/git-repos/https%3A%2F%2Fgithub.com%2Fkloumpt%2Fsri_rs" "/workspace/builds/worker-3/source", kill_on_drop: false }`
[INFO] [stderr] Cloning into '/workspace/builds/worker-3/source'...
[INFO] [stderr] done.
[INFO] validating manifest of git repo https://github.com/kloumpt/sri_rs on toolchain 1.54.0
[INFO] running `Command { std: "/workspace/cargo-home/bin/cargo" "+1.54.0" "metadata" "--manifest-path" "Cargo.toml" "--no-deps", kill_on_drop: false }`
[INFO] started tweaking git repo https://github.com/kloumpt/sri_rs
[INFO] finished tweaking git repo https://github.com/kloumpt/sri_rs
[INFO] tweaked toml for git repo https://github.com/kloumpt/sri_rs written to /workspace/builds/worker-3/source/Cargo.toml
[INFO] crate git repo https://github.com/kloumpt/sri_rs already has a lockfile, it will not be regenerated
[INFO] running `Command { std: "/workspace/cargo-home/bin/cargo" "+1.54.0" "fetch" "--manifest-path" "Cargo.toml", kill_on_drop: false }`
[INFO] [stderr]     Blocking waiting for file lock on package cache
[INFO] [stderr]     Blocking waiting for file lock on package cache
[INFO] running `Command { std: "docker" "create" "-v" "/var/lib/crater-agent-workspace/builds/worker-3/target:/opt/rustwide/target:rw,Z" "-v" "/var/lib/crater-agent-workspace/builds/worker-3/source:/opt/rustwide/workdir:ro,Z" "-v" "/var/lib/crater-agent-workspace/cargo-home:/opt/rustwide/cargo-home:ro,Z" "-v" "/var/lib/crater-agent-workspace/rustup-home:/opt/rustwide/rustup-home:ro,Z" "-e" "SOURCE_DIR=/opt/rustwide/workdir" "-e" "CARGO_TARGET_DIR=/opt/rustwide/target" "-e" "CARGO_HOME=/opt/rustwide/cargo-home" "-e" "RUSTUP_HOME=/opt/rustwide/rustup-home" "-w" "/opt/rustwide/workdir" "-m" "1610612736" "--user" "0:0" "--network" "none" "ghcr.io/rust-lang/crates-build-env/linux@sha256:34b6a614d2c27851fe6cbf88fbd1137609cefab8b10d0615aaeb6fd47975d74e" "/opt/rustwide/cargo-home/bin/cargo" "+1.54.0" "metadata" "--no-deps" "--format-version=1", kill_on_drop: false }`
[INFO] [stdout] 3e35e887d2e7f21cf861cd4f3a4d1f4467aa0c5b14affa115e85a51986c492b8
[INFO] running `Command { std: "docker" "start" "-a" "3e35e887d2e7f21cf861cd4f3a4d1f4467aa0c5b14affa115e85a51986c492b8", kill_on_drop: false }`
[INFO] running `Command { std: "docker" "inspect" "3e35e887d2e7f21cf861cd4f3a4d1f4467aa0c5b14affa115e85a51986c492b8", kill_on_drop: false }`
[INFO] running `Command { std: "docker" "rm" "-f" "3e35e887d2e7f21cf861cd4f3a4d1f4467aa0c5b14affa115e85a51986c492b8", kill_on_drop: false }`
[INFO] [stdout] 3e35e887d2e7f21cf861cd4f3a4d1f4467aa0c5b14affa115e85a51986c492b8
[INFO] running `Command { std: "docker" "create" "-v" "/var/lib/crater-agent-workspace/builds/worker-3/target:/opt/rustwide/target:rw,Z" "-v" "/var/lib/crater-agent-workspace/builds/worker-3/source:/opt/rustwide/workdir:ro,Z" "-v" "/var/lib/crater-agent-workspace/cargo-home:/opt/rustwide/cargo-home:ro,Z" "-v" "/var/lib/crater-agent-workspace/rustup-home:/opt/rustwide/rustup-home:ro,Z" "-e" "SOURCE_DIR=/opt/rustwide/workdir" "-e" "CARGO_TARGET_DIR=/opt/rustwide/target" "-e" "CARGO_INCREMENTAL=0" "-e" "RUST_BACKTRACE=full" "-e" "RUSTDOCFLAGS=--cap-lints=warn" "-e" "CARGO_HOME=/opt/rustwide/cargo-home" "-e" "RUSTUP_HOME=/opt/rustwide/rustup-home" "-w" "/opt/rustwide/workdir" "-m" "1610612736" "--user" "0:0" "--network" "none" "ghcr.io/rust-lang/crates-build-env/linux@sha256:34b6a614d2c27851fe6cbf88fbd1137609cefab8b10d0615aaeb6fd47975d74e" "/opt/rustwide/cargo-home/bin/cargo" "+1.54.0" "doc" "--frozen" "--no-deps" "--document-private-items" "--message-format=json", kill_on_drop: false }`
[INFO] [stdout] a214d09c73480670a3ae718049649cea3ba07b4d30f1185670c43caf190fcd74
[INFO] running `Command { std: "docker" "start" "-a" "a214d09c73480670a3ae718049649cea3ba07b4d30f1185670c43caf190fcd74", kill_on_drop: false }`
[INFO] [stderr]     Checking libc v0.2.7
[INFO] [stderr]    Compiling gcc v0.3.25
[INFO] [stderr]     Checking rustc-serialize v0.3.18
[INFO] [stderr]     Checking winapi v0.2.5
[INFO] [stderr]     Checking bitflags v0.3.3
[INFO] [stderr]     Checking inflate v0.1.0
[INFO] [stderr]     Checking libc v0.1.12
[INFO] [stderr]     Checking regex-syntax v0.2.5
[INFO] [stderr]     Checking lzw v0.9.0
[INFO] [stderr]     Checking hound v1.1.0
[INFO] [stderr]    Compiling kernel32-sys v0.2.1
[INFO] [stderr]     Checking encoding v0.2.32
[INFO] [stdout] error[E0642]: patterns aren't allowed in functions without bodies
[INFO] [stdout]    --> /opt/rustwide/cargo-home/registry/src/github.com-1ecc6299db9ec823/rustc-serialize-0.3.18/src/serialize.rs:145:45
[INFO] [stdout]     |
[INFO] [stdout] 145 | ...                   &f_name: &str,
[INFO] [stdout]     |                       ^^^^^^^ pattern not allowed in function without body
[INFO] [stdout] 
[INFO] [stdout] 
[INFO] [stderr]     Checking xml-rs v0.3.0
[INFO] [stderr]     Checking rand v0.3.14
[INFO] [stderr]     Checking memchr v0.1.10
[INFO] [stderr]     Checking num_cpus v0.2.11
[INFO] [stderr]     Checking log v0.3.5
[INFO] [stderr]     Checking gif v0.7.0
[INFO] [stderr]     Checking aho-corasick v0.5.1
[INFO] [stderr]     Checking time v0.1.34
[INFO] [stderr]    Compiling miniz-sys v0.1.7
[INFO] [stderr]    Compiling simplemad_sys v0.5.0
[INFO] [stderr]    Compiling stemmer v0.3.2
[INFO] [stderr]     Checking regex v0.1.55
[INFO] [stderr]     Checking deque v0.3.1
[INFO] [stderr]     Checking rayon v0.3.1
[INFO] [stdout] error: aborting due to previous error
[INFO] [stdout] 
[INFO] [stdout] 
[INFO] [stdout] For more information about this error, try `rustc --explain E0642`.
[INFO] [stdout] 
[INFO] [stderr] error: could not compile `rustc-serialize`
[INFO] [stderr] 
[INFO] [stderr] To learn more, run the command again with --verbose.
[INFO] [stderr] warning: build failed, waiting for other jobs to finish...
[INFO] [stdout] error[E0277]: the size for values of type `Self` cannot be known at compilation time
[INFO] [stdout]   --> /opt/rustwide/cargo-home/registry/src/github.com-1ecc6299db9ec823/rayon-0.3.1/src/par_iter/internal.rs:25:40
[INFO] [stdout]    |
[INFO] [stdout] 25 |     fn split_at(self, index: usize) -> (Self, Self);
[INFO] [stdout]    |                                        ^^^^^^^^^^^^ doesn't have a size known at compile-time
[INFO] [stdout]    |
[INFO] [stdout]    = note: only the last element of a tuple may have a dynamically sized type
[INFO] [stdout] help: consider further restricting `Self`
[INFO] [stdout]    |
[INFO] [stdout] 25 |     fn split_at(self, index: usize) -> (Self, Self) where Self: Sized;
[INFO] [stdout]    |                                                     ^^^^^^^^^^^^^^^^^
[INFO] [stdout] 
[INFO] [stdout] 
[INFO] [stdout] error[E0277]: the size for values of type `Self` cannot be known at compilation time
[INFO] [stdout]   --> /opt/rustwide/cargo-home/registry/src/github.com-1ecc6299db9ec823/rayon-0.3.1/src/par_iter/internal.rs:42:40
[INFO] [stdout]    |
[INFO] [stdout] 42 |     fn split_at(self, index: usize) -> (Self, Self, Self::Reducer);
[INFO] [stdout]    |                                        ^^^^^^^^^^^^^^^^^^^^^^^^^^^ doesn't have a size known at compile-time
[INFO] [stdout]    |
[INFO] [stdout]    = note: only the last element of a tuple may have a dynamically sized type
[INFO] [stdout] help: consider further restricting `Self`
[INFO] [stdout]    |
[INFO] [stdout] 42 |     fn split_at(self, index: usize) -> (Self, Self, Self::Reducer) where Self: Sized;
[INFO] [stdout]    |                                                                    ^^^^^^^^^^^^^^^^^
[INFO] [stdout] 
[INFO] [stdout] 
[INFO] [stdout] error: aborting due to 2 previous errors
[INFO] [stdout] 
[INFO] [stdout] 
[INFO] [stdout] For more information about this error, try `rustc --explain E0277`.
[INFO] [stdout] 
[INFO] [stderr] error: build failed
[INFO] running `Command { std: "docker" "inspect" "a214d09c73480670a3ae718049649cea3ba07b4d30f1185670c43caf190fcd74", kill_on_drop: false }`
[INFO] running `Command { std: "docker" "rm" "-f" "a214d09c73480670a3ae718049649cea3ba07b4d30f1185670c43caf190fcd74", kill_on_drop: false }`
[INFO] [stdout] a214d09c73480670a3ae718049649cea3ba07b4d30f1185670c43caf190fcd74
