[INFO] cloning repository https://github.com/keroro520/ckb-analyzer
[INFO] running `Command { std: "git" "-c" "credential.helper=" "-c" "credential.helper=/workspace/cargo-home/bin/git-credential-null" "clone" "--bare" "https://github.com/keroro520/ckb-analyzer" "/workspace/cache/git-repos/https%3A%2F%2Fgithub.com%2Fkeroro520%2Fckb-analyzer", kill_on_drop: false }`
[INFO] [stderr] Cloning into bare repository '/workspace/cache/git-repos/https%3A%2F%2Fgithub.com%2Fkeroro520%2Fckb-analyzer'...
[INFO] running `Command { std: "git" "rev-parse" "HEAD", kill_on_drop: false }`
[INFO] [stdout] 65748977885e7c1a75de811aced3e97070939b78
[INFO] documenting keroro520/ckb-analyzer against beta-2021-08-01 for beta-1.55-rustdoc-1
[INFO] running `Command { std: "git" "clone" "/workspace/cache/git-repos/https%3A%2F%2Fgithub.com%2Fkeroro520%2Fckb-analyzer" "/workspace/builds/worker-0/source", kill_on_drop: false }`
[INFO] [stderr] Cloning into '/workspace/builds/worker-0/source'...
[INFO] [stderr] done.
[INFO] validating manifest of git repo https://github.com/keroro520/ckb-analyzer on toolchain beta-2021-08-01
[INFO] running `Command { std: "/workspace/cargo-home/bin/cargo" "+beta-2021-08-01" "metadata" "--manifest-path" "Cargo.toml" "--no-deps", kill_on_drop: false }`
[INFO] removed /workspace/builds/worker-0/source/rust-toolchain
[INFO] started tweaking git repo https://github.com/keroro520/ckb-analyzer
[INFO] finished tweaking git repo https://github.com/keroro520/ckb-analyzer
[INFO] tweaked toml for git repo https://github.com/keroro520/ckb-analyzer written to /workspace/builds/worker-0/source/Cargo.toml
[INFO] crate git repo https://github.com/keroro520/ckb-analyzer already has a lockfile, it will not be regenerated
[INFO] running `Command { std: "/workspace/cargo-home/bin/cargo" "+beta-2021-08-01" "fetch" "--manifest-path" "Cargo.toml", kill_on_drop: false }`
[INFO] [stderr]  Downloading crates ...
[INFO] [stderr]   Downloaded tynm v0.1.6
[INFO] [stderr]   Downloaded tentacle-multiaddr v0.2.0
[INFO] [stderr]   Downloaded ckb-util v0.42.0
[INFO] [stderr]   Downloaded ahash v0.4.6
[INFO] [stderr]   Downloaded nonzero_ext v0.2.0
[INFO] [stderr]   Downloaded ckb-occupied-capacity-core v0.42.0
[INFO] [stderr]   Downloaded ckb-hash v0.42.0
[INFO] [stderr]   Downloaded dashmap v3.11.10
[INFO] [stderr]   Downloaded no-std-compat v0.4.1
[INFO] [stderr]   Downloaded quanta v0.4.1
[INFO] [stderr]   Downloaded mapr v0.8.0
[INFO] [stderr]   Downloaded ckb-sync v0.42.0
[INFO] [stderr]   Downloaded ckb-vm-definitions v0.19.3
[INFO] [stderr]   Downloaded ckb-crypto v0.42.0
[INFO] [stderr]   Downloaded fail v0.4.0
[INFO] [stderr]   Downloaded ckb-chain-spec v0.42.0
[INFO] [stderr]   Downloaded bloom-filters v0.1.1
[INFO] [stderr]   Downloaded attohttpc v0.10.1
[INFO] [stderr]   Downloaded ckb-chain v0.42.0
[INFO] [stderr]   Downloaded ckb-constant v0.42.0
[INFO] [stderr]   Downloaded tokio-yamux v0.2.12
[INFO] [stderr]   Downloaded secp256k1-sys v0.3.0
[INFO] [stderr]   Downloaded ckb-build-info v0.42.0
[INFO] [stderr]   Downloaded ckb-dao-utils v0.42.0
[INFO] [stderr]   Downloaded lru v0.6.1
[INFO] [stderr]   Downloaded ckb-proposal-table v0.42.0
[INFO] [stderr]   Downloaded case_style v0.2.1
[INFO] [stderr]   Downloaded ckb-dao v0.42.0
[INFO] [stderr]   Downloaded ckb-resource v0.42.0
[INFO] [stderr]   Downloaded is_sorted v0.1.1
[INFO] [stderr]   Downloaded ckb-verification-contextual v0.42.0
[INFO] [stderr]   Downloaded secp256k1 v0.19.0
[INFO] [stderr]   Downloaded ckb-network v0.42.0
[INFO] [stderr]   Downloaded tentacle-secio v0.4.5
[INFO] [stderr]   Downloaded ckb-logger-config v0.42.0
[INFO] [stderr]   Downloaded ckb-db v0.42.0
[INFO] [stderr]   Downloaded ckb-rust-unstable-port v0.42.0
[INFO] [stderr]   Downloaded ckb-rational v0.42.0
[INFO] [stderr]   Downloaded ipinfo v0.2.0
[INFO] [stderr]   Downloaded ckb-snapshot v0.42.0
[INFO] [stderr]   Downloaded ckb-stop-handler v0.42.0
[INFO] [stderr]   Downloaded ckb-jsonrpc-types v0.42.0
[INFO] [stderr]   Downloaded ckb-fixed-hash v0.42.0
[INFO] [stderr]   Downloaded crossbeam-queue v0.3.0
[INFO] [stderr]   Downloaded logwatcher v0.1.1
[INFO] [stderr]   Downloaded ckb-verification-traits v0.42.0
[INFO] [stderr]   Downloaded ckb-fixed-hash-core v0.42.0
[INFO] [stderr]   Downloaded ckb-notify v0.42.0
[INFO] [stderr]   Downloaded tentacle v0.3.8
[INFO] [stderr]   Downloaded ckb-shared v0.42.0
[INFO] [stderr]   Downloaded xmltree v0.10.2
[INFO] [stderr]   Downloaded ckb-reward-calculator v0.42.0
[INFO] [stderr]   Downloaded ckb-metrics-config v0.42.0
[INFO] [stderr]   Downloaded ckb-app-config v0.42.0
[INFO] [stderr]   Downloaded igd v0.11.1
[INFO] [stderr]   Downloaded ckb-db-schema v0.42.0
[INFO] [stderr]   Downloaded ckb-freezer v0.42.0
[INFO] [stderr]   Downloaded ckb-store v0.42.0
[INFO] [stderr]   Downloaded ckb-tx-pool v0.42.0
[INFO] [stderr]   Downloaded ckb-metrics v0.42.0
[INFO] [stderr]   Downloaded ckb-logger v0.42.0
[INFO] [stderr]   Downloaded ckb-pow v0.42.0
[INFO] [stderr]   Downloaded ckb-traits v0.42.0
[INFO] [stderr]   Downloaded ckb-verification v0.42.0
[INFO] [stderr]   Downloaded ckb-fixed-hash-macros v0.42.0
[INFO] [stderr]   Downloaded ckb-error v0.42.0
[INFO] [stderr]   Downloaded ckb-channel v0.42.0
[INFO] [stderr]   Downloaded ckb-occupied-capacity-macros v0.42.0
[INFO] [stderr]   Downloaded ckb-occupied-capacity v0.42.0
[INFO] [stderr]   Downloaded blake2b-ref v0.2.1
[INFO] [stderr]   Downloaded ckb-types v0.42.0
[INFO] [stderr]   Downloaded tokio-postgres v0.7.0
[INFO] [stderr]   Downloaded postgres-protocol v0.6.0
[INFO] [stderr]   Downloaded ckb-librocksdb-sys v6.11.6
[INFO] [stderr]   Downloaded ckb-vm v0.19.3
[INFO] [stderr]   Downloaded postgres-types v0.2.0
[INFO] [stderr]   Downloaded governor v0.3.1
[INFO] [stderr]   Downloaded ckb-async-runtime v0.42.0
[INFO] [stderr]   Downloaded ckb-spawn v0.42.0
[INFO] [stderr]   Downloaded ckb-script v0.42.0
[INFO] [stderr]   Downloaded ckb-rocksdb v0.15.1
[INFO] running `Command { std: "docker" "create" "-v" "/var/lib/crater-agent-workspace/builds/worker-0/target:/opt/rustwide/target:rw,Z" "-v" "/var/lib/crater-agent-workspace/builds/worker-0/source:/opt/rustwide/workdir:ro,Z" "-v" "/var/lib/crater-agent-workspace/cargo-home:/opt/rustwide/cargo-home:ro,Z" "-v" "/var/lib/crater-agent-workspace/rustup-home:/opt/rustwide/rustup-home:ro,Z" "-e" "SOURCE_DIR=/opt/rustwide/workdir" "-e" "CARGO_TARGET_DIR=/opt/rustwide/target" "-e" "CARGO_HOME=/opt/rustwide/cargo-home" "-e" "RUSTUP_HOME=/opt/rustwide/rustup-home" "-w" "/opt/rustwide/workdir" "-m" "1610612736" "--user" "0:0" "--network" "none" "ghcr.io/rust-lang/crates-build-env/linux@sha256:34b6a614d2c27851fe6cbf88fbd1137609cefab8b10d0615aaeb6fd47975d74e" "/opt/rustwide/cargo-home/bin/cargo" "+beta-2021-08-01" "metadata" "--no-deps" "--format-version=1", kill_on_drop: false }`
[INFO] [stdout] 18c27b342fafed2356cd33dca96e082a33e253791f9fb5ddb23307ed7b15f01e
[INFO] [stderr] WARNING: Your kernel does not support swap limit capabilities or the cgroup is not mounted. Memory limited without swap.
[INFO] running `Command { std: "docker" "start" "-a" "18c27b342fafed2356cd33dca96e082a33e253791f9fb5ddb23307ed7b15f01e", kill_on_drop: false }`
[INFO] running `Command { std: "docker" "inspect" "18c27b342fafed2356cd33dca96e082a33e253791f9fb5ddb23307ed7b15f01e", kill_on_drop: false }`
[INFO] running `Command { std: "docker" "rm" "-f" "18c27b342fafed2356cd33dca96e082a33e253791f9fb5ddb23307ed7b15f01e", kill_on_drop: false }`
[INFO] [stdout] 18c27b342fafed2356cd33dca96e082a33e253791f9fb5ddb23307ed7b15f01e
[INFO] running `Command { std: "docker" "create" "-v" "/var/lib/crater-agent-workspace/builds/worker-0/target:/opt/rustwide/target:rw,Z" "-v" "/var/lib/crater-agent-workspace/builds/worker-0/source:/opt/rustwide/workdir:ro,Z" "-v" "/var/lib/crater-agent-workspace/cargo-home:/opt/rustwide/cargo-home:ro,Z" "-v" "/var/lib/crater-agent-workspace/rustup-home:/opt/rustwide/rustup-home:ro,Z" "-e" "SOURCE_DIR=/opt/rustwide/workdir" "-e" "CARGO_TARGET_DIR=/opt/rustwide/target" "-e" "CARGO_INCREMENTAL=0" "-e" "RUST_BACKTRACE=full" "-e" "RUSTDOCFLAGS=--cap-lints=warn" "-e" "CARGO_HOME=/opt/rustwide/cargo-home" "-e" "RUSTUP_HOME=/opt/rustwide/rustup-home" "-w" "/opt/rustwide/workdir" "-m" "1610612736" "--user" "0:0" "--network" "none" "ghcr.io/rust-lang/crates-build-env/linux@sha256:34b6a614d2c27851fe6cbf88fbd1137609cefab8b10d0615aaeb6fd47975d74e" "/opt/rustwide/cargo-home/bin/cargo" "+beta-2021-08-01" "doc" "--frozen" "--no-deps" "--document-private-items" "--message-format=json", kill_on_drop: false }`
[INFO] [stdout] 1280e36e26425f01e871fd12c3dc53a90b48bd277f7bc04ce37bff1e74e1ca76
[INFO] [stderr] WARNING: Your kernel does not support swap limit capabilities or the cgroup is not mounted. Memory limited without swap.
[INFO] running `Command { std: "docker" "start" "-a" "1280e36e26425f01e871fd12c3dc53a90b48bd277f7bc04ce37bff1e74e1ca76", kill_on_drop: false }`
[INFO] [stderr]    Compiling syn v1.0.48
[INFO] [stderr]    Compiling serde_derive v1.0.117
[INFO] [stderr]    Compiling serde v1.0.117
[INFO] [stderr]    Compiling const_fn v0.4.3
[INFO] [stderr]    Compiling log v0.4.11
[INFO] [stderr]     Checking futures v0.1.30
[INFO] [stderr]    Compiling getrandom v0.1.15
[INFO] [stderr]    Compiling serde_json v1.0.59
[INFO] [stderr]    Compiling faster-hex v0.4.1
[INFO] [stderr]    Compiling anyhow v1.0.34
[INFO] [stderr]    Compiling adler v0.2.3
[INFO] [stderr]    Compiling same-file v1.0.6
[INFO] [stderr]     Checking bit-vec v0.5.1
[INFO] [stderr]    Compiling faster-hex v0.3.1
[INFO] [stderr]     Checking ahash v0.4.6
[INFO] [stderr]    Compiling once_cell v1.5.2
[INFO] [stderr]     Checking eaglesong v0.1.0
[INFO] [stderr]    Compiling getrandom v0.2.1
[INFO] [stderr]    Compiling tentacle-secio v0.4.5
[INFO] [stderr]     Checking bs58 v0.3.1
[INFO] [stderr]     Checking unsigned-varint v0.3.3
[INFO] [stderr]    Compiling metrics v0.12.1
[INFO] [stderr]     Checking ckb-build-info v0.42.0
[INFO] [stderr]     Checking stable_deref_trait v1.2.0
[INFO] [stderr]    Compiling snap v1.0.3
[INFO] [stderr]     Checking metrics-core v0.5.2
[INFO] [stderr]    Compiling crunchy v0.2.2
[INFO] [stderr]    Compiling tiny-keccak v2.0.2
[INFO] [stderr]    Compiling native-tls v0.2.6
[INFO] [stderr]     Checking plain v0.2.3
[INFO] [stderr]     Checking ckb-db-schema v0.42.0
[INFO] [stderr]     Checking ckb-vm-definitions v0.19.3
[INFO] [stderr]    Compiling ckb-script v0.42.0
[INFO] [stderr]     Checking ckb-spawn v0.42.0
[INFO] [stderr]     Checking subtle v2.3.0
[INFO] [stderr]     Checking try-lock v0.1.0
[INFO] [stderr]     Checking is_sorted v0.1.1
[INFO] [stderr]     Checking pin-project-lite v0.2.4
[INFO] [stderr]     Checking fallible-iterator v0.2.0
[INFO] [stderr]     Checking ckb-constant v0.42.0
[INFO] [stderr]     Checking dtoa v0.4.7
[INFO] [stderr]     Checking nonzero_ext v0.2.0
[INFO] [stderr]     Checking case_style v0.2.1
[INFO] [stderr]     Checking logwatcher v0.1.1
[INFO] [stderr]    Compiling memoffset v0.5.6
[INFO] [stderr]    Compiling crossbeam-utils v0.8.0
[INFO] [stderr]    Compiling crossbeam-utils v0.7.2
[INFO] [stderr]     Checking merkle-cbt v0.3.0
[INFO] [stderr]    Compiling crossbeam-epoch v0.8.2
[INFO] [stderr]    Compiling hashbrown v0.8.2
[INFO] [stderr]    Compiling tokio v1.2.0
[INFO] [stderr]     Checking try_from v0.3.2
[INFO] [stderr]    Compiling error-chain v0.12.4
[INFO] [stderr]    Compiling nom v5.1.2
[INFO] [stderr]    Compiling crossbeam-utils v0.6.6
[INFO] [stderr]     Checking futures-task v0.3.8
[INFO] [stderr]     Checking futures-channel v0.3.8
[INFO] [stderr]    Compiling walkdir v2.3.1
[INFO] [stderr]     Checking owning_ref v0.4.1
[INFO] [stderr]     Checking hashbrown v0.9.1
[INFO] [stderr]     Checking xmltree v0.10.2
[INFO] [stderr]    Compiling libc v0.2.80
[INFO] [stderr]     Checking ckb-rust-unstable-port v0.42.0
[INFO] [stderr]    Compiling heapsize v0.4.2
[INFO] [stderr]    Compiling crc32fast v1.2.1
[INFO] [stderr]     Checking iovec v0.1.4
[INFO] [stderr]     Checking num_cpus v1.13.0
[INFO] [stderr]     Checking net2 v0.2.35
[INFO] [stderr]     Checking rand_os v0.1.3
[INFO] [stderr]     Checking parking_lot_core v0.7.2
[INFO] [stderr]     Checking time v0.1.44
[INFO] [stderr]     Checking atty v0.2.14
[INFO] [stderr]     Checking fs2 v0.4.3
[INFO] [stderr]     Checking mapr v0.8.0
[INFO] [stderr]     Checking socket2 v0.3.16
[INFO] [stderr]     Checking parking_lot_core v0.8.2
[INFO] [stderr]     Checking rand v0.4.6
[INFO] [stderr]     Checking quanta v0.4.1
[INFO] [stderr]     Checking gethostname v0.2.1
[INFO] [stderr]    Compiling miniz_oxide v0.4.3
[INFO] [stderr]     Checking ckb-channel v0.42.0
[INFO] [stderr]     Checking base64 v0.9.3
[INFO] [stderr]     Checking base64 v0.10.1
[INFO] [stderr]     Checking bstr v0.2.14
[INFO] [stderr]     Checking idna v0.1.5
[INFO] [stderr]     Checking stringprep v0.1.2
[INFO] [stderr]     Checking tokio-sync v0.1.8
[INFO] [stderr]     Checking tokio-service v0.1.0
[INFO] [stderr]     Checking relay v0.1.1
[INFO] [stderr]    Compiling crossbeam-channel v0.3.9
[INFO] [stderr]     Checking lock_api v0.1.5
[INFO] [stderr]     Checking ckb-metrics v0.42.0
[INFO] [stderr]     Checking bytes v0.4.12
[INFO] [stderr]     Checking futures-cpupool v0.1.8
[INFO] [stderr]     Checking clap v2.33.3
[INFO] [stderr]     Checking rand_core v0.5.1
[INFO] [stderr]     Checking flate2 v1.0.19
[INFO] [stderr]     Checking backtrace v0.3.55
[INFO] [stderr]     Checking parking_lot v0.10.2
[INFO] [stderr]     Checking lru v0.6.1
[INFO] [stderr]     Checking indexmap v1.6.0
[INFO] [stderr]     Checking rand v0.6.5
[INFO] [stderr]     Checking rand_core v0.6.1
[INFO] [stderr]     Checking crypto-mac v0.10.0
[INFO] [stderr]     Checking parking_lot v0.11.1
[INFO] [stderr]     Checking url v1.7.2
[INFO] [stderr]     Checking chrono v0.4.19
[INFO] [stderr]     Checking parking_lot_core v0.6.2
[INFO] [stderr]     Checking rand v0.3.23
[INFO] [stderr]     Checking sha2 v0.9.2
[INFO] [stderr]     Checking http v0.1.21
[INFO] [stderr]     Checking string v0.2.1
[INFO] [stderr]     Checking tokio-buf v0.1.1
[INFO] [stderr]     Checking sha-1 v0.8.2
[INFO] [stderr]     Checking rand_chacha v0.2.2
[INFO] [stderr]     Checking rand_pcg v0.2.1
[INFO] [stderr]     Checking hmac v0.10.1
[INFO] [stderr]     Checking rand_chacha v0.3.0
[INFO] [stderr]     Checking ckb-util v0.42.0
[INFO] [stderr]     Checking includedir v0.5.0
[INFO] [stderr]    Compiling const-random-macro v0.1.13
[INFO] [stderr]     Checking tokio-executor v0.1.10
[INFO] [stderr]     Checking crossbeam-queue v0.2.3
[INFO] [stderr]     Checking parking_lot v0.9.0
[INFO] [stderr]     Checking parking_lot_core v0.4.0
[INFO] [stderr]     Checking bloom-filters v0.1.1
[INFO] [stderr]     Checking uuid v0.7.4
[INFO] [stderr]     Checking cookie v0.12.0
[INFO] [stderr]     Checking rand v0.7.3
[INFO] [stderr]     Checking publicsuffix v1.5.4
[INFO] [stderr]     Checking tokio-current-thread v0.1.7
[INFO] [stderr]     Checking tokio-timer v0.2.13
[INFO] [stderr]     Checking rand v0.8.3
[INFO] [stderr]     Checking crossbeam-epoch v0.9.0
[INFO] [stderr]     Checking crossbeam-channel v0.5.0
[INFO] [stderr]     Checking crossbeam-queue v0.3.0
[INFO] [stderr]     Checking crossbeam-deque v0.7.3
[INFO] [stderr]     Checking parking_lot v0.7.1
[INFO] [stderr]     Checking const-random v0.1.13
[INFO] [stderr]     Checking crossbeam-deque v0.8.0
[INFO] [stderr]    Compiling phf_generator v0.7.24
[INFO] [stderr]     Checking ahash v0.3.8
[INFO] [stderr]     Checking tynm v0.1.6
[INFO] [stderr]    Compiling phf_codegen v0.7.24
[INFO] [stderr]     Checking rayon-core v1.9.0
[INFO] [stderr]     Checking crossbeam v0.8.0
[INFO] [stderr]     Checking tempfile v3.1.0
[INFO] [stderr]    Compiling includedir_codegen v0.5.0
[INFO] [stderr]     Checking postgres-protocol v0.6.0
[INFO] [stderr]     Checking dashmap v3.11.10
[INFO] [stderr]     Checking faketime v0.2.0
[INFO] [stderr]     Checking http-body v0.1.0
[INFO] [stderr]     Checking no-std-compat v0.4.1
[INFO] [stderr]     Checking rayon v1.5.0
[INFO] [stderr]     Checking postgres-types v0.2.0
[INFO] [stderr]    Compiling synstructure v0.12.4
[INFO] [stderr]    Compiling cc v1.0.41
[INFO] [stderr]    Compiling blake2b-rs v0.1.5
[INFO] [stderr]    Compiling openssl-sys v0.9.58
[INFO] [stderr]    Compiling secp256k1-sys v0.3.0
[INFO] [stderr]    Compiling ring v0.16.12
[INFO] [stderr]    Compiling ckb-librocksdb-sys v6.11.6
[INFO] [stderr]    Compiling ckb-vm v0.19.3
[INFO] [stderr]    Compiling thiserror-impl v1.0.22
[INFO] [stderr]    Compiling numext-constructor v0.1.6
[INFO] [stderr]    Compiling derive_more v0.99.11
[INFO] [stderr]    Compiling pin-project-internal v1.0.2
[INFO] [stderr]    Compiling futures-macro v0.3.8
[INFO] [stderr]    Compiling tokio-macros v0.2.6
[INFO] [stderr]    Compiling scroll_derive v0.10.4
[INFO] [stderr]    Compiling failure_derive v0.1.8
[INFO] [stderr]    Compiling tokio-macros v1.1.0
[INFO] [stderr]    Compiling async-trait v0.1.41
[INFO] [stderr] error: could not compile `pin-project-internal`
[INFO] [stderr] 
[INFO] [stderr] Caused by:
[INFO] [stderr]   process didn't exit successfully: `rustc --crate-name pin_project_internal --edition=2018 /opt/rustwide/cargo-home/registry/src/github.com-1ecc6299db9ec823/pin-project-internal-1.0.2/src/lib.rs --error-format=json --json=diagnostic-rendered-ansi --crate-type proc-macro --emit=dep-info,link -C prefer-dynamic -C embed-bitcode=no -C debuginfo=2 -C metadata=4fa835441f54cecd -C extra-filename=-4fa835441f54cecd --out-dir /opt/rustwide/target/debug/deps -L dependency=/opt/rustwide/target/debug/deps --extern proc_macro2=/opt/rustwide/target/debug/deps/libproc_macro2-169dfcc015ef5b16.rlib --extern quote=/opt/rustwide/target/debug/deps/libquote-9c28df1060376c27.rlib --extern syn=/opt/rustwide/target/debug/deps/libsyn-afed2f57e89bfb39.rlib --extern proc_macro --cap-lints allow` (signal: 9, SIGKILL: kill)
[INFO] [stderr] warning: build failed, waiting for other jobs to finish...
[INFO] [stderr] The following warnings were emitted during compilation:
[INFO] [stderr] 
[INFO] [stderr] warning: c++: fatal error: Killed signal terminated program cc1plus
[INFO] [stderr] warning: compilation terminated.
[INFO] [stderr] warning: c++: fatal error: Killed signal terminated program cc1plus
[INFO] [stderr] warning: compilation terminated.
[INFO] [stderr] warning: c++: fatal error: Killed signal terminated program cc1plus
[INFO] [stderr] warning: compilation terminated.
[INFO] [stderr] warning: c++: fatal error: Killed signal terminated program cc1plus
[INFO] [stderr] warning: compilation terminated.
[INFO] [stderr] warning: c++: fatal error: Killed signal terminated program cc1plus
[INFO] [stderr] warning: compilation terminated.
[INFO] [stderr] warning: c++: fatal error: Killed signal terminated program cc1plus
[INFO] [stderr] warning: compilation terminated.
[INFO] [stderr] 
[INFO] [stderr] error: build failed
[INFO] running `Command { std: "docker" "inspect" "1280e36e26425f01e871fd12c3dc53a90b48bd277f7bc04ce37bff1e74e1ca76", kill_on_drop: false }`
[INFO] running `Command { std: "docker" "rm" "-f" "1280e36e26425f01e871fd12c3dc53a90b48bd277f7bc04ce37bff1e74e1ca76", kill_on_drop: false }`
[INFO] [stdout] 1280e36e26425f01e871fd12c3dc53a90b48bd277f7bc04ce37bff1e74e1ca76
