[INFO] cloning repository https://github.com/kdar/wininject-rs
[INFO] running `Command { std: "git" "-c" "credential.helper=" "-c" "credential.helper=/workspace/cargo-home/bin/git-credential-null" "clone" "--bare" "https://github.com/kdar/wininject-rs" "/workspace/cache/git-repos/https%3A%2F%2Fgithub.com%2Fkdar%2Fwininject-rs", kill_on_drop: false }`
[INFO] [stderr] Cloning into bare repository '/workspace/cache/git-repos/https%3A%2F%2Fgithub.com%2Fkdar%2Fwininject-rs'...
[INFO] running `Command { std: "git" "rev-parse" "HEAD", kill_on_drop: false }`
[INFO] [stdout] 7bb5926b220147b202cb110f1ee188ec48bacaf1
[INFO] documenting kdar/wininject-rs against beta-2021-08-01 for beta-1.55-rustdoc-1
[INFO] running `Command { std: "git" "clone" "/workspace/cache/git-repos/https%3A%2F%2Fgithub.com%2Fkdar%2Fwininject-rs" "/workspace/builds/worker-5/source", kill_on_drop: false }`
[INFO] [stderr] Cloning into '/workspace/builds/worker-5/source'...
[INFO] [stderr] done.
[INFO] validating manifest of git repo https://github.com/kdar/wininject-rs on toolchain beta-2021-08-01
[INFO] running `Command { std: "/workspace/cargo-home/bin/cargo" "+beta-2021-08-01" "metadata" "--manifest-path" "Cargo.toml" "--no-deps", kill_on_drop: false }`
[INFO] started tweaking git repo https://github.com/kdar/wininject-rs
[INFO] finished tweaking git repo https://github.com/kdar/wininject-rs
[INFO] tweaked toml for git repo https://github.com/kdar/wininject-rs written to /workspace/builds/worker-5/source/Cargo.toml
[INFO] crate git repo https://github.com/kdar/wininject-rs already has a lockfile, it will not be regenerated
[INFO] running `Command { std: "/workspace/cargo-home/bin/cargo" "+beta-2021-08-01" "fetch" "--manifest-path" "Cargo.toml", kill_on_drop: false }`
[INFO] [stderr]  Downloading crates ...
[INFO] [stderr]   Downloaded scopeguard v0.2.0
[INFO] running `Command { std: "docker" "create" "-v" "/var/lib/crater-agent-workspace/builds/worker-5/target:/opt/rustwide/target:rw,Z" "-v" "/var/lib/crater-agent-workspace/builds/worker-5/source:/opt/rustwide/workdir:ro,Z" "-v" "/var/lib/crater-agent-workspace/cargo-home:/opt/rustwide/cargo-home:ro,Z" "-v" "/var/lib/crater-agent-workspace/rustup-home:/opt/rustwide/rustup-home:ro,Z" "-e" "SOURCE_DIR=/opt/rustwide/workdir" "-e" "CARGO_TARGET_DIR=/opt/rustwide/target" "-e" "CARGO_HOME=/opt/rustwide/cargo-home" "-e" "RUSTUP_HOME=/opt/rustwide/rustup-home" "-w" "/opt/rustwide/workdir" "-m" "1610612736" "--user" "0:0" "--network" "none" "ghcr.io/rust-lang/crates-build-env/linux@sha256:34b6a614d2c27851fe6cbf88fbd1137609cefab8b10d0615aaeb6fd47975d74e" "/opt/rustwide/cargo-home/bin/cargo" "+beta-2021-08-01" "metadata" "--no-deps" "--format-version=1", kill_on_drop: false }`
[INFO] [stderr] WARNING: Your kernel does not support swap limit capabilities or the cgroup is not mounted. Memory limited without swap.
[INFO] [stdout] d61367c3b13f68a3b61ca1bd17b5df7f25d8a12281e8c237ef912f4720f58794
[INFO] running `Command { std: "docker" "start" "-a" "d61367c3b13f68a3b61ca1bd17b5df7f25d8a12281e8c237ef912f4720f58794", kill_on_drop: false }`
[INFO] running `Command { std: "docker" "inspect" "d61367c3b13f68a3b61ca1bd17b5df7f25d8a12281e8c237ef912f4720f58794", kill_on_drop: false }`
[INFO] running `Command { std: "docker" "rm" "-f" "d61367c3b13f68a3b61ca1bd17b5df7f25d8a12281e8c237ef912f4720f58794", kill_on_drop: false }`
[INFO] [stdout] d61367c3b13f68a3b61ca1bd17b5df7f25d8a12281e8c237ef912f4720f58794
[INFO] running `Command { std: "docker" "create" "-v" "/var/lib/crater-agent-workspace/builds/worker-5/target:/opt/rustwide/target:rw,Z" "-v" "/var/lib/crater-agent-workspace/builds/worker-5/source:/opt/rustwide/workdir:ro,Z" "-v" "/var/lib/crater-agent-workspace/cargo-home:/opt/rustwide/cargo-home:ro,Z" "-v" "/var/lib/crater-agent-workspace/rustup-home:/opt/rustwide/rustup-home:ro,Z" "-e" "SOURCE_DIR=/opt/rustwide/workdir" "-e" "CARGO_TARGET_DIR=/opt/rustwide/target" "-e" "CARGO_INCREMENTAL=0" "-e" "RUST_BACKTRACE=full" "-e" "RUSTDOCFLAGS=--cap-lints=warn" "-e" "CARGO_HOME=/opt/rustwide/cargo-home" "-e" "RUSTUP_HOME=/opt/rustwide/rustup-home" "-w" "/opt/rustwide/workdir" "-m" "1610612736" "--user" "0:0" "--network" "none" "ghcr.io/rust-lang/crates-build-env/linux@sha256:34b6a614d2c27851fe6cbf88fbd1137609cefab8b10d0615aaeb6fd47975d74e" "/opt/rustwide/cargo-home/bin/cargo" "+beta-2021-08-01" "doc" "--frozen" "--no-deps" "--document-private-items" "--message-format=json", kill_on_drop: false }`
[INFO] [stderr] WARNING: Your kernel does not support swap limit capabilities or the cgroup is not mounted. Memory limited without swap.
[INFO] [stdout] f99bdf48419fe670ac6197b451599aad6d3e76f00b3067c0fe04fa3b4fc6490e
[INFO] running `Command { std: "docker" "start" "-a" "f99bdf48419fe670ac6197b451599aad6d3e76f00b3067c0fe04fa3b4fc6490e", kill_on_drop: false }`
[INFO] [stderr]     Checking scopeguard v0.2.0
[INFO] [stderr]     Checking pe v0.1.1
[INFO] [stderr]  Documenting hook v0.1.0 (/opt/rustwide/workdir)
[INFO] [stdout] error[E0433]: failed to resolve: could not find `windows` in `os`
[INFO] [stdout]   --> src/lib.rs:10:14
[INFO] [stdout]    |
[INFO] [stdout] 10 | use std::os::windows::ffi::OsStrExt;
[INFO] [stdout]    |              ^^^^^^^ could not find `windows` in `os`
[INFO] [stdout] 
[INFO] [stdout] 
[INFO] [stdout] error[E0432]: unresolved imports `winapi::BOOL`, `winapi::TRUE`, `winapi::FALSE`
[INFO] [stdout]   --> src/lib.rs:11:14
[INFO] [stdout]    |
[INFO] [stdout] 11 | use winapi::{BOOL, TRUE, FALSE};
[INFO] [stdout]    |              ^^^^  ^^^^  ^^^^^ no `FALSE` in the root
[INFO] [stdout]    |              |     |
[INFO] [stdout]    |              |     no `TRUE` in the root
[INFO] [stdout]    |              no `BOOL` in the root
[INFO] [stdout] 
[INFO] [stdout] 
[INFO] [stdout] error[E0554]: `#![feature]` may not be used on the beta release channel
[INFO] [stdout]  --> src/lib.rs:1:1
[INFO] [stdout]   |
[INFO] [stdout] 1 | #![feature(asm)]
[INFO] [stdout]   | ^^^^^^^^^^^^^^^^
[INFO] [stdout] 
[INFO] [stdout] 
[INFO] [stdout] error: Compilation failed, aborting rustdoc
[INFO] [stdout] 
[INFO] [stdout] 
[INFO] [stdout] error: aborting due to 4 previous errors
[INFO] [stdout] 
[INFO] [stdout] 
[INFO] [stdout] Some errors have detailed explanations: E0432, E0433, E0554.
[INFO] [stdout] 
[INFO] [stdout] For more information about an error, try `rustc --explain E0432`.
[INFO] [stdout] 
[INFO] [stderr] error: could not document `hook`
[INFO] [stderr] 
[INFO] [stderr] Caused by:
[INFO] [stderr]   process didn't exit successfully: `rustdoc --crate-type lib --crate-name wininject src/lib.rs -o /opt/rustwide/target/doc --error-format=json --json=diagnostic-rendered-ansi --document-private-items -L dependency=/opt/rustwide/target/debug/deps --extern kernel32=/opt/rustwide/target/debug/deps/libkernel32-231acf903f7d1bd3.rmeta --extern pe=/opt/rustwide/target/debug/deps/libpe-fb4ac0b1e0071b63.rmeta --extern scopeguard=/opt/rustwide/target/debug/deps/libscopeguard-63d70d1c4e17c8c5.rmeta --extern winapi=/opt/rustwide/target/debug/deps/libwinapi-eef9eec9d6826dc2.rmeta --cap-lints=warn --crate-version 0.1.0` (exit status: 1)
[INFO] running `Command { std: "docker" "inspect" "f99bdf48419fe670ac6197b451599aad6d3e76f00b3067c0fe04fa3b4fc6490e", kill_on_drop: false }`
[INFO] running `Command { std: "docker" "rm" "-f" "f99bdf48419fe670ac6197b451599aad6d3e76f00b3067c0fe04fa3b4fc6490e", kill_on_drop: false }`
[INFO] [stdout] f99bdf48419fe670ac6197b451599aad6d3e76f00b3067c0fe04fa3b4fc6490e
