[INFO] cloning repository https://github.com/kb10uy/derky
[INFO] running `Command { std: "git" "-c" "credential.helper=" "-c" "credential.helper=/workspace/cargo-home/bin/git-credential-null" "clone" "--bare" "https://github.com/kb10uy/derky" "/workspace/cache/git-repos/https%3A%2F%2Fgithub.com%2Fkb10uy%2Fderky", kill_on_drop: false }`
[INFO] [stderr] Cloning into bare repository '/workspace/cache/git-repos/https%3A%2F%2Fgithub.com%2Fkb10uy%2Fderky'...
[INFO] running `Command { std: "git" "rev-parse" "HEAD", kill_on_drop: false }`
[INFO] [stdout] 87f7fbb344c52e5a9430eaf4c6928e849994c5d5
[INFO] documenting kb10uy/derky against beta-2021-08-01 for beta-1.55-rustdoc-1
[INFO] running `Command { std: "git" "clone" "/workspace/cache/git-repos/https%3A%2F%2Fgithub.com%2Fkb10uy%2Fderky" "/workspace/builds/worker-59/source", kill_on_drop: false }`
[INFO] [stderr] Cloning into '/workspace/builds/worker-59/source'...
[INFO] [stderr] done.
[INFO] validating manifest of git repo https://github.com/kb10uy/derky on toolchain beta-2021-08-01
[INFO] running `Command { std: "/workspace/cargo-home/bin/cargo" "+beta-2021-08-01" "metadata" "--manifest-path" "Cargo.toml" "--no-deps", kill_on_drop: false }`
[INFO] started tweaking git repo https://github.com/kb10uy/derky
[INFO] finished tweaking git repo https://github.com/kb10uy/derky
[INFO] tweaked toml for git repo https://github.com/kb10uy/derky written to /workspace/builds/worker-59/source/Cargo.toml
[INFO] crate git repo https://github.com/kb10uy/derky already has a lockfile, it will not be regenerated
[INFO] running `Command { std: "/workspace/cargo-home/bin/cargo" "+beta-2021-08-01" "fetch" "--manifest-path" "Cargo.toml", kill_on_drop: false }`
[INFO] [stderr]     Blocking waiting for file lock on package cache
[INFO] [stderr]     Blocking waiting for file lock on package cache
[INFO] running `Command { std: "docker" "create" "-v" "/var/lib/crater-agent-workspace/builds/worker-59/target:/opt/rustwide/target:rw,Z" "-v" "/var/lib/crater-agent-workspace/builds/worker-59/source:/opt/rustwide/workdir:ro,Z" "-v" "/var/lib/crater-agent-workspace/cargo-home:/opt/rustwide/cargo-home:ro,Z" "-v" "/var/lib/crater-agent-workspace/rustup-home:/opt/rustwide/rustup-home:ro,Z" "-e" "SOURCE_DIR=/opt/rustwide/workdir" "-e" "CARGO_TARGET_DIR=/opt/rustwide/target" "-e" "CARGO_HOME=/opt/rustwide/cargo-home" "-e" "RUSTUP_HOME=/opt/rustwide/rustup-home" "-w" "/opt/rustwide/workdir" "-m" "1610612736" "--user" "0:0" "--network" "none" "ghcr.io/rust-lang/crates-build-env/linux@sha256:34b6a614d2c27851fe6cbf88fbd1137609cefab8b10d0615aaeb6fd47975d74e" "/opt/rustwide/cargo-home/bin/cargo" "+beta-2021-08-01" "metadata" "--no-deps" "--format-version=1", kill_on_drop: false }`
[INFO] [stdout] bc133cde800cbe645e92fc0720fda26146ce4cf732915c352f55d103af767b14
[INFO] running `Command { std: "docker" "start" "-a" "bc133cde800cbe645e92fc0720fda26146ce4cf732915c352f55d103af767b14", kill_on_drop: false }`
[INFO] running `Command { std: "docker" "inspect" "bc133cde800cbe645e92fc0720fda26146ce4cf732915c352f55d103af767b14", kill_on_drop: false }`
[INFO] running `Command { std: "docker" "rm" "-f" "bc133cde800cbe645e92fc0720fda26146ce4cf732915c352f55d103af767b14", kill_on_drop: false }`
[INFO] [stdout] bc133cde800cbe645e92fc0720fda26146ce4cf732915c352f55d103af767b14
[INFO] running `Command { std: "docker" "create" "-v" "/var/lib/crater-agent-workspace/builds/worker-59/target:/opt/rustwide/target:rw,Z" "-v" "/var/lib/crater-agent-workspace/builds/worker-59/source:/opt/rustwide/workdir:ro,Z" "-v" "/var/lib/crater-agent-workspace/cargo-home:/opt/rustwide/cargo-home:ro,Z" "-v" "/var/lib/crater-agent-workspace/rustup-home:/opt/rustwide/rustup-home:ro,Z" "-e" "SOURCE_DIR=/opt/rustwide/workdir" "-e" "CARGO_TARGET_DIR=/opt/rustwide/target" "-e" "CARGO_INCREMENTAL=0" "-e" "RUST_BACKTRACE=full" "-e" "RUSTDOCFLAGS=--cap-lints=warn" "-e" "CARGO_HOME=/opt/rustwide/cargo-home" "-e" "RUSTUP_HOME=/opt/rustwide/rustup-home" "-w" "/opt/rustwide/workdir" "-m" "1610612736" "--user" "0:0" "--network" "none" "ghcr.io/rust-lang/crates-build-env/linux@sha256:34b6a614d2c27851fe6cbf88fbd1137609cefab8b10d0615aaeb6fd47975d74e" "/opt/rustwide/cargo-home/bin/cargo" "+beta-2021-08-01" "doc" "--frozen" "--no-deps" "--document-private-items" "--message-format=json", kill_on_drop: false }`
[INFO] [stdout] 63ce5910e65be25ef989a6a3d5fb1d766f02aac391933eb5601e2e681e4d2224
[INFO] running `Command { std: "docker" "start" "-a" "63ce5910e65be25ef989a6a3d5fb1d766f02aac391933eb5601e2e681e4d2224", kill_on_drop: false }`
[INFO] [stderr]     Blocking waiting for file lock on package cache
[INFO] [stderr]    Compiling libc v0.2.81
[INFO] [stderr]    Compiling log v0.4.11
[INFO] [stderr]    Compiling pkg-config v0.3.19
[INFO] [stderr]    Compiling memchr v2.3.4
[INFO] [stderr]     Checking smallvec v1.5.1
[INFO] [stderr]    Compiling nix v0.18.0
[INFO] [stderr]     Checking once_cell v1.5.2
[INFO] [stderr]    Compiling const_fn v0.4.3
[INFO] [stderr]    Compiling syn v1.0.60
[INFO] [stderr]     Checking scoped-tls v1.0.0
[INFO] [stderr]     Checking bytemuck v1.4.1
[INFO] [stderr]     Checking adler32 v1.2.0
[INFO] [stderr]     Checking downcast-rs v1.2.0
[INFO] [stderr]     Checking ttf-parser v0.6.2
[INFO] [stderr]     Checking either v1.6.1
[INFO] [stderr]     Checking ab_glyph_rasterizer v0.1.4
[INFO] [stderr]    Compiling serde_derive v1.0.123
[INFO] [stderr]    Compiling serde v1.0.123
[INFO] [stderr]     Checking lazycell v1.3.0
[INFO] [stderr]     Checking regex-syntax v0.6.22
[INFO] [stderr]    Compiling winapi v0.3.9
[INFO] [stderr]    Compiling winit v0.23.0
[INFO] [stderr]     Checking termcolor v1.1.2
[INFO] [stderr]     Checking lebe v0.5.1
[INFO] [stderr]     Checking bit_field v0.10.1
[INFO] [stderr]     Checking color_quant v1.1.0
[INFO] [stderr]     Checking half v1.6.0
[INFO] [stderr]     Checking gimli v0.23.0
[INFO] [stderr]     Checking hashbrown v0.9.1
[INFO] [stderr]     Checking os_str_bytes v2.4.0
[INFO] [stderr]     Checking takeable-option v0.5.0
[INFO] [stderr]     Checking strsim v0.10.0
[INFO] [stderr]    Compiling crossbeam-utils v0.8.1
[INFO] [stderr]    Compiling num-traits v0.2.14
[INFO] [stderr]    Compiling memoffset v0.6.1
[INFO] [stderr]    Compiling num-rational v0.3.2
[INFO] [stderr]    Compiling num-iter v0.1.42
[INFO] [stderr]    Compiling rayon v1.5.0
[INFO] [stderr]    Compiling miniz_oxide v0.4.3
[INFO] [stderr]    Compiling indexmap v1.6.0
[INFO] [stderr]    Compiling memoffset v0.5.6
[INFO] [stderr]     Checking libloading v0.6.6
[INFO] [stderr]    Compiling nom v6.0.1
[INFO] [stderr]    Compiling rayon-core v1.9.0
[INFO] [stderr]     Checking instant v0.1.9
[INFO] [stderr]     Checking lock_api v0.4.2
[INFO] [stderr]    Compiling heck v0.3.1
[INFO] [stderr]     Checking textwrap v0.12.1
[INFO] [stderr]    Compiling quote v1.0.7
[INFO] [stderr]     Checking jpeg-decoder v0.1.20
[INFO] [stderr]     Checking safe_arch v0.5.2
[INFO] [stderr]     Checking dlib v0.4.2
[INFO] [stderr]     Checking itertools v0.10.0
[INFO] [stderr]    Compiling wayland-scanner v0.28.2
[INFO] [stderr]     Checking deflate v0.8.6
[INFO] [stderr]     Checking miniz_oxide v0.3.7
[INFO] [stderr]     Checking inflate v0.4.5
[INFO] [stderr]    Compiling proc-macro-error-attr v1.0.4
[INFO] [stderr]     Checking wide v0.5.5
[INFO] [stderr]     Checking owned_ttf_parser v0.6.0
[INFO] [stderr]     Checking rusttype v0.9.2
[INFO] [stderr]    Compiling wayland-client v0.28.2
[INFO] [stderr]    Compiling wayland-protocols v0.28.2
[INFO] [stderr]     Checking png v0.16.7
[INFO] [stderr]     Checking aho-corasick v0.7.15
[INFO] [stderr]     Checking andrew v0.3.1
[INFO] [stderr]    Compiling gl_generator v0.14.0
[INFO] [stderr]     Checking addr2line v0.14.0
[INFO] [stderr]    Compiling wayland-sys v0.28.2
[INFO] [stderr]    Compiling x11-dl v2.18.5
[INFO] [stderr]     Checking ultraviolet v0.7.5
[INFO] [stderr]     Checking regex v1.4.3
[INFO] [stderr]     Checking num-integer v0.1.44
[INFO] [stderr]    Compiling glutin_egl_sys v0.1.5
[INFO] [stderr]    Compiling glutin_glx_sys v0.1.7
[INFO] [stderr]    Compiling glium v0.28.0
[INFO] [stderr]     Checking crossbeam-epoch v0.9.1
[INFO] [stderr]     Checking crossbeam-channel v0.5.0
[INFO] [stderr]     Checking iovec v0.1.4
[INFO] [stderr]     Checking net2 v0.2.36
[INFO] [stderr]     Checking num_cpus v1.13.0
[INFO] [stderr]     Checking memmap v0.7.0
[INFO] [stderr]     Checking atty v0.2.14
[INFO] [stderr]     Checking parking_lot_core v0.8.1
[INFO] [stderr]     Checking raw-window-handle v0.3.3
[INFO] [stderr]     Checking shared_library v0.1.9
[INFO] [stderr]     Checking time v0.1.44
[INFO] [stderr]     Checking backtrace v0.3.55
[INFO] [stderr]     Checking crossbeam-deque v0.8.0
[INFO] [stderr]     Checking parking_lot v0.11.1
[INFO] [stderr]     Checking weavy_crab v0.1.0 (/opt/rustwide/workdir/weavy_crab)
[INFO] [stderr]  Documenting weavy_crab v0.1.0 (/opt/rustwide/workdir/weavy_crab)
[INFO] [stderr]     Checking mio v0.6.23
[INFO] [stderr]     Checking env_logger v0.7.1
[INFO] [stderr]     Checking osmesa-sys v0.1.2
[INFO] [stderr]     Checking image v0.23.12
[INFO] [stderr]     Checking pretty_env_logger v0.4.0
[INFO] [stderr]     Checking mio-extras v2.0.6
[INFO] [stderr]    Compiling proc-macro-error v1.0.4
[INFO] [stderr]     Checking xcursor v0.3.3
[INFO] [stderr]     Checking exr v0.9.0
[INFO] [stderr]     Checking wayland-commons v0.28.2
[INFO] [stderr]     Checking calloop v0.6.5
[INFO] [stderr]    Compiling clap_derive v3.0.0-beta.2
[INFO] [stderr]     Checking derky v0.1.0 (/opt/rustwide/workdir/derky)
[INFO] [stderr]  Documenting derky v0.1.0 (/opt/rustwide/workdir/derky)
[INFO] [stderr]     Checking wayland-cursor v0.28.2
[INFO] [stderr]     Checking wayland-egl v0.28.2
[INFO] [stdout] error[E0433]: failed to resolve: could not find `shared` in `winapi`
[INFO] [stdout]  --> derky/src/d3d11/com_support.rs:7:5
[INFO] [stdout]   |
[INFO] [stdout] 7 |     shared::{
[INFO] [stdout]   |     ^^^^^^ could not find `shared` in `winapi`
[INFO] [stdout] 
[INFO] [stdout] 
[INFO] [stdout] error[E0433]: failed to resolve: could not find `um` in `winapi`
[INFO] [stdout]   --> derky/src/d3d11/com_support.rs:11:5
[INFO] [stdout]    |
[INFO] [stdout] 11 |     um::unknwnbase::IUnknown,
[INFO] [stdout]    |     ^^ could not find `um` in `winapi`
[INFO] [stdout] 
[INFO] [stdout] 
[INFO] [stdout] error[E0432]: unresolved imports `winapi::shared`, `winapi::um`
[INFO] [stdout]   --> derky/src/d3d11/buffer.rs:23:14
[INFO] [stdout]    |
[INFO] [stdout] 23 | use winapi::{shared::dxgiformat, um::d3d11};
[INFO] [stdout]    |              ^^^^^^              ^^ could not find `um` in `winapi`
[INFO] [stdout]    |              |
[INFO] [stdout]    |              could not find `shared` in `winapi`
[INFO] [stdout] 
[INFO] [stdout] 
[INFO] [stdout] error[E0432]: unresolved import `winapi::Interface`
[INFO] [stdout]   --> derky/src/d3d11/com_support.rs:12:5
[INFO] [stdout]    |
[INFO] [stdout] 12 |     Interface,
[INFO] [stdout]    |     ^^^^^^^^^ no `Interface` in the root
[INFO] [stdout] 
[INFO] [stdout] 
[INFO] [stdout] error[E0433]: failed to resolve: could not find `shared` in `winapi`
[INFO] [stdout]   --> derky/src/d3d11/context.rs:24:5
[INFO] [stdout]    |
[INFO] [stdout] 24 |     shared::{dxgi, dxgiformat, dxgitype, minwindef::HINSTANCE__},
[INFO] [stdout]    |     ^^^^^^ could not find `shared` in `winapi`
[INFO] [stdout] 
[INFO] [stdout] 
[INFO] [stdout] error[E0432]: unresolved imports `winapi::shared`, `winapi::um`, `winapi::Interface`
[INFO] [stdout]   --> derky/src/d3d11/context.rs:24:5
[INFO] [stdout]    |
[INFO] [stdout] 24 |     shared::{dxgi, dxgiformat, dxgitype, minwindef::HINSTANCE__},
[INFO] [stdout]    |     ^^^^^^ could not find `shared` in `winapi`
[INFO] [stdout] 25 |     um::{d3d11, d3dcommon},
[INFO] [stdout]    |     ^^ could not find `um` in `winapi`
[INFO] [stdout] 26 |     Interface,
[INFO] [stdout]    |     ^^^^^^^^^ no `Interface` in the root
[INFO] [stdout] 
[INFO] [stdout] 
[INFO] [stdout] error[E0432]: unresolved import `winapi::um`
[INFO] [stdout]   --> derky/src/d3d11/shader.rs:15:13
[INFO] [stdout]    |
[INFO] [stdout] 15 | use winapi::um::d3d11;
[INFO] [stdout]    |             ^^ could not find `um` in `winapi`
[INFO] [stdout] 
[INFO] [stdout] 
[INFO] [stdout] error[E0432]: unresolved imports `winapi::shared`, `winapi::um`
[INFO] [stdout]   --> derky/src/d3d11/texture.rs:21:5
[INFO] [stdout]    |
[INFO] [stdout] 21 |     shared::{dxgiformat, dxgitype},
[INFO] [stdout]    |     ^^^^^^ could not find `shared` in `winapi`
[INFO] [stdout] 22 |     um::{d3d11, d3dcommon},
[INFO] [stdout]    |     ^^ could not find `um` in `winapi`
[INFO] [stdout] 
[INFO] [stdout] 
[INFO] [stdout] error[E0432]: unresolved imports `winapi::shared`, `winapi::um`, `d3d11::ID3D11RenderTargetView`
[INFO] [stdout]   --> derky/src/d3d11/context.rs:22:5
[INFO] [stdout]    |
[INFO] [stdout] 22 | use d3d11::ID3D11RenderTargetView;
[INFO] [stdout]    |     ^^^^^^^^^^^^^^^^^^^^^^^^^^^^^
[INFO] [stdout]    | 
[INFO] [stdout]   ::: derky/src/d3d11/vertex.rs:5:5
[INFO] [stdout]    |
[INFO] [stdout] 5  |     shared::dxgiformat,
[INFO] [stdout]    |     ^^^^^^ could not find `shared` in `winapi`
[INFO] [stdout] 6  |     um::{d3d11, d3dcommon},
[INFO] [stdout]    |     ^^ could not find `um` in `winapi`
[INFO] [stdout] 
[INFO] [stdout] 
[INFO] [stdout] error[E0433]: failed to resolve: could not find `shared` in `winapi`
[INFO] [stdout]  --> derky/src/d3d11/com_support.rs:7:5
[INFO] [stdout]   |
[INFO] [stdout] 7 |     shared::{
[INFO] [stdout]   |     ^^^^^^ could not find `shared` in `winapi`
[INFO] [stdout] 
[INFO] [stdout] 
[INFO] [stdout] error[E0433]: failed to resolve: could not find `um` in `winapi`
[INFO] [stdout]   --> derky/src/d3d11/com_support.rs:11:5
[INFO] [stdout]    |
[INFO] [stdout] 11 |     um::unknwnbase::IUnknown,
[INFO] [stdout]    |     ^^ could not find `um` in `winapi`
[INFO] [stdout] 
[INFO] [stdout] 
[INFO] [stdout] error[E0432]: unresolved imports `winapi::shared`, `winapi::um`
[INFO] [stdout]   --> derky/src/d3d11/buffer.rs:23:14
[INFO] [stdout]    |
[INFO] [stdout] 23 | use winapi::{shared::dxgiformat, um::d3d11};
[INFO] [stdout]    |              ^^^^^^              ^^ could not find `um` in `winapi`
[INFO] [stdout]    |              |
[INFO] [stdout]    |              could not find `shared` in `winapi`
[INFO] [stdout] 
[INFO] [stdout] 
[INFO] [stdout] error[E0432]: unresolved import `winapi::Interface`
[INFO] [stdout]   --> derky/src/d3d11/com_support.rs:12:5
[INFO] [stdout]    |
[INFO] [stdout] 12 |     Interface,
[INFO] [stdout]    |     ^^^^^^^^^ no `Interface` in the root
[INFO] [stdout] 
[INFO] [stdout] 
[INFO] [stdout] error[E0433]: failed to resolve: could not find `shared` in `winapi`
[INFO] [stdout]   --> derky/src/d3d11/context.rs:24:5
[INFO] [stdout]    |
[INFO] [stdout] 24 |     shared::{dxgi, dxgiformat, dxgitype, minwindef::HINSTANCE__},
[INFO] [stdout]    |     ^^^^^^ could not find `shared` in `winapi`
[INFO] [stdout] 
[INFO] [stdout] 
[INFO] [stdout] error[E0432]: unresolved imports `winapi::shared`, `winapi::um`, `winapi::Interface`
[INFO] [stdout]   --> derky/src/d3d11/context.rs:24:5
[INFO] [stdout]    |
[INFO] [stdout] 24 |     shared::{dxgi, dxgiformat, dxgitype, minwindef::HINSTANCE__},
[INFO] [stdout]    |     ^^^^^^ could not find `shared` in `winapi`
[INFO] [stdout] 25 |     um::{d3d11, d3dcommon},
[INFO] [stdout]    |     ^^ could not find `um` in `winapi`
[INFO] [stdout] 26 |     Interface,
[INFO] [stdout]    |     ^^^^^^^^^ no `Interface` in the root
[INFO] [stdout] 
[INFO] [stdout] 
[INFO] [stdout] error[E0432]: unresolved import `winapi::um`
[INFO] [stdout]   --> derky/src/d3d11/shader.rs:15:13
[INFO] [stdout]    |
[INFO] [stdout] 15 | use winapi::um::d3d11;
[INFO] [stdout]    |             ^^ could not find `um` in `winapi`
[INFO] [stdout] 
[INFO] [stdout] 
[INFO] [stdout] error[E0432]: unresolved imports `winapi::shared`, `winapi::um`
[INFO] [stdout]   --> derky/src/d3d11/texture.rs:21:5
[INFO] [stdout]    |
[INFO] [stdout] 21 |     shared::{dxgiformat, dxgitype},
[INFO] [stdout]    |     ^^^^^^ could not find `shared` in `winapi`
[INFO] [stdout] 22 |     um::{d3d11, d3dcommon},
[INFO] [stdout]    |     ^^ could not find `um` in `winapi`
[INFO] [stdout] 
[INFO] [stdout] 
[INFO] [stdout] error[E0432]: unresolved imports `winapi::shared`, `winapi::um`, `d3d11::ID3D11RenderTargetView`
[INFO] [stdout]   --> derky/src/d3d11/context.rs:22:5
[INFO] [stdout]    |
[INFO] [stdout] 22 | use d3d11::ID3D11RenderTargetView;
[INFO] [stdout]    |     ^^^^^^^^^^^^^^^^^^^^^^^^^^^^^
[INFO] [stdout]    | 
[INFO] [stdout]   ::: derky/src/d3d11/vertex.rs:5:5
[INFO] [stdout]    |
[INFO] [stdout] 5  |     shared::dxgiformat,
[INFO] [stdout]    |     ^^^^^^ could not find `shared` in `winapi`
[INFO] [stdout] 6  |     um::{d3d11, d3dcommon},
[INFO] [stdout]    |     ^^ could not find `um` in `winapi`
[INFO] [stdout] 
[INFO] [stdout] 
[INFO] [stdout] error[E0433]: failed to resolve: could not find `shared` in `winapi`
[INFO] [stdout]    --> derky/src/d3d11/context.rs:300:57
[INFO] [stdout]     |
[INFO] [stdout] 300 |             OutputWindow: window_handle as *mut winapi::shared::windef::HWND__,
[INFO] [stdout]     |                                                         ^^^^^^ could not find `shared` in `winapi`
[INFO] [stdout] 
[INFO] [stdout] 
[INFO] [stdout] error[E0412]: cannot find type `IUnknown` in this scope
[INFO] [stdout]   --> derky/src/d3d11/com_support.rs:48:54
[INFO] [stdout]    |
[INFO] [stdout] 48 |             let unknown = &*(self.0.as_ptr() as *mut IUnknown);
[INFO] [stdout]    |                                                      ^^^^^^^^ not found in this scope
[INFO] [stdout] 
[INFO] [stdout] 
[INFO] [stdout] error[E0412]: cannot find type `HRESULT` in this scope
[INFO] [stdout]   --> derky/src/d3d11/com_support.rs:69:26
[INFO] [stdout]    |
[INFO] [stdout] 69 | impl HresultErrorExt for HRESULT {
[INFO] [stdout]    |                          ^^^^^^^ not found in this scope
[INFO] [stdout] 
[INFO] [stdout] 
[INFO] [stdout] error[E0412]: cannot find type `ULONG` in this scope
[INFO] [stdout]   --> derky/src/d3d11/com_support.rs:79:26
[INFO] [stdout]    |
[INFO] [stdout] 79 | impl HresultErrorExt for ULONG {
[INFO] [stdout]    |                          ^^^^^ not found in this scope
[INFO] [stdout] 
[INFO] [stdout] 
[INFO] [stdout] error: Compilation failed, aborting rustdoc
[INFO] [stdout] 
[INFO] [stdout] 
[INFO] [stdout] error: aborting due to 12 previous errors
[INFO] [stdout] 
[INFO] [stdout] 
[INFO] [stdout] Some errors have detailed explanations: E0412, E0432, E0433.
[INFO] [stdout] 
[INFO] [stdout] For more information about an error, try `rustc --explain E0412`.
[INFO] [stdout] 
[INFO] [stdout] error[E0412]: cannot find type `IUnknown` in this scope
[INFO] [stdout]   --> derky/src/d3d11/com_support.rs:58:54
[INFO] [stdout]    |
[INFO] [stdout] 58 |             let unknown = &*(self.0.as_ptr() as *mut IUnknown);
[INFO] [stdout]    |                                                      ^^^^^^^^ not found in this scope
[INFO] [stdout] 
[INFO] [stdout] 
[INFO] [stdout] error[E0412]: cannot find type `HRESULT` in this scope
[INFO] [stdout]   --> derky/src/d3d11/com_support.rs:69:26
[INFO] [stdout]    |
[INFO] [stdout] 69 | impl HresultErrorExt for HRESULT {
[INFO] [stdout]    |                          ^^^^^^^ not found in this scope
[INFO] [stdout] 
[INFO] [stdout] 
[INFO] [stdout] error[E0425]: cannot find function, tuple struct or tuple variant `SUCCEEDED` in this scope
[INFO] [stdout]   --> derky/src/d3d11/com_support.rs:71:12
[INFO] [stdout]    |
[INFO] [stdout] 71 |         if SUCCEEDED(self) {
[INFO] [stdout]    |            ^^^^^^^^^------
[INFO] [stdout]    |            |
[INFO] [stdout]    |            help: try calling `SUCCEEDED` as a method: `self.SUCCEEDED()`
[INFO] [stdout] 
[INFO] [stdout] 
[INFO] [stdout] error[E0412]: cannot find type `ULONG` in this scope
[INFO] [stdout]   --> derky/src/d3d11/com_support.rs:79:26
[INFO] [stdout]    |
[INFO] [stdout] 79 | impl HresultErrorExt for ULONG {
[INFO] [stdout]    |                          ^^^^^ not found in this scope
[INFO] [stdout] 
[INFO] [stdout] 
[INFO] [stdout] error[E0412]: cannot find type `HINSTANCE__` in this scope
[INFO] [stdout]    --> derky/src/d3d11/context.rs:313:19
[INFO] [stdout]     |
[INFO] [stdout] 313 |             null!(HINSTANCE__),
[INFO] [stdout]     |                   ^^^^^^^^^^^ not found in this scope
[INFO] [stdout] 
[INFO] [stdout] 
[INFO] [stdout] warning: unnecessary trailing semicolon
[INFO] [stdout]   --> derky/src/common/texture.rs:91:10
[INFO] [stdout]    |
[INFO] [stdout] 91 |         };
[INFO] [stdout]    |          ^ help: remove this semicolon
[INFO] [stdout]    |
[INFO] [stdout]    = note: `#[warn(redundant_semicolons)]` on by default
[INFO] [stdout] 
[INFO] [stdout] 
[INFO] [stderr] error: could not document `derky`
[INFO] [stdout] error: aborting due to 16 previous errors; 1 warning emitted
[INFO] [stdout] 
[INFO] [stdout] 
[INFO] [stderr] 
[INFO] [stderr] Caused by:
[INFO] [stderr]   process didn't exit successfully: `rustdoc --edition=2018 --crate-type lib --crate-name derky derky/src/lib.rs -o /opt/rustwide/target/doc --error-format=json --json=diagnostic-rendered-ansi --document-private-items -L dependency=/opt/rustwide/target/debug/deps --extern anyhow=/opt/rustwide/target/debug/deps/libanyhow-0f10df8acf815383.rmeta --extern exr=/opt/rustwide/target/debug/deps/libexr-715584e62706d1fc.rmeta --extern image=/opt/rustwide/target/debug/deps/libimage-8b32dbc84020ab99.rmeta --extern itertools=/opt/rustwide/target/debug/deps/libitertools-0219993a3d642127.rmeta --extern log=/opt/rustwide/target/debug/deps/liblog-91c13f26229124ab.rmeta --extern ultraviolet=/opt/rustwide/target/debug/deps/libultraviolet-54e8234bb54219b1.rmeta --extern weavy_crab=/opt/rustwide/target/debug/deps/libweavy_crab-ed24f7fb16d56487.rmeta --extern winapi=/opt/rustwide/target/debug/deps/libwinapi-ea601177fdda02d6.rmeta --cap-lints=warn --crate-version 0.1.0` (exit status: 1)
[INFO] [stderr] warning: build failed, waiting for other jobs to finish...
[INFO] [stdout] Some errors have detailed explanations: E0412, E0425, E0432, E0433.
[INFO] [stdout] 
[INFO] [stdout] For more information about an error, try `rustc --explain E0412`.
[INFO] [stdout] 
[INFO] [stderr] error: build failed
[INFO] running `Command { std: "docker" "inspect" "63ce5910e65be25ef989a6a3d5fb1d766f02aac391933eb5601e2e681e4d2224", kill_on_drop: false }`
[INFO] running `Command { std: "docker" "rm" "-f" "63ce5910e65be25ef989a6a3d5fb1d766f02aac391933eb5601e2e681e4d2224", kill_on_drop: false }`
[INFO] [stdout] 63ce5910e65be25ef989a6a3d5fb1d766f02aac391933eb5601e2e681e4d2224
