[INFO] cloning repository https://github.com/kamu-data/kamu-cli-rust
[INFO] running `Command { std: "git" "-c" "credential.helper=" "-c" "credential.helper=/workspace/cargo-home/bin/git-credential-null" "clone" "--bare" "https://github.com/kamu-data/kamu-cli-rust" "/workspace/cache/git-repos/https%3A%2F%2Fgithub.com%2Fkamu-data%2Fkamu-cli-rust", kill_on_drop: false }`
[INFO] [stderr] Cloning into bare repository '/workspace/cache/git-repos/https%3A%2F%2Fgithub.com%2Fkamu-data%2Fkamu-cli-rust'...
[INFO] running `Command { std: "git" "rev-parse" "HEAD", kill_on_drop: false }`
[INFO] [stdout] 9fc1dcd4e53cce751d3858fbf437557003b48fad
[INFO] documenting kamu-data/kamu-cli-rust against beta-2021-08-01 for beta-1.55-rustdoc-1
[INFO] running `Command { std: "git" "clone" "/workspace/cache/git-repos/https%3A%2F%2Fgithub.com%2Fkamu-data%2Fkamu-cli-rust" "/workspace/builds/worker-97/source", kill_on_drop: false }`
[INFO] [stderr] Cloning into '/workspace/builds/worker-97/source'...
[INFO] [stderr] done.
[INFO] validating manifest of git repo https://github.com/kamu-data/kamu-cli-rust on toolchain beta-2021-08-01
[INFO] running `Command { std: "/workspace/cargo-home/bin/cargo" "+beta-2021-08-01" "metadata" "--manifest-path" "Cargo.toml" "--no-deps", kill_on_drop: false }`
[INFO] removed /workspace/builds/worker-97/source/rust-toolchain
[INFO] started tweaking git repo https://github.com/kamu-data/kamu-cli-rust
[INFO] finished tweaking git repo https://github.com/kamu-data/kamu-cli-rust
[INFO] tweaked toml for git repo https://github.com/kamu-data/kamu-cli-rust written to /workspace/builds/worker-97/source/Cargo.toml
[INFO] crate git repo https://github.com/kamu-data/kamu-cli-rust already has a lockfile, it will not be regenerated
[INFO] running `Command { std: "/workspace/cargo-home/bin/cargo" "+beta-2021-08-01" "fetch" "--manifest-path" "Cargo.toml", kill_on_drop: false }`
[INFO] [stderr]     Blocking waiting for file lock on package cache
[INFO] [stderr]     Updating git repository `https://github.com/apache/arrow`
[INFO] [stderr]     Updating git submodule `https://github.com/apache/parquet-testing.git`
[INFO] [stderr]     Updating git submodule `https://github.com/apache/arrow-testing`
[INFO] [stderr]     Blocking waiting for file lock on package cache
[INFO] [stderr]  Downloading crates ...
[INFO] [stderr]   Downloaded slog-async v2.5.0
[INFO] [stderr]   Downloaded slog-term v2.6.0
[INFO] [stderr]   Downloaded integer-encoding v1.1.5
[INFO] [stderr]   Downloaded flatbuffers v0.6.1
[INFO] [stderr]   Downloaded curl v0.4.31
[INFO] [stderr]   Downloaded indoc v1.0.2
[INFO] [stderr]   Downloaded ringbuf v0.2.2
[INFO] [stderr]   Downloaded unindent v0.1.6
[INFO] [stderr]   Downloaded curl-sys v0.4.34+curl-7.71.1
[INFO] [stderr]   Downloaded intervals-general v0.1.0
[INFO] [stderr]   Downloaded snap v1.0.1
[INFO] running `Command { std: "docker" "create" "-v" "/var/lib/crater-agent-workspace/builds/worker-97/target:/opt/rustwide/target:rw,Z" "-v" "/var/lib/crater-agent-workspace/builds/worker-97/source:/opt/rustwide/workdir:ro,Z" "-v" "/var/lib/crater-agent-workspace/cargo-home:/opt/rustwide/cargo-home:ro,Z" "-v" "/var/lib/crater-agent-workspace/rustup-home:/opt/rustwide/rustup-home:ro,Z" "-e" "SOURCE_DIR=/opt/rustwide/workdir" "-e" "CARGO_TARGET_DIR=/opt/rustwide/target" "-e" "CARGO_HOME=/opt/rustwide/cargo-home" "-e" "RUSTUP_HOME=/opt/rustwide/rustup-home" "-w" "/opt/rustwide/workdir" "-m" "1610612736" "--user" "0:0" "--network" "none" "ghcr.io/rust-lang/crates-build-env/linux@sha256:34b6a614d2c27851fe6cbf88fbd1137609cefab8b10d0615aaeb6fd47975d74e" "/opt/rustwide/cargo-home/bin/cargo" "+beta-2021-08-01" "metadata" "--no-deps" "--format-version=1", kill_on_drop: false }`
[INFO] [stdout] aa1915522ade52cc46e44c53730b4c86b070a8846cf5be3f57bdf6110f2fe9f8
[INFO] running `Command { std: "docker" "start" "-a" "aa1915522ade52cc46e44c53730b4c86b070a8846cf5be3f57bdf6110f2fe9f8", kill_on_drop: false }`
[INFO] running `Command { std: "docker" "inspect" "aa1915522ade52cc46e44c53730b4c86b070a8846cf5be3f57bdf6110f2fe9f8", kill_on_drop: false }`
[INFO] running `Command { std: "docker" "rm" "-f" "aa1915522ade52cc46e44c53730b4c86b070a8846cf5be3f57bdf6110f2fe9f8", kill_on_drop: false }`
[INFO] [stdout] aa1915522ade52cc46e44c53730b4c86b070a8846cf5be3f57bdf6110f2fe9f8
[INFO] running `Command { std: "docker" "create" "-v" "/var/lib/crater-agent-workspace/builds/worker-97/target:/opt/rustwide/target:rw,Z" "-v" "/var/lib/crater-agent-workspace/builds/worker-97/source:/opt/rustwide/workdir:ro,Z" "-v" "/var/lib/crater-agent-workspace/cargo-home:/opt/rustwide/cargo-home:ro,Z" "-v" "/var/lib/crater-agent-workspace/rustup-home:/opt/rustwide/rustup-home:ro,Z" "-e" "SOURCE_DIR=/opt/rustwide/workdir" "-e" "CARGO_TARGET_DIR=/opt/rustwide/target" "-e" "CARGO_INCREMENTAL=0" "-e" "RUST_BACKTRACE=full" "-e" "RUSTDOCFLAGS=--cap-lints=warn" "-e" "CARGO_HOME=/opt/rustwide/cargo-home" "-e" "RUSTUP_HOME=/opt/rustwide/rustup-home" "-w" "/opt/rustwide/workdir" "-m" "1610612736" "--user" "0:0" "--network" "none" "ghcr.io/rust-lang/crates-build-env/linux@sha256:34b6a614d2c27851fe6cbf88fbd1137609cefab8b10d0615aaeb6fd47975d74e" "/opt/rustwide/cargo-home/bin/cargo" "+beta-2021-08-01" "doc" "--frozen" "--no-deps" "--document-private-items" "--message-format=json", kill_on_drop: false }`
[INFO] [stdout] 82faad4827691c2b72b9bdb6bfdcef3073b3904e7fe42b1dd1d0bb7151db7abf
[INFO] running `Command { std: "docker" "start" "-a" "82faad4827691c2b72b9bdb6bfdcef3073b3904e7fe42b1dd1d0bb7151db7abf", kill_on_drop: false }`
[INFO] [stderr]    Compiling libc v0.2.74
[INFO] [stderr]    Compiling proc-macro2 v1.0.19
[INFO] [stderr]    Compiling syn v1.0.38
[INFO] [stderr]    Compiling serde_derive v1.0.115
[INFO] [stderr]    Compiling serde v1.0.115
[INFO] [stderr]    Compiling either v1.6.0
[INFO] [stderr]     Checking adler v0.2.3
[INFO] [stderr]    Compiling slog v2.5.2
[INFO] [stderr]     Checking itoa v0.4.6
[INFO] [stderr]     Checking tinyvec v0.3.3
[INFO] [stderr]    Compiling glob v0.3.0
[INFO] [stderr]     Checking smallvec v1.4.2
[INFO] [stderr]    Compiling curl v0.4.31
[INFO] [stderr]     Checking linked-hash-map v0.5.3
[INFO] [stderr]     Checking remove_dir_all v0.5.3
[INFO] [stderr]     Checking podio v0.1.7
[INFO] [stderr]    Compiling unindent v0.1.6
[INFO] [stderr]     Checking dtoa v0.4.6
[INFO] [stderr]    Compiling serde_json v1.0.57
[INFO] [stderr]     Checking alloc-no-stdlib v2.0.1
[INFO] [stderr]     Checking integer-encoding v1.1.5
[INFO] [stderr]    Compiling arrayvec v0.4.12
[INFO] [stderr]     Checking fs_extra v1.1.0
[INFO] [stderr]    Compiling snap v1.0.1
[INFO] [stderr]     Checking ringbuf v0.2.2
[INFO] [stderr]     Checking nodrop v0.1.14
[INFO] [stderr]    Compiling parquet v2.0.0-SNAPSHOT (https://github.com/apache/arrow#e553b737)
[INFO] [stderr]     Checking number_prefix v0.3.0
[INFO] [stderr]     Checking encode_unicode v0.3.6
[INFO] [stderr]     Checking take_mut v0.2.2
[INFO] [stderr]     Checking webbrowser v0.5.5
[INFO] [stderr]     Checking read_input v0.8.4
[INFO] [stderr]     Checking humansize v1.1.0
[INFO] [stderr]    Compiling num-traits v0.2.12
[INFO] [stderr]    Compiling num-integer v0.1.43
[INFO] [stderr]    Compiling hashbrown v0.8.2
[INFO] [stderr]    Compiling num-bigint v0.3.0
[INFO] [stderr]    Compiling indexmap v1.5.1
[INFO] [stderr]    Compiling num-iter v0.1.41
[INFO] [stderr]    Compiling num-rational v0.3.0
[INFO] [stderr]     Checking regex-automata v0.1.9
[INFO] [stderr]     Checking csv-core v0.1.10
[INFO] [stderr]     Checking crossbeam-channel v0.4.3
[INFO] [stderr]     Checking alloc-stdlib v0.2.1
[INFO] [stderr]    Compiling itertools v0.9.0
[INFO] [stderr]     Checking miniz_oxide v0.4.0
[INFO] [stderr]     Checking flatbuffers v0.6.1
[INFO] [stderr]     Checking intervals-general v0.1.0
[INFO] [stderr]     Checking unicode-normalization v0.1.13
[INFO] [stderr]     Checking brotli-decompressor v2.3.1
[INFO] [stderr]    Compiling indoc v1.0.2
[INFO] [stderr]     Checking yaml-rust v0.4.4
[INFO] [stderr]    Compiling quote v1.0.7
[INFO] [stderr]     Checking slog-async v2.5.0
[INFO] [stderr]    Compiling jobserver v0.1.21
[INFO] [stderr]     Checking num-format v0.4.0
[INFO] [stderr]     Checking time v0.1.43
[INFO] [stderr]     Checking getrandom v0.1.14
[INFO] [stderr]     Checking rand v0.4.6
[INFO] [stderr]     Checking flate2 v1.0.16
[INFO] [stderr]     Checking num_cpus v1.13.0
[INFO] [stderr]     Checking signal-hook-registry v1.2.1
[INFO] [stderr]     Checking socket2 v0.3.12
[INFO] [stderr]     Checking users v0.10.0
[INFO] [stderr]     Checking atty v0.2.14
[INFO] [stderr]     Checking dirs-sys v0.3.5
[INFO] [stderr]     Checking terminal_size v0.1.13
[INFO] [stderr]     Checking termios v0.3.2
[INFO] [stderr]     Checking dirs v1.0.5
[INFO] [stderr]     Checking idna v0.2.0
[INFO] [stderr]    Compiling cc v1.0.58
[INFO] [stderr]     Checking clap v2.33.3
[INFO] [stderr]     Checking dirs v2.0.2
[INFO] [stderr]     Checking term v0.5.2
[INFO] [stderr]     Checking console v0.12.0
[INFO] [stderr]     Checking signal-hook v0.1.16
[INFO] [stderr]     Checking threadpool v1.8.1
[INFO] [stderr]     Checking rand_core v0.5.1
[INFO] [stderr]     Checking num-complex v0.3.0
[INFO] [stderr]     Checking ordered-float v1.1.0
[INFO] [stderr]     Checking term v0.6.1
[INFO] [stderr]     Checking rand_chacha v0.2.2
[INFO] [stderr]     Checking brotli v3.3.0
[INFO] [stderr]     Checking rand v0.3.23
[INFO] [stderr]     Checking url v2.1.1
[INFO] [stderr]     Checking thrift v0.13.0
[INFO] [stderr]     Checking rust-crypto v0.2.36
[INFO] [stderr]     Checking rand v0.7.3
[INFO] [stderr]     Checking indicatif v0.15.0
[INFO] [stderr]     Checking parquet-format v2.6.1
[INFO] [stderr]    Compiling libnghttp2-sys v0.1.4+1.41.0
[INFO] [stderr]    Compiling libz-sys v1.0.25
[INFO] [stderr]    Compiling openssl-sys v0.9.58
[INFO] [stderr]    Compiling bzip2-sys v0.1.9+1.0.8
[INFO] [stderr]    Compiling curl-sys v0.4.34+curl-7.71.1
[INFO] [stderr]    Compiling zstd-sys v1.4.17+zstd.1.4.5
[INFO] [stderr]    Compiling lz4-sys v1.9.2
[INFO] [stderr]     Checking tempfile v3.1.0
[INFO] [stderr]     Checking num v0.3.0
[INFO] [stderr]     Checking bzip2 v0.3.3
[INFO] [stderr]     Checking zip v0.5.6
[INFO] [stderr]    Compiling serde_with_macros v1.1.0
[INFO] [stderr]    Compiling thiserror-impl v1.0.20
[INFO] [stderr]     Checking thiserror v1.0.20
[INFO] [stderr]     Checking lz4 v1.23.2
[INFO] [stderr]     Checking chrono v0.4.15
[INFO] [stderr]     Checking bstr v0.2.13
[INFO] [stderr]     Checking serde_with v1.4.0
[INFO] [stderr]     Checking serde_yaml v0.8.13
[INFO] [stderr]     Checking csv v1.1.3
[INFO] [stderr]     Checking kamu v0.1.0 (/opt/rustwide/workdir/kamu-core)
[INFO] [stderr]     Checking chrono-humanize v0.0.11
[INFO] [stderr]     Checking slog-term v2.6.0
[INFO] [stderr]  Documenting kamu v0.1.0 (/opt/rustwide/workdir/kamu-core)
[INFO] [stderr]     Checking arrow v2.0.0-SNAPSHOT (https://github.com/apache/arrow#e553b737)
[INFO] [stderr]     Checking prettytable-rs v0.8.0
[INFO] [stdout] error[E0554]: `#![feature]` may not be used on the beta release channel
[INFO] [stdout]   --> /opt/rustwide/cargo-home/git/checkouts/arrow-3a9cfebb6b7b2bdc/e553b73/rust/arrow/src/lib.rs:24:1
[INFO] [stdout]    |
[INFO] [stdout] 24 | #![feature(specialization)]
[INFO] [stdout]    | ^^^^^^^^^^^^^^^^^^^^^^^^^^^
[INFO] [stdout] 
[INFO] [stdout] 
[INFO] [stdout] error[E0554]: `#![feature]` may not be used on the beta release channel
[INFO] [stdout]  --> kamu-core/src/lib.rs:1:1
[INFO] [stdout]   |
[INFO] [stdout] 1 | #![feature(backtrace)]
[INFO] [stdout]   | ^^^^^^^^^^^^^^^^^^^^^^
[INFO] [stdout] 
[INFO] [stdout] 
[INFO] [stdout] error[E0554]: `#![feature]` may not be used on the beta release channel
[INFO] [stdout]  --> kamu-core/src/lib.rs:2:1
[INFO] [stdout]   |
[INFO] [stdout] 2 | #![feature(with_options)]
[INFO] [stdout]   | ^^^^^^^^^^^^^^^^^^^^^^^^^
[INFO] [stdout] 
[INFO] [stdout] 
[INFO] [stdout] error[E0554]: `#![feature]` may not be used on the beta release channel
[INFO] [stdout]  --> kamu-core/src/lib.rs:3:1
[INFO] [stdout]   |
[INFO] [stdout] 3 | #![feature(map_first_last)]
[INFO] [stdout]   | ^^^^^^^^^^^^^^^^^^^^^^^^^^^
[INFO] [stdout] 
[INFO] [stdout] 
[INFO] [stdout] error[E0554]: `#![feature]` may not be used on the beta release channel
[INFO] [stdout]  --> kamu-core/src/lib.rs:1:1
[INFO] [stdout]   |
[INFO] [stdout] 1 | #![feature(backtrace)]
[INFO] [stdout]   | ^^^^^^^^^^^^^^^^^^^^^^
[INFO] [stdout] 
[INFO] [stdout] 
[INFO] [stdout] error[E0554]: `#![feature]` may not be used on the beta release channel
[INFO] [stdout]  --> kamu-core/src/lib.rs:2:1
[INFO] [stdout]   |
[INFO] [stdout] 2 | #![feature(with_options)]
[INFO] [stdout]   | ^^^^^^^^^^^^^^^^^^^^^^^^^
[INFO] [stdout] 
[INFO] [stdout] 
[INFO] [stdout] error[E0554]: `#![feature]` may not be used on the beta release channel
[INFO] [stdout]  --> kamu-core/src/lib.rs:3:1
[INFO] [stdout]   |
[INFO] [stdout] 3 | #![feature(map_first_last)]
[INFO] [stdout]   | ^^^^^^^^^^^^^^^^^^^^^^^^^^^
[INFO] [stdout] 
[INFO] [stdout] 
[INFO] [stdout] error: Compilation failed, aborting rustdoc
[INFO] [stdout] 
[INFO] [stdout] 
[INFO] [stdout] error: aborting due to 4 previous errors
[INFO] [stdout] 
[INFO] [stdout] 
[INFO] [stdout] For more information about this error, try `rustc --explain E0554`.
[INFO] [stdout] 
[INFO] [stdout] warning: derive helper attribute is used before it is introduced
[INFO] [stdout]   --> kamu-core/src/domain/engine.rs:23:3
[INFO] [stdout]    |
[INFO] [stdout] 23 | #[serde(deny_unknown_fields, rename_all = "camelCase")]
[INFO] [stdout]    |   ^^^^^
[INFO] [stdout] 24 | #[derive(Debug, Clone, PartialEq, Eq, Serialize, Deserialize)]
[INFO] [stdout]    |                                       --------- the attribute is introduced here
[INFO] [stdout]    |
[INFO] [stdout]    = note: `#[warn(legacy_derive_helpers)]` on by default
[INFO] [stdout]    = warning: this was previously accepted by the compiler but is being phased out; it will become a hard error in a future release!
[INFO] [stdout]    = note: for more information, see issue #79202 <https://github.com/rust-lang/rust/issues/79202>
[INFO] [stdout] 
[INFO] [stdout] 
[INFO] [stdout] warning: derive helper attribute is used before it is introduced
[INFO] [stdout]   --> kamu-core/src/domain/engine.rs:38:3
[INFO] [stdout]    |
[INFO] [stdout] 38 | #[serde(deny_unknown_fields, rename_all = "camelCase")]
[INFO] [stdout]    |   ^^^^^
[INFO] [stdout] 39 | #[derive(Debug, Clone, PartialEq, Eq, Serialize, Deserialize)]
[INFO] [stdout]    |                                       --------- the attribute is introduced here
[INFO] [stdout]    |
[INFO] [stdout]    = warning: this was previously accepted by the compiler but is being phased out; it will become a hard error in a future release!
[INFO] [stdout]    = note: for more information, see issue #79202 <https://github.com/rust-lang/rust/issues/79202>
[INFO] [stdout] 
[INFO] [stdout] 
[INFO] [stdout] warning: derive helper attribute is used before it is introduced
[INFO] [stdout]   --> kamu-core/src/domain/engine.rs:45:3
[INFO] [stdout]    |
[INFO] [stdout] 45 | #[serde(deny_unknown_fields, rename_all = "camelCase")]
[INFO] [stdout]    |   ^^^^^
[INFO] [stdout] 46 | #[derive(Debug, Clone, PartialEq, Eq, Serialize, Deserialize)]
[INFO] [stdout]    |                                       --------- the attribute is introduced here
[INFO] [stdout]    |
[INFO] [stdout]    = warning: this was previously accepted by the compiler but is being phased out; it will become a hard error in a future release!
[INFO] [stdout]    = note: for more information, see issue #79202 <https://github.com/rust-lang/rust/issues/79202>
[INFO] [stdout] 
[INFO] [stdout] 
[INFO] [stdout] warning: derive helper attribute is used before it is introduced
[INFO] [stdout]   --> kamu-core/src/domain/engine.rs:58:3
[INFO] [stdout]    |
[INFO] [stdout] 58 | #[serde(deny_unknown_fields, rename_all = "camelCase")]
[INFO] [stdout]    |   ^^^^^
[INFO] [stdout] 59 | #[derive(Debug, Clone, PartialEq, Eq, Serialize, Deserialize)]
[INFO] [stdout]    |                                       --------- the attribute is introduced here
[INFO] [stdout]    |
[INFO] [stdout]    = warning: this was previously accepted by the compiler but is being phased out; it will become a hard error in a future release!
[INFO] [stdout]    = note: for more information, see issue #79202 <https://github.com/rust-lang/rust/issues/79202>
[INFO] [stdout] 
[INFO] [stdout] 
[INFO] [stdout] warning: derive helper attribute is used before it is introduced
[INFO] [stdout]   --> kamu-core/src/domain/engine.rs:66:3
[INFO] [stdout]    |
[INFO] [stdout] 66 | #[serde(deny_unknown_fields, rename_all = "camelCase")]
[INFO] [stdout]    |   ^^^^^
[INFO] [stdout] 67 | #[derive(Debug, Clone, PartialEq, Eq, Serialize, Deserialize)]
[INFO] [stdout]    |                                       --------- the attribute is introduced here
[INFO] [stdout]    |
[INFO] [stdout]    = warning: this was previously accepted by the compiler but is being phased out; it will become a hard error in a future release!
[INFO] [stdout]    = note: for more information, see issue #79202 <https://github.com/rust-lang/rust/issues/79202>
[INFO] [stdout] 
[INFO] [stdout] 
[INFO] [stdout] warning: derive helper attribute is used before it is introduced
[INFO] [stdout]   --> kamu-core/src/domain/engine.rs:74:3
[INFO] [stdout]    |
[INFO] [stdout] 74 | #[serde(deny_unknown_fields, rename_all = "camelCase")]
[INFO] [stdout]    |   ^^^^^
[INFO] [stdout] 75 | #[derive(Debug, Clone, PartialEq, Eq, Serialize, Deserialize)]
[INFO] [stdout]    |                                       --------- the attribute is introduced here
[INFO] [stdout]    |
[INFO] [stdout]    = warning: this was previously accepted by the compiler but is being phased out; it will become a hard error in a future release!
[INFO] [stdout]    = note: for more information, see issue #79202 <https://github.com/rust-lang/rust/issues/79202>
[INFO] [stdout] 
[INFO] [stdout] 
[INFO] [stdout] warning: derive helper attribute is used before it is introduced
[INFO] [stdout]    --> kamu-core/src/infra/ingest/fetch_service.rs:328:3
[INFO] [stdout]     |
[INFO] [stdout] 328 | #[serde(deny_unknown_fields, rename_all = "camelCase")]
[INFO] [stdout]     |   ^^^^^
[INFO] [stdout] 329 | #[derive(Debug, Clone, PartialEq, Eq, Serialize, Deserialize)]
[INFO] [stdout]     |                                       --------- the attribute is introduced here
[INFO] [stdout]     |
[INFO] [stdout]     = warning: this was previously accepted by the compiler but is being phased out; it will become a hard error in a future release!
[INFO] [stdout]     = note: for more information, see issue #79202 <https://github.com/rust-lang/rust/issues/79202>
[INFO] [stdout] 
[INFO] [stdout] 
[INFO] [stdout] warning: derive helper attribute is used before it is introduced
[INFO] [stdout]   --> kamu-core/src/infra/ingest/prep_service.rs:67:3
[INFO] [stdout]    |
[INFO] [stdout] 67 | #[serde(deny_unknown_fields, rename_all = "camelCase")]
[INFO] [stdout]    |   ^^^^^
[INFO] [stdout] 68 | #[derive(Debug, Clone, PartialEq, Eq, Serialize, Deserialize)]
[INFO] [stdout]    |                                       --------- the attribute is introduced here
[INFO] [stdout]    |
[INFO] [stdout]    = warning: this was previously accepted by the compiler but is being phased out; it will become a hard error in a future release!
[INFO] [stdout]    = note: for more information, see issue #79202 <https://github.com/rust-lang/rust/issues/79202>
[INFO] [stdout] 
[INFO] [stdout] 
[INFO] [stdout] warning: derive helper attribute is used before it is introduced
[INFO] [stdout]   --> kamu-core/src/infra/ingest/read_service.rs:62:3
[INFO] [stdout]    |
[INFO] [stdout] 62 | #[serde(deny_unknown_fields, rename_all = "camelCase")]
[INFO] [stdout]    |   ^^^^^
[INFO] [stdout] 63 | #[derive(Debug, Clone, PartialEq, Eq, Serialize, Deserialize)]
[INFO] [stdout]    |                                       --------- the attribute is introduced here
[INFO] [stdout]    |
[INFO] [stdout]    = warning: this was previously accepted by the compiler but is being phased out; it will become a hard error in a future release!
[INFO] [stdout]    = note: for more information, see issue #79202 <https://github.com/rust-lang/rust/issues/79202>
[INFO] [stdout] 
[INFO] [stdout] 
[INFO] [stdout] warning: derive helper attribute is used before it is introduced
[INFO] [stdout]   --> kamu-core/src/infra/serde/yaml/dtos_odf.rs:21:3
[INFO] [stdout]    |
[INFO] [stdout] 21 | #[serde(deny_unknown_fields, rename_all = "camelCase", tag = "kind")]
[INFO] [stdout]    |   ^^^^^
[INFO] [stdout] 22 | #[derive(Debug, Clone, PartialEq, Eq, Serialize, Deserialize)]
[INFO] [stdout]    |                                       --------- the attribute is introduced here
[INFO] [stdout]    |
[INFO] [stdout]    = warning: this was previously accepted by the compiler but is being phased out; it will become a hard error in a future release!
[INFO] [stdout]    = note: for more information, see issue #79202 <https://github.com/rust-lang/rust/issues/79202>
[INFO] [stdout] 
[INFO] [stdout] 
[INFO] [stdout] warning: derive helper attribute is used before it is introduced
[INFO] [stdout]   --> kamu-core/src/infra/serde/yaml/dtos_odf.rs:31:3
[INFO] [stdout]    |
[INFO] [stdout] 31 | #[serde(deny_unknown_fields, rename_all = "camelCase")]
[INFO] [stdout]    |   ^^^^^
[INFO] [stdout] 32 | #[derive(Debug, Clone, PartialEq, Eq, Serialize, Deserialize)]
[INFO] [stdout]    |                                       --------- the attribute is introduced here
[INFO] [stdout]    |
[INFO] [stdout]    = warning: this was previously accepted by the compiler but is being phased out; it will become a hard error in a future release!
[INFO] [stdout]    = note: for more information, see issue #79202 <https://github.com/rust-lang/rust/issues/79202>
[INFO] [stdout] 
[INFO] [stdout] 
[INFO] [stdout] warning: derive helper attribute is used before it is introduced
[INFO] [stdout]   --> kamu-core/src/infra/serde/yaml/dtos_odf.rs:42:3
[INFO] [stdout]    |
[INFO] [stdout] 42 | #[serde(deny_unknown_fields, rename_all = "camelCase")]
[INFO] [stdout]    |   ^^^^^
[INFO] [stdout] 43 | #[derive(Debug, Clone, PartialEq, Eq, Serialize, Deserialize)]
[INFO] [stdout]    |                                       --------- the attribute is introduced here
[INFO] [stdout]    |
[INFO] [stdout]    = warning: this was previously accepted by the compiler but is being phased out; it will become a hard error in a future release!
[INFO] [stdout]    = note: for more information, see issue #79202 <https://github.com/rust-lang/rust/issues/79202>
[INFO] [stdout] 
[INFO] [stdout] 
[INFO] [stdout] warning: derive helper attribute is used before it is introduced
[INFO] [stdout]   --> kamu-core/src/infra/serde/yaml/dtos_odf.rs:55:3
[INFO] [stdout]    |
[INFO] [stdout] 55 | #[serde(deny_unknown_fields, rename_all = "camelCase")]
[INFO] [stdout]    |   ^^^^^
[INFO] [stdout] 56 | #[derive(Debug, Clone, PartialEq, Eq, Serialize, Deserialize)]
[INFO] [stdout]    |                                       --------- the attribute is introduced here
[INFO] [stdout]    |
[INFO] [stdout]    = warning: this was previously accepted by the compiler but is being phased out; it will become a hard error in a future release!
[INFO] [stdout]    = note: for more information, see issue #79202 <https://github.com/rust-lang/rust/issues/79202>
[INFO] [stdout] 
[INFO] [stdout] 
[INFO] [stdout] warning: derive helper attribute is used before it is introduced
[INFO] [stdout]   --> kamu-core/src/infra/serde/yaml/dtos_odf.rs:68:3
[INFO] [stdout]    |
[INFO] [stdout] 68 | #[serde(deny_unknown_fields, rename_all = "camelCase", tag = "kind")]
[INFO] [stdout]    |   ^^^^^
[INFO] [stdout] 69 | #[derive(Debug, Clone, PartialEq, Eq, Serialize, Deserialize)]
[INFO] [stdout]    |                                       --------- the attribute is introduced here
[INFO] [stdout]    |
[INFO] [stdout]    = warning: this was previously accepted by the compiler but is being phased out; it will become a hard error in a future release!
[INFO] [stdout]    = note: for more information, see issue #79202 <https://github.com/rust-lang/rust/issues/79202>
[INFO] [stdout] 
[INFO] [stdout] 
[INFO] [stdout] warning: derive helper attribute is used before it is introduced
[INFO] [stdout]   --> kamu-core/src/infra/serde/yaml/dtos_odf.rs:81:3
[INFO] [stdout]    |
[INFO] [stdout] 81 | #[serde(deny_unknown_fields, rename_all = "camelCase")]
[INFO] [stdout]    |   ^^^^^
[INFO] [stdout] 82 | #[derive(Debug, Clone, PartialEq, Eq, Serialize, Deserialize)]
[INFO] [stdout]    |                                       --------- the attribute is introduced here
[INFO] [stdout]    |
[INFO] [stdout]    = warning: this was previously accepted by the compiler but is being phased out; it will become a hard error in a future release!
[INFO] [stdout]    = note: for more information, see issue #79202 <https://github.com/rust-lang/rust/issues/79202>
[INFO] [stdout] 
[INFO] [stdout] 
[INFO] [stderr] error: could not document `kamu`
[INFO] [stdout] warning: derive helper attribute is used before it is introduced
[INFO] [stdout]   --> kamu-core/src/infra/serde/yaml/dtos_odf.rs:95:3
[INFO] [stdout]    |
[INFO] [stdout] 95 | #[serde(deny_unknown_fields, rename_all = "camelCase")]
[INFO] [stdout]    |   ^^^^^
[INFO] [stdout] 96 | #[derive(Debug, Clone, PartialEq, Eq, Serialize, Deserialize)]
[INFO] [stdout]    |                                       --------- the attribute is introduced here
[INFO] [stdout]    |
[INFO] [stdout]    = warning: this was previously accepted by the compiler but is being phased out; it will become a hard error in a future release!
[INFO] [stdout]    = note: for more information, see issue #79202 <https://github.com/rust-lang/rust/issues/79202>
[INFO] [stdout] 
[INFO] [stdout] 
[INFO] [stderr] 
[INFO] [stdout] warning: derive helper attribute is used before it is introduced
[INFO] [stdout]    --> kamu-core/src/infra/serde/yaml/dtos_odf.rs:109:3
[INFO] [stdout]     |
[INFO] [stdout] 109 | #[serde(deny_unknown_fields, rename_all = "camelCase", tag = "kind")]
[INFO] [stdout]     |   ^^^^^
[INFO] [stdout] 110 | #[derive(Debug, Clone, PartialEq, Eq, Serialize, Deserialize)]
[INFO] [stdout]     |                                       --------- the attribute is introduced here
[INFO] [stdout]     |
[INFO] [stdout]     = warning: this was previously accepted by the compiler but is being phased out; it will become a hard error in a future release!
[INFO] [stdout]     = note: for more information, see issue #79202 <https://github.com/rust-lang/rust/issues/79202>
[INFO] [stdout] 
[INFO] [stdout] 
[INFO] [stderr] Caused by:
[INFO] [stdout] warning: derive helper attribute is used before it is introduced
[INFO] [stdout]    --> kamu-core/src/infra/serde/yaml/dtos_odf.rs:121:3
[INFO] [stdout]     |
[INFO] [stdout] 121 | #[serde(deny_unknown_fields, rename_all = "camelCase")]
[INFO] [stdout]     |   ^^^^^
[INFO] [stdout] 122 | #[derive(Debug, Clone, PartialEq, Eq, Serialize, Deserialize)]
[INFO] [stdout]     |                                       --------- the attribute is introduced here
[INFO] [stdout]     |
[INFO] [stdout]     = warning: this was previously accepted by the compiler but is being phased out; it will become a hard error in a future release!
[INFO] [stdout]     = note: for more information, see issue #79202 <https://github.com/rust-lang/rust/issues/79202>
[INFO] [stdout] 
[INFO] [stdout] 
[INFO] [stderr]   process didn't exit successfully: `rustdoc --edition=2018 --crate-type lib --crate-name kamu kamu-core/src/lib.rs -o /opt/rustwide/target/doc --error-format=json --json=diagnostic-rendered-ansi --document-private-items -L dependency=/opt/rustwide/target/debug/deps --extern chrono=/opt/rustwide/target/debug/deps/libchrono-1b1c4adf0b87cbd2.rmeta --extern curl=/opt/rustwide/target/debug/deps/libcurl-87f04161c76ba3e9.rmeta --extern curl_sys=/opt/rustwide/target/debug/deps/libcurl_sys-f9647bfae5da0f8e.rmeta --extern flatbuffers=/opt/rustwide/target/debug/deps/libflatbuffers-8bf66205a908f48b.rmeta --extern fs_extra=/opt/rustwide/target/debug/deps/libfs_extra-b3164fe21b813f61.rmeta --extern indoc=/opt/rustwide/target/debug/deps/libindoc-bd62fc190148c565.so --extern intervals_general=/opt/rustwide/target/debug/deps/libintervals_general-ad524f00b126bf7e.rmeta --extern itertools=/opt/rustwide/target/debug/deps/libitertools-6e37ea1c5b02ce22.rmeta --extern rand=/opt/rustwide/target/debug/deps/librand-bb9e40b5a10fb412.rmeta --extern regex=/opt/rustwide/target/debug/deps/libregex-486c005b2bd184c9.rmeta --extern ringbuf=/opt/rustwide/target/debug/deps/libringbuf-76d4ae8642c3cf65.rmeta --extern crypto=/opt/rustwide/target/debug/deps/libcrypto-e4fbe9563557fd52.rmeta --extern serde=/opt/rustwide/target/debug/deps/libserde-4feb1186b2a5435b.rmeta --extern serde_with=/opt/rustwide/target/debug/deps/libserde_with-ace03aad6fd34be8.rmeta --extern serde_yaml=/opt/rustwide/target/debug/deps/libserde_yaml-b8b070f975796f81.rmeta --extern signal_hook=/opt/rustwide/target/debug/deps/libsignal_hook-aba7749c9849fb1f.rmeta --extern slog=/opt/rustwide/target/debug/deps/libslog-8b05c581959707ad.rmeta --extern tempfile=/opt/rustwide/target/debug/deps/libtempfile-6839cd59b51dc1bc.rmeta --extern thiserror=/opt/rustwide/target/debug/deps/libthiserror-27849cff520310f3.rmeta --extern url=/opt/rustwide/target/debug/deps/liburl-512a5e570c348bbe.rmeta --extern users=/opt/rustwide/target/debug/deps/libusers-b50f232e8123a17a.rmeta --extern zip=/opt/rustwide/target/debug/deps/libzip-6413ecd6b0bb6b4f.rmeta --cap-lints=warn --crate-version 0.1.0` (exit status: 1)
[INFO] [stdout] warning: derive helper attribute is used before it is introduced
[INFO] [stdout]    --> kamu-core/src/infra/serde/yaml/dtos_odf.rs:128:3
[INFO] [stdout]     |
[INFO] [stdout] 128 | #[serde(deny_unknown_fields, rename_all = "camelCase")]
[INFO] [stdout]     |   ^^^^^
[INFO] [stdout] 129 | #[derive(Debug, Clone, PartialEq, Eq, Serialize, Deserialize)]
[INFO] [stdout]     |                                       --------- the attribute is introduced here
[INFO] [stdout]     |
[INFO] [stdout]     = warning: this was previously accepted by the compiler but is being phased out; it will become a hard error in a future release!
[INFO] [stdout]     = note: for more information, see issue #79202 <https://github.com/rust-lang/rust/issues/79202>
[INFO] [stdout] 
[INFO] [stdout] 
[INFO] [stderr] warning: build failed, waiting for other jobs to finish...
[INFO] [stdout] warning: derive helper attribute is used before it is introduced
[INFO] [stdout]    --> kamu-core/src/infra/serde/yaml/dtos_odf.rs:145:3
[INFO] [stdout]     |
[INFO] [stdout] 145 | #[serde(deny_unknown_fields, rename_all = "camelCase")]
[INFO] [stdout]     |   ^^^^^
[INFO] [stdout] 146 | #[derive(Debug, Clone, PartialEq, Eq, Serialize, Deserialize)]
[INFO] [stdout]     |                                       --------- the attribute is introduced here
[INFO] [stdout]     |
[INFO] [stdout]     = warning: this was previously accepted by the compiler but is being phased out; it will become a hard error in a future release!
[INFO] [stdout]     = note: for more information, see issue #79202 <https://github.com/rust-lang/rust/issues/79202>
[INFO] [stdout] 
[INFO] [stdout] 
[INFO] [stdout] warning: derive helper attribute is used before it is introduced
[INFO] [stdout]    --> kamu-core/src/infra/serde/yaml/dtos_odf.rs:165:3
[INFO] [stdout]     |
[INFO] [stdout] 165 | #[serde(deny_unknown_fields, rename_all = "camelCase", tag = "kind")]
[INFO] [stdout]     |   ^^^^^
[INFO] [stdout] 166 | #[derive(Debug, Clone, PartialEq, Eq, Serialize, Deserialize)]
[INFO] [stdout]     |                                       --------- the attribute is introduced here
[INFO] [stdout]     |
[INFO] [stdout]     = warning: this was previously accepted by the compiler but is being phased out; it will become a hard error in a future release!
[INFO] [stdout]     = note: for more information, see issue #79202 <https://github.com/rust-lang/rust/issues/79202>
[INFO] [stdout] 
[INFO] [stdout] 
[INFO] [stdout] warning: derive helper attribute is used before it is introduced
[INFO] [stdout]    --> kamu-core/src/infra/serde/yaml/dtos_odf.rs:179:3
[INFO] [stdout]     |
[INFO] [stdout] 179 | #[serde(deny_unknown_fields, rename_all = "camelCase")]
[INFO] [stdout]     |   ^^^^^
[INFO] [stdout] 180 | #[derive(Debug, Clone, PartialEq, Eq, Serialize, Deserialize)]
[INFO] [stdout]     |                                       --------- the attribute is introduced here
[INFO] [stdout]     |
[INFO] [stdout]     = warning: this was previously accepted by the compiler but is being phased out; it will become a hard error in a future release!
[INFO] [stdout]     = note: for more information, see issue #79202 <https://github.com/rust-lang/rust/issues/79202>
[INFO] [stdout] 
[INFO] [stdout] 
[INFO] [stdout] warning: derive helper attribute is used before it is introduced
[INFO] [stdout]    --> kamu-core/src/infra/serde/yaml/dtos_odf.rs:204:3
[INFO] [stdout]     |
[INFO] [stdout] 204 | #[serde(deny_unknown_fields, rename_all = "camelCase")]
[INFO] [stdout]     |   ^^^^^
[INFO] [stdout] 205 | #[derive(Debug, Clone, PartialEq, Eq, Serialize, Deserialize)]
[INFO] [stdout]     |                                       --------- the attribute is introduced here
[INFO] [stdout]     |
[INFO] [stdout]     = warning: this was previously accepted by the compiler but is being phased out; it will become a hard error in a future release!
[INFO] [stdout]     = note: for more information, see issue #79202 <https://github.com/rust-lang/rust/issues/79202>
[INFO] [stdout] 
[INFO] [stdout] 
[INFO] [stdout] warning: derive helper attribute is used before it is introduced
[INFO] [stdout]    --> kamu-core/src/infra/serde/yaml/dtos_odf.rs:216:3
[INFO] [stdout]     |
[INFO] [stdout] 216 | #[serde(deny_unknown_fields, rename_all = "camelCase")]
[INFO] [stdout]     |   ^^^^^
[INFO] [stdout] 217 | #[derive(Debug, Clone, PartialEq, Eq, Serialize, Deserialize)]
[INFO] [stdout]     |                                       --------- the attribute is introduced here
[INFO] [stdout]     |
[INFO] [stdout]     = warning: this was previously accepted by the compiler but is being phased out; it will become a hard error in a future release!
[INFO] [stdout]     = note: for more information, see issue #79202 <https://github.com/rust-lang/rust/issues/79202>
[INFO] [stdout] 
[INFO] [stdout] 
[INFO] [stdout] warning: derive helper attribute is used before it is introduced
[INFO] [stdout]    --> kamu-core/src/infra/serde/yaml/dtos_odf.rs:223:3
[INFO] [stdout]     |
[INFO] [stdout] 223 | #[serde(deny_unknown_fields, rename_all = "camelCase")]
[INFO] [stdout]     |   ^^^^^
[INFO] [stdout] 224 | #[derive(Debug, Clone, PartialEq, Eq, Serialize, Deserialize)]
[INFO] [stdout]     |                                       --------- the attribute is introduced here
[INFO] [stdout]     |
[INFO] [stdout]     = warning: this was previously accepted by the compiler but is being phased out; it will become a hard error in a future release!
[INFO] [stdout]     = note: for more information, see issue #79202 <https://github.com/rust-lang/rust/issues/79202>
[INFO] [stdout] 
[INFO] [stdout] 
[INFO] [stdout] warning: derive helper attribute is used before it is introduced
[INFO] [stdout]    --> kamu-core/src/infra/serde/yaml/dtos_odf.rs:236:3
[INFO] [stdout]     |
[INFO] [stdout] 236 | #[serde(rename_all = "camelCase")]
[INFO] [stdout]     |   ^^^^^
[INFO] [stdout] 237 | #[derive(Debug, Clone, PartialEq, Eq, Serialize, Deserialize)]
[INFO] [stdout]     |                                       --------- the attribute is introduced here
[INFO] [stdout]     |
[INFO] [stdout]     = warning: this was previously accepted by the compiler but is being phased out; it will become a hard error in a future release!
[INFO] [stdout]     = note: for more information, see issue #79202 <https://github.com/rust-lang/rust/issues/79202>
[INFO] [stdout] 
[INFO] [stdout] 
[INFO] [stdout] warning: derive helper attribute is used before it is introduced
[INFO] [stdout]    --> kamu-core/src/infra/serde/yaml/dtos_odf.rs:250:3
[INFO] [stdout]     |
[INFO] [stdout] 250 | #[serde(deny_unknown_fields, rename_all = "camelCase", tag = "kind")]
[INFO] [stdout]     |   ^^^^^
[INFO] [stdout] 251 | #[derive(Debug, Clone, PartialEq, Eq, Serialize, Deserialize)]
[INFO] [stdout]     |                                       --------- the attribute is introduced here
[INFO] [stdout]     |
[INFO] [stdout]     = warning: this was previously accepted by the compiler but is being phased out; it will become a hard error in a future release!
[INFO] [stdout]     = note: for more information, see issue #79202 <https://github.com/rust-lang/rust/issues/79202>
[INFO] [stdout] 
[INFO] [stdout] 
[INFO] [stdout] warning: derive helper attribute is used before it is introduced
[INFO] [stdout]    --> kamu-core/src/infra/serde/yaml/dtos_odf.rs:260:3
[INFO] [stdout]     |
[INFO] [stdout] 260 | #[serde(deny_unknown_fields, rename_all = "camelCase")]
[INFO] [stdout]     |   ^^^^^
[INFO] [stdout] 261 | #[derive(Debug, Clone, PartialEq, Eq, Serialize, Deserialize)]
[INFO] [stdout]     |                                       --------- the attribute is introduced here
[INFO] [stdout]     |
[INFO] [stdout]     = warning: this was previously accepted by the compiler but is being phased out; it will become a hard error in a future release!
[INFO] [stdout]     = note: for more information, see issue #79202 <https://github.com/rust-lang/rust/issues/79202>
[INFO] [stdout] 
[INFO] [stdout] 
[INFO] [stdout] warning: derive helper attribute is used before it is introduced
[INFO] [stdout]    --> kamu-core/src/infra/serde/yaml/dtos_odf.rs:269:3
[INFO] [stdout]     |
[INFO] [stdout] 269 | #[serde(deny_unknown_fields, rename_all = "camelCase")]
[INFO] [stdout]     |   ^^^^^
[INFO] [stdout] 270 | #[derive(Debug, Clone, PartialEq, Eq, Serialize, Deserialize)]
[INFO] [stdout]     |                                       --------- the attribute is introduced here
[INFO] [stdout]     |
[INFO] [stdout]     = warning: this was previously accepted by the compiler but is being phased out; it will become a hard error in a future release!
[INFO] [stdout]     = note: for more information, see issue #79202 <https://github.com/rust-lang/rust/issues/79202>
[INFO] [stdout] 
[INFO] [stdout] 
[INFO] [stdout] warning: derive helper attribute is used before it is introduced
[INFO] [stdout]    --> kamu-core/src/infra/serde/yaml/dtos_odf.rs:279:3
[INFO] [stdout]     |
[INFO] [stdout] 279 | #[serde(deny_unknown_fields, rename_all = "camelCase")]
[INFO] [stdout]     |   ^^^^^
[INFO] [stdout] 280 | #[derive(Debug, Clone, PartialEq, Eq, Serialize, Deserialize)]
[INFO] [stdout]     |                                       --------- the attribute is introduced here
[INFO] [stdout]     |
[INFO] [stdout]     = warning: this was previously accepted by the compiler but is being phased out; it will become a hard error in a future release!
[INFO] [stdout]     = note: for more information, see issue #79202 <https://github.com/rust-lang/rust/issues/79202>
[INFO] [stdout] 
[INFO] [stdout] 
[INFO] [stdout] warning: derive helper attribute is used before it is introduced
[INFO] [stdout]    --> kamu-core/src/infra/serde/yaml/dtos_odf.rs:292:3
[INFO] [stdout]     |
[INFO] [stdout] 292 | #[serde(deny_unknown_fields, rename_all = "camelCase", tag = "kind")]
[INFO] [stdout]     |   ^^^^^
[INFO] [stdout] 293 | #[derive(Debug, Clone, PartialEq, Eq, Serialize, Deserialize)]
[INFO] [stdout]     |                                       --------- the attribute is introduced here
[INFO] [stdout]     |
[INFO] [stdout]     = warning: this was previously accepted by the compiler but is being phased out; it will become a hard error in a future release!
[INFO] [stdout]     = note: for more information, see issue #79202 <https://github.com/rust-lang/rust/issues/79202>
[INFO] [stdout] 
[INFO] [stdout] 
[INFO] [stdout] warning: derive helper attribute is used before it is introduced
[INFO] [stdout]    --> kamu-core/src/infra/serde/yaml/dtos_odf.rs:302:3
[INFO] [stdout]     |
[INFO] [stdout] 302 | #[serde(deny_unknown_fields, rename_all = "camelCase")]
[INFO] [stdout]     |   ^^^^^
[INFO] [stdout] 303 | #[derive(Debug, Clone, PartialEq, Eq, Serialize, Deserialize)]
[INFO] [stdout]     |                                       --------- the attribute is introduced here
[INFO] [stdout]     |
[INFO] [stdout]     = warning: this was previously accepted by the compiler but is being phased out; it will become a hard error in a future release!
[INFO] [stdout]     = note: for more information, see issue #79202 <https://github.com/rust-lang/rust/issues/79202>
[INFO] [stdout] 
[INFO] [stdout] 
[INFO] [stdout] warning: derive helper attribute is used before it is introduced
[INFO] [stdout]    --> kamu-core/src/infra/serde/yaml/dtos_odf.rs:310:3
[INFO] [stdout]     |
[INFO] [stdout] 310 | #[serde(deny_unknown_fields, rename_all = "camelCase")]
[INFO] [stdout]     |   ^^^^^
[INFO] [stdout] 311 | #[derive(Debug, Clone, PartialEq, Eq, Serialize, Deserialize)]
[INFO] [stdout]     |                                       --------- the attribute is introduced here
[INFO] [stdout]     |
[INFO] [stdout]     = warning: this was previously accepted by the compiler but is being phased out; it will become a hard error in a future release!
[INFO] [stdout]     = note: for more information, see issue #79202 <https://github.com/rust-lang/rust/issues/79202>
[INFO] [stdout] 
[INFO] [stdout] 
[INFO] [stdout] warning: derive helper attribute is used before it is introduced
[INFO] [stdout]    --> kamu-core/src/infra/serde/yaml/dtos_odf.rs:317:3
[INFO] [stdout]     |
[INFO] [stdout] 317 | #[serde(deny_unknown_fields, rename_all = "camelCase")]
[INFO] [stdout]     |   ^^^^^
[INFO] [stdout] 318 | #[derive(Debug, Clone, PartialEq, Eq, Serialize, Deserialize)]
[INFO] [stdout]     |                                       --------- the attribute is introduced here
[INFO] [stdout]     |
[INFO] [stdout]     = warning: this was previously accepted by the compiler but is being phased out; it will become a hard error in a future release!
[INFO] [stdout]     = note: for more information, see issue #79202 <https://github.com/rust-lang/rust/issues/79202>
[INFO] [stdout] 
[INFO] [stdout] 
[INFO] [stdout] warning: derive helper attribute is used before it is introduced
[INFO] [stdout]    --> kamu-core/src/infra/serde/yaml/dtos_odf.rs:330:3
[INFO] [stdout]     |
[INFO] [stdout] 330 | #[serde(deny_unknown_fields, rename_all = "camelCase", tag = "kind")]
[INFO] [stdout]     |   ^^^^^
[INFO] [stdout] 331 | #[derive(Debug, Clone, PartialEq, Eq, Serialize, Deserialize)]
[INFO] [stdout]     |                                       --------- the attribute is introduced here
[INFO] [stdout]     |
[INFO] [stdout]     = warning: this was previously accepted by the compiler but is being phased out; it will become a hard error in a future release!
[INFO] [stdout]     = note: for more information, see issue #79202 <https://github.com/rust-lang/rust/issues/79202>
[INFO] [stdout] 
[INFO] [stdout] 
[INFO] [stdout] warning: derive helper attribute is used before it is introduced
[INFO] [stdout]    --> kamu-core/src/infra/serde/yaml/dtos_odf.rs:340:3
[INFO] [stdout]     |
[INFO] [stdout] 340 | #[serde(deny_unknown_fields, rename_all = "camelCase")]
[INFO] [stdout]     |   ^^^^^
[INFO] [stdout] 341 | #[derive(Debug, Clone, PartialEq, Eq, Serialize, Deserialize)]
[INFO] [stdout]     |                                       --------- the attribute is introduced here
[INFO] [stdout]     |
[INFO] [stdout]     = warning: this was previously accepted by the compiler but is being phased out; it will become a hard error in a future release!
[INFO] [stdout]     = note: for more information, see issue #79202 <https://github.com/rust-lang/rust/issues/79202>
[INFO] [stdout] 
[INFO] [stdout] 
[INFO] [stdout] warning: derive helper attribute is used before it is introduced
[INFO] [stdout]   --> kamu-core/src/infra/serde/yaml/dtos_extra.rs:9:3
[INFO] [stdout]    |
[INFO] [stdout] 9  | #[serde(deny_unknown_fields, rename_all = "camelCase")]
[INFO] [stdout]    |   ^^^^^
[INFO] [stdout] 10 | #[derive(Debug, Clone, PartialEq, Eq, Serialize, Deserialize)]
[INFO] [stdout]    |                                       --------- the attribute is introduced here
[INFO] [stdout]    |
[INFO] [stdout]    = warning: this was previously accepted by the compiler but is being phased out; it will become a hard error in a future release!
[INFO] [stdout]    = note: for more information, see issue #79202 <https://github.com/rust-lang/rust/issues/79202>
[INFO] [stdout] 
[INFO] [stdout] 
[INFO] [stdout] warning: derive helper attribute is used before it is introduced
[INFO] [stdout]   --> kamu-core/src/infra/serde/yaml/dtos_extra.rs:18:3
[INFO] [stdout]    |
[INFO] [stdout] 18 | #[serde(deny_unknown_fields, rename_all = "camelCase")]
[INFO] [stdout]    |   ^^^^^
[INFO] [stdout] 19 | #[derive(Debug, Clone, PartialEq, Eq, Serialize, Deserialize)]
[INFO] [stdout]    |                                       --------- the attribute is introduced here
[INFO] [stdout]    |
[INFO] [stdout]    = warning: this was previously accepted by the compiler but is being phased out; it will become a hard error in a future release!
[INFO] [stdout]    = note: for more information, see issue #79202 <https://github.com/rust-lang/rust/issues/79202>
[INFO] [stdout] 
[INFO] [stdout] 
[INFO] [stdout] warning: derive helper attribute is used before it is introduced
[INFO] [stdout]   --> kamu-core/src/infra/serde/yaml/dtos_extra.rs:27:3
[INFO] [stdout]    |
[INFO] [stdout] 27 | #[serde(deny_unknown_fields, rename_all = "camelCase")]
[INFO] [stdout]    |   ^^^^^
[INFO] [stdout] 28 | #[derive(Debug, Clone, PartialEq, Eq, Serialize, Deserialize)]
[INFO] [stdout]    |                                       --------- the attribute is introduced here
[INFO] [stdout]    |
[INFO] [stdout]    = warning: this was previously accepted by the compiler but is being phased out; it will become a hard error in a future release!
[INFO] [stdout]    = note: for more information, see issue #79202 <https://github.com/rust-lang/rust/issues/79202>
[INFO] [stdout] 
[INFO] [stdout] 
[INFO] [stdout] error: aborting due to 3 previous errors; 39 warnings emitted
[INFO] [stdout] 
[INFO] [stdout] 
[INFO] [stdout] For more information about this error, try `rustc --explain E0554`.
[INFO] [stdout] 
[INFO] [stdout] error: aborting due to previous error
[INFO] [stdout] 
[INFO] [stdout] 
[INFO] [stdout] For more information about this error, try `rustc --explain E0554`.
[INFO] [stdout] 
[INFO] [stderr] error: build failed
[INFO] running `Command { std: "docker" "inspect" "82faad4827691c2b72b9bdb6bfdcef3073b3904e7fe42b1dd1d0bb7151db7abf", kill_on_drop: false }`
[INFO] running `Command { std: "docker" "rm" "-f" "82faad4827691c2b72b9bdb6bfdcef3073b3904e7fe42b1dd1d0bb7151db7abf", kill_on_drop: false }`
[INFO] [stdout] 82faad4827691c2b72b9bdb6bfdcef3073b3904e7fe42b1dd1d0bb7151db7abf
