[INFO] cloning repository https://github.com/kaleidawave/hackernews-prism
[INFO] running `Command { std: "git" "-c" "credential.helper=" "-c" "credential.helper=/workspace/cargo-home/bin/git-credential-null" "clone" "--bare" "https://github.com/kaleidawave/hackernews-prism" "/workspace/cache/git-repos/https%3A%2F%2Fgithub.com%2Fkaleidawave%2Fhackernews-prism", kill_on_drop: false }`
[INFO] [stderr] Cloning into bare repository '/workspace/cache/git-repos/https%3A%2F%2Fgithub.com%2Fkaleidawave%2Fhackernews-prism'...
[INFO] running `Command { std: "git" "rev-parse" "HEAD", kill_on_drop: false }`
[INFO] [stdout] 4537652060e0011e2e34be5de64036302d739a03
[INFO] documenting kaleidawave/hackernews-prism against 1.54.0 for beta-1.55-rustdoc-1
[INFO] running `Command { std: "git" "clone" "/workspace/cache/git-repos/https%3A%2F%2Fgithub.com%2Fkaleidawave%2Fhackernews-prism" "/workspace/builds/worker-63/source", kill_on_drop: false }`
[INFO] [stderr] Cloning into '/workspace/builds/worker-63/source'...
[INFO] [stderr] done.
[INFO] validating manifest of git repo https://github.com/kaleidawave/hackernews-prism on toolchain 1.54.0
[INFO] running `Command { std: "/workspace/cargo-home/bin/cargo" "+1.54.0" "metadata" "--manifest-path" "Cargo.toml" "--no-deps", kill_on_drop: false }`
[INFO] started tweaking git repo https://github.com/kaleidawave/hackernews-prism
[INFO] finished tweaking git repo https://github.com/kaleidawave/hackernews-prism
[INFO] tweaked toml for git repo https://github.com/kaleidawave/hackernews-prism written to /workspace/builds/worker-63/source/Cargo.toml
[INFO] crate git repo https://github.com/kaleidawave/hackernews-prism already has a lockfile, it will not be regenerated
[INFO] running `Command { std: "/workspace/cargo-home/bin/cargo" "+1.54.0" "fetch" "--manifest-path" "Cargo.toml", kill_on_drop: false }`
[INFO] [stderr]     Blocking waiting for file lock on package cache
[INFO] [stderr]     Blocking waiting for file lock on package cache
[INFO] [stderr]  Downloading crates ...
[INFO] [stderr]   Downloaded awc v2.0.1
[INFO] [stderr]   Downloaded actix-http v2.1.0
[INFO] [stderr]   Downloaded async-recursion v0.2.0
[INFO] [stderr]   Downloaded actix-web v3.2.0
[INFO] [stderr]   Downloaded html-escape v0.2.6
[INFO] running `Command { std: "docker" "create" "-v" "/var/lib/crater-agent-workspace/builds/worker-63/target:/opt/rustwide/target:rw,Z" "-v" "/var/lib/crater-agent-workspace/builds/worker-63/source:/opt/rustwide/workdir:ro,Z" "-v" "/var/lib/crater-agent-workspace/cargo-home:/opt/rustwide/cargo-home:ro,Z" "-v" "/var/lib/crater-agent-workspace/rustup-home:/opt/rustwide/rustup-home:ro,Z" "-e" "SOURCE_DIR=/opt/rustwide/workdir" "-e" "CARGO_TARGET_DIR=/opt/rustwide/target" "-e" "CARGO_HOME=/opt/rustwide/cargo-home" "-e" "RUSTUP_HOME=/opt/rustwide/rustup-home" "-w" "/opt/rustwide/workdir" "-m" "1610612736" "--user" "0:0" "--network" "none" "ghcr.io/rust-lang/crates-build-env/linux@sha256:34b6a614d2c27851fe6cbf88fbd1137609cefab8b10d0615aaeb6fd47975d74e" "/opt/rustwide/cargo-home/bin/cargo" "+1.54.0" "metadata" "--no-deps" "--format-version=1", kill_on_drop: false }`
[INFO] [stdout] febac681f2da7df2c898f781bba8d5ceb97c4945ad0401e0f8b5a307fde5d9ee
[INFO] running `Command { std: "docker" "start" "-a" "febac681f2da7df2c898f781bba8d5ceb97c4945ad0401e0f8b5a307fde5d9ee", kill_on_drop: false }`
[INFO] running `Command { std: "docker" "inspect" "febac681f2da7df2c898f781bba8d5ceb97c4945ad0401e0f8b5a307fde5d9ee", kill_on_drop: false }`
[INFO] running `Command { std: "docker" "rm" "-f" "febac681f2da7df2c898f781bba8d5ceb97c4945ad0401e0f8b5a307fde5d9ee", kill_on_drop: false }`
[INFO] [stdout] febac681f2da7df2c898f781bba8d5ceb97c4945ad0401e0f8b5a307fde5d9ee
[INFO] running `Command { std: "docker" "create" "-v" "/var/lib/crater-agent-workspace/builds/worker-63/target:/opt/rustwide/target:rw,Z" "-v" "/var/lib/crater-agent-workspace/builds/worker-63/source:/opt/rustwide/workdir:ro,Z" "-v" "/var/lib/crater-agent-workspace/cargo-home:/opt/rustwide/cargo-home:ro,Z" "-v" "/var/lib/crater-agent-workspace/rustup-home:/opt/rustwide/rustup-home:ro,Z" "-e" "SOURCE_DIR=/opt/rustwide/workdir" "-e" "CARGO_TARGET_DIR=/opt/rustwide/target" "-e" "CARGO_INCREMENTAL=0" "-e" "RUST_BACKTRACE=full" "-e" "RUSTDOCFLAGS=--cap-lints=warn" "-e" "CARGO_HOME=/opt/rustwide/cargo-home" "-e" "RUSTUP_HOME=/opt/rustwide/rustup-home" "-w" "/opt/rustwide/workdir" "-m" "1610612736" "--user" "0:0" "--network" "none" "ghcr.io/rust-lang/crates-build-env/linux@sha256:34b6a614d2c27851fe6cbf88fbd1137609cefab8b10d0615aaeb6fd47975d74e" "/opt/rustwide/cargo-home/bin/cargo" "+1.54.0" "doc" "--frozen" "--no-deps" "--document-private-items" "--message-format=json", kill_on_drop: false }`
[INFO] [stdout] d4ac6485b942e9c903a9b7c29c5b8c22e2763110f258d7df5d449345d414b042
[INFO] running `Command { std: "docker" "start" "-a" "d4ac6485b942e9c903a9b7c29c5b8c22e2763110f258d7df5d449345d414b042", kill_on_drop: false }`
[INFO] [stderr]     Blocking waiting for file lock on package cache
[INFO] [stderr]    Compiling proc-macro2 v1.0.24
[INFO] [stderr]    Compiling unicode-xid v0.2.1
[INFO] [stderr]    Compiling syn v1.0.48
[INFO] [stderr]    Compiling libc v0.2.80
[INFO] [stderr]    Compiling memchr v2.3.4
[INFO] [stderr]    Compiling version_check v0.9.2
[INFO] [stderr]    Compiling log v0.4.11
[INFO] [stderr]    Compiling proc-macro-hack v0.5.19
[INFO] [stderr]     Checking futures-core v0.3.7
[INFO] [stderr]    Compiling cc v1.0.61
[INFO] [stderr]     Checking futures-sink v0.3.7
[INFO] [stderr]     Checking bytes v0.5.6
[INFO] [stderr]    Compiling proc-macro-nested v0.1.6
[INFO] [stderr]     Checking once_cell v1.4.1
[INFO] [stderr]     Checking futures-io v0.3.7
[INFO] [stderr]     Checking pin-project-lite v0.1.11
[INFO] [stderr]    Compiling pin-project-internal v0.4.27
[INFO] [stderr]     Checking smallvec v1.4.2
[INFO] [stderr]    Compiling getrandom v0.1.15
[INFO] [stderr]    Compiling serde_derive v1.0.117
[INFO] [stderr]     Checking itoa v0.4.6
[INFO] [stderr]    Compiling serde v1.0.117
[INFO] [stderr]     Checking tinyvec v0.3.4
[INFO] [stderr]    Compiling const_fn v0.4.3
[INFO] [stderr]     Checking copyless v0.1.5
[INFO] [stderr]     Checking adler v0.2.3
[INFO] [stderr]    Compiling typenum v1.12.0
[INFO] [stderr]     Checking gimli v0.23.0
[INFO] [stderr]    Compiling unicode-segmentation v1.6.0
[INFO] [stderr]     Checking rustc-demangle v0.1.18
[INFO] [stderr]     Checking object v0.22.0
[INFO] [stderr]     Checking match_cfg v0.1.0
[INFO] [stderr]     Checking ahash v0.4.6
[INFO] [stderr]    Compiling byteorder v1.3.4
[INFO] [stderr]     Checking regex-syntax v0.6.21
[INFO] [stderr]    Compiling encoding_rs v0.8.26
[INFO] [stderr]     Checking linked-hash-map v0.5.3
[INFO] [stderr]    Compiling crc32fast v1.2.1
[INFO] [stderr]     Checking quick-error v1.2.3
[INFO] [stderr]    Compiling serde_json v1.0.59
[INFO] [stderr]     Checking dtoa v0.4.6
[INFO] [stderr]     Checking cpuid-bool v0.1.2
[INFO] [stderr]     Checking base64 v0.13.0
[INFO] [stderr]    Compiling v_escape v0.13.2
[INFO] [stderr]    Compiling curl v0.4.34
[INFO] [stderr]    Compiling v_htmlescape v0.10.4
[INFO] [stderr]    Compiling isahc v0.9.11
[INFO] [stderr]     Checking humantime v2.0.1
[INFO] [stderr]     Checking utf8-width v0.1.4
[INFO] [stderr]     Checking termcolor v1.1.0
[INFO] [stderr]     Checking instant v0.1.8
[INFO] [stderr]     Checking lock_api v0.4.1
[INFO] [stderr]    Compiling miniz_oxide v0.4.3
[INFO] [stderr]     Checking tracing-core v0.1.17
[INFO] [stderr]    Compiling indexmap v1.6.0
[INFO] [stderr]     Checking thread_local v1.0.1
[INFO] [stderr]    Compiling nom v4.2.3
[INFO] [stderr]    Compiling num-traits v0.2.14
[INFO] [stderr]    Compiling crossbeam-utils v0.8.0
[INFO] [stderr]    Compiling num-integer v0.1.44
[INFO] [stderr]     Checking tinyvec v1.0.1
[INFO] [stderr]     Checking futures-channel v0.3.7
[INFO] [stderr]     Checking unicode-normalization v0.1.13
[INFO] [stderr]     Checking buf-min v0.1.1
[INFO] [stderr]     Checking bytestring v0.1.5
[INFO] [stderr]     Checking hashbrown v0.9.1
[INFO] [stderr]     Checking http v0.2.1
[INFO] [stderr]     Checking html-escape v0.2.6
[INFO] [stderr]    Compiling standback v0.2.11
[INFO] [stderr]    Compiling generic-array v0.14.4
[INFO] [stderr]    Compiling time v0.2.22
[INFO] [stderr]    Compiling unicase v2.6.0
[INFO] [stderr]    Compiling cookie v0.14.2
[INFO] [stderr]     Checking futures-task v0.3.7
[INFO] [stderr]    Compiling openssl-sys v0.9.58
[INFO] [stderr]    Compiling libz-sys v1.1.2
[INFO] [stderr]    Compiling libnghttp2-sys v0.1.4+1.41.0
[INFO] [stderr]    Compiling brotli-sys v0.3.2
[INFO] [stderr]    Compiling curl-sys v0.4.38+curl-7.73.0
[INFO] [stderr]    Compiling heck v0.3.1
[INFO] [stderr]     Checking addr2line v0.14.0
[INFO] [stderr]     Checking lru-cache v0.1.2
[INFO] [stderr]     Checking idna v0.2.0
[INFO] [stderr]     Checking lru v0.6.1
[INFO] [stderr]     Checking aho-corasick v0.7.15
[INFO] [stderr]     Checking fxhash v0.2.1
[INFO] [stderr]     Checking url v2.1.1
[INFO] [stderr]    Compiling quote v1.0.7
[INFO] [stderr]     Checking iovec v0.1.4
[INFO] [stderr]     Checking net2 v0.2.35
[INFO] [stderr]     Checking signal-hook-registry v1.2.2
[INFO] [stderr]     Checking num_cpus v1.13.0
[INFO] [stderr]     Checking parking_lot_core v0.8.0
[INFO] [stderr]     Checking hostname v0.3.1
[INFO] [stderr]     Checking socket2 v0.3.15
[INFO] [stderr]     Checking time v0.1.44
[INFO] [stderr]     Checking atty v0.2.14
[INFO] [stderr]     Checking backtrace v0.3.54
[INFO] [stderr]     Checking flate2 v1.0.19
[INFO] [stderr]     Checking resolv-conf v0.6.3
[INFO] [stderr]     Checking mio v0.6.22
[INFO] [stderr]    Compiling mime_guess v2.0.3
[INFO] [stderr]     Checking regex v1.4.2
[INFO] [stderr]     Checking threadpool v1.8.1
[INFO] [stderr]     Checking rand_core v0.5.1
[INFO] [stderr]     Checking rand_chacha v0.2.2
[INFO] [stderr]     Checking parking_lot v0.11.0
[INFO] [stderr]     Checking digest v0.9.0
[INFO] [stderr]     Checking block-buffer v0.9.0
[INFO] [stderr]     Checking env_logger v0.8.1
[INFO] [stderr]     Checking crossbeam-channel v0.5.0
[INFO] [stderr]     Checking sha-1 v0.9.2
[INFO] [stderr]     Checking mio-uds v0.6.8
[INFO] [stderr]     Checking rand v0.7.3
[INFO] [stderr]     Checking tokio v0.2.22
[INFO] [stderr]     Checking tokio-util v0.3.1
[INFO] [stderr]     Checking brotli2 v0.3.2
[INFO] [stderr]    Compiling pin-project-internal v1.0.1
[INFO] [stderr]    Compiling futures-macro v0.3.7
[INFO] [stderr]    Compiling derive_more v0.99.11
[INFO] [stderr]    Compiling actix-macros v0.1.2
[INFO] [stderr]    Compiling tracing-attributes v0.1.11
[INFO] [stderr]    Compiling thiserror-impl v1.0.22
[INFO] [stderr]    Compiling time-macros-impl v0.1.1
[INFO] [stderr]    Compiling enum-as-inner v0.3.3
[INFO] [stderr]    Compiling async-trait v0.1.41
[INFO] [stderr]    Compiling v_escape_derive v0.8.4
[INFO] [stderr]    Compiling actix-web-codegen v0.4.0
[INFO] [stderr]    Compiling async-recursion v0.2.0
[INFO] [stderr]     Checking time-macros v0.1.1
[INFO] [stderr]     Checking thiserror v1.0.22
[INFO] [stderr]     Checking tracing v0.1.21
[INFO] [stderr]     Checking pin-project v1.0.1
[INFO] [stderr]     Checking pin-project v0.4.27
[INFO] [stderr]     Checking futures-util v0.3.7
[INFO] [stderr]     Checking actix-codec v0.3.0
[INFO] [stderr]     Checking tracing-futures v0.2.4
[INFO] [stderr]     Checking actix-threadpool v0.3.3
[INFO] [stderr]     Checking actix-rt v1.1.1
[INFO] [stderr]     Checking actix-service v1.0.6
[INFO] [stderr]     Checking futures-executor v0.3.7
[INFO] [stderr]     Checking h2 v0.2.7
[INFO] [stderr]     Checking sluice v0.5.2
[INFO] [stderr]     Checking futures v0.3.7
[INFO] [stderr]     Checking trust-dns-proto v0.19.5
[INFO] [stderr]     Checking actix-utils v2.0.0
[INFO] [stderr]     Checking actix-server v1.0.4
[INFO] [stderr]     Checking actix-tls v2.0.0
[INFO] [stderr]     Checking actix-testing v1.0.1
[INFO] [stderr]     Checking trust-dns-resolver v0.19.5
[INFO] [stderr]     Checking serde_urlencoded v0.6.1
[INFO] [stderr]     Checking actix-router v0.2.5
[INFO] [stderr]     Checking chrono v0.4.19
[INFO] [stderr]     Checking actix-connect v2.0.0
[INFO] [stderr]     Checking actix-http v2.1.0
[INFO] [stderr]     Checking awc v2.0.1
[INFO] [stderr]     Checking actix-web v3.2.0
[INFO] [stderr]     Checking actix-files v0.3.0
[INFO] [stderr]  Documenting hackernews-prism v0.1.0 (/opt/rustwide/workdir)
[INFO] [stdout] error[E0583]: file not found for module `templates`
[INFO] [stdout]  --> src/main.rs:7:1
[INFO] [stdout]   |
[INFO] [stdout] 7 | mod templates;
[INFO] [stdout]   | ^^^^^^^^^^^^^^
[INFO] [stdout]   |
[INFO] [stdout]   = help: to create the module `templates`, create file "src/templates.rs" or "src/templates/mod.rs"
[INFO] [stdout] 
[INFO] [stdout] 
[INFO] [stdout] error[E0432]: unresolved import `crate::templates::story_preview_component_prism`
[INFO] [stdout]  --> src/api/stories.rs:1:23
[INFO] [stdout]   |
[INFO] [stdout] 1 | use crate::templates::story_preview_component_prism::IStoryItem;
[INFO] [stdout]   |                       ^^^^^^^^^^^^^^^^^^^^^^^^^^^^^ could not find `story_preview_component_prism` in `templates`
[INFO] [stdout] 
[INFO] [stdout] 
[INFO] [stdout] error[E0432]: unresolved import `crate::templates::story_page_prism`
[INFO] [stdout]  --> src/api/items.rs:2:23
[INFO] [stdout]   |
[INFO] [stdout] 2 | use crate::templates::story_page_prism::IStoryPageData;
[INFO] [stdout]   |                       ^^^^^^^^^^^^^^^^ could not find `story_page_prism` in `templates`
[INFO] [stdout] 
[INFO] [stdout] 
[INFO] [stdout] error[E0432]: unresolved import `crate::templates::comment_component_prism`
[INFO] [stdout]  --> src/api/items.rs:3:23
[INFO] [stdout]   |
[INFO] [stdout] 3 | use crate::templates::comment_component_prism::IComment;
[INFO] [stdout]   |                       ^^^^^^^^^^^^^^^^^^^^^^^ could not find `comment_component_prism` in `templates`
[INFO] [stdout] 
[INFO] [stdout] 
[INFO] [stdout] error[E0432]: unresolved import `crate::templates::story_preview_component_prism`
[INFO] [stdout]  --> src/api/items.rs:4:23
[INFO] [stdout]   |
[INFO] [stdout] 4 | use crate::templates::story_preview_component_prism::IStoryItem;
[INFO] [stdout]   |                       ^^^^^^^^^^^^^^^^^^^^^^^^^^^^^ could not find `story_preview_component_prism` in `templates`
[INFO] [stdout] 
[INFO] [stdout] 
[INFO] [stdout] error[E0432]: unresolved import `crate::templates::user_page_prism`
[INFO] [stdout]  --> src/api/items.rs:5:23
[INFO] [stdout]   |
[INFO] [stdout] 5 | use crate::templates::user_page_prism::IUserData;
[INFO] [stdout]   |                       ^^^^^^^^^^^^^^^ could not find `user_page_prism` in `templates`
[INFO] [stdout] 
[INFO] [stdout] 
[INFO] [stdout] error[E0432]: unresolved import `templates::index_page_prism`
[INFO] [stdout]   --> src/main.rs:10:16
[INFO] [stdout]    |
[INFO] [stdout] 10 | use templates::index_page_prism::{render_index_page_page, IIndexPageData};
[INFO] [stdout]    |                ^^^^^^^^^^^^^^^^ could not find `index_page_prism` in `templates`
[INFO] [stdout] 
[INFO] [stdout] 
[INFO] [stdout] error[E0432]: unresolved import `templates::story_page_prism`
[INFO] [stdout]   --> src/main.rs:11:16
[INFO] [stdout]    |
[INFO] [stdout] 11 | use templates::story_page_prism::{render_story_page_page, render_story_page_component_content};
[INFO] [stdout]    |                ^^^^^^^^^^^^^^^^ could not find `story_page_prism` in `templates`
[INFO] [stdout] 
[INFO] [stdout] 
[INFO] [stdout] error[E0432]: unresolved import `templates::user_page_prism`
[INFO] [stdout]   --> src/main.rs:12:16
[INFO] [stdout]    |
[INFO] [stdout] 12 | use templates::user_page_prism::render_user_page_page;
[INFO] [stdout]    |                ^^^^^^^^^^^^^^^ could not find `user_page_prism` in `templates`
[INFO] [stdout] 
[INFO] [stdout] 
[INFO] [stdout] error[E0432]: unresolved import `templates::story_preview_component_prism`
[INFO] [stdout]   --> src/main.rs:13:16
[INFO] [stdout]    |
[INFO] [stdout] 13 | use templates::story_preview_component_prism::render_story_preview_component_content;
[INFO] [stdout]    |                ^^^^^^^^^^^^^^^^^^^^^^^^^^^^^ could not find `story_preview_component_prism` in `templates`
[INFO] [stdout] 
[INFO] [stdout] 
[INFO] [stdout] error: Compilation failed, aborting rustdoc
[INFO] [stdout] 
[INFO] [stdout] 
[INFO] [stdout] error: aborting due to 11 previous errors
[INFO] [stdout] 
[INFO] [stdout] 
[INFO] [stdout] Some errors have detailed explanations: E0432, E0583.
[INFO] [stdout] 
[INFO] [stdout] For more information about an error, try `rustc --explain E0432`.
[INFO] [stdout] 
[INFO] [stderr] error: could not document `hackernews-prism`
[INFO] [stderr] 
[INFO] [stderr] Caused by:
[INFO] [stderr]   process didn't exit successfully: `rustdoc --edition=2018 --crate-type bin --crate-name hackernews_prism src/main.rs -o /opt/rustwide/target/doc --error-format=json --json=diagnostic-rendered-ansi --document-private-items -L dependency=/opt/rustwide/target/debug/deps --extern actix_files=/opt/rustwide/target/debug/deps/libactix_files-f8cfc839fa846f5f.rmeta --extern actix_web=/opt/rustwide/target/debug/deps/libactix_web-510290c1ba6da552.rmeta --extern async_recursion=/opt/rustwide/target/debug/deps/libasync_recursion-f4da51a426bcf8a7.so --extern chrono=/opt/rustwide/target/debug/deps/libchrono-3ab6b4c8ab228cfd.rmeta --extern env_logger=/opt/rustwide/target/debug/deps/libenv_logger-2528dcd23f1d07a1.rmeta --extern futures=/opt/rustwide/target/debug/deps/libfutures-9885e601f42f7900.rmeta --extern html_escape=/opt/rustwide/target/debug/deps/libhtml_escape-4c7b3d931d3986f9.rmeta --extern isahc=/opt/rustwide/target/debug/deps/libisahc-22c4f0f484d070c6.rmeta --extern lazy_static=/opt/rustwide/target/debug/deps/liblazy_static-acd7d23482fe8b54.rmeta --extern lru=/opt/rustwide/target/debug/deps/liblru-36ca5a0a7ff00e6f.rmeta --extern serde=/opt/rustwide/target/debug/deps/libserde-fab409dc43f7a0df.rmeta --extern serde_json=/opt/rustwide/target/debug/deps/libserde_json-d1dfe5fbea057ff2.rmeta --cap-lints=warn --crate-version 0.1.0` (exit status: 1)
[INFO] running `Command { std: "docker" "inspect" "d4ac6485b942e9c903a9b7c29c5b8c22e2763110f258d7df5d449345d414b042", kill_on_drop: false }`
[INFO] running `Command { std: "docker" "rm" "-f" "d4ac6485b942e9c903a9b7c29c5b8c22e2763110f258d7df5d449345d414b042", kill_on_drop: false }`
[INFO] [stdout] d4ac6485b942e9c903a9b7c29c5b8c22e2763110f258d7df5d449345d414b042
