[INFO] cloning repository https://github.com/kakoc/myox_tcp
[INFO] running `Command { std: "git" "-c" "credential.helper=" "-c" "credential.helper=/workspace/cargo-home/bin/git-credential-null" "clone" "--bare" "https://github.com/kakoc/myox_tcp" "/workspace/cache/git-repos/https%3A%2F%2Fgithub.com%2Fkakoc%2Fmyox_tcp", kill_on_drop: false }`
[INFO] [stderr] Cloning into bare repository '/workspace/cache/git-repos/https%3A%2F%2Fgithub.com%2Fkakoc%2Fmyox_tcp'...
[INFO] running `Command { std: "git" "rev-parse" "HEAD", kill_on_drop: false }`
[INFO] [stdout] ac4133f95c93339fb1a7564457da6e57b7b9c923
[INFO] documenting kakoc/myox_tcp against beta-2021-08-01 for beta-1.55-rustdoc-1
[INFO] running `Command { std: "git" "clone" "/workspace/cache/git-repos/https%3A%2F%2Fgithub.com%2Fkakoc%2Fmyox_tcp" "/workspace/builds/worker-116/source", kill_on_drop: false }`
[INFO] [stderr] Cloning into '/workspace/builds/worker-116/source'...
[INFO] [stderr] done.
[INFO] validating manifest of git repo https://github.com/kakoc/myox_tcp on toolchain beta-2021-08-01
[INFO] running `Command { std: "/workspace/cargo-home/bin/cargo" "+beta-2021-08-01" "metadata" "--manifest-path" "Cargo.toml" "--no-deps", kill_on_drop: false }`
[INFO] started tweaking git repo https://github.com/kakoc/myox_tcp
[INFO] finished tweaking git repo https://github.com/kakoc/myox_tcp
[INFO] tweaked toml for git repo https://github.com/kakoc/myox_tcp written to /workspace/builds/worker-116/source/Cargo.toml
[INFO] crate git repo https://github.com/kakoc/myox_tcp already has a lockfile, it will not be regenerated
[INFO] running `Command { std: "/workspace/cargo-home/bin/cargo" "+beta-2021-08-01" "fetch" "--manifest-path" "Cargo.toml", kill_on_drop: false }`
[INFO] [stderr]     Blocking waiting for file lock on package cache
[INFO] [stderr]     Blocking waiting for file lock on package cache
[INFO] [stderr]  Downloading crates ...
[INFO] [stderr]   Downloaded pnet_base v0.26.0
[INFO] [stderr]   Downloaded pnet_macros_support v0.26.0
[INFO] [stderr]   Downloaded managed v0.7.2
[INFO] [stderr]   Downloaded packet-builder v0.5.0
[INFO] [stderr]   Downloaded pnet_datalink v0.26.0
[INFO] [stderr]   Downloaded pnet_sys v0.26.0
[INFO] [stderr]   Downloaded pnet v0.26.0
[INFO] [stderr]   Downloaded pnet_macros v0.26.0
[INFO] [stderr]   Downloaded ctrlc v3.1.6
[INFO] [stderr]   Downloaded pnet_packet v0.26.0
[INFO] [stderr]   Downloaded pnet_transport v0.26.0
[INFO] [stderr]   Downloaded pnet v0.16.0
[INFO] [stderr]   Downloaded pnet_macros v0.15.0
[INFO] running `Command { std: "docker" "create" "-v" "/var/lib/crater-agent-workspace/builds/worker-116/target:/opt/rustwide/target:rw,Z" "-v" "/var/lib/crater-agent-workspace/builds/worker-116/source:/opt/rustwide/workdir:ro,Z" "-v" "/var/lib/crater-agent-workspace/cargo-home:/opt/rustwide/cargo-home:ro,Z" "-v" "/var/lib/crater-agent-workspace/rustup-home:/opt/rustwide/rustup-home:ro,Z" "-e" "SOURCE_DIR=/opt/rustwide/workdir" "-e" "CARGO_TARGET_DIR=/opt/rustwide/target" "-e" "CARGO_HOME=/opt/rustwide/cargo-home" "-e" "RUSTUP_HOME=/opt/rustwide/rustup-home" "-w" "/opt/rustwide/workdir" "-m" "1610612736" "--user" "0:0" "--network" "none" "ghcr.io/rust-lang/crates-build-env/linux@sha256:34b6a614d2c27851fe6cbf88fbd1137609cefab8b10d0615aaeb6fd47975d74e" "/opt/rustwide/cargo-home/bin/cargo" "+beta-2021-08-01" "metadata" "--no-deps" "--format-version=1", kill_on_drop: false }`
[INFO] [stdout] 9933bbc54f8d881362d73b314d09afac78ccabfe202db37609c6cd8a546cf32c
[INFO] running `Command { std: "docker" "start" "-a" "9933bbc54f8d881362d73b314d09afac78ccabfe202db37609c6cd8a546cf32c", kill_on_drop: false }`
[INFO] running `Command { std: "docker" "inspect" "9933bbc54f8d881362d73b314d09afac78ccabfe202db37609c6cd8a546cf32c", kill_on_drop: false }`
[INFO] running `Command { std: "docker" "rm" "-f" "9933bbc54f8d881362d73b314d09afac78ccabfe202db37609c6cd8a546cf32c", kill_on_drop: false }`
[INFO] [stdout] 9933bbc54f8d881362d73b314d09afac78ccabfe202db37609c6cd8a546cf32c
[INFO] running `Command { std: "docker" "create" "-v" "/var/lib/crater-agent-workspace/builds/worker-116/target:/opt/rustwide/target:rw,Z" "-v" "/var/lib/crater-agent-workspace/builds/worker-116/source:/opt/rustwide/workdir:ro,Z" "-v" "/var/lib/crater-agent-workspace/cargo-home:/opt/rustwide/cargo-home:ro,Z" "-v" "/var/lib/crater-agent-workspace/rustup-home:/opt/rustwide/rustup-home:ro,Z" "-e" "SOURCE_DIR=/opt/rustwide/workdir" "-e" "CARGO_TARGET_DIR=/opt/rustwide/target" "-e" "CARGO_INCREMENTAL=0" "-e" "RUST_BACKTRACE=full" "-e" "RUSTDOCFLAGS=--cap-lints=warn" "-e" "CARGO_HOME=/opt/rustwide/cargo-home" "-e" "RUSTUP_HOME=/opt/rustwide/rustup-home" "-w" "/opt/rustwide/workdir" "-m" "1610612736" "--user" "0:0" "--network" "none" "ghcr.io/rust-lang/crates-build-env/linux@sha256:34b6a614d2c27851fe6cbf88fbd1137609cefab8b10d0615aaeb6fd47975d74e" "/opt/rustwide/cargo-home/bin/cargo" "+beta-2021-08-01" "doc" "--frozen" "--no-deps" "--document-private-items" "--message-format=json", kill_on_drop: false }`
[INFO] [stdout] 9ecc089395bf53b970ed88de2de21bef51638d292f9ae1b3776a416218bb0b53
[INFO] running `Command { std: "docker" "start" "-a" "9ecc089395bf53b970ed88de2de21bef51638d292f9ae1b3776a416218bb0b53", kill_on_drop: false }`
[INFO] [stderr]     Blocking waiting for file lock on package cache
[INFO] [stderr]    Compiling libc v0.2.77
[INFO] [stderr]    Compiling log v0.4.11
[INFO] [stderr]    Compiling cfg-if v0.1.10
[INFO] [stderr]     Checking futures v0.1.29
[INFO] [stderr]    Compiling rustc-serialize v0.3.24
[INFO] [stderr]    Compiling term v0.4.6
[INFO] [stderr]    Compiling unicode-xid v0.0.3
[INFO] [stderr]    Compiling bitflags v0.5.0
[INFO] [stderr]    Compiling regex v0.2.11
[INFO] [stderr]    Compiling regex-syntax v0.6.18
[INFO] [stderr]     Checking pnet_base v0.26.0
[INFO] [stderr]    Compiling glob v0.2.11
[INFO] [stderr]    Compiling proc-macro2 v1.0.21
[INFO] [stderr]    Compiling ucd-util v0.1.8
[INFO] [stderr]    Compiling serde v1.0.116
[INFO] [stderr]    Compiling utf8-ranges v1.0.4
[INFO] [stderr]    Compiling winapi-build v0.1.1
[INFO] [stderr]    Compiling syn v1.0.41
[INFO] [stderr]    Compiling nix v0.17.0
[INFO] [stderr]    Compiling pnet v0.26.0
[INFO] [stderr]    Compiling cc v1.0.59
[INFO] [stderr]     Checking winapi v0.2.8
[INFO] [stderr]     Checking void v1.0.2
[INFO] [stderr]     Checking scoped-tls v0.1.2
[INFO] [stderr]     Checking managed v0.7.2
[INFO] [stderr]     Checking ipnetwork v0.12.8
[INFO] [stderr]    Compiling crossbeam-utils v0.7.2
[INFO] [stderr]    Compiling maybe-uninit v2.0.0
[INFO] [stderr]    Compiling memoffset v0.5.5
[INFO] [stderr]    Compiling crossbeam-epoch v0.8.2
[INFO] [stderr]    Compiling thread_local v1.0.1
[INFO] [stderr]     Checking syntex_pos v0.42.0
[INFO] [stderr]    Compiling thread_local v0.3.6
[INFO] [stderr]    Compiling memchr v2.3.3
[INFO] [stderr]    Compiling rustc_version v0.2.3
[INFO] [stderr]     Checking aho-corasick v0.6.10
[INFO] [stderr]     Checking etherparse v0.9.0
[INFO] [stderr]    Compiling regex-syntax v0.5.6
[INFO] [stderr]     Checking pnet_macros_support v0.26.0
[INFO] [stderr]     Checking tokio-sync v0.1.8
[INFO] [stderr]    Compiling ws2_32-sys v0.2.1
[INFO] [stderr]    Compiling aho-corasick v0.7.13
[INFO] [stderr]    Compiling parking_lot_core v0.6.2
[INFO] [stderr]    Compiling parking_lot v0.9.0
[INFO] [stderr]     Checking smallvec v0.6.13
[INFO] [stderr]    Compiling tun-tap v0.1.2
[INFO] [stderr]    Compiling log v0.3.9
[INFO] [stderr]    Compiling quote v1.0.7
[INFO] [stderr]    Compiling regex v1.3.9
[INFO] [stderr]     Checking iovec v0.1.4
[INFO] [stderr]     Checking net2 v0.2.35
[INFO] [stderr]     Checking num_cpus v1.13.0
[INFO] [stderr]     Checking syntex_errors v0.42.0
[INFO] [stderr]     Checking pnet_sys v0.26.0
[INFO] [stderr]     Checking smoltcp v0.6.0
[INFO] [stderr]     Checking tokio-executor v0.1.10
[INFO] [stderr]     Checking crossbeam-queue v0.2.3
[INFO] [stderr]     Checking bytes v0.4.12
[INFO] [stderr]     Checking mio v0.6.22
[INFO] [stderr]     Checking crossbeam-deque v0.7.3
[INFO] [stderr]     Checking tokio-current-thread v0.1.7
[INFO] [stderr]     Checking tokio-timer v0.2.13
[INFO] [stderr]     Checking syntex_syntax v0.42.0
[INFO] [stderr]     Checking tokio-threadpool v0.1.18
[INFO] [stderr]     Checking tokio-io v0.1.13
[INFO] [stderr]     Checking mio-uds v0.6.8
[INFO] [stderr]     Checking tokio-reactor v0.1.12
[INFO] [stderr]     Checking tokio-codec v0.1.2
[INFO] [stderr]     Checking tokio-tcp v0.1.4
[INFO] [stderr]     Checking tokio-udp v0.1.6
[INFO] [stderr]     Checking tokio-uds v0.2.7
[INFO] [stderr]     Checking tokio-fs v0.1.7
[INFO] [stderr]     Checking tokio v0.1.22
[INFO] [stderr]    Compiling derive-new v0.5.8
[INFO] [stderr]     Checking tokio-core v0.1.17
[INFO] [stderr]     Checking ipnetwork v0.16.0
[INFO] [stderr]     Checking pnet_datalink v0.26.0
[INFO] [stderr]     Checking ctrlc v3.1.6
[INFO] [stderr]     Checking syntex v0.42.2
[INFO] [stderr]     Checking pnet_macros v0.15.0
[INFO] [stderr]    Compiling pnet_macros v0.26.0
[INFO] [stderr]    Compiling pnet_packet v0.26.0
[INFO] [stderr]    Compiling pnet v0.16.0
[INFO] [stderr]     Checking pnet_transport v0.26.0
[INFO] [stderr]     Checking packet-builder v0.5.0
[INFO] [stderr]  Documenting myox_tcp v0.1.0 (/opt/rustwide/workdir)
[INFO] [stdout] error[E0433]: failed to resolve: could not find `mine` in the crate root
[INFO] [stdout]    --> src/arp/channel.rs:283:16
[INFO] [stdout]     |
[INFO] [stdout] 283 |     use crate::mine::network_interface::{
[INFO] [stdout]     |                ^^^^ could not find `mine` in the crate root
[INFO] [stdout] 
[INFO] [stdout] 
[INFO] [stdout] error[E0433]: failed to resolve: could not find `mine` in the crate root
[INFO] [stdout]    --> src/arp/channel.rs:363:16
[INFO] [stdout]     |
[INFO] [stdout] 363 |     use crate::mine::network_interface::{
[INFO] [stdout]     |                ^^^^ could not find `mine` in the crate root
[INFO] [stdout] 
[INFO] [stdout] 
[INFO] [stdout] error[E0412]: cannot find type `CSocket` in this scope
[INFO] [stdout]    --> src/arp/channel.rs:307:17
[INFO] [stdout]     |
[INFO] [stdout] 307 |         socket: CSocket,
[INFO] [stdout]     |                 ^^^^^^^ not found in this scope
[INFO] [stdout]     |
[INFO] [stdout] help: consider importing this type alias
[INFO] [stdout]     |
[INFO] [stdout] 282 |     use crate::arp::network_interface::CSocket;
[INFO] [stdout]     |
[INFO] [stdout] 
[INFO] [stdout] 
[INFO] [stdout] error[E0412]: cannot find type `SockAddr` in this scope
[INFO] [stdout]    --> src/arp/channel.rs:309:21
[INFO] [stdout]     |
[INFO] [stdout] 309 |         dst: *const SockAddr,
[INFO] [stdout]     |                     ^^^^^^^^ not found in this scope
[INFO] [stdout]     |
[INFO] [stdout] help: consider importing this type alias
[INFO] [stdout]     |
[INFO] [stdout] 282 |     use crate::arp::network_interface::SockAddr;
[INFO] [stdout]     |
[INFO] [stdout] 
[INFO] [stdout] 
[INFO] [stdout] error[E0412]: cannot find type `SockLen` in this scope
[INFO] [stdout]    --> src/arp/channel.rs:310:15
[INFO] [stdout]     |
[INFO] [stdout] 310 |         slen: SockLen,
[INFO] [stdout]     |               ^^^^^^^ not found in this scope
[INFO] [stdout]     |
[INFO] [stdout] help: consider importing this type alias
[INFO] [stdout]     |
[INFO] [stdout] 282 |     use crate::arp::network_interface::SockLen;
[INFO] [stdout]     |
[INFO] [stdout] 
[INFO] [stdout] 
[INFO] [stdout] error[E0412]: cannot find type `CSocket` in this scope
[INFO] [stdout]    --> src/arp/channel.rs:331:17
[INFO] [stdout]     |
[INFO] [stdout] 331 |         socket: CSocket,
[INFO] [stdout]     |                 ^^^^^^^ not found in this scope
[INFO] [stdout]     |
[INFO] [stdout] help: consider importing this type alias
[INFO] [stdout]     |
[INFO] [stdout] 282 |     use crate::arp::network_interface::CSocket;
[INFO] [stdout]     |
[INFO] [stdout] 
[INFO] [stdout] 
[INFO] [stdout] error[E0412]: cannot find type `SockAddrStorage` in this scope
[INFO] [stdout]    --> src/arp/channel.rs:333:21
[INFO] [stdout]     |
[INFO] [stdout] 333 |         caddr: *mut SockAddrStorage,
[INFO] [stdout]     |                     ^^^^^^^^^^^^^^^ not found in this scope
[INFO] [stdout]     |
[INFO] [stdout] help: consider importing this type alias
[INFO] [stdout]     |
[INFO] [stdout] 282 |     use crate::arp::network_interface::SockAddrStorage;
[INFO] [stdout]     |
[INFO] [stdout] 
[INFO] [stdout] 
[INFO] [stdout] error[E0412]: cannot find type `CSocket` in this scope
[INFO] [stdout]    --> src/arp/channel.rs:367:31
[INFO] [stdout]     |
[INFO] [stdout] 367 |     pub unsafe fn close(sock: CSocket) {
[INFO] [stdout]     |                               ^^^^^^^ not found in this scope
[INFO] [stdout]     |
[INFO] [stdout] help: consider importing this type alias
[INFO] [stdout]     |
[INFO] [stdout] 363 |     use crate::arp::network_interface::CSocket;
[INFO] [stdout]     |
[INFO] [stdout] 
[INFO] [stdout] 
[INFO] [stdout] error[E0412]: cannot find type `CSocket` in this scope
[INFO] [stdout]    --> src/arp/channel.rs:372:17
[INFO] [stdout]     |
[INFO] [stdout] 372 |         socket: CSocket,
[INFO] [stdout]     |                 ^^^^^^^ not found in this scope
[INFO] [stdout]     |
[INFO] [stdout] help: consider importing this type alias
[INFO] [stdout]     |
[INFO] [stdout] 363 |     use crate::arp::network_interface::CSocket;
[INFO] [stdout]     |
[INFO] [stdout] 
[INFO] [stdout] 
[INFO] [stdout] error[E0412]: cannot find type `Buf` in this scope
[INFO] [stdout]    --> src/arp/channel.rs:373:14
[INFO] [stdout]     |
[INFO] [stdout] 373 |         buf: Buf,
[INFO] [stdout]     |              ^^^ not found in this scope
[INFO] [stdout]     |
[INFO] [stdout] help: consider importing this type alias
[INFO] [stdout]     |
[INFO] [stdout] 363 |     use crate::arp::network_interface::Buf;
[INFO] [stdout]     |
[INFO] [stdout] 
[INFO] [stdout] 
[INFO] [stdout] error[E0412]: cannot find type `BufLen` in this scope
[INFO] [stdout]    --> src/arp/channel.rs:374:14
[INFO] [stdout]     |
[INFO] [stdout] 374 |         len: BufLen,
[INFO] [stdout]     |              ^^^^^^ not found in this scope
[INFO] [stdout]     |
[INFO] [stdout] help: consider importing this type alias
[INFO] [stdout]     |
[INFO] [stdout] 363 |     use crate::arp::network_interface::BufLen;
[INFO] [stdout]     |
[INFO] [stdout] 
[INFO] [stdout] 
[INFO] [stdout] error[E0412]: cannot find type `SockAddr` in this scope
[INFO] [stdout]    --> src/arp/channel.rs:376:22
[INFO] [stdout]     |
[INFO] [stdout] 376 |         addr: *const SockAddr,
[INFO] [stdout]     |                      ^^^^^^^^ not found in this scope
[INFO] [stdout]     |
[INFO] [stdout] help: consider importing this type alias
[INFO] [stdout]     |
[INFO] [stdout] 363 |     use crate::arp::network_interface::SockAddr;
[INFO] [stdout]     |
[INFO] [stdout] 
[INFO] [stdout] 
[INFO] [stdout] error[E0412]: cannot find type `SockLen` in this scope
[INFO] [stdout]    --> src/arp/channel.rs:377:18
[INFO] [stdout]     |
[INFO] [stdout] 377 |         addrlen: SockLen,
[INFO] [stdout]     |                  ^^^^^^^ not found in this scope
[INFO] [stdout]     |
[INFO] [stdout] help: consider importing this type alias
[INFO] [stdout]     |
[INFO] [stdout] 363 |     use crate::arp::network_interface::SockLen;
[INFO] [stdout]     |
[INFO] [stdout] 
[INFO] [stdout] 
[INFO] [stdout] error[E0412]: cannot find type `CouldFail` in this scope
[INFO] [stdout]    --> src/arp/channel.rs:378:10
[INFO] [stdout]     |
[INFO] [stdout] 378 |     ) -> CouldFail {
[INFO] [stdout]     |          ^^^^^^^^^ not found in this scope
[INFO] [stdout]     |
[INFO] [stdout] help: consider importing this type alias
[INFO] [stdout]     |
[INFO] [stdout] 363 |     use crate::arp::network_interface::CouldFail;
[INFO] [stdout]     |
[INFO] [stdout] 
[INFO] [stdout] 
[INFO] [stdout] error[E0412]: cannot find type `CSocket` in this scope
[INFO] [stdout]    --> src/arp/channel.rs:383:17
[INFO] [stdout]     |
[INFO] [stdout] 383 |         socket: CSocket,
[INFO] [stdout]     |                 ^^^^^^^ not found in this scope
[INFO] [stdout]     |
[INFO] [stdout] help: consider importing this type alias
[INFO] [stdout]     |
[INFO] [stdout] 363 |     use crate::arp::network_interface::CSocket;
[INFO] [stdout]     |
[INFO] [stdout] 
[INFO] [stdout] 
[INFO] [stdout] error[E0412]: cannot find type `MutBuf` in this scope
[INFO] [stdout]    --> src/arp/channel.rs:384:14
[INFO] [stdout]     |
[INFO] [stdout] 384 |         buf: MutBuf,
[INFO] [stdout]     |              ^^^^^^ not found in this scope
[INFO] [stdout]     |
[INFO] [stdout] help: consider importing this type alias
[INFO] [stdout]     |
[INFO] [stdout] 363 |     use crate::arp::network_interface::MutBuf;
[INFO] [stdout]     |
[INFO] [stdout] 
[INFO] [stdout] 
[INFO] [stdout] error[E0412]: cannot find type `BufLen` in this scope
[INFO] [stdout]    --> src/arp/channel.rs:385:14
[INFO] [stdout]     |
[INFO] [stdout] 385 |         len: BufLen,
[INFO] [stdout]     |              ^^^^^^ not found in this scope
[INFO] [stdout]     |
[INFO] [stdout] help: consider importing this type alias
[INFO] [stdout]     |
[INFO] [stdout] 363 |     use crate::arp::network_interface::BufLen;
[INFO] [stdout]     |
[INFO] [stdout] 
[INFO] [stdout] 
[INFO] [stdout] error[E0412]: cannot find type `SockAddr` in this scope
[INFO] [stdout]    --> src/arp/channel.rs:387:20
[INFO] [stdout]     |
[INFO] [stdout] 387 |         addr: *mut SockAddr,
[INFO] [stdout]     |                    ^^^^^^^^ not found in this scope
[INFO] [stdout]     |
[INFO] [stdout] help: consider importing this type alias
[INFO] [stdout]     |
[INFO] [stdout] 363 |     use crate::arp::network_interface::SockAddr;
[INFO] [stdout]     |
[INFO] [stdout] 
[INFO] [stdout] 
[INFO] [stdout] error[E0412]: cannot find type `SockLen` in this scope
[INFO] [stdout]    --> src/arp/channel.rs:388:23
[INFO] [stdout]     |
[INFO] [stdout] 388 |         addrlen: *mut SockLen,
[INFO] [stdout]     |                       ^^^^^^^ not found in this scope
[INFO] [stdout]     |
[INFO] [stdout] help: consider importing this type alias
[INFO] [stdout]     |
[INFO] [stdout] 363 |     use crate::arp::network_interface::SockLen;
[INFO] [stdout]     |
[INFO] [stdout] 
[INFO] [stdout] 
[INFO] [stdout] error[E0412]: cannot find type `CouldFail` in this scope
[INFO] [stdout]    --> src/arp/channel.rs:389:10
[INFO] [stdout]     |
[INFO] [stdout] 389 |     ) -> CouldFail {
[INFO] [stdout]     |          ^^^^^^^^^ not found in this scope
[INFO] [stdout]     |
[INFO] [stdout] help: consider importing this type alias
[INFO] [stdout]     |
[INFO] [stdout] 363 |     use crate::arp::network_interface::CouldFail;
[INFO] [stdout]     |
[INFO] [stdout] 
[INFO] [stdout] 
[INFO] [stdout] error: Compilation failed, aborting rustdoc
[INFO] [stdout] 
[INFO] [stdout] 
[INFO] [stdout] error: aborting due to 21 previous errors
[INFO] [stdout] 
[INFO] [stdout] 
[INFO] [stdout] Some errors have detailed explanations: E0412, E0433.
[INFO] [stdout] 
[INFO] [stdout] For more information about an error, try `rustc --explain E0412`.
[INFO] [stdout] 
[INFO] [stderr] error: could not document `myox_tcp`
[INFO] [stderr] 
[INFO] [stderr] Caused by:
[INFO] [stderr]   process didn't exit successfully: `rustdoc --edition=2018 --crate-type bin --crate-name myox_tcp src/main.rs -o /opt/rustwide/target/doc --error-format=json --json=diagnostic-rendered-ansi --document-private-items -L dependency=/opt/rustwide/target/debug/deps --extern byteorder=/opt/rustwide/target/debug/deps/libbyteorder-c605bb9f4f40a95b.rmeta --extern ctrlc=/opt/rustwide/target/debug/deps/libctrlc-47b178d058e22dd0.rmeta --extern etherparse=/opt/rustwide/target/debug/deps/libetherparse-d70fe362081073fc.rmeta --extern libc=/opt/rustwide/target/debug/deps/liblibc-367b4c0c80b12b65.rmeta --extern packet_builder=/opt/rustwide/target/debug/deps/libpacket_builder-94fdf8359e326385.rmeta --extern pnet=/opt/rustwide/target/debug/deps/libpnet-1e14ea0b2cac4ec1.rmeta --extern smoltcp=/opt/rustwide/target/debug/deps/libsmoltcp-6956f01a1d4c63d3.rmeta --extern tun_tap=/opt/rustwide/target/debug/deps/libtun_tap-dd994e858f22135c.rmeta --cap-lints=warn --crate-version 0.1.0` (exit status: 1)
[INFO] running `Command { std: "docker" "inspect" "9ecc089395bf53b970ed88de2de21bef51638d292f9ae1b3776a416218bb0b53", kill_on_drop: false }`
[INFO] running `Command { std: "docker" "rm" "-f" "9ecc089395bf53b970ed88de2de21bef51638d292f9ae1b3776a416218bb0b53", kill_on_drop: false }`
[INFO] [stdout] 9ecc089395bf53b970ed88de2de21bef51638d292f9ae1b3776a416218bb0b53
