[INFO] cloning repository https://github.com/kabergstrom/dmaio
[INFO] running `Command { std: "git" "-c" "credential.helper=" "-c" "credential.helper=/workspace/cargo-home/bin/git-credential-null" "clone" "--bare" "https://github.com/kabergstrom/dmaio" "/workspace/cache/git-repos/https%3A%2F%2Fgithub.com%2Fkabergstrom%2Fdmaio", kill_on_drop: false }`
[INFO] [stderr] Cloning into bare repository '/workspace/cache/git-repos/https%3A%2F%2Fgithub.com%2Fkabergstrom%2Fdmaio'...
[INFO] running `Command { std: "git" "rev-parse" "HEAD", kill_on_drop: false }`
[INFO] [stdout] 99b9c5cb17be266672373463a4f12b2740d1eed4
[INFO] documenting kabergstrom/dmaio against 1.54.0 for beta-1.55-rustdoc-1
[INFO] running `Command { std: "git" "clone" "/workspace/cache/git-repos/https%3A%2F%2Fgithub.com%2Fkabergstrom%2Fdmaio" "/workspace/builds/worker-16/source", kill_on_drop: false }`
[INFO] [stderr] Cloning into '/workspace/builds/worker-16/source'...
[INFO] [stderr] done.
[INFO] validating manifest of git repo https://github.com/kabergstrom/dmaio on toolchain 1.54.0
[INFO] running `Command { std: "/workspace/cargo-home/bin/cargo" "+1.54.0" "metadata" "--manifest-path" "Cargo.toml" "--no-deps", kill_on_drop: false }`
[INFO] started tweaking git repo https://github.com/kabergstrom/dmaio
[INFO] finished tweaking git repo https://github.com/kabergstrom/dmaio
[INFO] tweaked toml for git repo https://github.com/kabergstrom/dmaio written to /workspace/builds/worker-16/source/Cargo.toml
[INFO] crate git repo https://github.com/kabergstrom/dmaio already has a lockfile, it will not be regenerated
[INFO] running `Command { std: "/workspace/cargo-home/bin/cargo" "+1.54.0" "fetch" "--manifest-path" "Cargo.toml", kill_on_drop: false }`
[INFO] [stderr]     Blocking waiting for file lock on package cache
[INFO] [stderr]     Blocking waiting for file lock on package cache
[INFO] running `Command { std: "docker" "create" "-v" "/var/lib/crater-agent-workspace/builds/worker-16/target:/opt/rustwide/target:rw,Z" "-v" "/var/lib/crater-agent-workspace/builds/worker-16/source:/opt/rustwide/workdir:ro,Z" "-v" "/var/lib/crater-agent-workspace/cargo-home:/opt/rustwide/cargo-home:ro,Z" "-v" "/var/lib/crater-agent-workspace/rustup-home:/opt/rustwide/rustup-home:ro,Z" "-e" "SOURCE_DIR=/opt/rustwide/workdir" "-e" "CARGO_TARGET_DIR=/opt/rustwide/target" "-e" "CARGO_HOME=/opt/rustwide/cargo-home" "-e" "RUSTUP_HOME=/opt/rustwide/rustup-home" "-w" "/opt/rustwide/workdir" "-m" "1610612736" "--user" "0:0" "--network" "none" "ghcr.io/rust-lang/crates-build-env/linux@sha256:34b6a614d2c27851fe6cbf88fbd1137609cefab8b10d0615aaeb6fd47975d74e" "/opt/rustwide/cargo-home/bin/cargo" "+1.54.0" "metadata" "--no-deps" "--format-version=1", kill_on_drop: false }`
[INFO] [stdout] 1c5a4fddbaf17a34935608bef3f97a0c950a64aebbe4ebaa2b4f07e4d2e84bad
[INFO] running `Command { std: "docker" "start" "-a" "1c5a4fddbaf17a34935608bef3f97a0c950a64aebbe4ebaa2b4f07e4d2e84bad", kill_on_drop: false }`
[INFO] running `Command { std: "docker" "inspect" "1c5a4fddbaf17a34935608bef3f97a0c950a64aebbe4ebaa2b4f07e4d2e84bad", kill_on_drop: false }`
[INFO] running `Command { std: "docker" "rm" "-f" "1c5a4fddbaf17a34935608bef3f97a0c950a64aebbe4ebaa2b4f07e4d2e84bad", kill_on_drop: false }`
[INFO] [stdout] 1c5a4fddbaf17a34935608bef3f97a0c950a64aebbe4ebaa2b4f07e4d2e84bad
[INFO] running `Command { std: "docker" "create" "-v" "/var/lib/crater-agent-workspace/builds/worker-16/target:/opt/rustwide/target:rw,Z" "-v" "/var/lib/crater-agent-workspace/builds/worker-16/source:/opt/rustwide/workdir:ro,Z" "-v" "/var/lib/crater-agent-workspace/cargo-home:/opt/rustwide/cargo-home:ro,Z" "-v" "/var/lib/crater-agent-workspace/rustup-home:/opt/rustwide/rustup-home:ro,Z" "-e" "SOURCE_DIR=/opt/rustwide/workdir" "-e" "CARGO_TARGET_DIR=/opt/rustwide/target" "-e" "CARGO_INCREMENTAL=0" "-e" "RUST_BACKTRACE=full" "-e" "RUSTDOCFLAGS=--cap-lints=warn" "-e" "CARGO_HOME=/opt/rustwide/cargo-home" "-e" "RUSTUP_HOME=/opt/rustwide/rustup-home" "-w" "/opt/rustwide/workdir" "-m" "1610612736" "--user" "0:0" "--network" "none" "ghcr.io/rust-lang/crates-build-env/linux@sha256:34b6a614d2c27851fe6cbf88fbd1137609cefab8b10d0615aaeb6fd47975d74e" "/opt/rustwide/cargo-home/bin/cargo" "+1.54.0" "doc" "--frozen" "--no-deps" "--document-private-items" "--message-format=json", kill_on_drop: false }`
[INFO] [stdout] 86e585d1f3e466880e6c775db5a1b567e1903257923586cbc00ae3e1e6a839c2
[INFO] running `Command { std: "docker" "start" "-a" "86e585d1f3e466880e6c775db5a1b567e1903257923586cbc00ae3e1e6a839c2", kill_on_drop: false }`
[INFO] [stderr]    Compiling winapi v0.3.8
[INFO] [stderr]     Checking smallvec v1.4.0
[INFO] [stderr]     Checking async-task v3.0.0
[INFO] [stderr]     Checking futures-core v0.3.5
[INFO] [stderr]     Checking parking_lot_core v0.7.2
[INFO] [stderr]     Checking parking_lot v0.10.2
[INFO] [stderr]  Documenting roflmaio v0.1.0 (/opt/rustwide/workdir)
[INFO] [stdout] error[E0433]: failed to resolve: could not find `shared` in `winapi`
[INFO] [stdout]   --> src/buffer/bufpool.rs:12:5
[INFO] [stdout]    |
[INFO] [stdout] 12 |     shared::ntdef::PVOID,
[INFO] [stdout]    |     ^^^^^^ could not find `shared` in `winapi`
[INFO] [stdout] 
[INFO] [stdout] 
[INFO] [stdout] error[E0433]: failed to resolve: could not find `um` in `winapi`
[INFO] [stdout]   --> src/buffer/bufpool.rs:13:5
[INFO] [stdout]    |
[INFO] [stdout] 13 |     um::{
[INFO] [stdout]    |     ^^ could not find `um` in `winapi`
[INFO] [stdout] 
[INFO] [stdout] 
[INFO] [stdout] error[E0432]: unresolved import `winapi::um`
[INFO] [stdout]   --> src/buffer/bufpool.rs:13:5
[INFO] [stdout]    |
[INFO] [stdout] 13 |     um::{
[INFO] [stdout]    |     ^^ could not find `um` in `winapi`
[INFO] [stdout] 
[INFO] [stdout] 
[INFO] [stdout] error[E0433]: failed to resolve: could not find `shared` in `winapi`
[INFO] [stdout]  --> src/iocp.rs:9:5
[INFO] [stdout]   |
[INFO] [stdout] 9 |     shared::{
[INFO] [stdout]   |     ^^^^^^ could not find `shared` in `winapi`
[INFO] [stdout] 
[INFO] [stdout] 
[INFO] [stdout] error[E0433]: failed to resolve: could not find `um` in `winapi`
[INFO] [stdout]   --> src/iocp.rs:14:5
[INFO] [stdout]    |
[INFO] [stdout] 14 |     um::{
[INFO] [stdout]    |     ^^ could not find `um` in `winapi`
[INFO] [stdout] 
[INFO] [stdout] 
[INFO] [stdout] error[E0432]: unresolved imports `winapi::ctypes`, `winapi::shared`, `winapi::um`
[INFO] [stdout]   --> src/iocp.rs:8:5
[INFO] [stdout]    |
[INFO] [stdout] 8  |     ctypes::c_int,
[INFO] [stdout]    |     ^^^^^^ could not find `ctypes` in `winapi`
[INFO] [stdout] 9  |     shared::{
[INFO] [stdout]    |     ^^^^^^ could not find `shared` in `winapi`
[INFO] [stdout] ...
[INFO] [stdout] 14 |     um::{
[INFO] [stdout]    |     ^^ could not find `um` in `winapi`
[INFO] [stdout] 
[INFO] [stdout] 
[INFO] [stdout] error[E0433]: failed to resolve: could not find `shared` in `winapi`
[INFO] [stdout]   --> src/rio.rs:15:5
[INFO] [stdout]    |
[INFO] [stdout] 15 |     shared::{
[INFO] [stdout]    |     ^^^^^^ could not find `shared` in `winapi`
[INFO] [stdout] 
[INFO] [stdout] 
[INFO] [stdout] error[E0433]: failed to resolve: could not find `um` in `winapi`
[INFO] [stdout]   --> src/rio.rs:22:5
[INFO] [stdout]    |
[INFO] [stdout] 22 |     um::{
[INFO] [stdout]    |     ^^ could not find `um` in `winapi`
[INFO] [stdout] 
[INFO] [stdout] 
[INFO] [stdout] error[E0433]: failed to resolve: could not find `shared` in `winapi`
[INFO] [stdout]   --> src/rio.rs:32:13
[INFO] [stdout]    |
[INFO] [stdout] 32 | use winapi::shared::mswsockdef::{
[INFO] [stdout]    |             ^^^^^^ could not find `shared` in `winapi`
[INFO] [stdout] 
[INFO] [stdout] 
[INFO] [stdout] error[E0433]: failed to resolve: could not find `shared` in `winapi`
[INFO] [stdout]   --> src/rio.rs:37:13
[INFO] [stdout]    |
[INFO] [stdout] 37 | use winapi::shared::winerror::ERROR_SUCCESS;
[INFO] [stdout]    |             ^^^^^^ could not find `shared` in `winapi`
[INFO] [stdout] 
[INFO] [stdout] 
[INFO] [stdout] error[E0433]: failed to resolve: could not find `um` in `winapi`
[INFO] [stdout]   --> src/rio.rs:38:13
[INFO] [stdout]    |
[INFO] [stdout] 38 | use winapi::um::mswsock::PRIO_NOTIFICATION_COMPLETION;
[INFO] [stdout]    |             ^^ could not find `um` in `winapi`
[INFO] [stdout] 
[INFO] [stdout] 
[INFO] [stdout] error[E0432]: unresolved imports `winapi::ctypes`, `winapi::shared`, `winapi::um`
[INFO] [stdout]   --> src/rio.rs:14:5
[INFO] [stdout]    |
[INFO] [stdout] 14 |     ctypes::c_int,
[INFO] [stdout]    |     ^^^^^^ could not find `ctypes` in `winapi`
[INFO] [stdout] 15 |     shared::{
[INFO] [stdout]    |     ^^^^^^ could not find `shared` in `winapi`
[INFO] [stdout] ...
[INFO] [stdout] 22 |     um::{
[INFO] [stdout]    |     ^^ could not find `um` in `winapi`
[INFO] [stdout] 
[INFO] [stdout] 
[INFO] [stdout] error[E0433]: failed to resolve: could not find `shared` in `winapi`
[INFO] [stdout]  --> src/rio_buf.rs:9:5
[INFO] [stdout]   |
[INFO] [stdout] 9 |     shared::mswsockdef::RIO_INVALID_BUFFERID,
[INFO] [stdout]   |     ^^^^^^ could not find `shared` in `winapi`
[INFO] [stdout] 
[INFO] [stdout] 
[INFO] [stdout] error[E0433]: failed to resolve: could not find `shared` in `winapi`
[INFO] [stdout]   --> src/rio_buf.rs:10:5
[INFO] [stdout]    |
[INFO] [stdout] 10 |     shared::{
[INFO] [stdout]    |     ^^^^^^ could not find `shared` in `winapi`
[INFO] [stdout] 
[INFO] [stdout] 
[INFO] [stdout] error[E0433]: failed to resolve: could not find `shared` in `winapi`
[INFO] [stdout]   --> src/rio_buf.rs:16:13
[INFO] [stdout]    |
[INFO] [stdout] 16 | use winapi::shared::mswsockdef::{RIO_BUF, RIO_BUFFERID};
[INFO] [stdout]    |             ^^^^^^ could not find `shared` in `winapi`
[INFO] [stdout] 
[INFO] [stdout] 
[INFO] [stdout] error[E0432]: unresolved imports `winapi::ctypes`, `winapi::shared`
[INFO] [stdout]   --> src/rio_buf.rs:8:5
[INFO] [stdout]    |
[INFO] [stdout] 8  |     ctypes::c_int,
[INFO] [stdout]    |     ^^^^^^ could not find `ctypes` in `winapi`
[INFO] [stdout] 9  |     shared::mswsockdef::RIO_INVALID_BUFFERID,
[INFO] [stdout] 10 |     shared::{
[INFO] [stdout]    |     ^^^^^^ could not find `shared` in `winapi`
[INFO] [stdout] 
[INFO] [stdout] 
[INFO] [stdout] error[E0433]: failed to resolve: could not find `shared` in `winapi`
[INFO] [stdout]   --> src/main.rs:32:5
[INFO] [stdout]    |
[INFO] [stdout] 32 |     shared::{
[INFO] [stdout]    |     ^^^^^^ could not find `shared` in `winapi`
[INFO] [stdout] 
[INFO] [stdout] 
[INFO] [stdout] error[E0433]: failed to resolve: could not find `um` in `winapi`
[INFO] [stdout]   --> src/main.rs:38:5
[INFO] [stdout]    |
[INFO] [stdout] 38 |     um::{
[INFO] [stdout]    |     ^^ could not find `um` in `winapi`
[INFO] [stdout] 
[INFO] [stdout] 
[INFO] [stdout] error[E0432]: unresolved imports `winapi::ctypes`, `winapi::shared`, `winapi::um`
[INFO] [stdout]   --> src/main.rs:31:5
[INFO] [stdout]    |
[INFO] [stdout] 31 |     ctypes::c_int,
[INFO] [stdout]    |     ^^^^^^ could not find `ctypes` in `winapi`
[INFO] [stdout] 32 |     shared::{
[INFO] [stdout]    |     ^^^^^^ could not find `shared` in `winapi`
[INFO] [stdout] ...
[INFO] [stdout] 38 |     um::{
[INFO] [stdout]    |     ^^ could not find `um` in `winapi`
[INFO] [stdout] 
[INFO] [stdout] 
[INFO] [stdout] error[E0433]: failed to resolve: could not find `um` in `winapi`
[INFO] [stdout]    --> src/net_api.rs:351:49
[INFO] [stdout]     |
[INFO] [stdout] 351 |     fn handle_completion(&self, entry: &winapi::um::minwinbase::OVERLAPPED_ENTRY) -> Result<()> {
[INFO] [stdout]     |                                                 ^^ could not find `um` in `winapi`
[INFO] [stdout] 
[INFO] [stdout] 
[INFO] [stdout] error[E0433]: failed to resolve: could not find `um` in `winapi`
[INFO] [stdout]     --> src/rio.rs:1053:49
[INFO] [stdout]      |
[INFO] [stdout] 1053 |     fn handle_completion(&self, entry: &winapi::um::minwinbase::OVERLAPPED_ENTRY) -> Result<()> {
[INFO] [stdout]      |                                                 ^^ could not find `um` in `winapi`
[INFO] [stdout] 
[INFO] [stdout] 
[INFO] [stdout] error[E0412]: cannot find type `OVERLAPPED_ENTRY` in this scope
[INFO] [stdout]   --> src/iocp.rs:26:41
[INFO] [stdout]    |
[INFO] [stdout] 26 |     fn handle_completion(&self, entry: &OVERLAPPED_ENTRY) -> Result<()>;
[INFO] [stdout]    |                                         ^^^^^^^^^^^^^^^^ not found in this scope
[INFO] [stdout] 
[INFO] [stdout] 
[INFO] [stdout] error[E0412]: cannot find type `OVERLAPPED` in this scope
[INFO] [stdout]   --> src/iocp.rs:36:17
[INFO] [stdout]    |
[INFO] [stdout] 36 |     overlapped: OVERLAPPED,
[INFO] [stdout]    |                 ^^^^^^^^^^ not found in this scope
[INFO] [stdout] 
[INFO] [stdout] 
[INFO] [stdout] error[E0412]: cannot find type `OVERLAPPED` in this scope
[INFO] [stdout]   --> src/iocp.rs:47:42
[INFO] [stdout]    |
[INFO] [stdout] 47 |     pub fn overlapped_ptr(&self) -> *mut OVERLAPPED {
[INFO] [stdout]    |                                          ^^^^^^^^^^ not found in this scope
[INFO] [stdout] 
[INFO] [stdout] 
[INFO] [stdout] error[E0412]: cannot find type `OVERLAPPED` in this scope
[INFO] [stdout]   --> src/iocp.rs:50:54
[INFO] [stdout]    |
[INFO] [stdout] 50 |     pub unsafe fn get_payload_ptr(overlapped: *const OVERLAPPED) -> *const IOCPHeaderPayload {
[INFO] [stdout]    |                                                      ^^^^^^^^^^ not found in this scope
[INFO] [stdout] 
[INFO] [stdout] 
[INFO] [stdout] error[E0412]: cannot find type `HANDLE` in this scope
[INFO] [stdout]    --> src/iocp.rs:119:29
[INFO] [stdout]     |
[INFO] [stdout] 119 | struct IOCPQueueHandleInner(HANDLE);
[INFO] [stdout]     |                             ^^^^^^ not found in this scope
[INFO] [stdout] 
[INFO] [stdout] 
[INFO] [stdout] error[E0412]: cannot find type `OVERLAPPED_ENTRY` in this scope
[INFO] [stdout]    --> src/iocp.rs:137:41
[INFO] [stdout]     |
[INFO] [stdout] 137 |     fn handle_completion(&self, entry: &OVERLAPPED_ENTRY) -> Result<()> {
[INFO] [stdout]     |                                         ^^^^^^^^^^^^^^^^ not found in this scope
[INFO] [stdout] 
[INFO] [stdout] 
[INFO] [stdout] error[E0412]: cannot find type `HANDLE` in this scope
[INFO] [stdout]    --> src/iocp.rs:169:33
[INFO] [stdout]     |
[INFO] [stdout] 169 |     pub unsafe fn raw(&self) -> HANDLE {
[INFO] [stdout]     |                                 ^^^^^^ not found in this scope
[INFO] [stdout] 
[INFO] [stdout] 
[INFO] [stdout] error[E0412]: cannot find type `HANDLE` in this scope
[INFO] [stdout]    --> src/iocp.rs:172:51
[INFO] [stdout]     |
[INFO] [stdout] 172 |     pub unsafe fn associate_handle(&self, handle: HANDLE, completion_key: usize) -> Result<()> {
[INFO] [stdout]     |                                                   ^^^^^^ not found in this scope
[INFO] [stdout] 
[INFO] [stdout] 
[INFO] [stdout] error[E0412]: cannot find type `OVERLAPPED_ENTRY` in this scope
[INFO] [stdout]    --> src/iocp.rs:181:47
[INFO] [stdout]     |
[INFO] [stdout] 181 | pub struct IOCPQueue(Arc<IOCPQueueInner>, Vec<OVERLAPPED_ENTRY>);
[INFO] [stdout]     |                     -                         ^^^^^^^^^^^^^^^^ not found in this scope
[INFO] [stdout]     |                     |
[INFO] [stdout]     |                     help: you might be missing a type parameter: `<OVERLAPPED_ENTRY>`
[INFO] [stdout] 
[INFO] [stdout] 
[INFO] [stdout] error[E0412]: cannot find type `HANDLE` in this scope
[INFO] [stdout]    --> src/iocp.rs:236:67
[INFO] [stdout]     |
[INFO] [stdout] 236 | unsafe fn create_completion_port(max_thread_users: u32) -> Result<HANDLE> {
[INFO] [stdout]     |                                 -                                 ^^^^^^ not found in this scope
[INFO] [stdout]     |                                 |
[INFO] [stdout]     |                                 help: you might be missing a type parameter: `<HANDLE>`
[INFO] [stdout] 
[INFO] [stdout] 
[INFO] [stdout] error[E0412]: cannot find type `RIO_EXTENSION_FUNCTION_TABLE` in this scope
[INFO] [stdout]   --> src/rio.rs:46:22
[INFO] [stdout]    |
[INFO] [stdout] 46 | pub struct RIOVTable(RIO_EXTENSION_FUNCTION_TABLE);
[INFO] [stdout]    |                      ^^^^^^^^^^^^^^^^^^^^^^^^^^^^ not found in this scope
[INFO] [stdout] 
[INFO] [stdout] 
[INFO] [stdout] error[E0412]: cannot find type `RIO_RQ` in this scope
[INFO] [stdout]   --> src/rio.rs:50:22
[INFO] [stdout]    |
[INFO] [stdout] 50 |         SocketQueue: RIO_RQ,
[INFO] [stdout]    |                      ^^^^^^ not found in this scope
[INFO] [stdout] 
[INFO] [stdout] 
[INFO] [stdout] error[E0412]: cannot find type `PRIO_BUF` in this scope
[INFO] [stdout]   --> src/rio.rs:51:16
[INFO] [stdout]    |
[INFO] [stdout] 51 |         pData: PRIO_BUF,
[INFO] [stdout]    |                ^^^^^^^^ not found in this scope
[INFO] [stdout] 
[INFO] [stdout] 
[INFO] [stdout] error[E0412]: cannot find type `ULONG` in this scope
[INFO] [stdout]   --> src/rio.rs:52:26
[INFO] [stdout]    |
[INFO] [stdout] 52 |         DataBufferCount: ULONG,
[INFO] [stdout]    |                          ^^^^^ not found in this scope
[INFO] [stdout] 
[INFO] [stdout] 
[INFO] [stdout] error[E0412]: cannot find type `DWORD` in this scope
[INFO] [stdout]   --> src/rio.rs:53:16
[INFO] [stdout]    |
[INFO] [stdout] 53 |         Flags: DWORD,
[INFO] [stdout]    |                ^^^^^ not found in this scope
[INFO] [stdout] 
[INFO] [stdout] 
[INFO] [stdout] error[E0412]: cannot find type `PVOID` in this scope
[INFO] [stdout]   --> src/rio.rs:54:25
[INFO] [stdout]    |
[INFO] [stdout] 54 |         RequestContext: PVOID,
[INFO] [stdout]    |                         ^^^^^ not found in this scope
[INFO] [stdout] 
[INFO] [stdout] 
[INFO] [stdout] error[E0412]: cannot find type `RIO_RQ` in this scope
[INFO] [stdout]   --> src/rio.rs:66:22
[INFO] [stdout]    |
[INFO] [stdout] 66 |         SocketQueue: RIO_RQ,
[INFO] [stdout]    |                      ^^^^^^ not found in this scope
[INFO] [stdout] 
[INFO] [stdout] 
[INFO] [stdout] error[E0412]: cannot find type `PRIO_BUF` in this scope
[INFO] [stdout]   --> src/rio.rs:67:16
[INFO] [stdout]    |
[INFO] [stdout] 67 |         pData: PRIO_BUF,
[INFO] [stdout]    |                ^^^^^^^^ not found in this scope
[INFO] [stdout] 
[INFO] [stdout] 
[INFO] [stdout] error[E0412]: cannot find type `ULONG` in this scope
[INFO] [stdout]   --> src/rio.rs:68:26
[INFO] [stdout]    |
[INFO] [stdout] 68 |         DataBufferCount: ULONG,
[INFO] [stdout]    |                          ^^^^^ not found in this scope
[INFO] [stdout] 
[INFO] [stdout] 
[INFO] [stdout] error[E0412]: cannot find type `PRIO_BUF` in this scope
[INFO] [stdout]   --> src/rio.rs:69:24
[INFO] [stdout]    |
[INFO] [stdout] 69 |         pLocalAddress: PRIO_BUF,
[INFO] [stdout]    |                        ^^^^^^^^ not found in this scope
[INFO] [stdout] 
[INFO] [stdout] 
[INFO] [stdout] error[E0412]: cannot find type `PRIO_BUF` in this scope
[INFO] [stdout]   --> src/rio.rs:70:25
[INFO] [stdout]    |
[INFO] [stdout] 70 |         pRemoteAddress: PRIO_BUF,
[INFO] [stdout]    |                         ^^^^^^^^ not found in this scope
[INFO] [stdout] 
[INFO] [stdout] 
[INFO] [stdout] error[E0412]: cannot find type `PRIO_BUF` in this scope
[INFO] [stdout]   --> src/rio.rs:71:26
[INFO] [stdout]    |
[INFO] [stdout] 71 |         pControlContext: PRIO_BUF,
[INFO] [stdout]    |                          ^^^^^^^^ not found in this scope
[INFO] [stdout] 
[INFO] [stdout] 
[INFO] [stdout] error[E0412]: cannot find type `PRIO_BUF` in this scope
[INFO] [stdout]   --> src/rio.rs:72:17
[INFO] [stdout]    |
[INFO] [stdout] 72 |         pFlags: PRIO_BUF,
[INFO] [stdout]    |                 ^^^^^^^^ not found in this scope
[INFO] [stdout] 
[INFO] [stdout] 
[INFO] [stdout] error[E0412]: cannot find type `DWORD` in this scope
[INFO] [stdout]   --> src/rio.rs:73:16
[INFO] [stdout]    |
[INFO] [stdout] 73 |         Flags: DWORD,
[INFO] [stdout]    |                ^^^^^ not found in this scope
[INFO] [stdout] 
[INFO] [stdout] 
[INFO] [stdout] error[E0412]: cannot find type `PVOID` in this scope
[INFO] [stdout]   --> src/rio.rs:74:25
[INFO] [stdout]    |
[INFO] [stdout] 74 |         RequestContext: PVOID,
[INFO] [stdout]    |                         ^^^^^ not found in this scope
[INFO] [stdout] 
[INFO] [stdout] 
[INFO] [stdout] error[E0412]: cannot find type `RIO_RQ` in this scope
[INFO] [stdout]   --> src/rio.rs:96:22
[INFO] [stdout]    |
[INFO] [stdout] 96 |         SocketQueue: RIO_RQ,
[INFO] [stdout]    |                      ^^^^^^ not found in this scope
[INFO] [stdout] 
[INFO] [stdout] 
[INFO] [stdout] error[E0412]: cannot find type `PRIO_BUF` in this scope
[INFO] [stdout]   --> src/rio.rs:97:16
[INFO] [stdout]    |
[INFO] [stdout] 97 |         pData: PRIO_BUF,
[INFO] [stdout]    |                ^^^^^^^^ not found in this scope
[INFO] [stdout] 
[INFO] [stdout] 
[INFO] [stdout] error[E0412]: cannot find type `ULONG` in this scope
[INFO] [stdout]   --> src/rio.rs:98:26
[INFO] [stdout]    |
[INFO] [stdout] 98 |         DataBufferCount: ULONG,
[INFO] [stdout]    |                          ^^^^^ not found in this scope
[INFO] [stdout] 
[INFO] [stdout] 
[INFO] [stdout] error[E0412]: cannot find type `DWORD` in this scope
[INFO] [stdout]   --> src/rio.rs:99:16
[INFO] [stdout]    |
[INFO] [stdout] 99 |         Flags: DWORD,
[INFO] [stdout]    |                ^^^^^ not found in this scope
[INFO] [stdout] 
[INFO] [stdout] 
[INFO] [stdout] error[E0412]: cannot find type `PVOID` in this scope
[INFO] [stdout]    --> src/rio.rs:100:25
[INFO] [stdout]     |
[INFO] [stdout] 100 |         RequestContext: PVOID,
[INFO] [stdout]     |                         ^^^^^ not found in this scope
[INFO] [stdout] 
[INFO] [stdout] 
[INFO] [stdout] error[E0412]: cannot find type `RIO_RQ` in this scope
[INFO] [stdout]    --> src/rio.rs:113:22
[INFO] [stdout]     |
[INFO] [stdout] 113 |         SocketQueue: RIO_RQ,
[INFO] [stdout]     |                      ^^^^^^ not found in this scope
[INFO] [stdout] 
[INFO] [stdout] 
[INFO] [stdout] error[E0412]: cannot find type `PRIO_BUF` in this scope
[INFO] [stdout]    --> src/rio.rs:114:16
[INFO] [stdout]     |
[INFO] [stdout] 114 |         pData: PRIO_BUF,
[INFO] [stdout]     |                ^^^^^^^^ not found in this scope
[INFO] [stdout] 
[INFO] [stdout] 
[INFO] [stdout] error[E0412]: cannot find type `ULONG` in this scope
[INFO] [stdout]    --> src/rio.rs:115:26
[INFO] [stdout]     |
[INFO] [stdout] 115 |         DataBufferCount: ULONG,
[INFO] [stdout]     |                          ^^^^^ not found in this scope
[INFO] [stdout] 
[INFO] [stdout] 
[INFO] [stdout] error[E0412]: cannot find type `PRIO_BUF` in this scope
[INFO] [stdout]    --> src/rio.rs:116:24
[INFO] [stdout]     |
[INFO] [stdout] 116 |         pLocalAddress: PRIO_BUF,
[INFO] [stdout]     |                        ^^^^^^^^ not found in this scope
[INFO] [stdout] 
[INFO] [stdout] 
[INFO] [stdout] error[E0412]: cannot find type `PRIO_BUF` in this scope
[INFO] [stdout]    --> src/rio.rs:117:25
[INFO] [stdout]     |
[INFO] [stdout] 117 |         pRemoteAddress: PRIO_BUF,
[INFO] [stdout]     |                         ^^^^^^^^ not found in this scope
[INFO] [stdout] 
[INFO] [stdout] 
[INFO] [stdout] error[E0412]: cannot find type `PRIO_BUF` in this scope
[INFO] [stdout]    --> src/rio.rs:118:26
[INFO] [stdout]     |
[INFO] [stdout] 118 |         pControlContext: PRIO_BUF,
[INFO] [stdout]     |                          ^^^^^^^^ not found in this scope
[INFO] [stdout] 
[INFO] [stdout] 
[INFO] [stdout] error[E0412]: cannot find type `PRIO_BUF` in this scope
[INFO] [stdout]    --> src/rio.rs:119:17
[INFO] [stdout]     |
[INFO] [stdout] 119 |         pFlags: PRIO_BUF,
[INFO] [stdout]     |                 ^^^^^^^^ not found in this scope
[INFO] [stdout] 
[INFO] [stdout] 
[INFO] [stdout] error[E0412]: cannot find type `DWORD` in this scope
[INFO] [stdout]    --> src/rio.rs:120:16
[INFO] [stdout]     |
[INFO] [stdout] 120 |         Flags: DWORD,
[INFO] [stdout]     |                ^^^^^ not found in this scope
[INFO] [stdout] 
[INFO] [stdout] 
[INFO] [stdout] error[E0412]: cannot find type `PVOID` in this scope
[INFO] [stdout]    --> src/rio.rs:121:25
[INFO] [stdout]     |
[INFO] [stdout] 121 |         RequestContext: PVOID,
[INFO] [stdout]     |                         ^^^^^ not found in this scope
[INFO] [stdout] 
[INFO] [stdout] 
[INFO] [stdout] error[E0412]: cannot find type `RIO_CQ` in this scope
[INFO] [stdout]    --> src/rio.rs:140:58
[INFO] [stdout]     |
[INFO] [stdout] 140 |     pub(crate) unsafe fn CloseCompletionQueue(&self, CQ: RIO_CQ) {
[INFO] [stdout]     |                                                          ^^^^^^ not found in this scope
[INFO] [stdout] 
[INFO] [stdout] 
[INFO] [stdout] error[E0412]: cannot find type `DWORD` in this scope
[INFO] [stdout]    --> src/rio.rs:145:20
[INFO] [stdout]     |
[INFO] [stdout] 145 |         QueueSize: DWORD,
[INFO] [stdout]     |                    ^^^^^ not found in this scope
[INFO] [stdout] 
[INFO] [stdout] 
[INFO] [stdout] error[E0412]: cannot find type `PRIO_NOTIFICATION_COMPLETION` in this scope
[INFO] [stdout]    --> src/rio.rs:146:33
[INFO] [stdout]     |
[INFO] [stdout] 146 |         NotificationCompletion: PRIO_NOTIFICATION_COMPLETION,
[INFO] [stdout]     |                                 ^^^^^^^^^^^^^^^^^^^^^^^^^^^^ not found in this scope
[INFO] [stdout] 
[INFO] [stdout] 
[INFO] [stdout] error[E0412]: cannot find type `RIO_CQ` in this scope
[INFO] [stdout]    --> src/rio.rs:147:17
[INFO] [stdout]     |
[INFO] [stdout] 47  | impl RIOVTable {
[INFO] [stdout]     |     - help: you might be missing a type parameter: `<RIO_CQ>`
[INFO] [stdout] ...
[INFO] [stdout] 147 |     ) -> Result<RIO_CQ> {
[INFO] [stdout]     |                 ^^^^^^ not found in this scope
[INFO] [stdout] 
[INFO] [stdout] 
[INFO] [stdout] error[E0412]: cannot find type `SOCKET` in this scope
[INFO] [stdout]    --> src/rio.rs:157:17
[INFO] [stdout]     |
[INFO] [stdout] 157 |         Socket: SOCKET,
[INFO] [stdout]     |                 ^^^^^^ not found in this scope
[INFO] [stdout] 
[INFO] [stdout] 
[INFO] [stdout] error[E0412]: cannot find type `ULONG` in this scope
[INFO] [stdout]    --> src/rio.rs:158:32
[INFO] [stdout]     |
[INFO] [stdout] 158 |         MaxOutstandingReceive: ULONG,
[INFO] [stdout]     |                                ^^^^^ not found in this scope
[INFO] [stdout] 
[INFO] [stdout] 
[INFO] [stdout] error[E0412]: cannot find type `ULONG` in this scope
[INFO] [stdout]    --> src/rio.rs:159:32
[INFO] [stdout]     |
[INFO] [stdout] 159 |         MaxReceiveDataBuffers: ULONG,
[INFO] [stdout]     |                                ^^^^^ not found in this scope
[INFO] [stdout] 
[INFO] [stdout] 
[INFO] [stdout] error[E0412]: cannot find type `ULONG` in this scope
[INFO] [stdout]    --> src/rio.rs:160:29
[INFO] [stdout]     |
[INFO] [stdout] 160 |         MaxOutstandingSend: ULONG,
[INFO] [stdout]     |                             ^^^^^ not found in this scope
[INFO] [stdout] 
[INFO] [stdout] 
[INFO] [stdout] error[E0412]: cannot find type `ULONG` in this scope
[INFO] [stdout]    --> src/rio.rs:161:29
[INFO] [stdout]     |
[INFO] [stdout] 161 |         MaxSendDataBuffers: ULONG,
[INFO] [stdout]     |                             ^^^^^ not found in this scope
[INFO] [stdout] 
[INFO] [stdout] 
[INFO] [stdout] error[E0412]: cannot find type `RIO_CQ` in this scope
[INFO] [stdout]    --> src/rio.rs:162:20
[INFO] [stdout]     |
[INFO] [stdout] 162 |         ReceiveCQ: RIO_CQ,
[INFO] [stdout]     |                    ^^^^^^ not found in this scope
[INFO] [stdout] 
[INFO] [stdout] 
[INFO] [stdout] error[E0412]: cannot find type `RIO_CQ` in this scope
[INFO] [stdout]    --> src/rio.rs:163:17
[INFO] [stdout]     |
[INFO] [stdout] 163 |         SendCQ: RIO_CQ,
[INFO] [stdout]     |                 ^^^^^^ not found in this scope
[INFO] [stdout] 
[INFO] [stdout] 
[INFO] [stdout] error[E0412]: cannot find type `PVOID` in this scope
[INFO] [stdout]    --> src/rio.rs:164:24
[INFO] [stdout]     |
[INFO] [stdout] 164 |         SocketContext: PVOID,
[INFO] [stdout]     |                        ^^^^^ not found in this scope
[INFO] [stdout] 
[INFO] [stdout] 
[INFO] [stdout] error[E0412]: cannot find type `RIO_RQ` in this scope
[INFO] [stdout]    --> src/rio.rs:165:17
[INFO] [stdout]     |
[INFO] [stdout] 47  | impl RIOVTable {
[INFO] [stdout]     |     - help: you might be missing a type parameter: `<RIO_RQ>`
[INFO] [stdout] ...
[INFO] [stdout] 165 |     ) -> Result<RIO_RQ> {
[INFO] [stdout]     |                 ^^^^^^ not found in this scope
[INFO] [stdout] 
[INFO] [stdout] 
[INFO] [stdout] error[E0412]: cannot find type `RIO_CQ` in this scope
[INFO] [stdout]    --> src/rio.rs:184:13
[INFO] [stdout]     |
[INFO] [stdout] 184 |         CQ: RIO_CQ,
[INFO] [stdout]     |             ^^^^^^ not found in this scope
[INFO] [stdout] 
[INFO] [stdout] 
[INFO] [stdout] error[E0412]: cannot find type `PRIORESULT` in this scope
[INFO] [stdout]    --> src/rio.rs:185:16
[INFO] [stdout]     |
[INFO] [stdout] 185 |         Array: PRIORESULT,
[INFO] [stdout]     |                ^^^^^^^^^^ not found in this scope
[INFO] [stdout] 
[INFO] [stdout] 
[INFO] [stdout] error[E0412]: cannot find type `ULONG` in this scope
[INFO] [stdout]    --> src/rio.rs:186:20
[INFO] [stdout]     |
[INFO] [stdout] 186 |         ArraySize: ULONG,
[INFO] [stdout]     |                    ^^^^^ not found in this scope
[INFO] [stdout] 
[INFO] [stdout] 
[INFO] [stdout] error[E0412]: cannot find type `ULONG` in this scope
[INFO] [stdout]    --> src/rio.rs:187:17
[INFO] [stdout]     |
[INFO] [stdout] 47  | impl RIOVTable {
[INFO] [stdout]     |     - help: you might be missing a type parameter: `<ULONG>`
[INFO] [stdout] ...
[INFO] [stdout] 187 |     ) -> Result<ULONG> {
[INFO] [stdout]     |                 ^^^^^ not found in this scope
[INFO] [stdout] 
[INFO] [stdout] 
[INFO] [stdout] error[E0412]: cannot find type `RIO_BUFFERID` in this scope
[INFO] [stdout]    --> src/rio.rs:195:60
[INFO] [stdout]     |
[INFO] [stdout] 195 |     pub(crate) unsafe fn DeregisterBuffer(&self, BufferID: RIO_BUFFERID) {
[INFO] [stdout]     |                                                            ^^^^^^^^^^^^ not found in this scope
[INFO] [stdout] 
[INFO] [stdout] 
[INFO] [stdout] error[E0412]: cannot find type `PCHAR` in this scope
[INFO] [stdout]    --> src/rio.rs:200:21
[INFO] [stdout]     |
[INFO] [stdout] 200 |         DataBuffer: PCHAR,
[INFO] [stdout]     |                     ^^^^^ not found in this scope
[INFO] [stdout] 
[INFO] [stdout] 
[INFO] [stdout] error[E0412]: cannot find type `DWORD` in this scope
[INFO] [stdout]    --> src/rio.rs:201:21
[INFO] [stdout]     |
[INFO] [stdout] 201 |         DataLength: DWORD,
[INFO] [stdout]     |                     ^^^^^ not found in this scope
[INFO] [stdout] 
[INFO] [stdout] 
[INFO] [stdout] error[E0412]: cannot find type `RIO_BUFFERID` in this scope
[INFO] [stdout]    --> src/rio.rs:202:17
[INFO] [stdout]     |
[INFO] [stdout] 47  | impl RIOVTable {
[INFO] [stdout]     |     - help: you might be missing a type parameter: `<RIO_BUFFERID>`
[INFO] [stdout] ...
[INFO] [stdout] 202 |     ) -> Result<RIO_BUFFERID> {
[INFO] [stdout]     |                 ^^^^^^^^^^^^ not found in this scope
[INFO] [stdout] 
[INFO] [stdout] 
[INFO] [stdout] error[E0412]: cannot find type `RIO_CQ` in this scope
[INFO] [stdout]    --> src/rio.rs:210:44
[INFO] [stdout]     |
[INFO] [stdout] 210 |     pub(crate) unsafe fn Notify(&self, CQ: RIO_CQ) -> Result<()> {
[INFO] [stdout]     |                                            ^^^^^^ not found in this scope
[INFO] [stdout] 
[INFO] [stdout] 
[INFO] [stdout] error[E0412]: cannot find type `RIO_CQ` in this scope
[INFO] [stdout]    --> src/rio.rs:220:59
[INFO] [stdout]     |
[INFO] [stdout] 220 |     pub(crate) unsafe fn ResizeCompletionQueue(&self, CQ: RIO_CQ, QueueSize: DWORD) -> Result<()> {
[INFO] [stdout]     |                                                           ^^^^^^ not found in this scope
[INFO] [stdout] 
[INFO] [stdout] 
[INFO] [stdout] error[E0412]: cannot find type `DWORD` in this scope
[INFO] [stdout]    --> src/rio.rs:220:78
[INFO] [stdout]     |
[INFO] [stdout] 220 |     pub(crate) unsafe fn ResizeCompletionQueue(&self, CQ: RIO_CQ, QueueSize: DWORD) -> Result<()> {
[INFO] [stdout]     |                                                                              ^^^^^ not found in this scope
[INFO] [stdout] 
[INFO] [stdout] 
[INFO] [stdout] error[E0412]: cannot find type `RIO_RQ` in this scope
[INFO] [stdout]    --> src/rio.rs:230:13
[INFO] [stdout]     |
[INFO] [stdout] 230 |         RQ: RIO_RQ,
[INFO] [stdout]     |             ^^^^^^ not found in this scope
[INFO] [stdout] 
[INFO] [stdout] 
[INFO] [stdout] error[E0412]: cannot find type `DWORD` in this scope
[INFO] [stdout]    --> src/rio.rs:231:32
[INFO] [stdout]     |
[INFO] [stdout] 231 |         MaxOutstandingReceive: DWORD,
[INFO] [stdout]     |                                ^^^^^ not found in this scope
[INFO] [stdout] 
[INFO] [stdout] 
[INFO] [stdout] error[E0412]: cannot find type `DWORD` in this scope
[INFO] [stdout]    --> src/rio.rs:232:29
[INFO] [stdout]     |
[INFO] [stdout] 232 |         MaxOutstandingSend: DWORD,
[INFO] [stdout]     |                             ^^^^^ not found in this scope
[INFO] [stdout] 
[INFO] [stdout] 
[INFO] [stdout] error[E0412]: cannot find type `SOCKET` in this scope
[INFO] [stdout]    --> src/rio.rs:251:56
[INFO] [stdout]     |
[INFO] [stdout] 251 | unsafe fn get_ext_fn<F: Sized + Default>(dummy_socket: SOCKET, mut guid: GUID) -> Result<F> {
[INFO] [stdout]     |                                                        ^^^^^^ not found in this scope
[INFO] [stdout] 
[INFO] [stdout] 
[INFO] [stdout] error[E0412]: cannot find type `GUID` in this scope
[INFO] [stdout]    --> src/rio.rs:251:74
[INFO] [stdout]     |
[INFO] [stdout] 251 | unsafe fn get_ext_fn<F: Sized + Default>(dummy_socket: SOCKET, mut guid: GUID) -> Result<F> {
[INFO] [stdout]     |                                                                          ^^^^ not found in this scope
[INFO] [stdout] 
[INFO] [stdout] 
[INFO] [stdout] error[E0412]: cannot find type `SOCKET` in this scope
[INFO] [stdout]    --> src/rio.rs:287:28
[INFO] [stdout]     |
[INFO] [stdout] 287 | unsafe fn init_rio(socket: SOCKET) -> Result<RIOVTable> {
[INFO] [stdout]     |                            ^^^^^^ not found in this scope
[INFO] [stdout] 
[INFO] [stdout] 
[INFO] [stdout] error[E0412]: cannot find type `SOCKET` in this scope
[INFO] [stdout]    --> src/rio.rs:320:17
[INFO] [stdout]     |
[INFO] [stdout] 320 |     pub socket: SOCKET,
[INFO] [stdout]     |                 ^^^^^^ not found in this scope
[INFO] [stdout] 
[INFO] [stdout] 
[INFO] [stdout] error[E0412]: cannot find type `RIO_RQ` in this scope
[INFO] [stdout]    --> src/rio.rs:323:13
[INFO] [stdout]     |
[INFO] [stdout] 323 |     pub rq: RIO_RQ,
[INFO] [stdout]     |             ^^^^^^ not found in this scope
[INFO] [stdout] 
[INFO] [stdout] 
[INFO] [stdout] error[E0412]: cannot find type `SOCKET` in this scope
[INFO] [stdout]    --> src/rio.rs:377:17
[INFO] [stdout]     |
[INFO] [stdout] 377 |         socket: SOCKET,
[INFO] [stdout]     |                 ^^^^^^ not found in this scope
[INFO] [stdout] 
[INFO] [stdout] 
[INFO] [stdout] error[E0412]: cannot find type `RIO_CQ` in this scope
[INFO] [stdout]    --> src/rio.rs:618:19
[INFO] [stdout]     |
[INFO] [stdout] 618 |     fn notify(cq: RIO_CQ) {
[INFO] [stdout]     |                   ^^^^^^ not found in this scope
[INFO] [stdout] 
[INFO] [stdout] 
[INFO] [stdout] error[E0412]: cannot find type `DWORD` in this scope
[INFO] [stdout]    --> src/rio.rs:781:67
[INFO] [stdout]     |
[INFO] [stdout] 781 | unsafe fn create_rio_socket(_type: c_int, protocol: c_int, flags: DWORD) -> Result<SOCKET> {
[INFO] [stdout]     |                                                                   ^^^^^ not found in this scope
[INFO] [stdout] 
[INFO] [stdout] 
[INFO] [stdout] error[E0412]: cannot find type `SOCKET` in this scope
[INFO] [stdout]    --> src/rio.rs:781:84
[INFO] [stdout]     |
[INFO] [stdout] 781 | unsafe fn create_rio_socket(_type: c_int, protocol: c_int, flags: DWORD) -> Result<SOCKET> {
[INFO] [stdout]     |                            -                                                       ^^^^^^ not found in this scope
[INFO] [stdout]     |                            |
[INFO] [stdout]     |                            help: you might be missing a type parameter: `<SOCKET>`
[INFO] [stdout] 
[INFO] [stdout] 
[INFO] [stdout] error[E0412]: cannot find type `DWORD` in this scope
[INFO] [stdout]    --> src/rio.rs:792:67
[INFO] [stdout]     |
[INFO] [stdout] 792 | pub unsafe fn create_socket(_type: c_int, protocol: c_int, flags: DWORD) -> Result<SOCKET> {
[INFO] [stdout]     |                                                                   ^^^^^ not found in this scope
[INFO] [stdout] 
[INFO] [stdout] 
[INFO] [stdout] error[E0412]: cannot find type `SOCKET` in this scope
[INFO] [stdout]    --> src/rio.rs:792:84
[INFO] [stdout]     |
[INFO] [stdout] 792 | pub unsafe fn create_socket(_type: c_int, protocol: c_int, flags: DWORD) -> Result<SOCKET> {
[INFO] [stdout]     |                            -                                                       ^^^^^^ not found in this scope
[INFO] [stdout]     |                            |
[INFO] [stdout]     |                            help: you might be missing a type parameter: `<SOCKET>`
[INFO] [stdout] 
[INFO] [stdout] 
[INFO] [stdout] error[E0412]: cannot find type `RIORESULT` in this scope
[INFO] [stdout]    --> src/rio.rs:818:25
[INFO] [stdout]     |
[INFO] [stdout] 817 | struct RIOQueueState {
[INFO] [stdout]     |                     - help: you might be missing a type parameter: `<RIORESULT>`
[INFO] [stdout] 818 |     results_buffer: Vec<RIORESULT>,
[INFO] [stdout]     |                         ^^^^^^^^^ not found in this scope
[INFO] [stdout] 
[INFO] [stdout] 
[INFO] [stdout] error[E0412]: cannot find type `RIO_CQ` in this scope
[INFO] [stdout]    --> src/rio.rs:827:9
[INFO] [stdout]     |
[INFO] [stdout] 827 |     cq: RIO_CQ,
[INFO] [stdout]     |         ^^^^^^ not found in this scope
[INFO] [stdout] 
[INFO] [stdout] 
[INFO] [stdout] error[E0412]: cannot find type `RIO_CQ` in this scope
[INFO] [stdout]    --> src/rio.rs:851:21
[INFO] [stdout]     |
[INFO] [stdout] 851 |     fn cq(&self) -> RIO_CQ {
[INFO] [stdout]     |                     ^^^^^^ not found in this scope
[INFO] [stdout] 
[INFO] [stdout] 
[INFO] [stdout] error[E0412]: cannot find type `SOCKET` in this scope
[INFO] [stdout]     --> src/rio.rs:1110:34
[INFO] [stdout]      |
[INFO] [stdout] 1110 | pub(crate) struct OwnedRawSocket(SOCKET);
[INFO] [stdout]      |                                  ^^^^^^ not found in this scope
[INFO] [stdout] 
[INFO] [stdout] 
[INFO] [stdout] error[E0412]: cannot find type `SOCKET` in this scope
[INFO] [stdout]     --> src/rio.rs:1112:26
[INFO] [stdout]      |
[INFO] [stdout] 1112 |     pub fn take(self) -> SOCKET {
[INFO] [stdout]      |                          ^^^^^^ not found in this scope
[INFO] [stdout] 
[INFO] [stdout] 
[INFO] [stdout] error[E0412]: cannot find type `RIO_BUFFERID` in this scope
[INFO] [stdout]   --> src/rio_buf.rs:33:31
[INFO] [stdout]    |
[INFO] [stdout] 33 |     pub(crate) rio_buffer_id: RIO_BUFFERID,
[INFO] [stdout]    |                               ^^^^^^^^^^^^ not found in this scope
[INFO] [stdout] 
[INFO] [stdout] 
[INFO] [stdout] error[E0412]: cannot find type `RIO_BUF` in this scope
[INFO] [stdout]   --> src/rio_buf.rs:66:10
[INFO] [stdout]    |
[INFO] [stdout] 66 |     ) -> RIO_BUF {
[INFO] [stdout]    |          ^^^^^^^ not found in this scope
[INFO] [stdout] 
[INFO] [stdout] 
[INFO] [stdout] error[E0412]: cannot find type `RIO_BUF` in this scope
[INFO] [stdout]   --> src/rio_buf.rs:80:84
[INFO] [stdout]    |
[INFO] [stdout] 80 |     pub(crate) unsafe fn data_rio_buf(&self, buf_ref: &RawBufferRef, size: u32) -> RIO_BUF {
[INFO] [stdout]    |                                                                                    ^^^^^^^ not found in this scope
[INFO] [stdout] 
[INFO] [stdout] 
[INFO] [stdout] error[E0412]: cannot find type `RIO_BUF` in this scope
[INFO] [stdout]   --> src/rio_buf.rs:91:79
[INFO] [stdout]    |
[INFO] [stdout] 91 |     pub(crate) unsafe fn local_addr_rio_buf(&self, buf_ref: &RawBufferRef) -> RIO_BUF {
[INFO] [stdout]    |                                                                               ^^^^^^^ not found in this scope
[INFO] [stdout] 
[INFO] [stdout] 
[INFO] [stdout] error[E0412]: cannot find type `RIO_BUF` in this scope
[INFO] [stdout]   --> src/rio_buf.rs:98:80
[INFO] [stdout]    |
[INFO] [stdout] 98 |     pub(crate) unsafe fn remote_addr_rio_buf(&self, buf_ref: &RawBufferRef) -> RIO_BUF {
[INFO] [stdout]    |                                                                                ^^^^^^^ not found in this scope
[INFO] [stdout] 
[INFO] [stdout] 
[INFO] [stdout] error[E0412]: cannot find type `RIO_BUFFERID` in this scope
[INFO] [stdout]    --> src/rio_buf.rs:124:16
[INFO] [stdout]     |
[INFO] [stdout] 124 |     buffer_id: RIO_BUFFERID,
[INFO] [stdout]     |                ^^^^^^^^^^^^ not found in this scope
[INFO] [stdout] 
[INFO] [stdout] 
[INFO] [stdout] error[E0412]: cannot find type `DWORD` in this scope
[INFO] [stdout]   --> src/main.rs:54:28
[INFO] [stdout]    |
[INFO] [stdout] 54 |     WinError(&'static str, DWORD),
[INFO] [stdout]    |                            ^^^^^ not found in this scope
[INFO] [stdout] 
[INFO] [stdout] 
[INFO] [stdout] error[E0412]: cannot find type `HANDLE` in this scope
[INFO] [stdout]   --> src/main.rs:68:67
[INFO] [stdout]    |
[INFO] [stdout] 68 | unsafe fn create_completion_port(max_thread_users: u32) -> Result<HANDLE> {
[INFO] [stdout]    |                                 -                                 ^^^^^^ not found in this scope
[INFO] [stdout]    |                                 |
[INFO] [stdout]    |                                 help: you might be missing a type parameter: `<HANDLE>`
[INFO] [stdout] 
[INFO] [stdout] 
[INFO] [stdout] error: Compilation failed, aborting rustdoc
[INFO] [stdout] 
[INFO] [stdout] 
[INFO] [stdout] error: aborting due to 112 previous errors
[INFO] [stdout] 
[INFO] [stdout] 
[INFO] [stdout] Some errors have detailed explanations: E0412, E0432, E0433.
[INFO] [stdout] 
[INFO] [stdout] For more information about an error, try `rustc --explain E0412`.
[INFO] [stdout] 
[INFO] [stderr] error: could not document `roflmaio`
[INFO] [stderr] 
[INFO] [stderr] Caused by:
[INFO] [stderr]   process didn't exit successfully: `rustdoc --edition=2018 --crate-type bin --crate-name roflmaio src/main.rs -o /opt/rustwide/target/doc --error-format=json --json=diagnostic-rendered-ansi --document-private-items -L dependency=/opt/rustwide/target/debug/deps --extern async_task=/opt/rustwide/target/debug/deps/libasync_task-4c7399f9dedd7363.rmeta --extern futures_core=/opt/rustwide/target/debug/deps/libfutures_core-ab10ebc545f09c16.rmeta --extern parking_lot=/opt/rustwide/target/debug/deps/libparking_lot-402423eb9226d401.rmeta --extern smallvec=/opt/rustwide/target/debug/deps/libsmallvec-aee534673726e021.rmeta --extern winapi=/opt/rustwide/target/debug/deps/libwinapi-9c56b3de7d4f500b.rmeta --cap-lints=warn --crate-version 0.1.0` (exit status: 1)
[INFO] running `Command { std: "docker" "inspect" "86e585d1f3e466880e6c775db5a1b567e1903257923586cbc00ae3e1e6a839c2", kill_on_drop: false }`
[INFO] running `Command { std: "docker" "rm" "-f" "86e585d1f3e466880e6c775db5a1b567e1903257923586cbc00ae3e1e6a839c2", kill_on_drop: false }`
[INFO] [stdout] 86e585d1f3e466880e6c775db5a1b567e1903257923586cbc00ae3e1e6a839c2
