[INFO] cloning repository https://github.com/jquesnelle/ironnes
[INFO] running `Command { std: "git" "-c" "credential.helper=" "-c" "credential.helper=/workspace/cargo-home/bin/git-credential-null" "clone" "--bare" "https://github.com/jquesnelle/ironnes" "/workspace/cache/git-repos/https%3A%2F%2Fgithub.com%2Fjquesnelle%2Fironnes", kill_on_drop: false }`
[INFO] [stderr] Cloning into bare repository '/workspace/cache/git-repos/https%3A%2F%2Fgithub.com%2Fjquesnelle%2Fironnes'...
[INFO] running `Command { std: "git" "rev-parse" "HEAD", kill_on_drop: false }`
[INFO] [stdout] 37ef230fa4c239be9e437ccdfae1f7891295f87e
[INFO] documenting jquesnelle/ironnes against 1.54.0 for beta-1.55-rustdoc-1
[INFO] running `Command { std: "git" "clone" "/workspace/cache/git-repos/https%3A%2F%2Fgithub.com%2Fjquesnelle%2Fironnes" "/workspace/builds/worker-113/source", kill_on_drop: false }`
[INFO] [stderr] Cloning into '/workspace/builds/worker-113/source'...
[INFO] [stderr] done.
[INFO] validating manifest of git repo https://github.com/jquesnelle/ironnes on toolchain 1.54.0
[INFO] running `Command { std: "/workspace/cargo-home/bin/cargo" "+1.54.0" "metadata" "--manifest-path" "Cargo.toml" "--no-deps", kill_on_drop: false }`
[INFO] started tweaking git repo https://github.com/jquesnelle/ironnes
[INFO] finished tweaking git repo https://github.com/jquesnelle/ironnes
[INFO] tweaked toml for git repo https://github.com/jquesnelle/ironnes written to /workspace/builds/worker-113/source/Cargo.toml
[INFO] crate git repo https://github.com/jquesnelle/ironnes already has a lockfile, it will not be regenerated
[INFO] running `Command { std: "/workspace/cargo-home/bin/cargo" "+1.54.0" "fetch" "--manifest-path" "Cargo.toml", kill_on_drop: false }`
[INFO] [stderr]     Blocking waiting for file lock on package cache
[INFO] [stderr]     Blocking waiting for file lock on package cache
[INFO] running `Command { std: "docker" "create" "-v" "/var/lib/crater-agent-workspace/builds/worker-113/target:/opt/rustwide/target:rw,Z" "-v" "/var/lib/crater-agent-workspace/builds/worker-113/source:/opt/rustwide/workdir:ro,Z" "-v" "/var/lib/crater-agent-workspace/cargo-home:/opt/rustwide/cargo-home:ro,Z" "-v" "/var/lib/crater-agent-workspace/rustup-home:/opt/rustwide/rustup-home:ro,Z" "-e" "SOURCE_DIR=/opt/rustwide/workdir" "-e" "CARGO_TARGET_DIR=/opt/rustwide/target" "-e" "CARGO_HOME=/opt/rustwide/cargo-home" "-e" "RUSTUP_HOME=/opt/rustwide/rustup-home" "-w" "/opt/rustwide/workdir" "-m" "1610612736" "--user" "0:0" "--network" "none" "ghcr.io/rust-lang/crates-build-env/linux@sha256:34b6a614d2c27851fe6cbf88fbd1137609cefab8b10d0615aaeb6fd47975d74e" "/opt/rustwide/cargo-home/bin/cargo" "+1.54.0" "metadata" "--no-deps" "--format-version=1", kill_on_drop: false }`
[INFO] [stdout] 54ae44f81804194d2c2623db58fda6d8593b459c58a4714e1268795b0f5ca73c
[INFO] running `Command { std: "docker" "start" "-a" "54ae44f81804194d2c2623db58fda6d8593b459c58a4714e1268795b0f5ca73c", kill_on_drop: false }`
[INFO] running `Command { std: "docker" "inspect" "54ae44f81804194d2c2623db58fda6d8593b459c58a4714e1268795b0f5ca73c", kill_on_drop: false }`
[INFO] running `Command { std: "docker" "rm" "-f" "54ae44f81804194d2c2623db58fda6d8593b459c58a4714e1268795b0f5ca73c", kill_on_drop: false }`
[INFO] [stdout] 54ae44f81804194d2c2623db58fda6d8593b459c58a4714e1268795b0f5ca73c
[INFO] running `Command { std: "docker" "create" "-v" "/var/lib/crater-agent-workspace/builds/worker-113/target:/opt/rustwide/target:rw,Z" "-v" "/var/lib/crater-agent-workspace/builds/worker-113/source:/opt/rustwide/workdir:ro,Z" "-v" "/var/lib/crater-agent-workspace/cargo-home:/opt/rustwide/cargo-home:ro,Z" "-v" "/var/lib/crater-agent-workspace/rustup-home:/opt/rustwide/rustup-home:ro,Z" "-e" "SOURCE_DIR=/opt/rustwide/workdir" "-e" "CARGO_TARGET_DIR=/opt/rustwide/target" "-e" "CARGO_INCREMENTAL=0" "-e" "RUST_BACKTRACE=full" "-e" "RUSTDOCFLAGS=--cap-lints=warn" "-e" "CARGO_HOME=/opt/rustwide/cargo-home" "-e" "RUSTUP_HOME=/opt/rustwide/rustup-home" "-w" "/opt/rustwide/workdir" "-m" "1610612736" "--user" "0:0" "--network" "none" "ghcr.io/rust-lang/crates-build-env/linux@sha256:34b6a614d2c27851fe6cbf88fbd1137609cefab8b10d0615aaeb6fd47975d74e" "/opt/rustwide/cargo-home/bin/cargo" "+1.54.0" "doc" "--frozen" "--no-deps" "--document-private-items" "--message-format=json", kill_on_drop: false }`
[INFO] [stdout] 93893c55ed76ca247d4a6459145636cbf73de9f6a63f83639c19c67a3d9f9771
[INFO] running `Command { std: "docker" "start" "-a" "93893c55ed76ca247d4a6459145636cbf73de9f6a63f83639c19c67a3d9f9771", kill_on_drop: false }`
[INFO] [stderr]     Blocking waiting for file lock on package cache
[INFO] [stderr]  Documenting ironnes v0.0.1 (/opt/rustwide/workdir)
[INFO] [stdout] error: expected one of `!`, `(`, `+`, `::`, `;`, `<`, or `]`, found `,`
[INFO] [stdout]   --> src/rom/mod.rs:24:18
[INFO] [stdout]    |
[INFO] [stdout] 24 |   pub header: [u8, ..16],
[INFO] [stdout]    |                  ^ expected one of 7 possible tokens
[INFO] [stdout] 
[INFO] [stdout] 
[INFO] [stdout] error: invalid suffix `i` for number literal
[INFO] [stdout]   --> src/rom/mod.rs:69:30
[INFO] [stdout]    |
[INFO] [stdout] 69 |     rom.prg.grow(prg_size, &(0i as u8));
[INFO] [stdout]    |                              ^^ invalid suffix `i`
[INFO] [stdout]    |
[INFO] [stdout]    = help: the suffix must be one of the numeric types (`u32`, `isize`, `f32`, etc.)
[INFO] [stdout] 
[INFO] [stdout] 
[INFO] [stdout] error: invalid suffix `i` for number literal
[INFO] [stdout]   --> src/rom/mod.rs:76:32
[INFO] [stdout]    |
[INFO] [stdout] 76 |       rom.chr.grow(chr_size, &(0i as u8));
[INFO] [stdout]    |                                ^^ invalid suffix `i`
[INFO] [stdout]    |
[INFO] [stdout]    = help: the suffix must be one of the numeric types (`u32`, `isize`, `f32`, etc.)
[INFO] [stdout] 
[INFO] [stdout] 
[INFO] [stdout] error: invalid suffix `i` for number literal
[INFO] [stdout]   --> src/rom/mod.rs:95:26
[INFO] [stdout]    |
[INFO] [stdout] 95 |     name_buf.grow(128, &(0i as u8));
[INFO] [stdout]    |                          ^^ invalid suffix `i`
[INFO] [stdout]    |
[INFO] [stdout]    = help: the suffix must be one of the numeric types (`u32`, `isize`, `f32`, etc.)
[INFO] [stdout] 
[INFO] [stdout] 
[INFO] [stdout] error: `$emu:expr` is followed by `$arg:tt`, which is not allowed for `expr` fragments
[INFO] [stdout]   --> src/lib.rs:22:16
[INFO] [stdout]    |
[INFO] [stdout] 22 |   ($emu:expr $($arg:tt)*) => (
[INFO] [stdout]    |                ^^^^^^^ not allowed after `expr` fragments
[INFO] [stdout]    |
[INFO] [stdout]    = note: allowed there are: `=>`, `,` or `;`
[INFO] [stdout] 
[INFO] [stdout] 
[INFO] [stdout] error: `$emu:expr` is followed by `$arg:tt`, which is not allowed for `expr` fragments
[INFO] [stdout]   --> src/lib.rs:29:16
[INFO] [stdout]    |
[INFO] [stdout] 29 |   ($emu:expr $($arg:tt)*) => (
[INFO] [stdout]    |                ^^^^^^^ not allowed after `expr` fragments
[INFO] [stdout]    |
[INFO] [stdout]    = note: allowed there are: `=>`, `,` or `;`
[INFO] [stdout] 
[INFO] [stdout] 
[INFO] [stdout] error[E0432]: unresolved import `std::io::File`
[INFO] [stdout]   --> src/rom/mod.rs:18:15
[INFO] [stdout]    |
[INFO] [stdout] 18 | use std::io::{File};
[INFO] [stdout]    |               ^^^^ no `File` in `io`
[INFO] [stdout] 
[INFO] [stdout] 
[INFO] [stdout] error[E0432]: unresolved import `log::Normal`
[INFO] [stdout]   --> src/emulator/mod.rs:18:16
[INFO] [stdout]    |
[INFO] [stdout] 18 | use log::{Log, Normal};
[INFO] [stdout]    |                ^^^^^^ no `Normal` in `log`
[INFO] [stdout] 
[INFO] [stdout] 
[INFO] [stdout] error[E0412]: cannot find type `Path` in this scope
[INFO] [stdout]   --> src/rom/mod.rs:34:22
[INFO] [stdout]    |
[INFO] [stdout] 34 |   pub fn load(path: &Path, emulator: &Emulator) -> Result<Rc<RefCell<Rom>>, String> {
[INFO] [stdout]    |                      ^^^^ not found in this scope
[INFO] [stdout]    |
[INFO] [stdout] help: consider importing this struct
[INFO] [stdout]    |
[INFO] [stdout] 18 | use std::path::Path;
[INFO] [stdout]    |
[INFO] [stdout] 
[INFO] [stdout] 
[INFO] [stdout] error[E0412]: cannot find type `Path` in this scope
[INFO] [stdout]   --> src/emulator/mod.rs:39:37
[INFO] [stdout]    |
[INFO] [stdout] 39 |   pub fn load_rom(&mut self, path: &Path) -> Result<(), String> {
[INFO] [stdout]    |                                     ^^^^ not found in this scope
[INFO] [stdout]    |
[INFO] [stdout] help: consider importing this struct
[INFO] [stdout]    |
[INFO] [stdout] 18 | use std::path::Path;
[INFO] [stdout]    |
[INFO] [stdout] 
[INFO] [stdout] 
[INFO] [stdout] error[E0573]: expected type, found module `NROM`
[INFO] [stdout]   --> src/board/mod.rs:32:82
[INFO] [stdout]    |
[INFO] [stdout] 32 | pub fn load_board(emulator: &Emulator, rom_ref: &Rc<RefCell<Rom>>) -> Result<Box<NROM>, String> {
[INFO] [stdout]    |                                                                                  ^^^^ not a type
[INFO] [stdout] 
[INFO] [stdout] 
[INFO] [stdout] error[E0554]: `#![feature]` may not be used on the stable release channel
[INFO] [stdout]   --> src/lib.rs:18:1
[INFO] [stdout]    |
[INFO] [stdout] 18 | #![feature(macro_rules)]
[INFO] [stdout]    | ^^^^^^^^^^^^^^^^^^^^^^^^ help: remove the attribute
[INFO] [stdout]    |
[INFO] [stdout]    = help: the feature `macro_rules` has been stable since 1.0.0 and no longer requires an attribute to enable
[INFO] [stdout] 
[INFO] [stdout] 
[INFO] [stdout] error[E0658]: box expression syntax is experimental; you can call `Box::new` instead
[INFO] [stdout]   --> src/board/mod.rs:39:10
[INFO] [stdout]    |
[INFO] [stdout] 39 |     0 => box Nrom::new(None::<Nrom>, rom_ref),
[INFO] [stdout]    |          ^^^^^^^^^^^^^^^^^^^^^^^^^^^^^^^^^^^^
[INFO] [stdout]    |
[INFO] [stdout]    = note: see issue #49733 <https://github.com/rust-lang/rust/issues/49733> for more information
[INFO] [stdout] 
[INFO] [stdout] 
[INFO] [stdout] error: Compilation failed, aborting rustdoc
[INFO] [stdout] 
[INFO] [stdout] 
[INFO] [stdout] error: aborting due to 14 previous errors
[INFO] [stdout] 
[INFO] [stdout] 
[INFO] [stdout] Some errors have detailed explanations: E0412, E0432, E0554, E0573, E0658.
[INFO] [stdout] 
[INFO] [stdout] For more information about an error, try `rustc --explain E0412`.
[INFO] [stdout] 
[INFO] [stderr] error: could not document `ironnes`
[INFO] [stderr] 
[INFO] [stderr] Caused by:
[INFO] [stderr]   process didn't exit successfully: `rustdoc --crate-type lib --crate-name ironnes src/lib.rs -o /opt/rustwide/target/doc --error-format=json --json=diagnostic-rendered-ansi --document-private-items -L dependency=/opt/rustwide/target/debug/deps --cap-lints=warn --crate-version 0.0.1` (exit status: 1)
[INFO] running `Command { std: "docker" "inspect" "93893c55ed76ca247d4a6459145636cbf73de9f6a63f83639c19c67a3d9f9771", kill_on_drop: false }`
[INFO] running `Command { std: "docker" "rm" "-f" "93893c55ed76ca247d4a6459145636cbf73de9f6a63f83639c19c67a3d9f9771", kill_on_drop: false }`
[INFO] [stdout] 93893c55ed76ca247d4a6459145636cbf73de9f6a63f83639c19c67a3d9f9771
