[INFO] cloning repository https://github.com/jpochyla/trezor-rust-experiment
[INFO] running `Command { std: "git" "-c" "credential.helper=" "-c" "credential.helper=/workspace/cargo-home/bin/git-credential-null" "clone" "--bare" "https://github.com/jpochyla/trezor-rust-experiment" "/workspace/cache/git-repos/https%3A%2F%2Fgithub.com%2Fjpochyla%2Ftrezor-rust-experiment", kill_on_drop: false }`
[INFO] [stderr] Cloning into bare repository '/workspace/cache/git-repos/https%3A%2F%2Fgithub.com%2Fjpochyla%2Ftrezor-rust-experiment'...
[INFO] running `Command { std: "git" "rev-parse" "HEAD", kill_on_drop: false }`
[INFO] [stdout] dccf9e68259a32d0d6bfe92b8967efe23fbe2f53
[INFO] documenting jpochyla/trezor-rust-experiment against 1.54.0 for beta-1.55-rustdoc-1
[INFO] running `Command { std: "git" "clone" "/workspace/cache/git-repos/https%3A%2F%2Fgithub.com%2Fjpochyla%2Ftrezor-rust-experiment" "/workspace/builds/worker-0/source", kill_on_drop: false }`
[INFO] [stderr] Cloning into '/workspace/builds/worker-0/source'...
[INFO] [stderr] done.
[INFO] validating manifest of git repo https://github.com/jpochyla/trezor-rust-experiment on toolchain 1.54.0
[INFO] running `Command { std: "/workspace/cargo-home/bin/cargo" "+1.54.0" "metadata" "--manifest-path" "Cargo.toml" "--no-deps", kill_on_drop: false }`
[INFO] removed /workspace/builds/worker-0/source/.cargo/config
[INFO] started tweaking git repo https://github.com/jpochyla/trezor-rust-experiment
[INFO] finished tweaking git repo https://github.com/jpochyla/trezor-rust-experiment
[INFO] tweaked toml for git repo https://github.com/jpochyla/trezor-rust-experiment written to /workspace/builds/worker-0/source/Cargo.toml
[INFO] crate git repo https://github.com/jpochyla/trezor-rust-experiment already has a lockfile, it will not be regenerated
[INFO] running `Command { std: "/workspace/cargo-home/bin/cargo" "+1.54.0" "fetch" "--manifest-path" "Cargo.toml", kill_on_drop: false }`
[INFO] [stderr]     Blocking waiting for file lock on package cache
[INFO] [stderr]     Blocking waiting for file lock on package cache
[INFO] [stderr]  Downloading crates ...
[INFO] [stderr]   Downloaded compiler-builtins-snapshot v0.0.20161008+c56faf22abb39724008148d58f12bcd43b6d236b
[INFO] [stderr]   Downloaded r0 v0.2.0
[INFO] running `Command { std: "docker" "create" "-v" "/var/lib/crater-agent-workspace/builds/worker-0/target:/opt/rustwide/target:rw,Z" "-v" "/var/lib/crater-agent-workspace/builds/worker-0/source:/opt/rustwide/workdir:ro,Z" "-v" "/var/lib/crater-agent-workspace/cargo-home:/opt/rustwide/cargo-home:ro,Z" "-v" "/var/lib/crater-agent-workspace/rustup-home:/opt/rustwide/rustup-home:ro,Z" "-e" "SOURCE_DIR=/opt/rustwide/workdir" "-e" "CARGO_TARGET_DIR=/opt/rustwide/target" "-e" "CARGO_HOME=/opt/rustwide/cargo-home" "-e" "RUSTUP_HOME=/opt/rustwide/rustup-home" "-w" "/opt/rustwide/workdir" "-m" "1610612736" "--user" "0:0" "--network" "none" "ghcr.io/rust-lang/crates-build-env/linux@sha256:34b6a614d2c27851fe6cbf88fbd1137609cefab8b10d0615aaeb6fd47975d74e" "/opt/rustwide/cargo-home/bin/cargo" "+1.54.0" "metadata" "--no-deps" "--format-version=1", kill_on_drop: false }`
[INFO] [stdout] 5fddb720a6508fc2866637981af3bf277d58a7c63d37bd4499d31c4014b2d269
[INFO] running `Command { std: "docker" "start" "-a" "5fddb720a6508fc2866637981af3bf277d58a7c63d37bd4499d31c4014b2d269", kill_on_drop: false }`
[INFO] running `Command { std: "docker" "inspect" "5fddb720a6508fc2866637981af3bf277d58a7c63d37bd4499d31c4014b2d269", kill_on_drop: false }`
[INFO] running `Command { std: "docker" "rm" "-f" "5fddb720a6508fc2866637981af3bf277d58a7c63d37bd4499d31c4014b2d269", kill_on_drop: false }`
[INFO] [stdout] 5fddb720a6508fc2866637981af3bf277d58a7c63d37bd4499d31c4014b2d269
[INFO] running `Command { std: "docker" "create" "-v" "/var/lib/crater-agent-workspace/builds/worker-0/target:/opt/rustwide/target:rw,Z" "-v" "/var/lib/crater-agent-workspace/builds/worker-0/source:/opt/rustwide/workdir:ro,Z" "-v" "/var/lib/crater-agent-workspace/cargo-home:/opt/rustwide/cargo-home:ro,Z" "-v" "/var/lib/crater-agent-workspace/rustup-home:/opt/rustwide/rustup-home:ro,Z" "-e" "SOURCE_DIR=/opt/rustwide/workdir" "-e" "CARGO_TARGET_DIR=/opt/rustwide/target" "-e" "CARGO_INCREMENTAL=0" "-e" "RUST_BACKTRACE=full" "-e" "RUSTDOCFLAGS=--cap-lints=warn" "-e" "CARGO_HOME=/opt/rustwide/cargo-home" "-e" "RUSTUP_HOME=/opt/rustwide/rustup-home" "-w" "/opt/rustwide/workdir" "-m" "1610612736" "--user" "0:0" "--network" "none" "ghcr.io/rust-lang/crates-build-env/linux@sha256:34b6a614d2c27851fe6cbf88fbd1137609cefab8b10d0615aaeb6fd47975d74e" "/opt/rustwide/cargo-home/bin/cargo" "+1.54.0" "doc" "--frozen" "--no-deps" "--document-private-items" "--message-format=json", kill_on_drop: false }`
[INFO] [stdout] 1ae217001408deedb6196a55c2577f82af0e109c0c70061e7c9d77dfcee580ae
[INFO] running `Command { std: "docker" "start" "-a" "1ae217001408deedb6196a55c2577f82af0e109c0c70061e7c9d77dfcee580ae", kill_on_drop: false }`
[INFO] [stderr]     Blocking waiting for file lock on package cache
[INFO] [stderr]     Checking rlibc v1.0.0
[INFO] [stderr]     Checking r0 v0.2.0
[INFO] [stderr]     Checking compiler-builtins-snapshot v0.0.20161008+c56faf22abb39724008148d58f12bcd43b6d236b
[INFO] [stdout] error[E0554]: `#![feature]` may not be used on the stable release channel
[INFO] [stdout]  --> /opt/rustwide/cargo-home/registry/src/github.com-1ecc6299db9ec823/compiler-builtins-snapshot-0.0.20161008+c56faf22abb39724008148d58f12bcd43b6d236b/src/lib.rs:4:1
[INFO] [stdout]   |
[INFO] [stdout] 4 | #![feature(asm)]
[INFO] [stdout]   | ^^^^^^^^^^^^^^^^
[INFO] [stdout] 
[INFO] [stdout] 
[INFO] [stdout] error[E0554]: `#![feature]` may not be used on the stable release channel
[INFO] [stdout]  --> /opt/rustwide/cargo-home/registry/src/github.com-1ecc6299db9ec823/compiler-builtins-snapshot-0.0.20161008+c56faf22abb39724008148d58f12bcd43b6d236b/src/lib.rs:5:1
[INFO] [stdout]   |
[INFO] [stdout] 5 | #![feature(core_intrinsics)]
[INFO] [stdout]   | ^^^^^^^^^^^^^^^^^^^^^^^^^^^^
[INFO] [stdout] 
[INFO] [stdout] 
[INFO] [stdout] error[E0554]: `#![feature]` may not be used on the stable release channel
[INFO] [stdout]  --> /opt/rustwide/cargo-home/registry/src/github.com-1ecc6299db9ec823/compiler-builtins-snapshot-0.0.20161008+c56faf22abb39724008148d58f12bcd43b6d236b/src/lib.rs:6:1
[INFO] [stdout]   |
[INFO] [stdout] 6 | #![feature(linkage)]
[INFO] [stdout]   | ^^^^^^^^^^^^^^^^^^^^
[INFO] [stdout] 
[INFO] [stdout] 
[INFO] [stdout] error[E0554]: `#![feature]` may not be used on the stable release channel
[INFO] [stdout]  --> /opt/rustwide/cargo-home/registry/src/github.com-1ecc6299db9ec823/compiler-builtins-snapshot-0.0.20161008+c56faf22abb39724008148d58f12bcd43b6d236b/src/lib.rs:7:1
[INFO] [stdout]   |
[INFO] [stdout] 7 | #![feature(naked_functions)]
[INFO] [stdout]   | ^^^^^^^^^^^^^^^^^^^^^^^^^^^^
[INFO] [stdout] 
[INFO] [stdout] 
[INFO] [stdout] error: aborting due to 4 previous errors
[INFO] [stdout] 
[INFO] [stdout] 
[INFO] [stdout] For more information about this error, try `rustc --explain E0554`.
[INFO] [stdout] 
[INFO] [stderr] error: could not compile `compiler-builtins-snapshot`
[INFO] [stderr] 
[INFO] [stderr] To learn more, run the command again with --verbose.
[INFO] running `Command { std: "docker" "inspect" "1ae217001408deedb6196a55c2577f82af0e109c0c70061e7c9d77dfcee580ae", kill_on_drop: false }`
[INFO] running `Command { std: "docker" "rm" "-f" "1ae217001408deedb6196a55c2577f82af0e109c0c70061e7c9d77dfcee580ae", kill_on_drop: false }`
[INFO] [stdout] 1ae217001408deedb6196a55c2577f82af0e109c0c70061e7c9d77dfcee580ae
