[INFO] cloning repository https://github.com/jonathanmcelroy/freeciv_save_analyzer
[INFO] running `Command { std: "git" "-c" "credential.helper=" "-c" "credential.helper=/workspace/cargo-home/bin/git-credential-null" "clone" "--bare" "https://github.com/jonathanmcelroy/freeciv_save_analyzer" "/workspace/cache/git-repos/https%3A%2F%2Fgithub.com%2Fjonathanmcelroy%2Ffreeciv_save_analyzer", kill_on_drop: false }`
[INFO] [stderr] Cloning into bare repository '/workspace/cache/git-repos/https%3A%2F%2Fgithub.com%2Fjonathanmcelroy%2Ffreeciv_save_analyzer'...
[INFO] running `Command { std: "git" "rev-parse" "HEAD", kill_on_drop: false }`
[INFO] [stdout] e686a8ada231fe33f83f32e55438527960bffbcf
[INFO] documenting jonathanmcelroy/freeciv_save_analyzer against beta-2021-08-01 for beta-1.55-rustdoc-1
[INFO] running `Command { std: "git" "clone" "/workspace/cache/git-repos/https%3A%2F%2Fgithub.com%2Fjonathanmcelroy%2Ffreeciv_save_analyzer" "/workspace/builds/worker-13/source", kill_on_drop: false }`
[INFO] [stderr] Cloning into '/workspace/builds/worker-13/source'...
[INFO] [stderr] done.
[INFO] validating manifest of git repo https://github.com/jonathanmcelroy/freeciv_save_analyzer on toolchain beta-2021-08-01
[INFO] running `Command { std: "/workspace/cargo-home/bin/cargo" "+beta-2021-08-01" "metadata" "--manifest-path" "Cargo.toml" "--no-deps", kill_on_drop: false }`
[INFO] started tweaking git repo https://github.com/jonathanmcelroy/freeciv_save_analyzer
[INFO] finished tweaking git repo https://github.com/jonathanmcelroy/freeciv_save_analyzer
[INFO] tweaked toml for git repo https://github.com/jonathanmcelroy/freeciv_save_analyzer written to /workspace/builds/worker-13/source/Cargo.toml
[INFO] crate git repo https://github.com/jonathanmcelroy/freeciv_save_analyzer already has a lockfile, it will not be regenerated
[INFO] running `Command { std: "/workspace/cargo-home/bin/cargo" "+beta-2021-08-01" "fetch" "--manifest-path" "Cargo.toml", kill_on_drop: false }`
[INFO] [stderr]     Updating crates.io index
[INFO] [stderr]     Blocking waiting for file lock on package cache
[INFO] running `Command { std: "docker" "create" "-v" "/var/lib/crater-agent-workspace/builds/worker-13/target:/opt/rustwide/target:rw,Z" "-v" "/var/lib/crater-agent-workspace/builds/worker-13/source:/opt/rustwide/workdir:ro,Z" "-v" "/var/lib/crater-agent-workspace/cargo-home:/opt/rustwide/cargo-home:ro,Z" "-v" "/var/lib/crater-agent-workspace/rustup-home:/opt/rustwide/rustup-home:ro,Z" "-e" "SOURCE_DIR=/opt/rustwide/workdir" "-e" "CARGO_TARGET_DIR=/opt/rustwide/target" "-e" "CARGO_HOME=/opt/rustwide/cargo-home" "-e" "RUSTUP_HOME=/opt/rustwide/rustup-home" "-w" "/opt/rustwide/workdir" "-m" "1610612736" "--user" "0:0" "--network" "none" "ghcr.io/rust-lang/crates-build-env/linux@sha256:34b6a614d2c27851fe6cbf88fbd1137609cefab8b10d0615aaeb6fd47975d74e" "/opt/rustwide/cargo-home/bin/cargo" "+beta-2021-08-01" "metadata" "--no-deps" "--format-version=1", kill_on_drop: false }`
[INFO] [stdout] db950076d3f96a8b6b10195718f68452922ed1c132c2d9202524f7814eb07283
[INFO] running `Command { std: "docker" "start" "-a" "db950076d3f96a8b6b10195718f68452922ed1c132c2d9202524f7814eb07283", kill_on_drop: false }`
[INFO] running `Command { std: "docker" "inspect" "db950076d3f96a8b6b10195718f68452922ed1c132c2d9202524f7814eb07283", kill_on_drop: false }`
[INFO] running `Command { std: "docker" "rm" "-f" "db950076d3f96a8b6b10195718f68452922ed1c132c2d9202524f7814eb07283", kill_on_drop: false }`
[INFO] [stdout] db950076d3f96a8b6b10195718f68452922ed1c132c2d9202524f7814eb07283
[INFO] running `Command { std: "docker" "create" "-v" "/var/lib/crater-agent-workspace/builds/worker-13/target:/opt/rustwide/target:rw,Z" "-v" "/var/lib/crater-agent-workspace/builds/worker-13/source:/opt/rustwide/workdir:ro,Z" "-v" "/var/lib/crater-agent-workspace/cargo-home:/opt/rustwide/cargo-home:ro,Z" "-v" "/var/lib/crater-agent-workspace/rustup-home:/opt/rustwide/rustup-home:ro,Z" "-e" "SOURCE_DIR=/opt/rustwide/workdir" "-e" "CARGO_TARGET_DIR=/opt/rustwide/target" "-e" "CARGO_INCREMENTAL=0" "-e" "RUST_BACKTRACE=full" "-e" "RUSTDOCFLAGS=--cap-lints=warn" "-e" "CARGO_HOME=/opt/rustwide/cargo-home" "-e" "RUSTUP_HOME=/opt/rustwide/rustup-home" "-w" "/opt/rustwide/workdir" "-m" "1610612736" "--user" "0:0" "--network" "none" "ghcr.io/rust-lang/crates-build-env/linux@sha256:34b6a614d2c27851fe6cbf88fbd1137609cefab8b10d0615aaeb6fd47975d74e" "/opt/rustwide/cargo-home/bin/cargo" "+beta-2021-08-01" "doc" "--frozen" "--no-deps" "--document-private-items" "--message-format=json", kill_on_drop: false }`
[INFO] [stdout] 092b3733c5318c450b85f838a051e96e01cd0560ddc30e43b17937d67d6db855
[INFO] running `Command { std: "docker" "start" "-a" "092b3733c5318c450b85f838a051e96e01cd0560ddc30e43b17937d67d6db855", kill_on_drop: false }`
[INFO] [stderr]    Compiling memchr v2.4.0
[INFO] [stderr]     Checking combine v4.6.0
[INFO] [stderr]  Documenting freeciv v0.1.0 (/opt/rustwide/workdir)
[INFO] [stdout] error[E0432]: unresolved import `self::combine::combinator`
[INFO] [stdout]  --> src/parse/mod.rs:3:20
[INFO] [stdout]   |
[INFO] [stdout] 3 | use self::combine::combinator::{Many, SepBy};
[INFO] [stdout]   |                    ^^^^^^^^^^ could not find `combinator` in `combine`
[INFO] [stdout] 
[INFO] [stdout] 
[INFO] [stdout] error[E0432]: unresolved import `self::combine::primitives`
[INFO] [stdout]  --> src/parse/mod.rs:4:20
[INFO] [stdout]   |
[INFO] [stdout] 4 | use self::combine::primitives::{Consumed, Stream};
[INFO] [stdout]   |                    ^^^^^^^^^^ could not find `primitives` in `combine`
[INFO] [stdout] 
[INFO] [stdout] 
[INFO] [stdout] error[E0412]: cannot find type `State` in this scope
[INFO] [stdout]   --> src/parse/mod.rs:20:24
[INFO] [stdout]    |
[INFO] [stdout] 20 | fn title_parser(input: State<&str>) -> ParseResult<String, &str> {
[INFO] [stdout]    |                        ^^^^^ not found in this scope
[INFO] [stdout] 
[INFO] [stdout] 
[INFO] [stdout] error[E0412]: cannot find type `State` in this scope
[INFO] [stdout]   --> src/parse/mod.rs:24:25
[INFO] [stdout]    |
[INFO] [stdout] 24 | fn string_parser(input: State<&str>) -> ParseResult<String, &str> {
[INFO] [stdout]    |                         ^^^^^ not found in this scope
[INFO] [stdout] 
[INFO] [stdout] 
[INFO] [stdout] error[E0412]: cannot find type `State` in this scope
[INFO] [stdout]   --> src/parse/mod.rs:25:35
[INFO] [stdout]    |
[INFO] [stdout] 25 |     fn escaped_char_parser(input: State<&str>) -> ParseResult<char, &str> {
[INFO] [stdout]    |                                   ^^^^^ not found in this scope
[INFO] [stdout] 
[INFO] [stdout] 
[INFO] [stdout] error[E0412]: cannot find type `State` in this scope
[INFO] [stdout]   --> src/parse/mod.rs:54:27
[INFO] [stdout]    |
[INFO] [stdout] 54 | fn boolean_parser(input : State<&str>) -> ParseResult<Object, &str> {
[INFO] [stdout]    |                           ^^^^^ not found in this scope
[INFO] [stdout] 
[INFO] [stdout] 
[INFO] [stdout] error[E0412]: cannot find type `State` in this scope
[INFO] [stdout]   --> src/parse/mod.rs:58:28
[INFO] [stdout]    |
[INFO] [stdout] 58 | fn wierd_exception(input : State<&str>) -> ParseResult<Object, &str> {
[INFO] [stdout]    |                            ^^^^^ not found in this scope
[INFO] [stdout] 
[INFO] [stdout] 
[INFO] [stdout] error[E0412]: cannot find type `State` in this scope
[INFO] [stdout]   --> src/parse/mod.rs:62:33
[INFO] [stdout]    |
[INFO] [stdout] 62 | fn single_object_parser(input : State<&str>) -> ParseResult<Object, &str> {
[INFO] [stdout]    |                                 ^^^^^ not found in this scope
[INFO] [stdout] 
[INFO] [stdout] 
[INFO] [stdout] error[E0412]: cannot find type `State` in this scope
[INFO] [stdout]   --> src/parse/mod.rs:68:25
[INFO] [stdout]    |
[INFO] [stdout] 68 | fn struct_parser(input: State<&str>) -> ParseResult<(Vec<String>, Vec<Vec<Object>>), &str> {
[INFO] [stdout]    |                         ^^^^^ not found in this scope
[INFO] [stdout] 
[INFO] [stdout] 
[INFO] [stdout] error[E0412]: cannot find type `State` in this scope
[INFO] [stdout]   --> src/parse/mod.rs:76:26
[INFO] [stdout]    |
[INFO] [stdout] 76 | fn object_parser(input : State<&str>) -> ParseResult<Object, &str> {
[INFO] [stdout]    |                          ^^^^^ not found in this scope
[INFO] [stdout] 
[INFO] [stdout] 
[INFO] [stdout] error[E0412]: cannot find type `State` in this scope
[INFO] [stdout]   --> src/parse/mod.rs:80:30
[INFO] [stdout]    |
[INFO] [stdout] 80 | fn assignment_parser(input : State<&str>) -> ParseResult<(String, Object), &str> {
[INFO] [stdout]    |                              ^^^^^ not found in this scope
[INFO] [stdout] 
[INFO] [stdout] 
[INFO] [stdout] error[E0412]: cannot find type `State` in this scope
[INFO] [stdout]   --> src/parse/mod.rs:84:27
[INFO] [stdout]    |
[INFO] [stdout] 84 | fn section_parser(input : State<&str>) -> ParseResult<(String, HashMap<String, Object>), &str> {
[INFO] [stdout]    |                           ^^^^^ not found in this scope
[INFO] [stdout] 
[INFO] [stdout] 
[INFO] [stdout] error[E0412]: cannot find type `State` in this scope
[INFO] [stdout]   --> src/parse/mod.rs:88:31
[INFO] [stdout]    |
[INFO] [stdout] 88 | pub fn sections_parser(input: State<&str>) -> ParseResult<Object, &str> {
[INFO] [stdout]    |                               ^^^^^ not found in this scope
[INFO] [stdout] 
[INFO] [stdout] 
[INFO] [stdout] error: Compilation failed, aborting rustdoc
[INFO] [stdout] 
[INFO] [stdout] 
[INFO] [stdout] error: aborting due to 14 previous errors
[INFO] [stdout] 
[INFO] [stdout] 
[INFO] [stdout] Some errors have detailed explanations: E0412, E0432.
[INFO] [stdout] 
[INFO] [stdout] For more information about an error, try `rustc --explain E0412`.
[INFO] [stdout] 
[INFO] [stderr] error: could not document `freeciv`
[INFO] [stderr] 
[INFO] [stderr] Caused by:
[INFO] [stderr]   process didn't exit successfully: `rustdoc --crate-type bin --crate-name freeciv src/main.rs -o /opt/rustwide/target/doc --error-format=json --json=diagnostic-rendered-ansi --document-private-items -L dependency=/opt/rustwide/target/debug/deps --extern combine=/opt/rustwide/target/debug/deps/libcombine-687a43afe1ea37d2.rmeta --cap-lints=warn --crate-version 0.1.0` (exit status: 1)
[INFO] running `Command { std: "docker" "inspect" "092b3733c5318c450b85f838a051e96e01cd0560ddc30e43b17937d67d6db855", kill_on_drop: false }`
[INFO] running `Command { std: "docker" "rm" "-f" "092b3733c5318c450b85f838a051e96e01cd0560ddc30e43b17937d67d6db855", kill_on_drop: false }`
[INFO] [stdout] 092b3733c5318c450b85f838a051e96e01cd0560ddc30e43b17937d67d6db855
