[INFO] cloning repository https://github.com/jjcomer/advent2015
[INFO] running `Command { std: "git" "-c" "credential.helper=" "-c" "credential.helper=/workspace/cargo-home/bin/git-credential-null" "clone" "--bare" "https://github.com/jjcomer/advent2015" "/workspace/cache/git-repos/https%3A%2F%2Fgithub.com%2Fjjcomer%2Fadvent2015", kill_on_drop: false }`
[INFO] [stderr] Cloning into bare repository '/workspace/cache/git-repos/https%3A%2F%2Fgithub.com%2Fjjcomer%2Fadvent2015'...
[INFO] running `Command { std: "git" "rev-parse" "HEAD", kill_on_drop: false }`
[INFO] [stdout] 5c49378774b146869f9ef1e41faffae9621fc743
[INFO] documenting jjcomer/advent2015 against 1.54.0 for beta-1.55-rustdoc-1
[INFO] running `Command { std: "git" "clone" "/workspace/cache/git-repos/https%3A%2F%2Fgithub.com%2Fjjcomer%2Fadvent2015" "/workspace/builds/worker-56/source", kill_on_drop: false }`
[INFO] [stderr] Cloning into '/workspace/builds/worker-56/source'...
[INFO] [stderr] done.
[INFO] validating manifest of git repo https://github.com/jjcomer/advent2015 on toolchain 1.54.0
[INFO] running `Command { std: "/workspace/cargo-home/bin/cargo" "+1.54.0" "metadata" "--manifest-path" "Cargo.toml" "--no-deps", kill_on_drop: false }`
[INFO] started tweaking git repo https://github.com/jjcomer/advent2015
[INFO] finished tweaking git repo https://github.com/jjcomer/advent2015
[INFO] tweaked toml for git repo https://github.com/jjcomer/advent2015 written to /workspace/builds/worker-56/source/Cargo.toml
[INFO] crate git repo https://github.com/jjcomer/advent2015 already has a lockfile, it will not be regenerated
[INFO] running `Command { std: "/workspace/cargo-home/bin/cargo" "+1.54.0" "fetch" "--manifest-path" "Cargo.toml", kill_on_drop: false }`
[INFO] running `Command { std: "docker" "create" "-v" "/var/lib/crater-agent-workspace/builds/worker-56/target:/opt/rustwide/target:rw,Z" "-v" "/var/lib/crater-agent-workspace/builds/worker-56/source:/opt/rustwide/workdir:ro,Z" "-v" "/var/lib/crater-agent-workspace/cargo-home:/opt/rustwide/cargo-home:ro,Z" "-v" "/var/lib/crater-agent-workspace/rustup-home:/opt/rustwide/rustup-home:ro,Z" "-e" "SOURCE_DIR=/opt/rustwide/workdir" "-e" "CARGO_TARGET_DIR=/opt/rustwide/target" "-e" "CARGO_HOME=/opt/rustwide/cargo-home" "-e" "RUSTUP_HOME=/opt/rustwide/rustup-home" "-w" "/opt/rustwide/workdir" "-m" "1610612736" "--user" "0:0" "--network" "none" "ghcr.io/rust-lang/crates-build-env/linux@sha256:34b6a614d2c27851fe6cbf88fbd1137609cefab8b10d0615aaeb6fd47975d74e" "/opt/rustwide/cargo-home/bin/cargo" "+1.54.0" "metadata" "--no-deps" "--format-version=1", kill_on_drop: false }`
[INFO] [stdout] 78f741a7e6788dd9afb0b8172e9c1c3eafba40983b3a8d7e447b18b8eecfb91f
[INFO] running `Command { std: "docker" "start" "-a" "78f741a7e6788dd9afb0b8172e9c1c3eafba40983b3a8d7e447b18b8eecfb91f", kill_on_drop: false }`
[INFO] running `Command { std: "docker" "inspect" "78f741a7e6788dd9afb0b8172e9c1c3eafba40983b3a8d7e447b18b8eecfb91f", kill_on_drop: false }`
[INFO] running `Command { std: "docker" "rm" "-f" "78f741a7e6788dd9afb0b8172e9c1c3eafba40983b3a8d7e447b18b8eecfb91f", kill_on_drop: false }`
[INFO] [stdout] 78f741a7e6788dd9afb0b8172e9c1c3eafba40983b3a8d7e447b18b8eecfb91f
[INFO] running `Command { std: "docker" "create" "-v" "/var/lib/crater-agent-workspace/builds/worker-56/target:/opt/rustwide/target:rw,Z" "-v" "/var/lib/crater-agent-workspace/builds/worker-56/source:/opt/rustwide/workdir:ro,Z" "-v" "/var/lib/crater-agent-workspace/cargo-home:/opt/rustwide/cargo-home:ro,Z" "-v" "/var/lib/crater-agent-workspace/rustup-home:/opt/rustwide/rustup-home:ro,Z" "-e" "SOURCE_DIR=/opt/rustwide/workdir" "-e" "CARGO_TARGET_DIR=/opt/rustwide/target" "-e" "CARGO_INCREMENTAL=0" "-e" "RUST_BACKTRACE=full" "-e" "RUSTDOCFLAGS=--cap-lints=warn" "-e" "CARGO_HOME=/opt/rustwide/cargo-home" "-e" "RUSTUP_HOME=/opt/rustwide/rustup-home" "-w" "/opt/rustwide/workdir" "-m" "1610612736" "--user" "0:0" "--network" "none" "ghcr.io/rust-lang/crates-build-env/linux@sha256:34b6a614d2c27851fe6cbf88fbd1137609cefab8b10d0615aaeb6fd47975d74e" "/opt/rustwide/cargo-home/bin/cargo" "+1.54.0" "doc" "--frozen" "--no-deps" "--document-private-items" "--message-format=json", kill_on_drop: false }`
[INFO] [stdout] c01e63a34d94c3c4251c1d9b47dea0517fbc536e8e772fa9e6b9b039ea869ac3
[INFO] running `Command { std: "docker" "start" "-a" "c01e63a34d94c3c4251c1d9b47dea0517fbc536e8e772fa9e6b9b039ea869ac3", kill_on_drop: false }`
[INFO] [stderr]    Compiling serde v1.0.117
[INFO] [stderr]    Compiling syn v1.0.48
[INFO] [stderr]    Compiling serde_derive v1.0.117
[INFO] [stderr]    Compiling serde_json v1.0.59
[INFO] [stderr]    Compiling itoa v0.4.6
[INFO] [stderr]     Checking regex-syntax v0.6.21
[INFO] [stderr]     Checking aoc-runner v0.3.0
[INFO] [stderr]    Compiling ryu v1.0.5
[INFO] [stderr]     Checking aho-corasick v0.7.15
[INFO] [stderr]     Checking regex v1.4.2
[INFO] [stderr]    Compiling aoc-runner-internal v0.1.0
[INFO] [stderr]    Compiling aoc-runner-derive v0.3.0
[INFO] [stderr]  Documenting aoc_2015 v0.1.0 (/opt/rustwide/workdir)
[INFO] [stdout] error: proc macro panicked
[INFO] [stdout]   --> src/lib.rs:16:1
[INFO] [stdout]    |
[INFO] [stdout] 16 | aoc_lib! {year=2015}
[INFO] [stdout]    | ^^^^^^^^^^^^^^^^^^^^
[INFO] [stdout]    |
[INFO] [stdout]    = help: message: failed to write infos from lib: Os { code: 30, kind: Other, message: "Read-only file system" }
[INFO] [stdout] 
[INFO] [stdout] 
[INFO] [stdout] error[E0432]: unresolved import `crate`
[INFO] [stdout]  --> src/day01.rs:1:1
[INFO] [stdout]   |
[INFO] [stdout] 1 | #[aoc(day1, part1)]
[INFO] [stdout]   | ^^^^^^^^^^^^^^^^^^^ no `Factory` in the root
[INFO] [stdout]   |
[INFO] [stdout]   = note: this error originates in the attribute macro `aoc` (in Nightly builds, run with -Z macro-backtrace for more info)
[INFO] [stdout] 
[INFO] [stdout] 
[INFO] [stdout] error[E0432]: unresolved import `crate`
[INFO] [stdout]   --> src/day01.rs:16:1
[INFO] [stdout]    |
[INFO] [stdout] 16 | #[aoc(day1, part2)]
[INFO] [stdout]    | ^^^^^^^^^^^^^^^^^^^ no `Factory` in the root
[INFO] [stdout]    |
[INFO] [stdout]    = note: this error originates in the attribute macro `aoc` (in Nightly builds, run with -Z macro-backtrace for more info)
[INFO] [stdout] 
[INFO] [stdout] 
[INFO] [stdout] error[E0432]: unresolved import `crate`
[INFO] [stdout]   --> src/day02.rs:57:1
[INFO] [stdout]    |
[INFO] [stdout] 57 | #[aoc(day2, part1)]
[INFO] [stdout]    | ^^^^^^^^^^^^^^^^^^^ no `Factory` in the root
[INFO] [stdout]    |
[INFO] [stdout]    = note: this error originates in the attribute macro `aoc` (in Nightly builds, run with -Z macro-backtrace for more info)
[INFO] [stdout] 
[INFO] [stdout] 
[INFO] [stdout] error[E0432]: unresolved import `crate`
[INFO] [stdout]   --> src/day02.rs:65:1
[INFO] [stdout]    |
[INFO] [stdout] 65 | #[aoc(day2, part2)]
[INFO] [stdout]    | ^^^^^^^^^^^^^^^^^^^ no `Factory` in the root
[INFO] [stdout]    |
[INFO] [stdout]    = note: this error originates in the attribute macro `aoc` (in Nightly builds, run with -Z macro-backtrace for more info)
[INFO] [stdout] 
[INFO] [stdout] 
[INFO] [stdout] error[E0432]: unresolved import `crate`
[INFO] [stdout]   --> src/day03.rs:47:1
[INFO] [stdout]    |
[INFO] [stdout] 47 | #[aoc(day3, part1)]
[INFO] [stdout]    | ^^^^^^^^^^^^^^^^^^^ no `Factory` in the root
[INFO] [stdout]    |
[INFO] [stdout]    = note: this error originates in the attribute macro `aoc` (in Nightly builds, run with -Z macro-backtrace for more info)
[INFO] [stdout] 
[INFO] [stdout] 
[INFO] [stdout] error[E0432]: unresolved import `crate`
[INFO] [stdout]   --> src/day03.rs:61:1
[INFO] [stdout]    |
[INFO] [stdout] 61 | #[aoc(day3, part2)]
[INFO] [stdout]    | ^^^^^^^^^^^^^^^^^^^ no `Factory` in the root
[INFO] [stdout]    |
[INFO] [stdout]    = note: this error originates in the attribute macro `aoc` (in Nightly builds, run with -Z macro-backtrace for more info)
[INFO] [stdout] 
[INFO] [stdout] 
[INFO] [stdout] error[E0432]: unresolved import `crate`
[INFO] [stdout]  --> src/day04.rs:3:1
[INFO] [stdout]   |
[INFO] [stdout] 3 | #[aoc(day4, part1)]
[INFO] [stdout]   | ^^^^^^^^^^^^^^^^^^^ no `Factory` in the root
[INFO] [stdout]   |
[INFO] [stdout]   = note: this error originates in the attribute macro `aoc` (in Nightly builds, run with -Z macro-backtrace for more info)
[INFO] [stdout] 
[INFO] [stdout] 
[INFO] [stdout] error[E0432]: unresolved import `crate`
[INFO] [stdout]   --> src/day04.rs:11:1
[INFO] [stdout]    |
[INFO] [stdout] 11 | #[aoc(day4, part2)]
[INFO] [stdout]    | ^^^^^^^^^^^^^^^^^^^ no `Factory` in the root
[INFO] [stdout]    |
[INFO] [stdout]    = note: this error originates in the attribute macro `aoc` (in Nightly builds, run with -Z macro-backtrace for more info)
[INFO] [stdout] 
[INFO] [stdout] 
[INFO] [stdout] error[E0432]: unresolved import `crate`
[INFO] [stdout]  --> src/day05.rs:8:1
[INFO] [stdout]   |
[INFO] [stdout] 8 | #[aoc(day5, part1)]
[INFO] [stdout]   | ^^^^^^^^^^^^^^^^^^^ no `Factory` in the root
[INFO] [stdout]   |
[INFO] [stdout]   = note: this error originates in the attribute macro `aoc` (in Nightly builds, run with -Z macro-backtrace for more info)
[INFO] [stdout] 
[INFO] [stdout] 
[INFO] [stdout] error[E0432]: unresolved import `crate`
[INFO] [stdout]    --> src/day07.rs:135:1
[INFO] [stdout]     |
[INFO] [stdout] 135 | #[aoc(day7, part1)]
[INFO] [stdout]     | ^^^^^^^^^^^^^^^^^^^ no `Factory` in the root
[INFO] [stdout]     |
[INFO] [stdout]     = note: this error originates in the attribute macro `aoc` (in Nightly builds, run with -Z macro-backtrace for more info)
[INFO] [stdout] 
[INFO] [stdout] 
[INFO] [stdout] error[E0432]: unresolved import `crate`
[INFO] [stdout]    --> src/day07.rs:141:1
[INFO] [stdout]     |
[INFO] [stdout] 141 | #[aoc(day7, part2)]
[INFO] [stdout]     | ^^^^^^^^^^^^^^^^^^^ no `Factory` in the root
[INFO] [stdout]     |
[INFO] [stdout]     = note: this error originates in the attribute macro `aoc` (in Nightly builds, run with -Z macro-backtrace for more info)
[INFO] [stdout] 
[INFO] [stdout] 
[INFO] [stdout] error: Compilation failed, aborting rustdoc
[INFO] [stdout] 
[INFO] [stdout] 
[INFO] [stdout] error: aborting due to 13 previous errors
[INFO] [stdout] 
[INFO] [stdout] 
[INFO] [stdout] For more information about this error, try `rustc --explain E0432`.
[INFO] [stdout] 
[INFO] [stderr] error: could not document `aoc_2015`
[INFO] [stderr] 
[INFO] [stderr] Caused by:
[INFO] [stderr]   process didn't exit successfully: `rustdoc --edition=2018 --crate-type lib --crate-name aoc_2015 src/lib.rs -o /opt/rustwide/target/doc --error-format=json --json=diagnostic-rendered-ansi --document-private-items -L dependency=/opt/rustwide/target/debug/deps --extern aoc_runner=/opt/rustwide/target/debug/deps/libaoc_runner-c0e6d36ff78c9a5d.rmeta --extern aoc_runner_derive=/opt/rustwide/target/debug/deps/libaoc_runner_derive-2a6ae83e5c4da416.so --extern lazy_static=/opt/rustwide/target/debug/deps/liblazy_static-acd7d23482fe8b54.rmeta --extern md5=/opt/rustwide/target/debug/deps/libmd5-5afe596bfaa1d8c8.rmeta --extern regex=/opt/rustwide/target/debug/deps/libregex-9e8c984ff6f836bc.rmeta --cap-lints=warn --crate-version 0.1.0` (exit status: 1)
[INFO] running `Command { std: "docker" "inspect" "c01e63a34d94c3c4251c1d9b47dea0517fbc536e8e772fa9e6b9b039ea869ac3", kill_on_drop: false }`
[INFO] running `Command { std: "docker" "rm" "-f" "c01e63a34d94c3c4251c1d9b47dea0517fbc536e8e772fa9e6b9b039ea869ac3", kill_on_drop: false }`
[INFO] [stdout] c01e63a34d94c3c4251c1d9b47dea0517fbc536e8e772fa9e6b9b039ea869ac3
