[INFO] cloning repository https://github.com/jinzhongwei/tikv
[INFO] running `Command { std: "git" "-c" "credential.helper=" "-c" "credential.helper=/workspace/cargo-home/bin/git-credential-null" "clone" "--bare" "https://github.com/jinzhongwei/tikv" "/workspace/cache/git-repos/https%3A%2F%2Fgithub.com%2Fjinzhongwei%2Ftikv", kill_on_drop: false }`
[INFO] [stderr] Cloning into bare repository '/workspace/cache/git-repos/https%3A%2F%2Fgithub.com%2Fjinzhongwei%2Ftikv'...
[INFO] running `Command { std: "git" "rev-parse" "HEAD", kill_on_drop: false }`
[INFO] [stdout] 8ac822419844e334798e75dc48e8e0535009c97a
[INFO] documenting jinzhongwei/tikv against beta-2021-08-01 for beta-1.55-rustdoc-1
[INFO] running `Command { std: "git" "clone" "/workspace/cache/git-repos/https%3A%2F%2Fgithub.com%2Fjinzhongwei%2Ftikv" "/workspace/builds/worker-47/source", kill_on_drop: false }`
[INFO] [stderr] Cloning into '/workspace/builds/worker-47/source'...
[INFO] [stderr] done.
[INFO] validating manifest of git repo https://github.com/jinzhongwei/tikv on toolchain beta-2021-08-01
[INFO] running `Command { std: "/workspace/cargo-home/bin/cargo" "+beta-2021-08-01" "metadata" "--manifest-path" "Cargo.toml" "--no-deps", kill_on_drop: false }`
[INFO] removed /workspace/builds/worker-47/source/rust-toolchain
[INFO] started tweaking git repo https://github.com/jinzhongwei/tikv
[INFO] removed 0 missing tests
[INFO] finished tweaking git repo https://github.com/jinzhongwei/tikv
[INFO] tweaked toml for git repo https://github.com/jinzhongwei/tikv written to /workspace/builds/worker-47/source/Cargo.toml
[INFO] crate git repo https://github.com/jinzhongwei/tikv already has a lockfile, it will not be regenerated
[INFO] running `Command { std: "/workspace/cargo-home/bin/cargo" "+beta-2021-08-01" "fetch" "--manifest-path" "Cargo.toml", kill_on_drop: false }`
[INFO] [stderr]     Blocking waiting for file lock on package cache
[INFO] [stderr]     Updating git repository `https://github.com/pingcap/kvproto.git`
[INFO] [stderr]     Updating git repository `https://github.com/pingcap/murmur3.git`
[INFO] [stderr]     Updating git repository `https://github.com/pingcap/rust-rocksdb.git`
[INFO] [stderr]     Updating git submodule `https://github.com/pingcap/rocksdb.git`
[INFO] [stderr]     Updating git repository `https://github.com/pingcap/tipb.git`
[INFO] [stderr]     Updating git repository `https://github.com/rust-fuzz/libfuzzer-sys.git`
[INFO] [stderr]     Updating git repository `https://github.com/alexcrichton/bzip2-rs.git`
[INFO] [stderr]     Updating git repository `https://github.com/busyjay/lz4-rs.git`
[INFO] [stderr]     Updating git submodule `https://github.com/lz4/lz4.git`
[INFO] [stderr]     Updating git repository `https://github.com/busyjay/rust-snappy.git`
[INFO] [stderr]     Updating git submodule `https://github.com/google/snappy.git`
[INFO] [stderr]     Updating git repository `https://github.com/gyscos/zstd-rs.git`
[INFO] [stderr]     Updating git submodule `https://github.com/facebook/zstd`
[INFO] [stderr]     Blocking waiting for file lock on package cache
[INFO] [stderr]  Downloading crates ...
[INFO] [stderr]   Downloaded redox_syscall v0.1.27
[INFO] [stderr]   Downloaded slog v2.3.3
[INFO] [stderr]   Downloaded protobuf v2.0.4
[INFO] [stderr]   Downloaded num-traits v0.2.5
[INFO] [stderr]   Downloaded byteorder v0.5.1
[INFO] [stderr]   Downloaded serde_derive v1.0.81
[INFO] [stderr]   Downloaded crossbeam v0.5.0
[INFO] [stderr]   Downloaded csv-core v0.1.4
[INFO] [stderr]   Downloaded flate2 v1.0.5
[INFO] [stderr]   Downloaded parse-zoneinfo v0.2.0
[INFO] [stderr]   Downloaded h2 v0.1.14
[INFO] [stderr]   Downloaded flate2-crc v0.1.1
[INFO] [stderr]   Downloaded num-complex v0.2.0
[INFO] [stderr]   Downloaded crossbeam-channel v0.3.2
[INFO] [stderr]   Downloaded itoa v0.4.2
[INFO] [stderr]   Downloaded ryu v0.2.3
[INFO] [stderr]   Downloaded crossbeam v0.2.12
[INFO] [stderr]   Downloaded arbitrary v0.1.1
[INFO] [stderr]   Downloaded structopt-derive v0.2.13
[INFO] [stderr]   Downloaded structopt v0.2.13
[INFO] [stderr]   Downloaded uuid v0.6.3
[INFO] [stderr]   Downloaded num-bigint v0.2.0
[INFO] [stderr]   Downloaded derive_more v0.11.0
[INFO] [stderr]   Downloaded futures v0.1.23
[INFO] [stderr]   Downloaded serde_json v1.0.26
[INFO] [stderr]   Downloaded procinfo v0.3.1
[INFO] [stderr]   Downloaded spin v0.4.9
[INFO] [stderr]   Downloaded nix v0.11.0
[INFO] [stderr]   Downloaded grpcio v0.4.0
[INFO] [stderr]   Downloaded chrono v0.4.5
[INFO] [stderr]   Downloaded fs2 v0.4.0
[INFO] [stderr]   Downloaded chrono-tz v0.5.0
[INFO] [stderr]   Downloaded csv v1.0.0
[INFO] [stderr]   Downloaded grpcio-sys v0.4.0
[INFO] [stderr]   Downloaded arrow v0.10.0
[INFO] [stderr]   Downloaded cargo_metadata v0.6.3
[INFO] [stderr]   Downloaded criterion-plot v0.2.4
[INFO] [stderr]   Downloaded sys-info v0.5.1
[INFO] [stderr]   Downloaded arbitrary v0.2.0
[INFO] [stderr]   Downloaded criterion-stats v0.2.4
[INFO] [stderr]   Downloaded tokio v0.1.13
[INFO] [stderr]   Downloaded tokio-reactor v0.1.7
[INFO] [stderr]   Downloaded tokio-threadpool v0.1.9
[INFO] [stderr]   Downloaded more-asserts v0.1.0
[INFO] [stderr]   Downloaded tempdir v0.3.4
[INFO] [stderr]   Downloaded hashbrown v0.1.7
[INFO] [stderr]   Downloaded string v0.1.2
[INFO] [stderr]   Downloaded slog-term v2.4.0
[INFO] [stderr]   Downloaded toml v0.4.3
[INFO] [stderr]   Downloaded criterion v0.2.4
[INFO] [stderr]   Downloaded serde v1.0.71
[INFO] [stderr]   Downloaded blob v0.2.0
[INFO] [stderr]   Downloaded jemalloc-sys v0.1.8
[INFO] [stderr]   Downloaded signal v0.6.0
[INFO] [stderr]   Downloaded slog-stdlog v3.0.4-pre
[INFO] [stderr]   Downloaded jemallocator v0.1.9
[INFO] [stderr]   Downloaded tokio-uds v0.2.4
[INFO] [stderr]   Downloaded utime v0.2.0
[INFO] [stderr]   Downloaded afl v0.4.3
[INFO] [stderr]   Downloaded fail v0.2.0
[INFO] [stderr]   Downloaded hyper v0.12.18
[INFO] [stderr]   Downloaded raft v0.4.0
[INFO] [stderr]   Downloaded lock_api v0.1.3
[INFO] [stderr]   Downloaded prometheus v0.4.2
[INFO] [stderr]   Downloaded slog-scope v4.0.1
[INFO] [stderr]   Downloaded prometheus-static-metric v0.1.4
[INFO] [stderr]   Downloaded zipf v0.2.0
[INFO] [stderr]   Downloaded honggfuzz v0.5.34
[INFO] running `Command { std: "docker" "create" "-v" "/var/lib/crater-agent-workspace/builds/worker-47/target:/opt/rustwide/target:rw,Z" "-v" "/var/lib/crater-agent-workspace/builds/worker-47/source:/opt/rustwide/workdir:ro,Z" "-v" "/var/lib/crater-agent-workspace/cargo-home:/opt/rustwide/cargo-home:ro,Z" "-v" "/var/lib/crater-agent-workspace/rustup-home:/opt/rustwide/rustup-home:ro,Z" "-e" "SOURCE_DIR=/opt/rustwide/workdir" "-e" "CARGO_TARGET_DIR=/opt/rustwide/target" "-e" "CARGO_HOME=/opt/rustwide/cargo-home" "-e" "RUSTUP_HOME=/opt/rustwide/rustup-home" "-w" "/opt/rustwide/workdir" "-m" "1610612736" "--user" "0:0" "--network" "none" "ghcr.io/rust-lang/crates-build-env/linux@sha256:34b6a614d2c27851fe6cbf88fbd1137609cefab8b10d0615aaeb6fd47975d74e" "/opt/rustwide/cargo-home/bin/cargo" "+beta-2021-08-01" "metadata" "--no-deps" "--format-version=1", kill_on_drop: false }`
[INFO] [stdout] e3c61cdd64007173de26312638baa31ac988a847a7e5bbee3433ab7cd60abc89
[INFO] running `Command { std: "docker" "start" "-a" "e3c61cdd64007173de26312638baa31ac988a847a7e5bbee3433ab7cd60abc89", kill_on_drop: false }`
[INFO] running `Command { std: "docker" "inspect" "e3c61cdd64007173de26312638baa31ac988a847a7e5bbee3433ab7cd60abc89", kill_on_drop: false }`
[INFO] running `Command { std: "docker" "rm" "-f" "e3c61cdd64007173de26312638baa31ac988a847a7e5bbee3433ab7cd60abc89", kill_on_drop: false }`
[INFO] [stdout] e3c61cdd64007173de26312638baa31ac988a847a7e5bbee3433ab7cd60abc89
[INFO] running `Command { std: "docker" "create" "-v" "/var/lib/crater-agent-workspace/builds/worker-47/target:/opt/rustwide/target:rw,Z" "-v" "/var/lib/crater-agent-workspace/builds/worker-47/source:/opt/rustwide/workdir:ro,Z" "-v" "/var/lib/crater-agent-workspace/cargo-home:/opt/rustwide/cargo-home:ro,Z" "-v" "/var/lib/crater-agent-workspace/rustup-home:/opt/rustwide/rustup-home:ro,Z" "-e" "SOURCE_DIR=/opt/rustwide/workdir" "-e" "CARGO_TARGET_DIR=/opt/rustwide/target" "-e" "CARGO_INCREMENTAL=0" "-e" "RUST_BACKTRACE=full" "-e" "RUSTDOCFLAGS=--cap-lints=warn" "-e" "CARGO_HOME=/opt/rustwide/cargo-home" "-e" "RUSTUP_HOME=/opt/rustwide/rustup-home" "-w" "/opt/rustwide/workdir" "-m" "1610612736" "--user" "0:0" "--network" "none" "ghcr.io/rust-lang/crates-build-env/linux@sha256:34b6a614d2c27851fe6cbf88fbd1137609cefab8b10d0615aaeb6fd47975d74e" "/opt/rustwide/cargo-home/bin/cargo" "+beta-2021-08-01" "doc" "--frozen" "--no-deps" "--document-private-items" "--message-format=json", kill_on_drop: false }`
[INFO] [stdout] e40fce6277b58e429c43121629cf52da59889075a2fffaf101ae68cf583ae11a
[INFO] running `Command { std: "docker" "start" "-a" "e40fce6277b58e429c43121629cf52da59889075a2fffaf101ae68cf583ae11a", kill_on_drop: false }`
[INFO] [stderr]     Checking libc v0.2.43
[INFO] [stderr]     Checking cfg-if v0.1.6
[INFO] [stderr]    Compiling either v1.5.0
[INFO] [stderr]     Checking byteorder v1.2.7
[INFO] [stderr]     Checking futures v0.1.23
[INFO] [stderr]    Compiling serde v1.0.71
[INFO] [stderr]     Checking lazy_static v1.2.0
[INFO] [stderr]     Checking scopeguard v0.3.3
[INFO] [stderr]     Checking void v1.0.2
[INFO] [stderr]    Compiling pkg-config v0.3.14
[INFO] [stderr]     Checking rand_core v0.2.1
[INFO] [stderr]     Checking stable_deref_trait v1.0.0
[INFO] [stderr]    Compiling version_check v0.1.5
[INFO] [stderr]    Compiling num-traits v0.2.5
[INFO] [stderr]     Checking slab v0.4.1
[INFO] [stderr]     Checking rand_core v0.3.0
[INFO] [stderr]     Checking nodrop v0.1.12
[INFO] [stderr]     Checking lazycell v1.2.1
[INFO] [stderr]    Compiling semver v0.1.20
[INFO] [stderr]    Compiling num-integer v0.1.39
[INFO] [stderr]     Checking memoffset v0.2.1
[INFO] [stderr]    Compiling protobuf v2.0.4
[INFO] [stderr]     Checking winapi v0.2.8
[INFO] [stderr]     Checking matches v0.1.2
[INFO] [stderr]    Compiling ucd-util v0.1.1
[INFO] [stderr]     Checking unicode-normalization v0.1.2
[INFO] [stderr]    Compiling proc-macro2 v0.4.24
[INFO] [stderr]    Compiling utf8-ranges v1.0.2
[INFO] [stderr]     Checking slog v2.3.3
[INFO] [stderr]    Compiling build_const v0.2.1
[INFO] [stderr]     Checking bitflags v1.0.1
[INFO] [stderr]     Checking rustc-demangle v0.1.9
[INFO] [stderr]     Checking lazy_static v0.2.8
[INFO] [stderr]     Checking percent-encoding v1.0.0
[INFO] [stderr]     Checking itoa v0.4.2
[INFO] [stderr]     Checking fnv v1.0.5
[INFO] [stderr]    Compiling num-bigint v0.2.0
[INFO] [stderr]    Compiling fs_extra v1.1.0
[INFO] [stderr]    Compiling nix v0.11.0
[INFO] [stderr]    Compiling ryu v0.2.3
[INFO] [stderr]     Checking httparse v1.1.2
[INFO] [stderr]    Compiling num-iter v0.1.37
[INFO] [stderr]     Checking rustc-serialize v0.3.24
[INFO] [stderr]    Compiling num-complex v0.2.0
[INFO] [stderr]    Compiling num-rational v0.2.1
[INFO] [stderr]    Compiling flate2-crc v0.1.1
[INFO] [stderr]     Checking traitobject v0.0.1
[INFO] [stderr]     Checking string v0.1.2
[INFO] [stderr]     Checking byteorder v0.5.1
[INFO] [stderr]     Checking try-lock v0.2.2
[INFO] [stderr]     Checking typeable v0.1.2
[INFO] [stderr]     Checking crossbeam v0.2.12
[INFO] [stderr]     Checking bitflags v0.4.0
[INFO] [stderr]     Checking quick-error v1.2.2
[INFO] [stderr]     Checking language-tags v0.2.2
[INFO] [stderr]    Compiling num-traits v0.1.32
[INFO] [stderr]     Checking nom v1.2.4
[INFO] [stderr]    Compiling prometheus v0.4.2
[INFO] [stderr]     Checking unicode-width v0.1.4
[INFO] [stderr]     Checking quick-error v0.2.2
[INFO] [stderr]     Checking vec_map v0.8.1
[INFO] [stderr]     Checking spin v0.4.9
[INFO] [stderr]     Checking bytes v0.3.0
[INFO] [stderr]     Checking strsim v0.7.0
[INFO] [stderr]     Checking slab v0.1.3
[INFO] [stderr]     Checking scoped-tls v0.1.0
[INFO] [stderr]     Checking ansi_term v0.11.0
[INFO] [stderr]     Checking take_mut v0.2.2
[INFO] [stderr]     Checking panic_hook v0.0.1 (/opt/rustwide/workdir/components/panic_hook)
[INFO] [stderr]     Checking more-asserts v0.1.0
[INFO] [stderr]     Checking safemem v0.3.0
[INFO] [stderr]     Checking hex v0.3.2
[INFO] [stderr]    Compiling arrayvec v0.4.7
[INFO] [stderr]    Compiling crossbeam-utils v0.2.2
[INFO] [stderr]    Compiling synom v0.11.3
[INFO] [stderr]    Compiling kernel32-sys v0.2.2
[INFO] [stderr]    Compiling thread_local v0.3.6
[INFO] [stderr]    Compiling dbghelp-sys v0.2.0
[INFO] [stderr]    Compiling ws2_32-sys v0.2.1
[INFO] [stderr]    Compiling proc-macro2 v0.3.8
[INFO] [stderr]    Compiling rust-crypto v0.2.36
[INFO] [stderr]    Compiling sys-info v0.5.1
[INFO] [stderr]    Compiling rustc_version v0.2.2
[INFO] [stderr]     Checking log v0.4.4
[INFO] [stderr]     Checking crossbeam-utils v0.6.1
[INFO] [stdout] error[E0557]: feature has been removed
[INFO] [stdout]  --> /opt/rustwide/cargo-home/registry/src/github.com-1ecc6299db9ec823/spin-0.4.9/src/lib.rs:6:43
[INFO] [stdout]   |
[INFO] [stdout] 6 | #![cfg_attr(feature = "const_fn", feature(const_fn))]
[INFO] [stdout]   |                                           ^^^^^^^^ feature has been removed
[INFO] [stdout]   |
[INFO] [stdout]   = note: split into finer-grained feature gates
[INFO] [stdout] 
[INFO] [stdout] 
[INFO] [stderr]     Checking owning_ref v0.3.3
[INFO] [stdout] error[E0554]: `#![feature]` may not be used on the beta release channel
[INFO] [stdout]  --> /opt/rustwide/cargo-home/registry/src/github.com-1ecc6299db9ec823/spin-0.4.9/src/lib.rs:6:35
[INFO] [stdout]   |
[INFO] [stdout] 6 | #![cfg_attr(feature = "const_fn", feature(const_fn))]
[INFO] [stdout]   |                                   ^^^^^^^^^^^^^^^^^
[INFO] [stdout] 
[INFO] [stdout] 
[INFO] [stdout] error[E0554]: `#![feature]` may not be used on the beta release channel
[INFO] [stdout]   --> components/panic_hook/src/lib.rs:16:1
[INFO] [stdout]    |
[INFO] [stdout] 16 | #![feature(box_syntax)]
[INFO] [stdout]    | ^^^^^^^^^^^^^^^^^^^^^^^
[INFO] [stdout] 
[INFO] [stdout] 
[INFO] [stdout] warning: trait objects without an explicit `dyn` are deprecated
[INFO] [stdout]   --> components/panic_hook/src/lib.rs:24:39
[INFO] [stdout]    |
[INFO] [stdout] 24 | static mut DEFAULT_HOOK: Option<*mut (Fn(&PanicInfo) + 'static + Sync + Send)> = None;
[INFO] [stdout]    |                                       ^^^^^^^^^^^^^^^^^^^^^^^^^^^^^^^^^^^^^^ help: use `dyn`: `dyn Fn(&PanicInfo) + 'static + Sync + Send`
[INFO] [stdout]    |
[INFO] [stdout]    = note: `#[warn(bare_trait_objects)]` on by default
[INFO] [stdout]    = warning: this is accepted in the current edition (Rust 2015) but is a hard error in Rust 2021!
[INFO] [stdout]    = note: for more information, see issue #80165 <https://github.com/rust-lang/rust/issues/80165>
[INFO] [stdout] 
[INFO] [stdout] 
[INFO] [stdout] warning: use of deprecated constant `std::sync::ONCE_INIT`: the `new` function is now preferred
[INFO] [stdout]   --> components/panic_hook/src/lib.rs:20:23
[INFO] [stdout]    |
[INFO] [stdout] 20 | use std::sync::{Once, ONCE_INIT};
[INFO] [stdout]    |                       ^^^^^^^^^
[INFO] [stdout]    |
[INFO] [stdout]    = note: `#[warn(deprecated)]` on by default
[INFO] [stdout] 
[INFO] [stdout] 
[INFO] [stdout] warning: use of deprecated constant `std::sync::ONCE_INIT`: the `new` function is now preferred
[INFO] [stdout]   --> components/panic_hook/src/lib.rs:22:21
[INFO] [stdout]    |
[INFO] [stdout] 22 | static INIT: Once = ONCE_INIT;
[INFO] [stdout]    |                     ^^^^^^^^^ help: replace the use of the deprecated constant: `Once::new()`
[INFO] [stdout] 
[INFO] [stdout] 
[INFO] [stdout] error: aborting due to previous error; 3 warnings emitted
[INFO] [stdout] 
[INFO] [stdout] 
[INFO] [stdout] For more information about this error, try `rustc --explain E0554`.
[INFO] [stdout] 
[INFO] [stdout] error: aborting due to 2 previous errors
[INFO] [stdout] 
[INFO] [stdout] 
[INFO] [stdout] Some errors have detailed explanations: E0554, E0557.
[INFO] [stdout] 
[INFO] [stdout] For more information about an error, try `rustc --explain E0554`.
[INFO] [stdout] 
[INFO] [stderr]     Checking unreachable v1.0.0
[INFO] [stderr]     Checking fxhash v0.2.1
[INFO] [stderr] error: could not compile `panic_hook` due to 2 previous errors; 3 warnings emitted
[INFO] [stderr] warning: build failed, waiting for other jobs to finish...
[INFO] [stderr] error: build failed
[INFO] running `Command { std: "docker" "inspect" "e40fce6277b58e429c43121629cf52da59889075a2fffaf101ae68cf583ae11a", kill_on_drop: false }`
[INFO] running `Command { std: "docker" "rm" "-f" "e40fce6277b58e429c43121629cf52da59889075a2fffaf101ae68cf583ae11a", kill_on_drop: false }`
[INFO] [stdout] e40fce6277b58e429c43121629cf52da59889075a2fffaf101ae68cf583ae11a
