[INFO] cloning repository https://github.com/jilsahm/auto-jumpking
[INFO] running `Command { std: "git" "-c" "credential.helper=" "-c" "credential.helper=/workspace/cargo-home/bin/git-credential-null" "clone" "--bare" "https://github.com/jilsahm/auto-jumpking" "/workspace/cache/git-repos/https%3A%2F%2Fgithub.com%2Fjilsahm%2Fauto-jumpking", kill_on_drop: false }`
[INFO] [stderr] Cloning into bare repository '/workspace/cache/git-repos/https%3A%2F%2Fgithub.com%2Fjilsahm%2Fauto-jumpking'...
[INFO] running `Command { std: "git" "rev-parse" "HEAD", kill_on_drop: false }`
[INFO] [stdout] 42edfc95051319cd92ee8e3cfbfef6d3312854e8
[INFO] documenting jilsahm/auto-jumpking against beta-2021-08-01 for beta-1.55-rustdoc-1
[INFO] running `Command { std: "git" "clone" "/workspace/cache/git-repos/https%3A%2F%2Fgithub.com%2Fjilsahm%2Fauto-jumpking" "/workspace/builds/worker-19/source", kill_on_drop: false }`
[INFO] [stderr] Cloning into '/workspace/builds/worker-19/source'...
[INFO] [stderr] done.
[INFO] validating manifest of git repo https://github.com/jilsahm/auto-jumpking on toolchain beta-2021-08-01
[INFO] running `Command { std: "/workspace/cargo-home/bin/cargo" "+beta-2021-08-01" "metadata" "--manifest-path" "Cargo.toml" "--no-deps", kill_on_drop: false }`
[INFO] started tweaking git repo https://github.com/jilsahm/auto-jumpking
[INFO] finished tweaking git repo https://github.com/jilsahm/auto-jumpking
[INFO] tweaked toml for git repo https://github.com/jilsahm/auto-jumpking written to /workspace/builds/worker-19/source/Cargo.toml
[INFO] crate git repo https://github.com/jilsahm/auto-jumpking already has a lockfile, it will not be regenerated
[INFO] running `Command { std: "/workspace/cargo-home/bin/cargo" "+beta-2021-08-01" "fetch" "--manifest-path" "Cargo.toml", kill_on_drop: false }`
[INFO] [stderr]     Blocking waiting for file lock on package cache
[INFO] [stderr]     Blocking waiting for file lock on package cache
[INFO] running `Command { std: "docker" "create" "-v" "/var/lib/crater-agent-workspace/builds/worker-19/target:/opt/rustwide/target:rw,Z" "-v" "/var/lib/crater-agent-workspace/builds/worker-19/source:/opt/rustwide/workdir:ro,Z" "-v" "/var/lib/crater-agent-workspace/cargo-home:/opt/rustwide/cargo-home:ro,Z" "-v" "/var/lib/crater-agent-workspace/rustup-home:/opt/rustwide/rustup-home:ro,Z" "-e" "SOURCE_DIR=/opt/rustwide/workdir" "-e" "CARGO_TARGET_DIR=/opt/rustwide/target" "-e" "CARGO_HOME=/opt/rustwide/cargo-home" "-e" "RUSTUP_HOME=/opt/rustwide/rustup-home" "-w" "/opt/rustwide/workdir" "-m" "1610612736" "--user" "0:0" "--network" "none" "ghcr.io/rust-lang/crates-build-env/linux@sha256:34b6a614d2c27851fe6cbf88fbd1137609cefab8b10d0615aaeb6fd47975d74e" "/opt/rustwide/cargo-home/bin/cargo" "+beta-2021-08-01" "metadata" "--no-deps" "--format-version=1", kill_on_drop: false }`
[INFO] [stdout] 5eb7946692e4dac526a42607bc12e17c9b7b869d1ff294ce5850af90653545d1
[INFO] running `Command { std: "docker" "start" "-a" "5eb7946692e4dac526a42607bc12e17c9b7b869d1ff294ce5850af90653545d1", kill_on_drop: false }`
[INFO] running `Command { std: "docker" "inspect" "5eb7946692e4dac526a42607bc12e17c9b7b869d1ff294ce5850af90653545d1", kill_on_drop: false }`
[INFO] running `Command { std: "docker" "rm" "-f" "5eb7946692e4dac526a42607bc12e17c9b7b869d1ff294ce5850af90653545d1", kill_on_drop: false }`
[INFO] [stdout] 5eb7946692e4dac526a42607bc12e17c9b7b869d1ff294ce5850af90653545d1
[INFO] running `Command { std: "docker" "create" "-v" "/var/lib/crater-agent-workspace/builds/worker-19/target:/opt/rustwide/target:rw,Z" "-v" "/var/lib/crater-agent-workspace/builds/worker-19/source:/opt/rustwide/workdir:ro,Z" "-v" "/var/lib/crater-agent-workspace/cargo-home:/opt/rustwide/cargo-home:ro,Z" "-v" "/var/lib/crater-agent-workspace/rustup-home:/opt/rustwide/rustup-home:ro,Z" "-e" "SOURCE_DIR=/opt/rustwide/workdir" "-e" "CARGO_TARGET_DIR=/opt/rustwide/target" "-e" "CARGO_INCREMENTAL=0" "-e" "RUST_BACKTRACE=full" "-e" "RUSTDOCFLAGS=--cap-lints=warn" "-e" "CARGO_HOME=/opt/rustwide/cargo-home" "-e" "RUSTUP_HOME=/opt/rustwide/rustup-home" "-w" "/opt/rustwide/workdir" "-m" "1610612736" "--user" "0:0" "--network" "none" "ghcr.io/rust-lang/crates-build-env/linux@sha256:34b6a614d2c27851fe6cbf88fbd1137609cefab8b10d0615aaeb6fd47975d74e" "/opt/rustwide/cargo-home/bin/cargo" "+beta-2021-08-01" "doc" "--frozen" "--no-deps" "--document-private-items" "--message-format=json", kill_on_drop: false }`
[INFO] [stdout] 75e00614d9e94d0c6114f99f826666a1303220c4f1a0c85a39050bfb6c546563
[INFO] running `Command { std: "docker" "start" "-a" "75e00614d9e94d0c6114f99f826666a1303220c4f1a0c85a39050bfb6c546563", kill_on_drop: false }`
[INFO] [stderr]     Blocking waiting for file lock on package cache
[INFO] [stderr]    Compiling memchr v2.2.1
[INFO] [stderr]    Compiling libc v0.2.66
[INFO] [stderr]    Compiling log v0.4.8
[INFO] [stderr]     Checking lazy_static v1.4.0
[INFO] [stderr]     Checking cfg-if v0.1.10
[INFO] [stderr]     Checking regex-syntax v0.6.12
[INFO] [stderr]     Checking quick-error v1.2.2
[INFO] [stderr]    Compiling winapi v0.3.8
[INFO] [stderr]     Checking termcolor v1.0.5
[INFO] [stderr]    Compiling auto-jumpking v0.1.0 (/opt/rustwide/workdir)
[INFO] [stdout] warning: unused import: `env::var`
[INFO] [stdout]  --> build.rs:2:5
[INFO] [stdout]   |
[INFO] [stdout] 2 |     env::var,
[INFO] [stdout]   |     ^^^^^^^^
[INFO] [stdout]   |
[INFO] [stdout]   = note: `#[warn(unused_imports)]` on by default
[INFO] [stdout] 
[INFO] [stdout] 
[INFO] [stderr]     Checking humantime v1.3.0
[INFO] [stdout] warning: constant is never used: `CONFIG_FOLDER`
[INFO] [stdout]  --> build.rs:7:1
[INFO] [stdout]   |
[INFO] [stdout] 7 | const CONFIG_FOLDER: (&'static str, &'static str) = ("config", ".cfg");
[INFO] [stdout]   | ^^^^^^^^^^^^^^^^^^^^^^^^^^^^^^^^^^^^^^^^^^^^^^^^^^^^^^^^^^^^^^^^^^^^^^^
[INFO] [stdout]   |
[INFO] [stdout]   = note: `#[warn(dead_code)]` on by default
[INFO] [stdout] 
[INFO] [stdout] 
[INFO] [stdout] warning: constant is never used: `LEVEL_FOLDER`
[INFO] [stdout]  --> build.rs:8:1
[INFO] [stdout]   |
[INFO] [stdout] 8 | const LEVEL_FOLDER: (&'static str, &'static str) = ("level", ".lvl");
[INFO] [stdout]   | ^^^^^^^^^^^^^^^^^^^^^^^^^^^^^^^^^^^^^^^^^^^^^^^^^^^^^^^^^^^^^^^^^^^^^
[INFO] [stdout] 
[INFO] [stdout] 
[INFO] [stderr]     Checking thread_local v0.3.6
[INFO] [stdout] warning: 3 warnings emitted
[INFO] [stdout] 
[INFO] [stdout] 
[INFO] [stderr]     Checking aho-corasick v0.7.6
[INFO] [stderr]     Checking atty v0.2.13
[INFO] [stderr]     Checking regex v1.3.1
[INFO] [stderr]     Checking env_logger v0.5.13
[INFO] [stderr]  Documenting auto-jumpking v0.1.0 (/opt/rustwide/workdir)
[INFO] [stdout] error[E0433]: failed to resolve: could not find `shared` in `winapi`
[INFO] [stdout]  --> src/win.rs:9:5
[INFO] [stdout]   |
[INFO] [stdout] 9 |     shared::windef::HWND,
[INFO] [stdout]   |     ^^^^^^ could not find `shared` in `winapi`
[INFO] [stdout] 
[INFO] [stdout] 
[INFO] [stdout] error[E0433]: failed to resolve: could not find `um` in `winapi`
[INFO] [stdout]   --> src/win.rs:10:5
[INFO] [stdout]    |
[INFO] [stdout] 10 |     um::winuser::*,  
[INFO] [stdout]    |     ^^ could not find `um` in `winapi`
[INFO] [stdout] 
[INFO] [stdout] 
[INFO] [stdout] error[E0432]: unresolved import `winapi::ctypes`
[INFO] [stdout]  --> src/win.rs:8:5
[INFO] [stdout]   |
[INFO] [stdout] 8 |     ctypes::c_int,
[INFO] [stdout]   |     ^^^^^^ could not find `ctypes` in `winapi`
[INFO] [stdout] 
[INFO] [stdout] 
[INFO] [stdout] error[E0412]: cannot find type `HWND` in this scope
[INFO] [stdout]   --> src/win.rs:65:30
[INFO] [stdout]    |
[INFO] [stdout] 65 | fn find_handle(app: &str) -> HWND {
[INFO] [stdout]    |                              ^^^^ not found in this scope
[INFO] [stdout] 
[INFO] [stdout] 
[INFO] [stdout] error: Compilation failed, aborting rustdoc
[INFO] [stdout] 
[INFO] [stdout] 
[INFO] [stdout] error: aborting due to 5 previous errors
[INFO] [stdout] 
[INFO] [stdout] 
[INFO] [stdout] Some errors have detailed explanations: E0412, E0432, E0433.
[INFO] [stdout] 
[INFO] [stdout] For more information about an error, try `rustc --explain E0412`.
[INFO] [stdout] 
[INFO] [stderr] error: could not document `auto-jumpking`
[INFO] [stderr] 
[INFO] [stderr] Caused by:
[INFO] [stderr]   process didn't exit successfully: `rustdoc --edition=2018 --crate-type bin --crate-name auto_jumpking src/main.rs -o /opt/rustwide/target/doc --error-format=json --json=diagnostic-rendered-ansi --document-private-items -L dependency=/opt/rustwide/target/debug/deps --extern env_logger=/opt/rustwide/target/debug/deps/libenv_logger-3530569a184bc131.rmeta --extern lazy_static=/opt/rustwide/target/debug/deps/liblazy_static-5e37eee3e84fafab.rmeta --extern log=/opt/rustwide/target/debug/deps/liblog-8cb8a4ba47ef9b79.rmeta --extern regex=/opt/rustwide/target/debug/deps/libregex-13bff314ca31fb51.rmeta --extern winapi=/opt/rustwide/target/debug/deps/libwinapi-8daa15e4aa453d3d.rmeta --cap-lints=warn --crate-version 0.1.0` (exit status: 1)
[INFO] running `Command { std: "docker" "inspect" "75e00614d9e94d0c6114f99f826666a1303220c4f1a0c85a39050bfb6c546563", kill_on_drop: false }`
[INFO] running `Command { std: "docker" "rm" "-f" "75e00614d9e94d0c6114f99f826666a1303220c4f1a0c85a39050bfb6c546563", kill_on_drop: false }`
[INFO] [stdout] 75e00614d9e94d0c6114f99f826666a1303220c4f1a0c85a39050bfb6c546563
