[INFO] cloning repository https://github.com/jessebadry/key_hook
[INFO] running `Command { std: "git" "-c" "credential.helper=" "-c" "credential.helper=/workspace/cargo-home/bin/git-credential-null" "clone" "--bare" "https://github.com/jessebadry/key_hook" "/workspace/cache/git-repos/https%3A%2F%2Fgithub.com%2Fjessebadry%2Fkey_hook", kill_on_drop: false }`
[INFO] [stderr] Cloning into bare repository '/workspace/cache/git-repos/https%3A%2F%2Fgithub.com%2Fjessebadry%2Fkey_hook'...
[INFO] running `Command { std: "git" "rev-parse" "HEAD", kill_on_drop: false }`
[INFO] [stdout] e62e7d1ef626d95aeb54e4a1c0c3765a07aa3773
[INFO] documenting jessebadry/key_hook against 1.54.0 for beta-1.55-rustdoc-1
[INFO] running `Command { std: "git" "clone" "/workspace/cache/git-repos/https%3A%2F%2Fgithub.com%2Fjessebadry%2Fkey_hook" "/workspace/builds/worker-15/source", kill_on_drop: false }`
[INFO] [stderr] Cloning into '/workspace/builds/worker-15/source'...
[INFO] [stderr] done.
[INFO] validating manifest of git repo https://github.com/jessebadry/key_hook on toolchain 1.54.0
[INFO] running `Command { std: "/workspace/cargo-home/bin/cargo" "+1.54.0" "metadata" "--manifest-path" "Cargo.toml" "--no-deps", kill_on_drop: false }`
[INFO] started tweaking git repo https://github.com/jessebadry/key_hook
[INFO] finished tweaking git repo https://github.com/jessebadry/key_hook
[INFO] tweaked toml for git repo https://github.com/jessebadry/key_hook written to /workspace/builds/worker-15/source/Cargo.toml
[INFO] crate git repo https://github.com/jessebadry/key_hook already has a lockfile, it will not be regenerated
[INFO] running `Command { std: "/workspace/cargo-home/bin/cargo" "+1.54.0" "fetch" "--manifest-path" "Cargo.toml", kill_on_drop: false }`
[INFO] [stderr]     Blocking waiting for file lock on package cache
[INFO] [stderr]     Blocking waiting for file lock on package cache
[INFO] running `Command { std: "docker" "create" "-v" "/var/lib/crater-agent-workspace/builds/worker-15/target:/opt/rustwide/target:rw,Z" "-v" "/var/lib/crater-agent-workspace/builds/worker-15/source:/opt/rustwide/workdir:ro,Z" "-v" "/var/lib/crater-agent-workspace/cargo-home:/opt/rustwide/cargo-home:ro,Z" "-v" "/var/lib/crater-agent-workspace/rustup-home:/opt/rustwide/rustup-home:ro,Z" "-e" "SOURCE_DIR=/opt/rustwide/workdir" "-e" "CARGO_TARGET_DIR=/opt/rustwide/target" "-e" "CARGO_HOME=/opt/rustwide/cargo-home" "-e" "RUSTUP_HOME=/opt/rustwide/rustup-home" "-w" "/opt/rustwide/workdir" "-m" "1610612736" "--user" "0:0" "--network" "none" "ghcr.io/rust-lang/crates-build-env/linux@sha256:34b6a614d2c27851fe6cbf88fbd1137609cefab8b10d0615aaeb6fd47975d74e" "/opt/rustwide/cargo-home/bin/cargo" "+1.54.0" "metadata" "--no-deps" "--format-version=1", kill_on_drop: false }`
[INFO] [stdout] 3bf3bc823e8fc6f61270487e3f25327bdaf68b47b6dff5710da4afef2f0413eb
[INFO] running `Command { std: "docker" "start" "-a" "3bf3bc823e8fc6f61270487e3f25327bdaf68b47b6dff5710da4afef2f0413eb", kill_on_drop: false }`
[INFO] running `Command { std: "docker" "inspect" "3bf3bc823e8fc6f61270487e3f25327bdaf68b47b6dff5710da4afef2f0413eb", kill_on_drop: false }`
[INFO] running `Command { std: "docker" "rm" "-f" "3bf3bc823e8fc6f61270487e3f25327bdaf68b47b6dff5710da4afef2f0413eb", kill_on_drop: false }`
[INFO] [stdout] 3bf3bc823e8fc6f61270487e3f25327bdaf68b47b6dff5710da4afef2f0413eb
[INFO] running `Command { std: "docker" "create" "-v" "/var/lib/crater-agent-workspace/builds/worker-15/target:/opt/rustwide/target:rw,Z" "-v" "/var/lib/crater-agent-workspace/builds/worker-15/source:/opt/rustwide/workdir:ro,Z" "-v" "/var/lib/crater-agent-workspace/cargo-home:/opt/rustwide/cargo-home:ro,Z" "-v" "/var/lib/crater-agent-workspace/rustup-home:/opt/rustwide/rustup-home:ro,Z" "-e" "SOURCE_DIR=/opt/rustwide/workdir" "-e" "CARGO_TARGET_DIR=/opt/rustwide/target" "-e" "CARGO_INCREMENTAL=0" "-e" "RUST_BACKTRACE=full" "-e" "RUSTDOCFLAGS=--cap-lints=warn" "-e" "CARGO_HOME=/opt/rustwide/cargo-home" "-e" "RUSTUP_HOME=/opt/rustwide/rustup-home" "-w" "/opt/rustwide/workdir" "-m" "1610612736" "--user" "0:0" "--network" "none" "ghcr.io/rust-lang/crates-build-env/linux@sha256:34b6a614d2c27851fe6cbf88fbd1137609cefab8b10d0615aaeb6fd47975d74e" "/opt/rustwide/cargo-home/bin/cargo" "+1.54.0" "doc" "--frozen" "--no-deps" "--document-private-items" "--message-format=json", kill_on_drop: false }`
[INFO] [stdout] 40bdea0682fa052efcb95e8630b451e7cb7d5dcff114c581adf8a6b33614d303
[INFO] running `Command { std: "docker" "start" "-a" "40bdea0682fa052efcb95e8630b451e7cb7d5dcff114c581adf8a6b33614d303", kill_on_drop: false }`
[INFO] [stderr]    Compiling proc-macro2 v1.0.21
[INFO] [stderr]    Compiling unicode-xid v0.2.1
[INFO] [stderr]    Compiling syn v1.0.41
[INFO] [stderr]    Compiling pin-project-internal v0.4.23
[INFO] [stderr]    Compiling libc v0.2.77
[INFO] [stderr]    Compiling winapi-build v0.1.1
[INFO] [stderr]    Compiling memchr v2.3.3
[INFO] [stderr]    Compiling proc-macro-nested v0.1.6
[INFO] [stderr]     Checking once_cell v1.4.1
[INFO] [stderr]     Checking futures-core v0.3.5
[INFO] [stderr]     Checking futures-sink v0.3.5
[INFO] [stderr]    Compiling proc-macro-hack v0.5.18
[INFO] [stderr]     Checking futures-io v0.3.5
[INFO] [stderr]     Checking pin-utils v0.1.0
[INFO] [stderr]     Checking winapi v0.2.8
[INFO] [stderr]     Checking lazy_static v1.4.0
[INFO] [stderr]     Checking futures-channel v0.3.5
[INFO] [stderr]     Checking futures-task v0.3.5
[INFO] [stderr]    Compiling user32-sys v0.2.0
[INFO] [stderr]    Compiling kernel32-sys v0.2.2
[INFO] [stderr]    Compiling quote v1.0.7
[INFO] [stderr]     Checking num_cpus v1.13.0
[INFO] [stderr]     Checking jb_utils v0.1.0 (https://github.com/jessebadry/Jesse-s-Utils.git#a07e38d9)
[INFO] [stderr]    Compiling futures-macro v0.3.5
[INFO] [stderr]     Checking pin-project v0.4.23
[INFO] [stderr]     Checking futures-util v0.3.5
[INFO] [stderr]     Checking futures-executor v0.3.5
[INFO] [stderr]     Checking futures v0.3.5
[INFO] [stderr]  Documenting key_hook v0.1.0 (/opt/rustwide/workdir)
[INFO] [stdout] error[E0432]: unresolved import `winapi::winuser`
[INFO] [stdout]  --> src/key_hook/mod.rs:9:13
[INFO] [stdout]   |
[INFO] [stdout] 9 | use winapi::winuser::KBDLLHOOKSTRUCT;
[INFO] [stdout]   |             ^^^^^^^ could not find `winuser` in `winapi`
[INFO] [stdout] 
[INFO] [stdout] 
[INFO] [stdout] error[E0432]: unresolved import `winapi::winuser`
[INFO] [stdout]   --> src/key_hook/mod.rs:10:13
[INFO] [stdout]    |
[INFO] [stdout] 10 | use winapi::winuser::MSG;
[INFO] [stdout]    |             ^^^^^^^ could not find `winuser` in `winapi`
[INFO] [stdout] 
[INFO] [stdout] 
[INFO] [stdout] error[E0432]: unresolved import `winapi::HWND`
[INFO] [stdout]   --> src/key_hook/mod.rs:11:5
[INFO] [stdout]    |
[INFO] [stdout] 11 | use winapi::HWND;
[INFO] [stdout]    |     ^^^^^^^^^^^^ no `HWND` in the root
[INFO] [stdout] 
[INFO] [stdout] 
[INFO] [stdout] error: Compilation failed, aborting rustdoc
[INFO] [stdout] 
[INFO] [stdout] 
[INFO] [stdout] error: aborting due to 4 previous errors
[INFO] [stdout] 
[INFO] [stdout] 
[INFO] [stdout] For more information about this error, try `rustc --explain E0432`.
[INFO] [stdout] 
[INFO] [stderr] error: could not document `key_hook`
[INFO] [stderr] 
[INFO] [stderr] Caused by:
[INFO] [stderr]   process didn't exit successfully: `rustdoc --edition=2018 --crate-type lib --crate-name key_hook src/lib.rs -o /opt/rustwide/target/doc --error-format=json --json=diagnostic-rendered-ansi --document-private-items -L dependency=/opt/rustwide/target/debug/deps --extern futures=/opt/rustwide/target/debug/deps/libfutures-f034f8252403f47b.rmeta --extern jb_utils=/opt/rustwide/target/debug/deps/libjb_utils-4840aaadf766207a.rmeta --extern kernel32=/opt/rustwide/target/debug/deps/libkernel32-7ba4361c2b0a7c74.rmeta --extern lazy_static=/opt/rustwide/target/debug/deps/liblazy_static-acd7d23482fe8b54.rmeta --extern user32=/opt/rustwide/target/debug/deps/libuser32-de3546980ce5a1a6.rmeta --extern winapi=/opt/rustwide/target/debug/deps/libwinapi-fc24033f8415559e.rmeta --cap-lints=warn --crate-version 0.1.0` (exit status: 1)
[INFO] running `Command { std: "docker" "inspect" "40bdea0682fa052efcb95e8630b451e7cb7d5dcff114c581adf8a6b33614d303", kill_on_drop: false }`
[INFO] running `Command { std: "docker" "rm" "-f" "40bdea0682fa052efcb95e8630b451e7cb7d5dcff114c581adf8a6b33614d303", kill_on_drop: false }`
[INFO] [stdout] 40bdea0682fa052efcb95e8630b451e7cb7d5dcff114c581adf8a6b33614d303
