[INFO] cloning repository https://github.com/jeanga/wil-rs
[INFO] running `Command { std: "git" "-c" "credential.helper=" "-c" "credential.helper=/workspace/cargo-home/bin/git-credential-null" "clone" "--bare" "https://github.com/jeanga/wil-rs" "/workspace/cache/git-repos/https%3A%2F%2Fgithub.com%2Fjeanga%2Fwil-rs", kill_on_drop: false }`
[INFO] [stderr] Cloning into bare repository '/workspace/cache/git-repos/https%3A%2F%2Fgithub.com%2Fjeanga%2Fwil-rs'...
[INFO] running `Command { std: "git" "rev-parse" "HEAD", kill_on_drop: false }`
[INFO] [stdout] 77ebb05834ce0b8570127715ac0a3f3c6e145c38
[INFO] documenting jeanga/wil-rs against 1.54.0 for beta-1.55-rustdoc-1
[INFO] running `Command { std: "git" "clone" "/workspace/cache/git-repos/https%3A%2F%2Fgithub.com%2Fjeanga%2Fwil-rs" "/workspace/builds/worker-21/source", kill_on_drop: false }`
[INFO] [stderr] Cloning into '/workspace/builds/worker-21/source'...
[INFO] [stderr] done.
[INFO] validating manifest of git repo https://github.com/jeanga/wil-rs on toolchain 1.54.0
[INFO] running `Command { std: "/workspace/cargo-home/bin/cargo" "+1.54.0" "metadata" "--manifest-path" "Cargo.toml" "--no-deps", kill_on_drop: false }`
[INFO] started tweaking git repo https://github.com/jeanga/wil-rs
[INFO] finished tweaking git repo https://github.com/jeanga/wil-rs
[INFO] tweaked toml for git repo https://github.com/jeanga/wil-rs written to /workspace/builds/worker-21/source/Cargo.toml
[INFO] crate git repo https://github.com/jeanga/wil-rs already has a lockfile, it will not be regenerated
[INFO] running `Command { std: "/workspace/cargo-home/bin/cargo" "+1.54.0" "fetch" "--manifest-path" "Cargo.toml", kill_on_drop: false }`
[INFO] [stderr]     Blocking waiting for file lock on package cache
[INFO] [stderr]     Blocking waiting for file lock on package cache
[INFO] running `Command { std: "docker" "create" "-v" "/var/lib/crater-agent-workspace/builds/worker-21/target:/opt/rustwide/target:rw,Z" "-v" "/var/lib/crater-agent-workspace/builds/worker-21/source:/opt/rustwide/workdir:ro,Z" "-v" "/var/lib/crater-agent-workspace/cargo-home:/opt/rustwide/cargo-home:ro,Z" "-v" "/var/lib/crater-agent-workspace/rustup-home:/opt/rustwide/rustup-home:ro,Z" "-e" "SOURCE_DIR=/opt/rustwide/workdir" "-e" "CARGO_TARGET_DIR=/opt/rustwide/target" "-e" "CARGO_HOME=/opt/rustwide/cargo-home" "-e" "RUSTUP_HOME=/opt/rustwide/rustup-home" "-w" "/opt/rustwide/workdir" "-m" "1610612736" "--user" "0:0" "--network" "none" "ghcr.io/rust-lang/crates-build-env/linux@sha256:34b6a614d2c27851fe6cbf88fbd1137609cefab8b10d0615aaeb6fd47975d74e" "/opt/rustwide/cargo-home/bin/cargo" "+1.54.0" "metadata" "--no-deps" "--format-version=1", kill_on_drop: false }`
[INFO] [stdout] 286e1e9c78506a7fc7b0726af41d28d1e3ef2cf3a56d51a19220f20e3c376c26
[INFO] running `Command { std: "docker" "start" "-a" "286e1e9c78506a7fc7b0726af41d28d1e3ef2cf3a56d51a19220f20e3c376c26", kill_on_drop: false }`
[INFO] running `Command { std: "docker" "inspect" "286e1e9c78506a7fc7b0726af41d28d1e3ef2cf3a56d51a19220f20e3c376c26", kill_on_drop: false }`
[INFO] running `Command { std: "docker" "rm" "-f" "286e1e9c78506a7fc7b0726af41d28d1e3ef2cf3a56d51a19220f20e3c376c26", kill_on_drop: false }`
[INFO] [stdout] 286e1e9c78506a7fc7b0726af41d28d1e3ef2cf3a56d51a19220f20e3c376c26
[INFO] running `Command { std: "docker" "create" "-v" "/var/lib/crater-agent-workspace/builds/worker-21/target:/opt/rustwide/target:rw,Z" "-v" "/var/lib/crater-agent-workspace/builds/worker-21/source:/opt/rustwide/workdir:ro,Z" "-v" "/var/lib/crater-agent-workspace/cargo-home:/opt/rustwide/cargo-home:ro,Z" "-v" "/var/lib/crater-agent-workspace/rustup-home:/opt/rustwide/rustup-home:ro,Z" "-e" "SOURCE_DIR=/opt/rustwide/workdir" "-e" "CARGO_TARGET_DIR=/opt/rustwide/target" "-e" "CARGO_INCREMENTAL=0" "-e" "RUST_BACKTRACE=full" "-e" "RUSTDOCFLAGS=--cap-lints=warn" "-e" "CARGO_HOME=/opt/rustwide/cargo-home" "-e" "RUSTUP_HOME=/opt/rustwide/rustup-home" "-w" "/opt/rustwide/workdir" "-m" "1610612736" "--user" "0:0" "--network" "none" "ghcr.io/rust-lang/crates-build-env/linux@sha256:34b6a614d2c27851fe6cbf88fbd1137609cefab8b10d0615aaeb6fd47975d74e" "/opt/rustwide/cargo-home/bin/cargo" "+1.54.0" "doc" "--frozen" "--no-deps" "--document-private-items" "--message-format=json", kill_on_drop: false }`
[INFO] [stdout] f2dd1818756a6571a6a2e02520207d5b717ef8f923d2701bb44957bfaffbfc1e
[INFO] running `Command { std: "docker" "start" "-a" "f2dd1818756a6571a6a2e02520207d5b717ef8f923d2701bb44957bfaffbfc1e", kill_on_drop: false }`
[INFO] [stderr]     Blocking waiting for file lock on package cache
[INFO] [stderr]    Compiling winapi v0.3.8
[INFO] [stderr]  Documenting wil v0.0.6 (/opt/rustwide/workdir)
[INFO] [stdout] error[E0433]: failed to resolve: could not find `um` in `winapi`
[INFO] [stdout]  --> src/process.rs:1:13
[INFO] [stdout]   |
[INFO] [stdout] 1 | use winapi::um::processthreadsapi::{
[INFO] [stdout]   |             ^^ could not find `um` in `winapi`
[INFO] [stdout] 
[INFO] [stdout] 
[INFO] [stdout] error[E0433]: failed to resolve: could not find `um` in `winapi`
[INFO] [stdout]  --> src/process.rs:5:13
[INFO] [stdout]   |
[INFO] [stdout] 5 | use winapi::um::handleapi::{CloseHandle, INVALID_HANDLE_VALUE};
[INFO] [stdout]   |             ^^ could not find `um` in `winapi`
[INFO] [stdout] 
[INFO] [stdout] 
[INFO] [stdout] error[E0433]: failed to resolve: could not find `shared` in `winapi`
[INFO] [stdout]  --> src/process.rs:8:13
[INFO] [stdout]   |
[INFO] [stdout] 8 | use winapi::shared::minwindef::{BOOL, DWORD, FALSE, PBOOL, TRUE};
[INFO] [stdout]   |             ^^^^^^ could not find `shared` in `winapi`
[INFO] [stdout] 
[INFO] [stdout] 
[INFO] [stdout] error[E0433]: failed to resolve: could not find `shared` in `winapi`
[INFO] [stdout]  --> src/process.rs:9:13
[INFO] [stdout]   |
[INFO] [stdout] 9 | use winapi::shared::ntdef::NULL;
[INFO] [stdout]   |             ^^^^^^ could not find `shared` in `winapi`
[INFO] [stdout] 
[INFO] [stdout] 
[INFO] [stdout] error[E0433]: failed to resolve: could not find `um` in `winapi`
[INFO] [stdout]   --> src/process.rs:10:13
[INFO] [stdout]    |
[INFO] [stdout] 10 | use winapi::um::errhandlingapi::GetLastError;
[INFO] [stdout]    |             ^^ could not find `um` in `winapi`
[INFO] [stdout] 
[INFO] [stdout] 
[INFO] [stdout] error[E0433]: failed to resolve: could not find `um` in `winapi`
[INFO] [stdout]   --> src/process.rs:11:13
[INFO] [stdout]    |
[INFO] [stdout] 11 | use winapi::um::winnt::{HANDLE, PHANDLE, PVOID};
[INFO] [stdout]    |             ^^ could not find `um` in `winapi`
[INFO] [stdout] 
[INFO] [stdout] 
[INFO] [stdout] error[E0433]: failed to resolve: could not find `um` in `winapi`
[INFO] [stdout]  --> src/token.rs:3:13
[INFO] [stdout]   |
[INFO] [stdout] 3 | use winapi::um::handleapi::{CloseHandle, INVALID_HANDLE_VALUE};
[INFO] [stdout]   |             ^^ could not find `um` in `winapi`
[INFO] [stdout] 
[INFO] [stdout] 
[INFO] [stdout] error[E0433]: failed to resolve: could not find `um` in `winapi`
[INFO] [stdout]  --> src/token.rs:5:13
[INFO] [stdout]   |
[INFO] [stdout] 5 | use winapi::um::winnt::{HANDLE, PHANDLE, PVOID};
[INFO] [stdout]   |             ^^ could not find `um` in `winapi`
[INFO] [stdout] 
[INFO] [stdout] 
[INFO] [stdout] error[E0433]: failed to resolve: could not find `um` in `winapi`
[INFO] [stdout]  --> src/token.rs:7:13
[INFO] [stdout]   |
[INFO] [stdout] 7 | use winapi::um::processthreadsapi::{
[INFO] [stdout]   |             ^^ could not find `um` in `winapi`
[INFO] [stdout] 
[INFO] [stdout] 
[INFO] [stdout] error[E0433]: failed to resolve: could not find `um` in `winapi`
[INFO] [stdout]   --> src/token.rs:10:13
[INFO] [stdout]    |
[INFO] [stdout] 10 | use winapi::um::securitybaseapi::{DuplicateToken, GetTokenInformation};
[INFO] [stdout]    |             ^^ could not find `um` in `winapi`
[INFO] [stdout] 
[INFO] [stdout] 
[INFO] [stdout] error[E0433]: failed to resolve: could not find `um` in `winapi`
[INFO] [stdout]   --> src/token.rs:11:13
[INFO] [stdout]    |
[INFO] [stdout] 11 | use winapi::um::winnt::{
[INFO] [stdout]    |             ^^ could not find `um` in `winapi`
[INFO] [stdout] 
[INFO] [stdout] 
[INFO] [stdout] error[E0433]: failed to resolve: could not find `um` in `winapi`
[INFO] [stdout]   --> src/token.rs:16:13
[INFO] [stdout]    |
[INFO] [stdout] 16 | use winapi::um::securitybaseapi::{CheckTokenMembership, CreateWellKnownSid};
[INFO] [stdout]    |             ^^ could not find `um` in `winapi`
[INFO] [stdout] 
[INFO] [stdout] 
[INFO] [stdout] error[E0433]: failed to resolve: could not find `um` in `winapi`
[INFO] [stdout]   --> src/token.rs:17:13
[INFO] [stdout]    |
[INFO] [stdout] 17 | use winapi::um::winnt::{
[INFO] [stdout]    |             ^^ could not find `um` in `winapi`
[INFO] [stdout] 
[INFO] [stdout] 
[INFO] [stdout] error[E0433]: failed to resolve: could not find `shared` in `winapi`
[INFO] [stdout]   --> src/token.rs:22:13
[INFO] [stdout]    |
[INFO] [stdout] 22 | use winapi::shared::minwindef::{BOOL, DWORD, FALSE, PBOOL, TRUE};
[INFO] [stdout]    |             ^^^^^^ could not find `shared` in `winapi`
[INFO] [stdout] 
[INFO] [stdout] 
[INFO] [stdout] error[E0433]: failed to resolve: could not find `um` in `winapi`
[INFO] [stdout]   --> src/token.rs:23:13
[INFO] [stdout]    |
[INFO] [stdout] 23 | use winapi::um::errhandlingapi::GetLastError;
[INFO] [stdout]    |             ^^ could not find `um` in `winapi`
[INFO] [stdout] 
[INFO] [stdout] 
[INFO] [stdout] error[E0412]: cannot find type `HANDLE` in this scope
[INFO] [stdout]   --> src/process.rs:17:13
[INFO] [stdout]    |
[INFO] [stdout] 17 |     handle: HANDLE,
[INFO] [stdout]    |             ^^^^^^ not found in this scope
[INFO] [stdout] 
[INFO] [stdout] 
[INFO] [stdout] error[E0412]: cannot find type `DWORD` in this scope
[INFO] [stdout]   --> src/process.rs:51:26
[INFO] [stdout]    |
[INFO] [stdout] 51 |     pub fn from_id(mode: DWORD, inherit: BOOL, id: DWORD) -> Result<Process, WinAPIError> {
[INFO] [stdout]    |                          ^^^^^ not found in this scope
[INFO] [stdout] 
[INFO] [stdout] 
[INFO] [stdout] error[E0412]: cannot find type `BOOL` in this scope
[INFO] [stdout]   --> src/process.rs:51:42
[INFO] [stdout]    |
[INFO] [stdout] 51 |     pub fn from_id(mode: DWORD, inherit: BOOL, id: DWORD) -> Result<Process, WinAPIError> {
[INFO] [stdout]    |                                          ^^^^ not found in this scope
[INFO] [stdout] 
[INFO] [stdout] 
[INFO] [stdout] error[E0412]: cannot find type `DWORD` in this scope
[INFO] [stdout]   --> src/process.rs:51:52
[INFO] [stdout]    |
[INFO] [stdout] 51 |     pub fn from_id(mode: DWORD, inherit: BOOL, id: DWORD) -> Result<Process, WinAPIError> {
[INFO] [stdout]    |                                                    ^^^^^ not found in this scope
[INFO] [stdout] 
[INFO] [stdout] 
[INFO] [stdout] error[E0412]: cannot find type `STARTUPINFOW` in this scope
[INFO] [stdout]   --> src/process.rs:69:41
[INFO] [stdout]    |
[INFO] [stdout] 41 | impl Process {
[INFO] [stdout]    |     - help: you might be missing a type parameter: `<STARTUPINFOW>`
[INFO] [stdout] ...
[INFO] [stdout] 69 |     pub fn startup_info(&self) -> Box::<STARTUPINFOW> {
[INFO] [stdout]    |                                         ^^^^^^^^^^^^ not found in this scope
[INFO] [stdout] 
[INFO] [stdout] 
[INFO] [stdout] error[E0412]: cannot find type `HANDLE` in this scope
[INFO] [stdout]   --> src/token.rs:29:14
[INFO] [stdout]    |
[INFO] [stdout] 29 |     h_token: HANDLE,
[INFO] [stdout]    |              ^^^^^^ not found in this scope
[INFO] [stdout] 
[INFO] [stdout] 
[INFO] [stdout] error[E0412]: cannot find type `HANDLE` in this scope
[INFO] [stdout]   --> src/token.rs:67:33
[INFO] [stdout]    |
[INFO] [stdout] 67 |     pub fn from_process(handle: HANDLE, mode: DWORD) -> Result<Token, WinAPIError> {
[INFO] [stdout]    |                                 ^^^^^^ not found in this scope
[INFO] [stdout] 
[INFO] [stdout] 
[INFO] [stdout] error[E0412]: cannot find type `DWORD` in this scope
[INFO] [stdout]   --> src/token.rs:67:47
[INFO] [stdout]    |
[INFO] [stdout] 67 |     pub fn from_process(handle: HANDLE, mode: DWORD) -> Result<Token, WinAPIError> {
[INFO] [stdout]    |                                               ^^^^^ not found in this scope
[INFO] [stdout] 
[INFO] [stdout] 
[INFO] [stdout] error[E0412]: cannot find type `DWORD` in this scope
[INFO] [stdout]   --> src/token.rs:82:39
[INFO] [stdout]    |
[INFO] [stdout] 82 |     pub fn from_current_process(mode: DWORD) -> Result<Token, WinAPIError> {
[INFO] [stdout]    |                                       ^^^^^ not found in this scope
[INFO] [stdout] 
[INFO] [stdout] 
[INFO] [stdout] error[E0412]: cannot find type `HANDLE` in this scope
[INFO] [stdout]   --> src/token.rs:89:17
[INFO] [stdout]    |
[INFO] [stdout] 89 |         handle: HANDLE,
[INFO] [stdout]    |                 ^^^^^^ not found in this scope
[INFO] [stdout] 
[INFO] [stdout] 
[INFO] [stdout] error[E0412]: cannot find type `DWORD` in this scope
[INFO] [stdout]   --> src/token.rs:90:15
[INFO] [stdout]    |
[INFO] [stdout] 90 |         mode: DWORD,
[INFO] [stdout]    |               ^^^^^ not found in this scope
[INFO] [stdout] 
[INFO] [stdout] 
[INFO] [stdout] error[E0412]: cannot find type `BOOL` in this scope
[INFO] [stdout]   --> src/token.rs:91:23
[INFO] [stdout]    |
[INFO] [stdout] 91 |         open_as_self: BOOL,
[INFO] [stdout]    |                       ^^^^ not found in this scope
[INFO] [stdout] 
[INFO] [stdout] 
[INFO] [stdout] error[E0412]: cannot find type `DWORD` in this scope
[INFO] [stdout]    --> src/token.rs:106:38
[INFO] [stdout]     |
[INFO] [stdout] 106 |     pub fn from_current_thread(mode: DWORD, open_as_self: BOOL) -> Result<Token, WinAPIError> {
[INFO] [stdout]     |                                      ^^^^^ not found in this scope
[INFO] [stdout] 
[INFO] [stdout] 
[INFO] [stdout] error[E0412]: cannot find type `BOOL` in this scope
[INFO] [stdout]    --> src/token.rs:106:59
[INFO] [stdout]     |
[INFO] [stdout] 106 |     pub fn from_current_thread(mode: DWORD, open_as_self: BOOL) -> Result<Token, WinAPIError> {
[INFO] [stdout]     |                                                           ^^^^ not found in this scope
[INFO] [stdout] 
[INFO] [stdout] 
[INFO] [stdout] error[E0412]: cannot find type `TOKEN_TYPE` in this scope
[INFO] [stdout]    --> src/token.rs:111:40
[INFO] [stdout]     |
[INFO] [stdout] 64  | impl Token {
[INFO] [stdout]     |     - help: you might be missing a type parameter: `<TOKEN_TYPE>`
[INFO] [stdout] ...
[INFO] [stdout] 111 |     pub fn token_type(&self) -> Result<TOKEN_TYPE, WinAPIError> {
[INFO] [stdout]     |                                        ^^^^^^^^^^ not found in this scope
[INFO] [stdout] 
[INFO] [stdout] 
[INFO] [stdout] error[E0412]: cannot find type `TOKEN_TYPE` in this scope
[INFO] [stdout]    --> src/token.rs:139:40
[INFO] [stdout]     |
[INFO] [stdout] 139 |     pub fn duplicate(&self, tokentype: TOKEN_TYPE) -> Result<Token, WinAPIError> {
[INFO] [stdout]     |                                        ^^^^^^^^^^ not found in this scope
[INFO] [stdout] 
[INFO] [stdout] 
[INFO] [stdout] error[E0412]: cannot find type `WELL_KNOWN_SID_TYPE` in this scope
[INFO] [stdout]    --> src/token.rs:155:40
[INFO] [stdout]     |
[INFO] [stdout] 155 |     pub fn is_member(&self, known_sid: WELL_KNOWN_SID_TYPE) -> Result<bool, WinAPIError> {
[INFO] [stdout]     |                                        ^^^^^^^^^^^^^^^^^^^ not found in this scope
[INFO] [stdout] 
[INFO] [stdout] 
[INFO] [stdout] error[E0412]: cannot find type `HANDLE` in this scope
[INFO] [stdout]    --> src/token.rs:253:30
[INFO] [stdout]     |
[INFO] [stdout] 253 |     pub fn handle(&self) -> &HANDLE {
[INFO] [stdout]     |                              ^^^^^^ not found in this scope
[INFO] [stdout] 
[INFO] [stdout] 
[INFO] [stdout] error: Compilation failed, aborting rustdoc
[INFO] [stdout] 
[INFO] [stdout] 
[INFO] [stdout] error: aborting due to 34 previous errors
[INFO] [stdout] 
[INFO] [stdout] 
[INFO] [stdout] Some errors have detailed explanations: E0412, E0433.
[INFO] [stdout] 
[INFO] [stdout] For more information about an error, try `rustc --explain E0412`.
[INFO] [stdout] 
[INFO] [stderr] error: could not document `wil`
[INFO] [stderr] 
[INFO] [stderr] Caused by:
[INFO] [stderr]   process didn't exit successfully: `rustdoc --edition=2018 --crate-type lib --crate-name wil src/lib.rs -o /opt/rustwide/target/doc --error-format=json --json=diagnostic-rendered-ansi --document-private-items -L dependency=/opt/rustwide/target/debug/deps --extern log=/opt/rustwide/target/debug/deps/liblog-66d280a75f209fe0.rmeta --extern winapi=/opt/rustwide/target/debug/deps/libwinapi-58a203a99f9a1baa.rmeta --cap-lints=warn --crate-version 0.0.6` (exit status: 1)
[INFO] running `Command { std: "docker" "inspect" "f2dd1818756a6571a6a2e02520207d5b717ef8f923d2701bb44957bfaffbfc1e", kill_on_drop: false }`
[INFO] running `Command { std: "docker" "rm" "-f" "f2dd1818756a6571a6a2e02520207d5b717ef8f923d2701bb44957bfaffbfc1e", kill_on_drop: false }`
[INFO] [stdout] f2dd1818756a6571a6a2e02520207d5b717ef8f923d2701bb44957bfaffbfc1e
