[INFO] cloning repository https://github.com/jayson-lennon/frontend-host
[INFO] running `Command { std: "git" "-c" "credential.helper=" "-c" "credential.helper=/workspace/cargo-home/bin/git-credential-null" "clone" "--bare" "https://github.com/jayson-lennon/frontend-host" "/workspace/cache/git-repos/https%3A%2F%2Fgithub.com%2Fjayson-lennon%2Ffrontend-host", kill_on_drop: false }`
[INFO] [stderr] Cloning into bare repository '/workspace/cache/git-repos/https%3A%2F%2Fgithub.com%2Fjayson-lennon%2Ffrontend-host'...
[INFO] running `Command { std: "git" "rev-parse" "HEAD", kill_on_drop: false }`
[INFO] [stdout] 5815f249b0095fa6dacf5318431c0ae5b817f046
[INFO] documenting jayson-lennon/frontend-host against 1.54.0 for beta-1.55-rustdoc-1
[INFO] running `Command { std: "git" "clone" "/workspace/cache/git-repos/https%3A%2F%2Fgithub.com%2Fjayson-lennon%2Ffrontend-host" "/workspace/builds/worker-73/source", kill_on_drop: false }`
[INFO] [stderr] Cloning into '/workspace/builds/worker-73/source'...
[INFO] [stderr] done.
[INFO] validating manifest of git repo https://github.com/jayson-lennon/frontend-host on toolchain 1.54.0
[INFO] running `Command { std: "/workspace/cargo-home/bin/cargo" "+1.54.0" "metadata" "--manifest-path" "Cargo.toml" "--no-deps", kill_on_drop: false }`
[INFO] started tweaking git repo https://github.com/jayson-lennon/frontend-host
[INFO] finished tweaking git repo https://github.com/jayson-lennon/frontend-host
[INFO] tweaked toml for git repo https://github.com/jayson-lennon/frontend-host written to /workspace/builds/worker-73/source/Cargo.toml
[INFO] crate git repo https://github.com/jayson-lennon/frontend-host already has a lockfile, it will not be regenerated
[INFO] running `Command { std: "/workspace/cargo-home/bin/cargo" "+1.54.0" "fetch" "--manifest-path" "Cargo.toml", kill_on_drop: false }`
[INFO] [stderr] warning: unused manifest key: target.x86_64-pc-windows-gnu.ar
[INFO] [stderr] warning: unused manifest key: target.x86_64-pc-windows-gnu.linker
[INFO] [stderr]     Blocking waiting for file lock on package cache
[INFO] [stderr]     Blocking waiting for file lock on package cache
[INFO] running `Command { std: "docker" "create" "-v" "/var/lib/crater-agent-workspace/builds/worker-73/target:/opt/rustwide/target:rw,Z" "-v" "/var/lib/crater-agent-workspace/builds/worker-73/source:/opt/rustwide/workdir:ro,Z" "-v" "/var/lib/crater-agent-workspace/cargo-home:/opt/rustwide/cargo-home:ro,Z" "-v" "/var/lib/crater-agent-workspace/rustup-home:/opt/rustwide/rustup-home:ro,Z" "-e" "SOURCE_DIR=/opt/rustwide/workdir" "-e" "CARGO_TARGET_DIR=/opt/rustwide/target" "-e" "CARGO_HOME=/opt/rustwide/cargo-home" "-e" "RUSTUP_HOME=/opt/rustwide/rustup-home" "-w" "/opt/rustwide/workdir" "-m" "1610612736" "--user" "0:0" "--network" "none" "ghcr.io/rust-lang/crates-build-env/linux@sha256:34b6a614d2c27851fe6cbf88fbd1137609cefab8b10d0615aaeb6fd47975d74e" "/opt/rustwide/cargo-home/bin/cargo" "+1.54.0" "metadata" "--no-deps" "--format-version=1", kill_on_drop: false }`
[INFO] [stdout] 7189ab5bb6a0c546b73f24a429bd0846df2a5dd8313fc0520652f17b5c59b38d
[INFO] running `Command { std: "docker" "start" "-a" "7189ab5bb6a0c546b73f24a429bd0846df2a5dd8313fc0520652f17b5c59b38d", kill_on_drop: false }`
[INFO] running `Command { std: "docker" "inspect" "7189ab5bb6a0c546b73f24a429bd0846df2a5dd8313fc0520652f17b5c59b38d", kill_on_drop: false }`
[INFO] running `Command { std: "docker" "rm" "-f" "7189ab5bb6a0c546b73f24a429bd0846df2a5dd8313fc0520652f17b5c59b38d", kill_on_drop: false }`
[INFO] [stdout] 7189ab5bb6a0c546b73f24a429bd0846df2a5dd8313fc0520652f17b5c59b38d
[INFO] running `Command { std: "docker" "create" "-v" "/var/lib/crater-agent-workspace/builds/worker-73/target:/opt/rustwide/target:rw,Z" "-v" "/var/lib/crater-agent-workspace/builds/worker-73/source:/opt/rustwide/workdir:ro,Z" "-v" "/var/lib/crater-agent-workspace/cargo-home:/opt/rustwide/cargo-home:ro,Z" "-v" "/var/lib/crater-agent-workspace/rustup-home:/opt/rustwide/rustup-home:ro,Z" "-e" "SOURCE_DIR=/opt/rustwide/workdir" "-e" "CARGO_TARGET_DIR=/opt/rustwide/target" "-e" "CARGO_INCREMENTAL=0" "-e" "RUST_BACKTRACE=full" "-e" "RUSTDOCFLAGS=--cap-lints=warn" "-e" "CARGO_HOME=/opt/rustwide/cargo-home" "-e" "RUSTUP_HOME=/opt/rustwide/rustup-home" "-w" "/opt/rustwide/workdir" "-m" "1610612736" "--user" "0:0" "--network" "none" "ghcr.io/rust-lang/crates-build-env/linux@sha256:34b6a614d2c27851fe6cbf88fbd1137609cefab8b10d0615aaeb6fd47975d74e" "/opt/rustwide/cargo-home/bin/cargo" "+1.54.0" "doc" "--frozen" "--no-deps" "--document-private-items" "--message-format=json", kill_on_drop: false }`
[INFO] [stdout] 88647aa5c29fe2b6a0f8122f3a13d70d436b7b3acaa7c3897ab2d183ebd069e7
[INFO] running `Command { std: "docker" "start" "-a" "88647aa5c29fe2b6a0f8122f3a13d70d436b7b3acaa7c3897ab2d183ebd069e7", kill_on_drop: false }`
[INFO] [stderr] warning: unused manifest key: target.x86_64-pc-windows-gnu.ar
[INFO] [stderr] warning: unused manifest key: target.x86_64-pc-windows-gnu.linker
[INFO] [stderr]     Blocking waiting for file lock on package cache
[INFO] [stderr]    Compiling cc v1.0.54
[INFO] [stderr]    Compiling smallvec v1.4.0
[INFO] [stderr]    Compiling autocfg v1.0.0
[INFO] [stderr]    Compiling proc-macro2 v1.0.14
[INFO] [stderr]    Compiling syn v1.0.23
[INFO] [stderr]    Compiling serde v1.0.110
[INFO] [stderr]    Compiling ryu v1.0.4
[INFO] [stderr]    Compiling memchr v2.3.3
[INFO] [stderr]     Checking unicode-width v0.1.7
[INFO] [stderr]    Compiling unicode-segmentation v1.6.0
[INFO] [stderr]     Checking itoa v0.4.5
[INFO] [stderr]     Checking vec_map v0.8.2
[INFO] [stderr]    Compiling libc v0.2.70
[INFO] [stderr]    Compiling proc-macro-error-attr v1.0.2
[INFO] [stderr]    Compiling proc-macro-error v1.0.2
[INFO] [stderr]    Compiling rocket_codegen v0.4.4
[INFO] [stderr]    Compiling rocket v0.4.4
[INFO] [stderr]    Compiling pear_codegen v0.1.2
[INFO] [stderr]     Checking time v0.1.43
[INFO] [stderr]     Checking net2 v0.2.34
[INFO] [stderr]     Checking iovec v0.1.4
[INFO] [stderr]     Checking num_cpus v1.13.0
[INFO] [stderr]     Checking atty v0.2.14
[INFO] [stderr]     Checking inotify-sys v0.1.3
[INFO] [stderr]     Checking filetime v0.2.10
[INFO] [stderr]    Compiling log v0.3.9
[INFO] [stderr]    Compiling base64 v0.9.3
[INFO] [stderr]     Checking base64 v0.10.1
[INFO] [stderr]    Compiling devise_core v0.2.0
[INFO] [stderr]     Checking unicode-normalization v0.1.12
[INFO] [stderr]     Checking textwrap v0.11.0
[INFO] [stderr]    Compiling indexmap v1.3.2
[INFO] [stderr]    Compiling mime v0.2.6
[INFO] [stderr]    Compiling heck v0.3.1
[INFO] [stderr]     Checking inotify v0.7.0
[INFO] [stdout] error[E0554]: `#![feature]` may not be used on the stable release channel
[INFO] [stdout]  --> /opt/rustwide/cargo-home/registry/src/github.com-1ecc6299db9ec823/devise_core-0.2.0/src/lib.rs:1:1
[INFO] [stdout]   |
[INFO] [stdout] 1 | #![feature(proc_macro_diagnostic, proc_macro_span)]
[INFO] [stdout]   | ^^^^^^^^^^^^^^^^^^^^^^^^^^^^^^^^^^^^^^^^^^^^^^^^^^^
[INFO] [stdout] 
[INFO] [stdout] 
[INFO] [stdout] error[E0554]: `#![feature]` may not be used on the stable release channel
[INFO] [stdout]  --> /opt/rustwide/cargo-home/registry/src/github.com-1ecc6299db9ec823/devise_core-0.2.0/src/lib.rs:2:1
[INFO] [stdout]   |
[INFO] [stdout] 2 | #![feature(crate_visibility_modifier)]
[INFO] [stdout]   | ^^^^^^^^^^^^^^^^^^^^^^^^^^^^^^^^^^^^^^
[INFO] [stdout] 
[INFO] [stdout] 
[INFO] [stdout] error[E0554]: `#![feature]` may not be used on the stable release channel
[INFO] [stdout]  --> /opt/rustwide/cargo-home/registry/src/github.com-1ecc6299db9ec823/devise_core-0.2.0/src/lib.rs:3:1
[INFO] [stdout]   |
[INFO] [stdout] 3 | #![feature(concat_idents)]
[INFO] [stdout]   | ^^^^^^^^^^^^^^^^^^^^^^^^^^
[INFO] [stdout] 
[INFO] [stdout] 
[INFO] [stderr]     Checking mio v0.6.22
[INFO] [stderr]     Checking clap v2.33.1
[INFO] [stderr]    Compiling ring v0.13.5
[INFO] [stdout] error: aborting due to 3 previous errors
[INFO] [stdout] 
[INFO] [stdout] 
[INFO] [stdout] For more information about this error, try `rustc --explain E0554`.
[INFO] [stdout] 
[INFO] [stderr] error: could not compile `devise_core`
[INFO] [stderr] 
[INFO] [stderr] To learn more, run the command again with --verbose.
[INFO] [stderr] warning: build failed, waiting for other jobs to finish...
[INFO] [stderr] error: build failed
[INFO] running `Command { std: "docker" "inspect" "88647aa5c29fe2b6a0f8122f3a13d70d436b7b3acaa7c3897ab2d183ebd069e7", kill_on_drop: false }`
[INFO] running `Command { std: "docker" "rm" "-f" "88647aa5c29fe2b6a0f8122f3a13d70d436b7b3acaa7c3897ab2d183ebd069e7", kill_on_drop: false }`
[INFO] [stdout] 88647aa5c29fe2b6a0f8122f3a13d70d436b7b3acaa7c3897ab2d183ebd069e7
