[INFO] cloning repository https://github.com/jauhien/iron-kaleidoscope
[INFO] running `Command { std: "git" "-c" "credential.helper=" "-c" "credential.helper=/workspace/cargo-home/bin/git-credential-null" "clone" "--bare" "https://github.com/jauhien/iron-kaleidoscope" "/workspace/cache/git-repos/https%3A%2F%2Fgithub.com%2Fjauhien%2Firon-kaleidoscope", kill_on_drop: false }`
[INFO] [stderr] Cloning into bare repository '/workspace/cache/git-repos/https%3A%2F%2Fgithub.com%2Fjauhien%2Firon-kaleidoscope'...
[INFO] running `Command { std: "git" "rev-parse" "HEAD", kill_on_drop: false }`
[INFO] [stdout] fed9a75aa211a829a0b2b099f4bcfcef2079d034
[INFO] documenting jauhien/iron-kaleidoscope against beta-2021-08-01 for beta-1.55-rustdoc-1
[INFO] running `Command { std: "git" "clone" "/workspace/cache/git-repos/https%3A%2F%2Fgithub.com%2Fjauhien%2Firon-kaleidoscope" "/workspace/builds/worker-93/source", kill_on_drop: false }`
[INFO] [stderr] Cloning into '/workspace/builds/worker-93/source'...
[INFO] [stderr] done.
[INFO] validating manifest of git repo https://github.com/jauhien/iron-kaleidoscope on toolchain beta-2021-08-01
[INFO] running `Command { std: "/workspace/cargo-home/bin/cargo" "+beta-2021-08-01" "metadata" "--manifest-path" "Cargo.toml" "--no-deps", kill_on_drop: false }`
[INFO] started tweaking git repo https://github.com/jauhien/iron-kaleidoscope
[INFO] finished tweaking git repo https://github.com/jauhien/iron-kaleidoscope
[INFO] tweaked toml for git repo https://github.com/jauhien/iron-kaleidoscope written to /workspace/builds/worker-93/source/Cargo.toml
[INFO] crate git repo https://github.com/jauhien/iron-kaleidoscope already has a lockfile, it will not be regenerated
[INFO] running `Command { std: "/workspace/cargo-home/bin/cargo" "+beta-2021-08-01" "fetch" "--manifest-path" "Cargo.toml", kill_on_drop: false }`
[INFO] [stderr]     Blocking waiting for file lock on package cache
[INFO] [stderr]     Updating git repository `https://github.com/jauhien/iron-llvm.git`
[INFO] [stderr]     Blocking waiting for file lock on package cache
[INFO] running `Command { std: "docker" "create" "-v" "/var/lib/crater-agent-workspace/builds/worker-93/target:/opt/rustwide/target:rw,Z" "-v" "/var/lib/crater-agent-workspace/builds/worker-93/source:/opt/rustwide/workdir:ro,Z" "-v" "/var/lib/crater-agent-workspace/cargo-home:/opt/rustwide/cargo-home:ro,Z" "-v" "/var/lib/crater-agent-workspace/rustup-home:/opt/rustwide/rustup-home:ro,Z" "-e" "SOURCE_DIR=/opt/rustwide/workdir" "-e" "CARGO_TARGET_DIR=/opt/rustwide/target" "-e" "CARGO_HOME=/opt/rustwide/cargo-home" "-e" "RUSTUP_HOME=/opt/rustwide/rustup-home" "-w" "/opt/rustwide/workdir" "-m" "1610612736" "--user" "0:0" "--network" "none" "ghcr.io/rust-lang/crates-build-env/linux@sha256:34b6a614d2c27851fe6cbf88fbd1137609cefab8b10d0615aaeb6fd47975d74e" "/opt/rustwide/cargo-home/bin/cargo" "+beta-2021-08-01" "metadata" "--no-deps" "--format-version=1", kill_on_drop: false }`
[INFO] [stdout] fce756af8fe7e761a2017ceb215222a7847d4cb522c46a11e0db518bc005fbc9
[INFO] running `Command { std: "docker" "start" "-a" "fce756af8fe7e761a2017ceb215222a7847d4cb522c46a11e0db518bc005fbc9", kill_on_drop: false }`
[INFO] running `Command { std: "docker" "inspect" "fce756af8fe7e761a2017ceb215222a7847d4cb522c46a11e0db518bc005fbc9", kill_on_drop: false }`
[INFO] running `Command { std: "docker" "rm" "-f" "fce756af8fe7e761a2017ceb215222a7847d4cb522c46a11e0db518bc005fbc9", kill_on_drop: false }`
[INFO] [stdout] fce756af8fe7e761a2017ceb215222a7847d4cb522c46a11e0db518bc005fbc9
[INFO] running `Command { std: "docker" "create" "-v" "/var/lib/crater-agent-workspace/builds/worker-93/target:/opt/rustwide/target:rw,Z" "-v" "/var/lib/crater-agent-workspace/builds/worker-93/source:/opt/rustwide/workdir:ro,Z" "-v" "/var/lib/crater-agent-workspace/cargo-home:/opt/rustwide/cargo-home:ro,Z" "-v" "/var/lib/crater-agent-workspace/rustup-home:/opt/rustwide/rustup-home:ro,Z" "-e" "SOURCE_DIR=/opt/rustwide/workdir" "-e" "CARGO_TARGET_DIR=/opt/rustwide/target" "-e" "CARGO_INCREMENTAL=0" "-e" "RUST_BACKTRACE=full" "-e" "RUSTDOCFLAGS=--cap-lints=warn" "-e" "CARGO_HOME=/opt/rustwide/cargo-home" "-e" "RUSTUP_HOME=/opt/rustwide/rustup-home" "-w" "/opt/rustwide/workdir" "-m" "1610612736" "--user" "0:0" "--network" "none" "ghcr.io/rust-lang/crates-build-env/linux@sha256:34b6a614d2c27851fe6cbf88fbd1137609cefab8b10d0615aaeb6fd47975d74e" "/opt/rustwide/cargo-home/bin/cargo" "+beta-2021-08-01" "doc" "--frozen" "--no-deps" "--document-private-items" "--message-format=json", kill_on_drop: false }`
[INFO] [stdout] f3e781024ce555c0399d0ea83842d4c484e69503edc8b71367e23e2685d4e9b5
[INFO] running `Command { std: "docker" "start" "-a" "f3e781024ce555c0399d0ea83842d4c484e69503edc8b71367e23e2685d4e9b5", kill_on_drop: false }`
[INFO] [stderr]     Blocking waiting for file lock on package cache
[INFO] [stderr]    Compiling gcc v0.3.21
[INFO] [stderr]     Checking libc v0.2.6
[INFO] [stderr]     Checking libc v0.1.12
[INFO] [stderr]     Checking bitflags v0.3.3
[INFO] [stderr]     Checking regex-syntax v0.2.2
[INFO] [stderr]     Checking strsim v0.3.0
[INFO] [stderr]     Checking rustc-serialize v0.3.16
[INFO] [stdout] error[E0642]: patterns aren't allowed in functions without bodies
[INFO] [stdout]    --> /opt/rustwide/cargo-home/registry/src/github.com-1ecc6299db9ec823/rustc-serialize-0.3.16/src/serialize.rs:145:45
[INFO] [stdout]     |
[INFO] [stdout] 145 | ...                   &f_name: &str,
[INFO] [stdout]     |                       ^^^^^^^ pattern not allowed in function without body
[INFO] [stdout] 
[INFO] [stdout] 
[INFO] [stderr]    Compiling cmake v0.1.12
[INFO] [stderr]    Compiling memchr v0.1.7
[INFO] [stderr]    Compiling aho-corasick v0.4.1
[INFO] [stderr]    Compiling llvm-sys v0.2.1
[INFO] [stderr]    Compiling iron_llvm v0.0.1 (https://github.com/jauhien/iron-llvm.git#401fbb93)
[INFO] [stderr]     Checking regex v0.1.48
[INFO] [stdout] error[E0554]: `#![feature]` may not be used on the beta release channel
[INFO] [stdout]    --> /opt/rustwide/cargo-home/registry/src/github.com-1ecc6299db9ec823/regex-0.1.48/src/lib.rs:403:34
[INFO] [stdout]     |
[INFO] [stdout] 403 | #![cfg_attr(feature = "pattern", feature(pattern))]
[INFO] [stdout]     |                                  ^^^^^^^^^^^^^^^^
[INFO] [stdout] 
[INFO] [stdout] 
[INFO] [stdout] error[E0554]: `#![feature]` may not be used on the beta release channel
[INFO] [stdout]    --> /opt/rustwide/cargo-home/registry/src/github.com-1ecc6299db9ec823/regex-0.1.48/src/lib.rs:403:34
[INFO] [stdout]     |
[INFO] [stdout] 403 | #![cfg_attr(feature = "pattern", feature(pattern))]
[INFO] [stdout]     |                                  ^^^^^^^^^^^^^^^^
[INFO] [stdout] 
[INFO] [stdout] 
[INFO] [stdout] error: aborting due to previous error
[INFO] [stdout] 
[INFO] [stdout] 
[INFO] [stdout] For more information about this error, try `rustc --explain E0642`.
[INFO] [stdout] 
[INFO] [stdout] error: aborting due to previous error
[INFO] [stdout] 
[INFO] [stdout] 
[INFO] [stdout] For more information about this error, try `rustc --explain E0554`.
[INFO] [stdout] 
[INFO] [stderr] error: could not compile `regex` due to 2 previous errors
[INFO] [stderr] warning: build failed, waiting for other jobs to finish...
[INFO] [stdout] error: aborting due to previous error
[INFO] [stdout] 
[INFO] [stdout] 
[INFO] [stdout] For more information about this error, try `rustc --explain E0554`.
[INFO] [stdout] 
[INFO] [stderr] error: build failed
[INFO] running `Command { std: "docker" "inspect" "f3e781024ce555c0399d0ea83842d4c484e69503edc8b71367e23e2685d4e9b5", kill_on_drop: false }`
[INFO] running `Command { std: "docker" "rm" "-f" "f3e781024ce555c0399d0ea83842d4c484e69503edc8b71367e23e2685d4e9b5", kill_on_drop: false }`
[INFO] [stdout] f3e781024ce555c0399d0ea83842d4c484e69503edc8b71367e23e2685d4e9b5
