[INFO] cloning repository https://github.com/janno-p/zero2prod
[INFO] running `Command { std: "git" "-c" "credential.helper=" "-c" "credential.helper=/workspace/cargo-home/bin/git-credential-null" "clone" "--bare" "https://github.com/janno-p/zero2prod" "/workspace/cache/git-repos/https%3A%2F%2Fgithub.com%2Fjanno-p%2Fzero2prod", kill_on_drop: false }`
[INFO] [stderr] Cloning into bare repository '/workspace/cache/git-repos/https%3A%2F%2Fgithub.com%2Fjanno-p%2Fzero2prod'...
[INFO] running `Command { std: "git" "rev-parse" "HEAD", kill_on_drop: false }`
[INFO] [stdout] f8e9c57971c3a5f54593c6551a891be17aaa4414
[INFO] documenting janno-p/zero2prod against 1.54.0 for beta-1.55-rustdoc-1
[INFO] running `Command { std: "git" "clone" "/workspace/cache/git-repos/https%3A%2F%2Fgithub.com%2Fjanno-p%2Fzero2prod" "/workspace/builds/worker-6/source", kill_on_drop: false }`
[INFO] [stderr] Cloning into '/workspace/builds/worker-6/source'...
[INFO] [stderr] done.
[INFO] validating manifest of git repo https://github.com/janno-p/zero2prod on toolchain 1.54.0
[INFO] running `Command { std: "/workspace/cargo-home/bin/cargo" "+1.54.0" "metadata" "--manifest-path" "Cargo.toml" "--no-deps", kill_on_drop: false }`
[INFO] started tweaking git repo https://github.com/janno-p/zero2prod
[INFO] finished tweaking git repo https://github.com/janno-p/zero2prod
[INFO] tweaked toml for git repo https://github.com/janno-p/zero2prod written to /workspace/builds/worker-6/source/Cargo.toml
[INFO] crate git repo https://github.com/janno-p/zero2prod already has a lockfile, it will not be regenerated
[INFO] running `Command { std: "/workspace/cargo-home/bin/cargo" "+1.54.0" "fetch" "--manifest-path" "Cargo.toml", kill_on_drop: false }`
[INFO] [stderr]     Blocking waiting for file lock on package cache
[INFO] [stderr]     Blocking waiting for file lock on package cache
[INFO] running `Command { std: "docker" "create" "-v" "/var/lib/crater-agent-workspace/builds/worker-6/target:/opt/rustwide/target:rw,Z" "-v" "/var/lib/crater-agent-workspace/builds/worker-6/source:/opt/rustwide/workdir:ro,Z" "-v" "/var/lib/crater-agent-workspace/cargo-home:/opt/rustwide/cargo-home:ro,Z" "-v" "/var/lib/crater-agent-workspace/rustup-home:/opt/rustwide/rustup-home:ro,Z" "-e" "SOURCE_DIR=/opt/rustwide/workdir" "-e" "CARGO_TARGET_DIR=/opt/rustwide/target" "-e" "CARGO_HOME=/opt/rustwide/cargo-home" "-e" "RUSTUP_HOME=/opt/rustwide/rustup-home" "-w" "/opt/rustwide/workdir" "-m" "1610612736" "--user" "0:0" "--network" "none" "ghcr.io/rust-lang/crates-build-env/linux@sha256:34b6a614d2c27851fe6cbf88fbd1137609cefab8b10d0615aaeb6fd47975d74e" "/opt/rustwide/cargo-home/bin/cargo" "+1.54.0" "metadata" "--no-deps" "--format-version=1", kill_on_drop: false }`
[INFO] [stdout] a1ce45569066d677968874ccd1a5ac7713623a89e055acdea4018a1115283a74
[INFO] [stderr] WARNING: Your kernel does not support swap limit capabilities or the cgroup is not mounted. Memory limited without swap.
[INFO] running `Command { std: "docker" "start" "-a" "a1ce45569066d677968874ccd1a5ac7713623a89e055acdea4018a1115283a74", kill_on_drop: false }`
[INFO] running `Command { std: "docker" "inspect" "a1ce45569066d677968874ccd1a5ac7713623a89e055acdea4018a1115283a74", kill_on_drop: false }`
[INFO] running `Command { std: "docker" "rm" "-f" "a1ce45569066d677968874ccd1a5ac7713623a89e055acdea4018a1115283a74", kill_on_drop: false }`
[INFO] [stdout] a1ce45569066d677968874ccd1a5ac7713623a89e055acdea4018a1115283a74
[INFO] running `Command { std: "docker" "create" "-v" "/var/lib/crater-agent-workspace/builds/worker-6/target:/opt/rustwide/target:rw,Z" "-v" "/var/lib/crater-agent-workspace/builds/worker-6/source:/opt/rustwide/workdir:ro,Z" "-v" "/var/lib/crater-agent-workspace/cargo-home:/opt/rustwide/cargo-home:ro,Z" "-v" "/var/lib/crater-agent-workspace/rustup-home:/opt/rustwide/rustup-home:ro,Z" "-e" "SOURCE_DIR=/opt/rustwide/workdir" "-e" "CARGO_TARGET_DIR=/opt/rustwide/target" "-e" "CARGO_INCREMENTAL=0" "-e" "RUST_BACKTRACE=full" "-e" "RUSTDOCFLAGS=--cap-lints=warn" "-e" "CARGO_HOME=/opt/rustwide/cargo-home" "-e" "RUSTUP_HOME=/opt/rustwide/rustup-home" "-w" "/opt/rustwide/workdir" "-m" "1610612736" "--user" "0:0" "--network" "none" "ghcr.io/rust-lang/crates-build-env/linux@sha256:34b6a614d2c27851fe6cbf88fbd1137609cefab8b10d0615aaeb6fd47975d74e" "/opt/rustwide/cargo-home/bin/cargo" "+1.54.0" "doc" "--frozen" "--no-deps" "--document-private-items" "--message-format=json", kill_on_drop: false }`
[INFO] [stderr] WARNING: Your kernel does not support swap limit capabilities or the cgroup is not mounted. Memory limited without swap.
[INFO] [stdout] b6e5bd85509f3aff9e19ece5b00e0e0f82f9b174a2c5110f4b79f5e70d2851ff
[INFO] running `Command { std: "docker" "start" "-a" "b6e5bd85509f3aff9e19ece5b00e0e0f82f9b174a2c5110f4b79f5e70d2851ff", kill_on_drop: false }`
[INFO] [stderr]    Compiling libc v0.2.92
[INFO] [stderr]    Compiling syn v1.0.67
[INFO] [stderr]     Checking pin-project-lite v0.2.6
[INFO] [stderr]     Checking once_cell v1.8.0
[INFO] [stderr]    Compiling cfg-if v1.0.0
[INFO] [stderr]    Compiling serde v1.0.125
[INFO] [stderr]     Checking futures-core v0.3.13
[INFO] [stderr]     Checking futures-sink v0.3.13
[INFO] [stderr]     Checking regex-syntax v0.6.23
[INFO] [stderr]    Compiling serde_json v1.0.64
[INFO] [stderr]     Checking futures-task v0.3.13
[INFO] [stderr]     Checking futures-io v0.3.13
[INFO] [stderr]    Compiling lexical-core v0.7.5
[INFO] [stderr]    Compiling untrusted v0.7.1
[INFO] [stderr]    Compiling scopeguard v1.1.0
[INFO] [stderr]    Compiling spin v0.5.2
[INFO] [stderr]    Compiling smallvec v1.6.1
[INFO] [stderr]    Compiling httparse v1.3.5
[INFO] [stderr]    Compiling bytes v1.0.1
[INFO] [stderr]    Compiling tinyvec_macros v0.1.0
[INFO] [stderr]     Checking byteorder v1.4.3
[INFO] [stderr]    Compiling whoami v1.1.1
[INFO] [stderr]    Compiling const_fn v0.4.6
[INFO] [stderr]     Checking local-waker v0.1.1
[INFO] [stderr]    Compiling paste v1.0.5
[INFO] [stderr]    Compiling base64 v0.13.0
[INFO] [stderr]    Compiling pin-utils v0.1.0
[INFO] [stderr]    Compiling slab v0.4.2
[INFO] [stderr]    Compiling wyz v0.2.0
[INFO] [stderr]    Compiling funty v1.1.0
[INFO] [stderr]    Compiling zstd-safe v3.1.0+zstd.1.4.9
[INFO] [stderr]    Compiling tap v1.0.1
[INFO] [stderr]    Compiling opaque-debug v0.3.0
[INFO] [stderr]    Compiling encoding_rs v0.8.28
[INFO] [stderr]    Compiling arrayvec v0.5.2
[INFO] [stderr]    Compiling static_assertions v1.1.0
[INFO] [stderr]    Compiling percent-encoding v2.1.0
[INFO] [stderr]    Compiling hashbrown v0.9.1
[INFO] [stderr]    Compiling ppv-lite86 v0.2.10
[INFO] [stderr]     Checking unicode-xid v0.2.1
[INFO] [stderr]    Compiling subtle v2.4.0
[INFO] [stderr]    Compiling cpuid-bool v0.1.2
[INFO] [stderr]    Compiling async-trait v0.1.50
[INFO] [stderr]    Compiling unicode_categories v0.1.1
[INFO] [stderr]    Compiling maplit v1.0.2
[INFO] [stderr]     Checking ansi_term v0.12.1
[INFO] [stderr]    Compiling hex v0.4.3
[INFO] [stderr]    Compiling unicode-segmentation v1.8.0
[INFO] [stderr]     Checking language-tags v0.3.2
[INFO] [stderr]     Checking serde v0.8.23
[INFO] [stderr]     Checking linked-hash-map v0.5.4
[INFO] [stderr]    Compiling dotenv v0.15.0
[INFO] [stderr]     Checking rust-ini v0.13.0
[INFO] [stderr]    Compiling tokio v1.8.1
[INFO] [stderr]    Compiling indexmap v1.6.2
[INFO] [stderr]    Compiling num-traits v0.2.14
[INFO] [stderr]    Compiling crossbeam-utils v0.8.3
[INFO] [stderr]    Compiling ahash v0.7.2
[INFO] [stderr]    Compiling standback v0.2.17
[INFO] [stderr]    Compiling nom v6.1.2
[INFO] [stderr]    Compiling time v0.2.26
[INFO] [stderr]    Compiling cookie v0.15.0
[INFO] [stderr]    Compiling nom v5.1.2
[INFO] [stderr]     Checking tracing-core v0.1.17
[INFO] [stderr]     Checking sharded-slab v0.1.1
[INFO] [stderr]     Checking bytestring v1.0.0
[INFO] [stderr]     Checking http v0.2.3
[INFO] [stderr]     Checking tinyvec v1.1.1
[INFO] [stderr]    Compiling instant v0.1.9
[INFO] [stderr]     Checking futures-channel v0.3.13
[INFO] [stderr]     Checking thread_local v1.1.3
[INFO] [stderr]    Compiling lock_api v0.4.2
[INFO] [stderr]     Checking actix-utils v3.0.0
[INFO] [stderr]    Compiling form_urlencoded v1.0.1
[INFO] [stderr]     Checking proc-macro2 v1.0.24
[INFO] [stderr]     Checking actix-service v2.0.0
[INFO] [stderr]     Checking yaml-rust v0.4.5
[INFO] [stderr]    Compiling heck v0.3.2
[INFO] [stderr]    Compiling memchr v2.3.4
[INFO] [stderr]    Compiling log v0.4.14
[INFO] [stderr]    Compiling typenum v1.13.0
[INFO] [stderr]    Compiling proc-macro-nested v0.1.7
[INFO] [stderr]    Compiling bitflags v1.2.1
[INFO] [stderr]    Compiling radium v0.5.3
[INFO] [stderr]     Checking tracing-log v0.1.2
[INFO] [stderr]     Checking want v0.3.0
[INFO] [stderr]     Checking regex-automata v0.1.9
[INFO] [stderr]    Compiling aho-corasick v0.7.15
[INFO] [stderr]     Checking bitvec v0.19.5
[INFO] [stderr]     Checking quote v1.0.9
[INFO] [stderr]    Compiling crc v1.8.1
[INFO] [stderr]     Checking unicode-normalization v0.1.17
[INFO] [stderr]     Checking regex v1.4.5
[INFO] [stderr]     Checking crypto-mac v0.10.0
[INFO] [stderr]    Compiling generic-array v0.14.4
[INFO] [stderr]     Checking parking_lot_core v0.8.3
[INFO] [stderr]     Checking num_cpus v1.13.0
[INFO] [stderr]     Checking signal-hook-registry v1.3.0
[INFO] [stderr]     Checking mio v0.7.11
[INFO] [stderr]     Checking getrandom v0.2.2
[INFO] [stderr]     Checking time v0.1.43
[INFO] [stderr]     Checking socket2 v0.4.0
[INFO] [stderr]     Checking dirs-sys v0.3.6
[INFO] [stderr]     Checking flate2 v1.0.20
[INFO] [stderr]     Checking gethostname v0.2.1
[INFO] [stderr]    Compiling jobserver v0.1.22
[INFO] [stderr]     Checking sha-1 v0.9.4
[INFO] [stderr]     Checking sha2 v0.9.3
[INFO] [stderr]     Checking md-5 v0.9.1
[INFO] [stderr]     Checking hmac v0.10.1
[INFO] [stderr]     Checking crossbeam-channel v0.5.0
[INFO] [stderr]     Checking crossbeam-queue v0.3.1
[INFO] [stderr]     Checking http-body v0.4.1
[INFO] [stderr]     Checking matchers v0.0.1
[INFO] [stderr]     Checking parking_lot v0.11.1
[INFO] [stderr]    Compiling digest v0.9.0
[INFO] [stderr]    Compiling block-buffer v0.9.0
[INFO] [stderr]     Checking idna v0.2.2
[INFO] [stderr]     Checking stringprep v0.1.2
[INFO] [stderr]     Checking rand_core v0.6.2
[INFO] [stderr]     Checking uuid v0.8.2
[INFO] [stderr]    Compiling num-integer v0.1.44
[INFO] [stderr]    Compiling atoi v0.4.0
[INFO] [stderr]     Checking dirs v3.0.2
[INFO] [stderr]     Checking num-traits v0.1.43
[INFO] [stderr]    Compiling cc v1.0.67
[INFO] [stderr]     Checking rand_chacha v0.3.1
[INFO] [stderr]     Checking hashbrown v0.11.2
[INFO] [stderr]     Checking serde-hjson v0.9.1
[INFO] [stderr]    Compiling chrono v0.4.19
[INFO] [stderr]     Checking rand v0.8.4
[INFO] [stderr]     Checking hashlink v0.7.0
[INFO] [stderr]    Compiling ring v0.16.20
[INFO] [stderr]    Compiling zstd-sys v1.5.0+zstd.1.4.9
[INFO] [stderr]    Compiling brotli-sys v0.3.2
[INFO] [stderr]     Checking sqlformat v0.1.6
[INFO] [stderr]     Checking validator_types v0.14.0
[INFO] [stderr]     Checking brotli2 v0.3.2
[INFO] [stderr]     Checking webpki v0.21.4
[INFO] [stderr]     Checking sct v0.6.0
[INFO] [stderr]     Checking rustls v0.19.0
[INFO] [stderr]     Checking webpki-roots v0.21.1
[INFO] [stderr]    Compiling serde_derive v1.0.125
[INFO] [stderr]    Compiling tokio-macros v1.2.0
[INFO] [stderr]    Compiling futures-macro v0.3.13
[INFO] [stderr]    Compiling actix-macros v0.2.1
[INFO] [stderr]    Compiling tracing-attributes v0.1.15
[INFO] [stderr]    Compiling pin-project-internal v1.0.6
[INFO] [stderr]    Compiling thiserror-impl v1.0.24
[INFO] [stderr]    Compiling time-macros-impl v0.1.1
[INFO] [stderr]    Compiling derive_more v0.99.13
[INFO] [stderr]    Compiling actix-web-codegen v0.5.0-beta.2
[INFO] [stderr]     Checking futures-util v0.3.13
[INFO] [stderr]     Checking time-macros v0.1.1
[INFO] [stderr]     Checking thiserror v1.0.24
[INFO] [stderr]     Checking tracing v0.1.25
[INFO] [stderr]     Checking pin-project v1.0.6
[INFO] [stderr]     Checking tracing-futures v0.2.5
[INFO] [stderr]     Checking futures-executor v0.3.13
[INFO] [stderr]     Checking local-channel v0.1.2
[INFO] [stderr]     Checking futures v0.3.13
[INFO] [stderr]     Checking opentelemetry v0.14.0
[INFO] [stderr]     Checking tokio-util v0.6.5
[INFO] [stderr]     Checking actix-rt v2.2.0
[INFO] [stderr]     Checking tokio-rustls v0.22.0
[INFO] [stderr]     Checking tokio-stream v0.1.5
[INFO] [stderr]     Checking sqlx-rt v0.5.5
[INFO] [stderr]     Checking h2 v0.3.2
[INFO] [stderr]     Checking actix-codec v0.4.0
[INFO] [stderr]     Checking actix-tls v3.0.0-beta.5
[INFO] [stderr]     Checking actix-server v2.0.0-beta.3
[INFO] [stderr]     Checking url v2.2.1
[INFO] [stderr]     Checking either v1.6.1
[INFO] [stderr]     Checking tracing-serde v0.1.2
[INFO] [stderr]     Checking serde_urlencoded v0.7.0
[INFO] [stderr]     Checking actix-router v0.2.7
[INFO] [stderr]     Checking toml v0.5.8
[INFO] [stderr]     Checking tracing-subscriber v0.2.17
[INFO] [stderr]     Checking sqlx-core v0.5.5
[INFO] [stderr]     Checking validator v0.14.0
[INFO] [stderr]     Checking serde-aux v2.1.1
[INFO] [stderr]     Checking config v0.11.0
[INFO] [stderr]     Checking hyper v0.14.5
[INFO] [stderr]     Checking tracing-opentelemetry v0.13.0
[INFO] [stderr]     Checking tracing-bunyan-formatter v0.2.0
[INFO] [stderr]     Checking hyper-rustls v0.22.1
[INFO] [stderr]     Checking reqwest v0.11.2
[INFO] [stderr]     Checking zstd v0.7.0+zstd.1.4.9
[INFO] [stderr]     Checking actix-http v3.0.0-beta.8
[INFO] [stderr]    Compiling sqlx-macros v0.5.5
[INFO] [stderr]     Checking actix-web v4.0.0-beta.8
[INFO] [stderr]     Checking tracing-actix-web v0.4.0-beta.8
[INFO] [stderr]     Checking sqlx v0.5.5
[INFO] [stderr]  Documenting zero2prod v0.1.0 (/opt/rustwide/workdir)
[INFO] [stdout] error: error communicating with the server: Cannot assign requested address (os error 99)
[INFO] [stdout]   --> src/routes/subscriptions.rs:87:5
[INFO] [stdout]    |
[INFO] [stdout] 87 | /     sqlx::query!(
[INFO] [stdout] 88 | |         r#"INSERT INTO subscription_tokens (subscription_token, subscriber_id)
[INFO] [stdout] 89 | |         VALUES ($1, $2)"#,
[INFO] [stdout] 90 | |         subscription_token,
[INFO] [stdout] 91 | |         subscriber_id
[INFO] [stdout] 92 | |     )
[INFO] [stdout]    | |_____^
[INFO] [stdout]    |
[INFO] [stdout]    = note: this error originates in the macro `$crate::sqlx_macros::expand_query` (in Nightly builds, run with -Z macro-backtrace for more info)
[INFO] [stdout] 
[INFO] [stdout] 
[INFO] [stdout] error: error communicating with the server: Cannot assign requested address (os error 99)
[INFO] [stdout]    --> src/routes/subscriptions.rs:139:5
[INFO] [stdout]     |
[INFO] [stdout] 139 | /     sqlx::query!(
[INFO] [stdout] 140 | |         r#"
[INFO] [stdout] 141 | |         INSERT INTO subscriptions (id, email, name, subscribed_at, status)
[INFO] [stdout] 142 | |         VALUES ($1, $2, $3, $4, 'pending_confirmation')
[INFO] [stdout] ...   |
[INFO] [stdout] 147 | |         Utc::now()
[INFO] [stdout] 148 | |     )
[INFO] [stdout]     | |_____^
[INFO] [stdout]     |
[INFO] [stdout]     = note: this error originates in the macro `$crate::sqlx_macros::expand_query` (in Nightly builds, run with -Z macro-backtrace for more info)
[INFO] [stdout] 
[INFO] [stdout] 
[INFO] [stdout] error: error communicating with the server: Cannot assign requested address (os error 99)
[INFO] [stdout]   --> src/routes/subscriptions_confirm.rs:31:5
[INFO] [stdout]    |
[INFO] [stdout] 31 | /     sqlx::query!(
[INFO] [stdout] 32 | |         r#"UPDATE subscriptions SET status = 'confirmed' WHERE id = $1"#,
[INFO] [stdout] 33 | |         subscriber_id
[INFO] [stdout] 34 | |     )
[INFO] [stdout]    | |_____^
[INFO] [stdout]    |
[INFO] [stdout]    = note: this error originates in the macro `$crate::sqlx_macros::expand_query` (in Nightly builds, run with -Z macro-backtrace for more info)
[INFO] [stdout] 
[INFO] [stdout] 
[INFO] [stdout] error: error communicating with the server: Cannot assign requested address (os error 99)
[INFO] [stdout]   --> src/routes/subscriptions_confirm.rs:49:18
[INFO] [stdout]    |
[INFO] [stdout] 49 |       let result = sqlx::query!(
[INFO] [stdout]    |  __________________^
[INFO] [stdout] 50 | |         r#"SELECT subscriber_id FROM subscription_tokens WHERE subscription_token = $1"#,
[INFO] [stdout] 51 | |         subscription_token
[INFO] [stdout] 52 | |     )
[INFO] [stdout]    | |_____^
[INFO] [stdout]    |
[INFO] [stdout]    = note: this error originates in the macro `$crate::sqlx_macros::expand_query` (in Nightly builds, run with -Z macro-backtrace for more info)
[INFO] [stdout] 
[INFO] [stdout] 
[INFO] [stdout] error: Compilation failed, aborting rustdoc
[INFO] [stdout] 
[INFO] [stdout] 
[INFO] [stdout] error: aborting due to 5 previous errors
[INFO] [stdout] 
[INFO] [stdout] 
[INFO] [stderr] error: could not document `zero2prod`
[INFO] [stderr] 
[INFO] [stderr] Caused by:
[INFO] [stderr]   process didn't exit successfully: `rustdoc --edition=2018 --crate-type lib --crate-name zero2prod src/lib.rs -o /opt/rustwide/target/doc --error-format=json --json=diagnostic-rendered-ansi --document-private-items -L dependency=/opt/rustwide/target/debug/deps --extern actix_rt=/opt/rustwide/target/debug/deps/libactix_rt-272d8e7f7c14fc19.rmeta --extern actix_web=/opt/rustwide/target/debug/deps/libactix_web-5b164e6ab10bdba9.rmeta --extern chrono=/opt/rustwide/target/debug/deps/libchrono-8f4dcd1774420a32.rmeta --extern config=/opt/rustwide/target/debug/deps/libconfig-450aece98cd2e069.rmeta --extern rand=/opt/rustwide/target/debug/deps/librand-8609fea5b1829307.rmeta --extern reqwest=/opt/rustwide/target/debug/deps/libreqwest-11dac5fdbefea6d9.rmeta --extern serde=/opt/rustwide/target/debug/deps/libserde-47bc311eaa067c09.rmeta --extern serde_aux=/opt/rustwide/target/debug/deps/libserde_aux-2768854cb2ebf0bb.rmeta --extern sqlx=/opt/rustwide/target/debug/deps/libsqlx-e932b861aa2ac86d.rmeta --extern tokio=/opt/rustwide/target/debug/deps/libtokio-c9bed30a8d262f8d.rmeta --extern tracing=/opt/rustwide/target/debug/deps/libtracing-3b2f2eb9b4960adb.rmeta --extern tracing_actix_web=/opt/rustwide/target/debug/deps/libtracing_actix_web-6cde5aea6183f702.rmeta --extern tracing_bunyan_formatter=/opt/rustwide/target/debug/deps/libtracing_bunyan_formatter-3e70886cf45cc962.rmeta --extern tracing_futures=/opt/rustwide/target/debug/deps/libtracing_futures-d83b07a92f1b0211.rmeta --extern tracing_log=/opt/rustwide/target/debug/deps/libtracing_log-3c7933860255b47d.rmeta --extern tracing_subscriber=/opt/rustwide/target/debug/deps/libtracing_subscriber-47164d615edb1525.rmeta --extern unicode_segmentation=/opt/rustwide/target/debug/deps/libunicode_segmentation-81098a3d666e2dce.rmeta --extern uuid=/opt/rustwide/target/debug/deps/libuuid-b16ea9413301ba35.rmeta --extern validator=/opt/rustwide/target/debug/deps/libvalidator-f3e1cba350c52f6a.rmeta --cap-lints=warn --crate-version 0.1.0` (exit status: 1)
[INFO] running `Command { std: "docker" "inspect" "b6e5bd85509f3aff9e19ece5b00e0e0f82f9b174a2c5110f4b79f5e70d2851ff", kill_on_drop: false }`
[INFO] running `Command { std: "docker" "rm" "-f" "b6e5bd85509f3aff9e19ece5b00e0e0f82f9b174a2c5110f4b79f5e70d2851ff", kill_on_drop: false }`
[INFO] [stdout] b6e5bd85509f3aff9e19ece5b00e0e0f82f9b174a2c5110f4b79f5e70d2851ff
