[INFO] cloning repository https://github.com/jam1garner/graph_percent
[INFO] running `Command { std: "git" "-c" "credential.helper=" "-c" "credential.helper=/workspace/cargo-home/bin/git-credential-null" "clone" "--bare" "https://github.com/jam1garner/graph_percent" "/workspace/cache/git-repos/https%3A%2F%2Fgithub.com%2Fjam1garner%2Fgraph_percent", kill_on_drop: false }`
[INFO] [stderr] Cloning into bare repository '/workspace/cache/git-repos/https%3A%2F%2Fgithub.com%2Fjam1garner%2Fgraph_percent'...
[INFO] running `Command { std: "git" "rev-parse" "HEAD", kill_on_drop: false }`
[INFO] [stdout] ed2cc4a4508cf6d6551a7996cb552caf306315fa
[INFO] documenting jam1garner/graph_percent against beta-2021-08-01 for beta-1.55-rustdoc-1
[INFO] running `Command { std: "git" "clone" "/workspace/cache/git-repos/https%3A%2F%2Fgithub.com%2Fjam1garner%2Fgraph_percent" "/workspace/builds/worker-2/source", kill_on_drop: false }`
[INFO] [stderr] Cloning into '/workspace/builds/worker-2/source'...
[INFO] [stderr] done.
[INFO] validating manifest of git repo https://github.com/jam1garner/graph_percent on toolchain beta-2021-08-01
[INFO] running `Command { std: "/workspace/cargo-home/bin/cargo" "+beta-2021-08-01" "metadata" "--manifest-path" "Cargo.toml" "--no-deps", kill_on_drop: false }`
[INFO] started tweaking git repo https://github.com/jam1garner/graph_percent
[INFO] finished tweaking git repo https://github.com/jam1garner/graph_percent
[INFO] tweaked toml for git repo https://github.com/jam1garner/graph_percent written to /workspace/builds/worker-2/source/Cargo.toml
[INFO] crate git repo https://github.com/jam1garner/graph_percent already has a lockfile, it will not be regenerated
[INFO] running `Command { std: "/workspace/cargo-home/bin/cargo" "+beta-2021-08-01" "fetch" "--manifest-path" "Cargo.toml", kill_on_drop: false }`
[INFO] [stderr]     Updating git repository `https://github.com/jam1garner/smush_info_shared`
[INFO] [stderr]     Blocking waiting for file lock on package cache
[INFO] running `Command { std: "docker" "create" "-v" "/var/lib/crater-agent-workspace/builds/worker-2/target:/opt/rustwide/target:rw,Z" "-v" "/var/lib/crater-agent-workspace/builds/worker-2/source:/opt/rustwide/workdir:ro,Z" "-v" "/var/lib/crater-agent-workspace/cargo-home:/opt/rustwide/cargo-home:ro,Z" "-v" "/var/lib/crater-agent-workspace/rustup-home:/opt/rustwide/rustup-home:ro,Z" "-e" "SOURCE_DIR=/opt/rustwide/workdir" "-e" "CARGO_TARGET_DIR=/opt/rustwide/target" "-e" "CARGO_HOME=/opt/rustwide/cargo-home" "-e" "RUSTUP_HOME=/opt/rustwide/rustup-home" "-w" "/opt/rustwide/workdir" "-m" "1610612736" "--user" "0:0" "--network" "none" "ghcr.io/rust-lang/crates-build-env/linux@sha256:34b6a614d2c27851fe6cbf88fbd1137609cefab8b10d0615aaeb6fd47975d74e" "/opt/rustwide/cargo-home/bin/cargo" "+beta-2021-08-01" "metadata" "--no-deps" "--format-version=1", kill_on_drop: false }`
[INFO] [stdout] 659cc190eead84159d65c227e902effe17584e870840d0fb3e85c79d1563500c
[INFO] [stderr] WARNING: Your kernel does not support swap limit capabilities or the cgroup is not mounted. Memory limited without swap.
[INFO] running `Command { std: "docker" "start" "-a" "659cc190eead84159d65c227e902effe17584e870840d0fb3e85c79d1563500c", kill_on_drop: false }`
[INFO] running `Command { std: "docker" "inspect" "659cc190eead84159d65c227e902effe17584e870840d0fb3e85c79d1563500c", kill_on_drop: false }`
[INFO] running `Command { std: "docker" "rm" "-f" "659cc190eead84159d65c227e902effe17584e870840d0fb3e85c79d1563500c", kill_on_drop: false }`
[INFO] [stdout] 659cc190eead84159d65c227e902effe17584e870840d0fb3e85c79d1563500c
[INFO] running `Command { std: "docker" "create" "-v" "/var/lib/crater-agent-workspace/builds/worker-2/target:/opt/rustwide/target:rw,Z" "-v" "/var/lib/crater-agent-workspace/builds/worker-2/source:/opt/rustwide/workdir:ro,Z" "-v" "/var/lib/crater-agent-workspace/cargo-home:/opt/rustwide/cargo-home:ro,Z" "-v" "/var/lib/crater-agent-workspace/rustup-home:/opt/rustwide/rustup-home:ro,Z" "-e" "SOURCE_DIR=/opt/rustwide/workdir" "-e" "CARGO_TARGET_DIR=/opt/rustwide/target" "-e" "CARGO_INCREMENTAL=0" "-e" "RUST_BACKTRACE=full" "-e" "RUSTDOCFLAGS=--cap-lints=warn" "-e" "CARGO_HOME=/opt/rustwide/cargo-home" "-e" "RUSTUP_HOME=/opt/rustwide/rustup-home" "-w" "/opt/rustwide/workdir" "-m" "1610612736" "--user" "0:0" "--network" "none" "ghcr.io/rust-lang/crates-build-env/linux@sha256:34b6a614d2c27851fe6cbf88fbd1137609cefab8b10d0615aaeb6fd47975d74e" "/opt/rustwide/cargo-home/bin/cargo" "+beta-2021-08-01" "doc" "--frozen" "--no-deps" "--document-private-items" "--message-format=json", kill_on_drop: false }`
[INFO] [stderr] WARNING: Your kernel does not support swap limit capabilities or the cgroup is not mounted. Memory limited without swap.
[INFO] [stdout] b1bbd488bdfe5739961df16b58fde035606c5ad7565dd8ed861ae81929fefcc1
[INFO] running `Command { std: "docker" "start" "-a" "b1bbd488bdfe5739961df16b58fde035606c5ad7565dd8ed861ae81929fefcc1", kill_on_drop: false }`
[INFO] [stderr]     Blocking waiting for file lock on package cache
[INFO] [stderr]    Compiling syn v1.0.30
[INFO] [stderr]    Compiling libloading v0.6.2
[INFO] [stderr]    Compiling serde v1.0.111
[INFO] [stderr]    Compiling rayon-core v1.7.0
[INFO] [stderr]     Checking piston-graphics_api_version v0.2.0
[INFO] [stderr]     Checking either v1.5.3
[INFO] [stderr]     Checking bytemuck v1.2.0
[INFO] [stderr]    Compiling palette v0.5.0
[INFO] [stderr]     Checking piston-shaders_graphics2d v0.3.1
[INFO] [stderr]     Checking float-ord v0.2.0
[INFO] [stderr]     Checking itoa v0.4.5
[INFO] [stderr]    Compiling num-traits v0.2.11
[INFO] [stderr]    Compiling cmake v0.1.44
[INFO] [stderr]    Compiling libloading v0.5.2
[INFO] [stderr]    Compiling servo-fontconfig-sys v4.0.9
[INFO] [stderr]     Checking miniz_oxide v0.3.6
[INFO] [stderr]     Checking num_cpus v1.13.0
[INFO] [stderr]     Checking memmap v0.7.0
[INFO] [stderr]     Checking raw-window-handle v0.3.3
[INFO] [stderr]     Checking shared_library v0.1.9
[INFO] [stderr]     Checking dirs-sys v0.3.4
[INFO] [stderr]     Checking time v0.1.43
[INFO] [stderr]     Checking nix v0.14.1
[INFO] [stderr]    Compiling gl_generator v0.13.1
[INFO] [stderr]    Compiling gl_generator v0.10.0
[INFO] [stderr]    Compiling gl_generator v0.14.0
[INFO] [stderr]     Checking deflate v0.8.4
[INFO] [stderr]    Compiling pathfinder_simd v0.5.0
[INFO] [stderr]    Compiling quote v1.0.6
[INFO] [stderr]     Checking x11-dl v2.18.5
[INFO] [stderr]     Checking crossbeam-queue v0.2.2
[INFO] [stderr]     Checking shader_version v0.6.0
[INFO] [stderr]     Checking osmesa-sys v0.1.2
[INFO] [stderr]     Checking dirs v2.0.2
[INFO] [stderr]     Checking parking_lot_core v0.6.2
[INFO] [stderr]    Compiling servo-freetype-sys v4.0.5
[INFO] [stderr]    Compiling expat-sys v2.1.6
[INFO] [stderr]     Checking tiff v0.4.0
[INFO] [stderr]     Checking parking_lot v0.9.0
[INFO] [stderr]     Checking dlib v0.4.2
[INFO] [stderr]     Checking wayland-sys v0.21.13
[INFO] [stderr]     Checking png v0.16.4
[INFO] [stderr]     Checking rayon v1.3.0
[INFO] [stderr]     Checking freetype v0.4.1
[INFO] [stderr]     Checking servo-fontconfig v0.4.0
[INFO] [stderr]    Compiling gl v0.11.0
[INFO] [stderr]    Compiling glutin_egl_sys v0.1.4
[INFO] [stderr]    Compiling glutin_glx_sys v0.1.6
[INFO] [stderr]    Compiling gfx_gl v0.6.1
[INFO] [stderr]     Checking pathfinder_geometry v0.5.1
[INFO] [stderr]     Checking approx v0.3.2
[INFO] [stderr]     Checking ordered-float v1.0.2
[INFO] [stderr]     Checking num-integer v0.1.42
[INFO] [stderr]     Checking line_drawing v0.7.0
[INFO] [stderr]     Checking rusttype v0.8.3
[INFO] [stderr]     Checking font-kit v0.7.1
[INFO] [stderr]     Checking num-iter v0.1.40
[INFO] [stderr]     Checking num-rational v0.2.4
[INFO] [stderr]     Checking chrono v0.4.11
[INFO] [stderr]     Checking rusttype v0.7.9
[INFO] [stderr]     Checking piston2d-graphics v0.36.0
[INFO] [stderr]     Checking andrew v0.2.1
[INFO] [stderr]     Checking jpeg-decoder v0.1.19
[INFO] [stderr]     Checking image v0.23.4
[INFO] [stderr]     Checking wayland-commons v0.21.13
[INFO] [stderr]     Checking wayland-client v0.21.13
[INFO] [stderr]     Checking wayland-protocols v0.21.13
[INFO] [stderr]     Checking piston-gfx_texture v0.41.0
[INFO] [stderr]     Checking gfx_device_gl v0.16.2
[INFO] [stderr]     Checking piston2d-gfx_graphics v0.68.0
[INFO] [stderr]    Compiling serde_derive v1.0.111
[INFO] [stderr]    Compiling palette_derive v0.5.0
[INFO] [stderr]     Checking smithay-client-toolkit v0.4.6
[INFO] [stderr]     Checking winit v0.19.5
[INFO] [stderr]     Checking glutin v0.21.2
[INFO] [stderr]     Checking pistoncore-input v0.28.1
[INFO] [stderr]     Checking serde_json v1.0.53
[INFO] [stderr]     Checking smush_discord_shared v0.1.0 (https://github.com/jam1garner/smush_info_shared#548eeacd)
[INFO] [stdout] error[E0557]: feature has been removed
[INFO] [stdout]  --> /opt/rustwide/cargo-home/git/checkouts/smush_info_shared-f391b3b20940188a/548eeac/src/lib.rs:1:12
[INFO] [stdout]   |
[INFO] [stdout] 1 | #![feature(const_fn)]
[INFO] [stdout]   |            ^^^^^^^^ feature has been removed
[INFO] [stdout]   |
[INFO] [stdout]   = note: split into finer-grained feature gates
[INFO] [stdout] 
[INFO] [stdout] 
[INFO] [stdout] error[E0554]: `#![feature]` may not be used on the beta release channel
[INFO] [stdout]  --> /opt/rustwide/cargo-home/git/checkouts/smush_info_shared-f391b3b20940188a/548eeac/src/lib.rs:1:1
[INFO] [stdout]   |
[INFO] [stdout] 1 | #![feature(const_fn)]
[INFO] [stdout]   | ^^^^^^^^^^^^^^^^^^^^^
[INFO] [stdout] 
[INFO] [stdout] 
[INFO] [stdout] error[E0554]: `#![feature]` may not be used on the beta release channel
[INFO] [stdout]  --> /opt/rustwide/cargo-home/git/checkouts/smush_info_shared-f391b3b20940188a/548eeac/src/lib.rs:2:1
[INFO] [stdout]   |
[INFO] [stdout] 2 | #![feature(const_fn_union)]
[INFO] [stdout]   | ^^^^^^^^^^^^^^^^^^^^^^^^^^^
[INFO] [stdout] 
[INFO] [stdout] 
[INFO] [stdout] error: aborting due to 3 previous errors
[INFO] [stdout] 
[INFO] [stdout] 
[INFO] [stdout] Some errors have detailed explanations: E0554, E0557.
[INFO] [stdout] 
[INFO] [stdout] For more information about an error, try `rustc --explain E0554`.
[INFO] [stdout] 
[INFO] [stderr] error: could not compile `smush_discord_shared` due to 4 previous errors
[INFO] [stderr] warning: build failed, waiting for other jobs to finish...
[INFO] [stderr] error: build failed
[INFO] running `Command { std: "docker" "inspect" "b1bbd488bdfe5739961df16b58fde035606c5ad7565dd8ed861ae81929fefcc1", kill_on_drop: false }`
[INFO] running `Command { std: "docker" "rm" "-f" "b1bbd488bdfe5739961df16b58fde035606c5ad7565dd8ed861ae81929fefcc1", kill_on_drop: false }`
[INFO] [stdout] b1bbd488bdfe5739961df16b58fde035606c5ad7565dd8ed861ae81929fefcc1
