[INFO] cloning repository https://github.com/jakmeier/cheer-them-up
[INFO] running `Command { std: "git" "-c" "credential.helper=" "-c" "credential.helper=/workspace/cargo-home/bin/git-credential-null" "clone" "--bare" "https://github.com/jakmeier/cheer-them-up" "/workspace/cache/git-repos/https%3A%2F%2Fgithub.com%2Fjakmeier%2Fcheer-them-up", kill_on_drop: false }`
[INFO] [stderr] Cloning into bare repository '/workspace/cache/git-repos/https%3A%2F%2Fgithub.com%2Fjakmeier%2Fcheer-them-up'...
[INFO] running `Command { std: "git" "rev-parse" "HEAD", kill_on_drop: false }`
[INFO] [stdout] 50ffcf5972cc3f19969baa888c71ff1bf73568a5
[INFO] documenting jakmeier/cheer-them-up against 1.54.0 for beta-1.55-rustdoc-1
[INFO] running `Command { std: "git" "clone" "/workspace/cache/git-repos/https%3A%2F%2Fgithub.com%2Fjakmeier%2Fcheer-them-up" "/workspace/builds/worker-12/source", kill_on_drop: false }`
[INFO] [stderr] Cloning into '/workspace/builds/worker-12/source'...
[INFO] [stderr] done.
[INFO] validating manifest of git repo https://github.com/jakmeier/cheer-them-up on toolchain 1.54.0
[INFO] running `Command { std: "/workspace/cargo-home/bin/cargo" "+1.54.0" "metadata" "--manifest-path" "Cargo.toml" "--no-deps", kill_on_drop: false }`
[INFO] removed /workspace/builds/worker-12/source/.cargo/config
[INFO] started tweaking git repo https://github.com/jakmeier/cheer-them-up
[INFO] finished tweaking git repo https://github.com/jakmeier/cheer-them-up
[INFO] tweaked toml for git repo https://github.com/jakmeier/cheer-them-up written to /workspace/builds/worker-12/source/Cargo.toml
[INFO] crate git repo https://github.com/jakmeier/cheer-them-up already has a lockfile, it will not be regenerated
[INFO] running `Command { std: "/workspace/cargo-home/bin/cargo" "+1.54.0" "fetch" "--manifest-path" "Cargo.toml", kill_on_drop: false }`
[INFO] [stderr]     Blocking waiting for file lock on package cache
[INFO] running `Command { std: "docker" "create" "-v" "/var/lib/crater-agent-workspace/builds/worker-12/target:/opt/rustwide/target:rw,Z" "-v" "/var/lib/crater-agent-workspace/builds/worker-12/source:/opt/rustwide/workdir:ro,Z" "-v" "/var/lib/crater-agent-workspace/cargo-home:/opt/rustwide/cargo-home:ro,Z" "-v" "/var/lib/crater-agent-workspace/rustup-home:/opt/rustwide/rustup-home:ro,Z" "-e" "SOURCE_DIR=/opt/rustwide/workdir" "-e" "CARGO_TARGET_DIR=/opt/rustwide/target" "-e" "CARGO_HOME=/opt/rustwide/cargo-home" "-e" "RUSTUP_HOME=/opt/rustwide/rustup-home" "-w" "/opt/rustwide/workdir" "-m" "1610612736" "--user" "0:0" "--network" "none" "ghcr.io/rust-lang/crates-build-env/linux@sha256:34b6a614d2c27851fe6cbf88fbd1137609cefab8b10d0615aaeb6fd47975d74e" "/opt/rustwide/cargo-home/bin/cargo" "+1.54.0" "metadata" "--no-deps" "--format-version=1", kill_on_drop: false }`
[INFO] [stdout] 760ad81c6b05da6f28aa3364ee42e4d7702c00ed4e00ad861750d0fca41d8827
[INFO] [stderr] WARNING: Your kernel does not support swap limit capabilities or the cgroup is not mounted. Memory limited without swap.
[INFO] running `Command { std: "docker" "start" "-a" "760ad81c6b05da6f28aa3364ee42e4d7702c00ed4e00ad861750d0fca41d8827", kill_on_drop: false }`
[INFO] running `Command { std: "docker" "inspect" "760ad81c6b05da6f28aa3364ee42e4d7702c00ed4e00ad861750d0fca41d8827", kill_on_drop: false }`
[INFO] running `Command { std: "docker" "rm" "-f" "760ad81c6b05da6f28aa3364ee42e4d7702c00ed4e00ad861750d0fca41d8827", kill_on_drop: false }`
[INFO] [stdout] 760ad81c6b05da6f28aa3364ee42e4d7702c00ed4e00ad861750d0fca41d8827
[INFO] running `Command { std: "docker" "create" "-v" "/var/lib/crater-agent-workspace/builds/worker-12/target:/opt/rustwide/target:rw,Z" "-v" "/var/lib/crater-agent-workspace/builds/worker-12/source:/opt/rustwide/workdir:ro,Z" "-v" "/var/lib/crater-agent-workspace/cargo-home:/opt/rustwide/cargo-home:ro,Z" "-v" "/var/lib/crater-agent-workspace/rustup-home:/opt/rustwide/rustup-home:ro,Z" "-e" "SOURCE_DIR=/opt/rustwide/workdir" "-e" "CARGO_TARGET_DIR=/opt/rustwide/target" "-e" "CARGO_INCREMENTAL=0" "-e" "RUST_BACKTRACE=full" "-e" "RUSTDOCFLAGS=--cap-lints=warn" "-e" "CARGO_HOME=/opt/rustwide/cargo-home" "-e" "RUSTUP_HOME=/opt/rustwide/rustup-home" "-w" "/opt/rustwide/workdir" "-m" "1610612736" "--user" "0:0" "--network" "none" "ghcr.io/rust-lang/crates-build-env/linux@sha256:34b6a614d2c27851fe6cbf88fbd1137609cefab8b10d0615aaeb6fd47975d74e" "/opt/rustwide/cargo-home/bin/cargo" "+1.54.0" "doc" "--frozen" "--no-deps" "--document-private-items" "--message-format=json", kill_on_drop: false }`
[INFO] [stdout] 083bb4b1e14d3ba0daf26c0251962938d883d396b622ab899bd5f4d8b0566644
[INFO] [stderr] WARNING: Your kernel does not support swap limit capabilities or the cgroup is not mounted. Memory limited without swap.
[INFO] running `Command { std: "docker" "start" "-a" "083bb4b1e14d3ba0daf26c0251962938d883d396b622ab899bd5f4d8b0566644", kill_on_drop: false }`
[INFO] [stderr]     Checking rustc-serialize v0.3.19
[INFO] [stderr]    Compiling bitflags v0.7.0
[INFO] [stderr]     Checking bitflags v0.3.3
[INFO] [stderr]    Compiling log v0.3.6
[INFO] [stderr]    Compiling khronos_api v1.0.0
[INFO] [stderr]     Checking piston-float v0.2.0
[INFO] [stderr]    Compiling libloading v0.2.2
[INFO] [stderr]     Checking lazy_static v0.1.16
[INFO] [stderr]    Compiling heapsize v0.3.6
[INFO] [stderr]     Checking serde v0.7.10
[INFO] [stderr]     Checking crossbeam v0.2.9
[INFO] [stderr]     Checking shader_version v0.2.1
[INFO] [stderr]     Checking lzw v0.9.0
[INFO] [stderr]     Checking inflate v0.1.1
[INFO] [stderr]     Checking piston-texture v0.3.0
[INFO] [stderr]     Checking glob v0.2.11
[INFO] [stderr]     Checking read_color v0.1.0
[INFO] [stderr]     Checking interpolation v0.1.0
[INFO] [stderr]     Checking piston-shaders_graphics2d v0.2.1
[INFO] [stderr]     Checking jkm_shortest_path_map v1.2.1 (https://github.com/jakmeier/rusty-shortest-path-map#84ef66f8)
[INFO] [stderr]     Checking num_cpus v0.2.13
[INFO] [stderr]     Checking dylib v0.0.1
[INFO] [stderr]    Compiling libz-sys v1.0.4
[INFO] [stdout] error[E0642]: patterns aren't allowed in functions without bodies
[INFO] [stdout]    --> /opt/rustwide/cargo-home/registry/src/github.com-1ecc6299db9ec823/rustc-serialize-0.3.19/src/serialize.rs:147:45
[INFO] [stdout]     |
[INFO] [stdout] 147 | ...                   &f_name: &str,
[INFO] [stdout]     |                       ^^^^^^^ pattern not allowed in function without body
[INFO] [stdout] 
[INFO] [stdout] 
[INFO] [stderr]    Compiling freetype-sys v0.3.1
[INFO] [stderr]     Checking mime v0.2.1
[INFO] [stderr]     Checking draw_state v0.3.0
[INFO] [stderr]    Compiling xml-rs v0.2.2
[INFO] [stderr]     Checking shared_library v0.1.4
[INFO] [stderr]     Checking piston-viewport v0.2.0
[INFO] [stderr]     Checking vecmath v0.2.0
[INFO] [stderr]    Compiling xml-rs v0.3.4
[INFO] [stderr]     Checking deque v0.3.1
[INFO] [stderr]    Compiling tempfile v2.1.4
[INFO] [stderr]    Compiling miniz-sys v0.1.7
[INFO] [stderr]     Checking gif v0.7.0
[INFO] [stderr]     Checking x11-dl v2.3.1
[INFO] [stderr]     Checking osmesa-sys v0.0.5
[INFO] [stderr]     Checking url v1.1.1
[INFO] [stderr]     Checking rayon v0.3.1
[INFO] [stderr]     Checking fs2 v0.2.5
[INFO] [stderr]     Checking gfx_core v0.1.2
[INFO] [stderr]     Checking piston2d-graphics v0.15.0
[INFO] [stderr]    Compiling gl_generator v0.4.2
[INFO] [stderr]     Checking dlib v0.3.0
[INFO] [stdout] error[E0277]: the size for values of type `Self` cannot be known at compilation time
[INFO] [stdout]   --> /opt/rustwide/cargo-home/registry/src/github.com-1ecc6299db9ec823/rayon-0.3.1/src/par_iter/internal.rs:25:40
[INFO] [stdout]    |
[INFO] [stdout] 25 |     fn split_at(self, index: usize) -> (Self, Self);
[INFO] [stdout]    |                                        ^^^^^^^^^^^^ doesn't have a size known at compile-time
[INFO] [stdout]    |
[INFO] [stdout]    = note: only the last element of a tuple may have a dynamically sized type
[INFO] [stdout] help: consider further restricting `Self`
[INFO] [stdout]    |
[INFO] [stdout] 25 |     fn split_at(self, index: usize) -> (Self, Self) where Self: Sized;
[INFO] [stdout]    |                                                     ^^^^^^^^^^^^^^^^^
[INFO] [stdout] 
[INFO] [stdout] 
[INFO] [stdout] error[E0277]: the size for values of type `Self` cannot be known at compilation time
[INFO] [stdout]   --> /opt/rustwide/cargo-home/registry/src/github.com-1ecc6299db9ec823/rayon-0.3.1/src/par_iter/internal.rs:42:40
[INFO] [stdout]    |
[INFO] [stdout] 42 |     fn split_at(self, index: usize) -> (Self, Self, Self::Reducer);
[INFO] [stdout]    |                                        ^^^^^^^^^^^^^^^^^^^^^^^^^^^ doesn't have a size known at compile-time
[INFO] [stdout]    |
[INFO] [stdout]    = note: only the last element of a tuple may have a dynamically sized type
[INFO] [stdout] help: consider further restricting `Self`
[INFO] [stdout]    |
[INFO] [stdout] 42 |     fn split_at(self, index: usize) -> (Self, Self, Self::Reducer) where Self: Sized;
[INFO] [stdout]    |                                                                    ^^^^^^^^^^^^^^^^^
[INFO] [stdout] 
[INFO] [stdout] 
[INFO] [stderr]     Checking memmap v0.2.3
[INFO] [stderr] error: could not compile `rayon`
[INFO] [stdout] error: aborting due to 2 previous errors
[INFO] [stdout] 
[INFO] [stdout] 
[INFO] [stderr] 
[INFO] [stdout] For more information about this error, try `rustc --explain E0277`.
[INFO] [stdout] 
[INFO] [stderr] To learn more, run the command again with --verbose.
[INFO] [stderr] warning: build failed, waiting for other jobs to finish...
[INFO] [stdout] error[E0713]: borrow may still be in use when destructor runs
[INFO] [stdout]    --> /opt/rustwide/cargo-home/registry/src/github.com-1ecc6299db9ec823/url-1.1.1/src/form_urlencoded.rs:246:40
[INFO] [stdout]     |
[INFO] [stdout] 244 | impl<'a> Target for ::UrlQuery<'a> {
[INFO] [stdout]     |      -- lifetime `'a` defined here
[INFO] [stdout] 245 |     fn as_mut_string(&mut self) -> &mut String { &mut self.url.serialization }
[INFO] [stdout] 246 |     fn finish(self) -> &'a mut ::Url { self.url }
[INFO] [stdout]     |                                        ^^^^^^^^ - here, drop of `self` needs exclusive access to `*self.url`, because the type `UrlQuery<'_>` implements the `Drop` trait
[INFO] [stdout]     |                                        |
[INFO] [stdout]     |                                        returning this value requires that `*self.url` is borrowed for `'a`
[INFO] [stdout] 
[INFO] [stdout] 
[INFO] [stdout] error: aborting due to previous error
[INFO] [stdout] 
[INFO] [stdout] 
[INFO] [stdout] For more information about this error, try `rustc --explain E0713`.
[INFO] [stdout] 
[INFO] [stdout] error: aborting due to previous error
[INFO] [stdout] 
[INFO] [stdout] 
[INFO] [stdout] For more information about this error, try `rustc --explain E0642`.
[INFO] [stdout] 
[INFO] [stderr] error: build failed
[INFO] running `Command { std: "docker" "inspect" "083bb4b1e14d3ba0daf26c0251962938d883d396b622ab899bd5f4d8b0566644", kill_on_drop: false }`
[INFO] running `Command { std: "docker" "rm" "-f" "083bb4b1e14d3ba0daf26c0251962938d883d396b622ab899bd5f4d8b0566644", kill_on_drop: false }`
[INFO] [stdout] 083bb4b1e14d3ba0daf26c0251962938d883d396b622ab899bd5f4d8b0566644
